I20260709 13:17:34.099030 10233 raft_consensus.cc:3060] T 7816325eab9d448390aa28e30e24d9bc P 22a7fb7ccc5a4a86b4d7646e0986285b [term 0 FOLLOWER]: Advancing to term 1
I20260709 13:17:34.101240 10384 tablet_service.cc:1917] Received RequestConsensusVote() RPC: tablet_id: "7816325eab9d448390aa28e30e24d9bc" candidate_uuid: "b701ab0c6a4d4966a7e0d895b13e1b88" candidate_term: 1 candidate_status { last_received { term: 0 index: 0 } } ignore_live_leader: false dest_uuid: "fbd259af788643e08e30fb7449a00a2d"
W20260709 13:17:34.103060 10274 leader_election.cc:343] T 7816325eab9d448390aa28e30e24d9bc P b701ab0c6a4d4966a7e0d895b13e1b88 [CANDIDATE]: Term 1 election: Tablet error from VoteRequest() call to peer fbd259af788643e08e30fb7449a00a2d (127.8.229.131:40643): Illegal state: must be running to vote when last-logged opid is not known
I20260709 13:17:34.103518 10426 tablet_bootstrap.cc:654] T fbb5c848f2784de689ca0ba71ff23901 P b701ab0c6a4d4966a7e0d895b13e1b88: Neither blocks nor log segments found. Creating new log.
I20260709 13:17:34.103559 10307 tablet_service.cc:1917] Received RequestConsensusVote() RPC: tablet_id: "5a32c4c86d0f4ee58d8e83fde0bc9f3f" candidate_uuid: "22a7fb7ccc5a4a86b4d7646e0986285b" candidate_term: 1 candidate_status { last_received { term: 0 index: 0 } } ignore_live_leader: false dest_uuid: "b701ab0c6a4d4966a7e0d895b13e1b88"
I20260709 13:17:34.105882 10425 tablet_bootstrap.cc:492] T 66b339a95b254262aea13f2f0168ccf5 P 22a7fb7ccc5a4a86b4d7646e0986285b: No bootstrap required, opened a new log
I20260709 13:17:34.105576 10424 raft_consensus.cc:359] T 66b339a95b254262aea13f2f0168ccf5 P fbd259af788643e08e30fb7449a00a2d [term 0 FOLLOWER]: Replica starting. Triggering 0 pending ops. Active config: opid_index: -1 OBSOLETE_local: false peers { permanent_uuid: "22a7fb7ccc5a4a86b4d7646e0986285b" member_type: VOTER last_known_addr { host: "127.8.229.129" port: 40721 } } peers { permanent_uuid: "b701ab0c6a4d4966a7e0d895b13e1b88" member_type: VOTER last_known_addr { host: "127.8.229.130" port: 39913 } } peers { permanent_uuid: "fbd259af788643e08e30fb7449a00a2d" member_type: VOTER last_known_addr { host: "127.8.229.131" port: 40643 } }
I20260709 13:17:34.106587 10425 ts_tablet_manager.cc:1403] T 66b339a95b254262aea13f2f0168ccf5 P 22a7fb7ccc5a4a86b4d7646e0986285b: Time spent bootstrapping tablet: real 0.115s	user 0.013s	sys 0.000s
I20260709 13:17:34.106818 10424 raft_consensus.cc:385] T 66b339a95b254262aea13f2f0168ccf5 P fbd259af788643e08e30fb7449a00a2d [term 0 FOLLOWER]: Consensus starting up: Expiring failure detector timer to make a prompt election more likely
I20260709 13:17:34.107338 10424 raft_consensus.cc:740] T 66b339a95b254262aea13f2f0168ccf5 P fbd259af788643e08e30fb7449a00a2d [term 0 FOLLOWER]: Becoming Follower/Learner. State: Replica: fbd259af788643e08e30fb7449a00a2d, State: Initialized, Role: FOLLOWER
I20260709 13:17:34.108246 10424 consensus_queue.cc:260] T 66b339a95b254262aea13f2f0168ccf5 P fbd259af788643e08e30fb7449a00a2d [NON_LEADER]: Queue going to NON_LEADER mode. State: All replicated index: 0, Majority replicated index: 0, Committed index: 0, Last appended: 0.0, Last appended by leader: 0, Current term: 0, Majority size: -1, State: 0, Mode: NON_LEADER, active raft config: opid_index: -1 OBSOLETE_local: false peers { permanent_uuid: "22a7fb7ccc5a4a86b4d7646e0986285b" member_type: VOTER last_known_addr { host: "127.8.229.129" port: 40721 } } peers { permanent_uuid: "b701ab0c6a4d4966a7e0d895b13e1b88" member_type: VOTER last_known_addr { host: "127.8.229.130" port: 39913 } } peers { permanent_uuid: "fbd259af788643e08e30fb7449a00a2d" member_type: VOTER last_known_addr { host: "127.8.229.131" port: 40643 } }
W20260709 13:17:34.110245 10200 leader_election.cc:343] T 5a32c4c86d0f4ee58d8e83fde0bc9f3f P 22a7fb7ccc5a4a86b4d7646e0986285b [CANDIDATE]: Term 1 election: Tablet error from VoteRequest() call to peer b701ab0c6a4d4966a7e0d895b13e1b88 (127.8.229.130:39913): Illegal state: must be running to vote when last-logged opid is not known
I20260709 13:17:34.096786 10349 leader_election.cc:304] T 25e7c348bdfb41a8aad21631640c2f64 P fbd259af788643e08e30fb7449a00a2d [CANDIDATE]: Term 1 election: Election decided. Result: candidate won. Election summary: received 3 responses out of 3 voters: 2 yes votes; 1 no votes. yes voters: b701ab0c6a4d4966a7e0d895b13e1b88, fbd259af788643e08e30fb7449a00a2d; no voters: 22a7fb7ccc5a4a86b4d7646e0986285b
I20260709 13:17:34.112687 10424 ts_tablet_manager.cc:1434] T 66b339a95b254262aea13f2f0168ccf5 P fbd259af788643e08e30fb7449a00a2d: Time spent starting tablet: real 0.013s	user 0.007s	sys 0.000s
I20260709 13:17:34.112628 10425 raft_consensus.cc:359] T 66b339a95b254262aea13f2f0168ccf5 P 22a7fb7ccc5a4a86b4d7646e0986285b [term 0 FOLLOWER]: Replica starting. Triggering 0 pending ops. Active config: opid_index: -1 OBSOLETE_local: false peers { permanent_uuid: "22a7fb7ccc5a4a86b4d7646e0986285b" member_type: VOTER last_known_addr { host: "127.8.229.129" port: 40721 } } peers { permanent_uuid: "b701ab0c6a4d4966a7e0d895b13e1b88" member_type: VOTER last_known_addr { host: "127.8.229.130" port: 39913 } } peers { permanent_uuid: "fbd259af788643e08e30fb7449a00a2d" member_type: VOTER last_known_addr { host: "127.8.229.131" port: 40643 } }
I20260709 13:17:34.113862 10425 raft_consensus.cc:385] T 66b339a95b254262aea13f2f0168ccf5 P 22a7fb7ccc5a4a86b4d7646e0986285b [term 0 FOLLOWER]: Consensus starting up: Expiring failure detector timer to make a prompt election more likely
I20260709 13:17:34.114562 10425 raft_consensus.cc:740] T 66b339a95b254262aea13f2f0168ccf5 P 22a7fb7ccc5a4a86b4d7646e0986285b [term 0 FOLLOWER]: Becoming Follower/Learner. State: Replica: 22a7fb7ccc5a4a86b4d7646e0986285b, State: Initialized, Role: FOLLOWER
I20260709 13:17:34.115439 10424 tablet_bootstrap.cc:492] T 0651923dbf204f2e98e08f9998edabed P fbd259af788643e08e30fb7449a00a2d: Bootstrap starting.
I20260709 13:17:34.115690 10425 consensus_queue.cc:260] T 66b339a95b254262aea13f2f0168ccf5 P 22a7fb7ccc5a4a86b4d7646e0986285b [NON_LEADER]: Queue going to NON_LEADER mode. State: All replicated index: 0, Majority replicated index: 0, Committed index: 0, Last appended: 0.0, Last appended by leader: 0, Current term: 0, Majority size: -1, State: 0, Mode: NON_LEADER, active raft config: opid_index: -1 OBSOLETE_local: false peers { permanent_uuid: "22a7fb7ccc5a4a86b4d7646e0986285b" member_type: VOTER last_known_addr { host: "127.8.229.129" port: 40721 } } peers { permanent_uuid: "b701ab0c6a4d4966a7e0d895b13e1b88" member_type: VOTER last_known_addr { host: "127.8.229.130" port: 39913 } } peers { permanent_uuid: "fbd259af788643e08e30fb7449a00a2d" member_type: VOTER last_known_addr { host: "127.8.229.131" port: 40643 } }
I20260709 13:17:34.117549 10562 raft_consensus.cc:2804] T 25e7c348bdfb41a8aad21631640c2f64 P fbd259af788643e08e30fb7449a00a2d [term 1 FOLLOWER]: Leader election won for term 1
I20260709 13:17:34.118067 10562 raft_consensus.cc:697] T 25e7c348bdfb41a8aad21631640c2f64 P fbd259af788643e08e30fb7449a00a2d [term 1 LEADER]: Becoming Leader. State: Replica: fbd259af788643e08e30fb7449a00a2d, State: Running, Role: LEADER
I20260709 13:17:34.119313 10425 ts_tablet_manager.cc:1434] T 66b339a95b254262aea13f2f0168ccf5 P 22a7fb7ccc5a4a86b4d7646e0986285b: Time spent starting tablet: real 0.012s	user 0.008s	sys 0.004s
I20260709 13:17:34.119844 10562 consensus_queue.cc:237] T 25e7c348bdfb41a8aad21631640c2f64 P fbd259af788643e08e30fb7449a00a2d [LEADER]: Queue going to LEADER mode. State: All replicated index: 0, Majority replicated index: 0, Committed index: 0, Last appended: 0.0, Last appended by leader: 0, Current term: 1, Majority size: 2, State: 0, Mode: LEADER, active raft config: opid_index: -1 OBSOLETE_local: false peers { permanent_uuid: "22a7fb7ccc5a4a86b4d7646e0986285b" member_type: VOTER last_known_addr { host: "127.8.229.129" port: 40721 } } peers { permanent_uuid: "b701ab0c6a4d4966a7e0d895b13e1b88" member_type: VOTER last_known_addr { host: "127.8.229.130" port: 39913 } } peers { permanent_uuid: "fbd259af788643e08e30fb7449a00a2d" member_type: VOTER last_known_addr { host: "127.8.229.131" port: 40643 } }
I20260709 13:17:34.126015 10384 tablet_service.cc:1917] Received RequestConsensusVote() RPC: tablet_id: "5a32c4c86d0f4ee58d8e83fde0bc9f3f" candidate_uuid: "22a7fb7ccc5a4a86b4d7646e0986285b" candidate_term: 1 candidate_status { last_received { term: 0 index: 0 } } ignore_live_leader: false dest_uuid: "fbd259af788643e08e30fb7449a00a2d"
I20260709 13:17:34.126709 10384 raft_consensus.cc:3060] T 5a32c4c86d0f4ee58d8e83fde0bc9f3f P fbd259af788643e08e30fb7449a00a2d [term 0 FOLLOWER]: Advancing to term 1
I20260709 13:17:34.130959 10425 tablet_bootstrap.cc:492] T 3e8f579efa3a4881882cff9daba249ae P 22a7fb7ccc5a4a86b4d7646e0986285b: Bootstrap starting.
I20260709 13:17:34.123240 10435 consensus_queue.cc:1048] T f23aa2f9dd3e4287a80f9f8c429b901f P fbd259af788643e08e30fb7449a00a2d [LEADER]: Connected to new peer: Peer: permanent_uuid: "22a7fb7ccc5a4a86b4d7646e0986285b" member_type: VOTER last_known_addr { host: "127.8.229.129" port: 40721 }, Status: LMP_MISMATCH, Last received: 0.0, Next index: 1, Last known committed idx: 0, Time since last communication: 0.011s
I20260709 13:17:34.141407 10384 raft_consensus.cc:2468] T 5a32c4c86d0f4ee58d8e83fde0bc9f3f P fbd259af788643e08e30fb7449a00a2d [term 1 FOLLOWER]: Leader election vote request: Granting yes vote for candidate 22a7fb7ccc5a4a86b4d7646e0986285b in term 1.
I20260709 13:17:34.143257 10424 tablet_bootstrap.cc:654] T 0651923dbf204f2e98e08f9998edabed P fbd259af788643e08e30fb7449a00a2d: Neither blocks nor log segments found. Creating new log.
I20260709 13:17:34.145032 10499 raft_consensus.cc:493] T 0651923dbf204f2e98e08f9998edabed P b701ab0c6a4d4966a7e0d895b13e1b88 [term 0 FOLLOWER]: Starting pre-election (no leader contacted us within the election timeout)
I20260709 13:17:34.145638 10233 raft_consensus.cc:2468] T 7816325eab9d448390aa28e30e24d9bc P 22a7fb7ccc5a4a86b4d7646e0986285b [term 1 FOLLOWER]: Leader election vote request: Granting yes vote for candidate b701ab0c6a4d4966a7e0d895b13e1b88 in term 1.
I20260709 13:17:34.151863 10499 raft_consensus.cc:515] T 0651923dbf204f2e98e08f9998edabed P b701ab0c6a4d4966a7e0d895b13e1b88 [term 0 FOLLOWER]: Starting pre-election with config: opid_index: -1 OBSOLETE_local: false peers { permanent_uuid: "22a7fb7ccc5a4a86b4d7646e0986285b" member_type: VOTER last_known_addr { host: "127.8.229.129" port: 40721 } } peers { permanent_uuid: "b701ab0c6a4d4966a7e0d895b13e1b88" member_type: VOTER last_known_addr { host: "127.8.229.130" port: 39913 } } peers { permanent_uuid: "fbd259af788643e08e30fb7449a00a2d" member_type: VOTER last_known_addr { host: "127.8.229.131" port: 40643 } }
I20260709 13:17:34.161612 10199 leader_election.cc:304] T 5a32c4c86d0f4ee58d8e83fde0bc9f3f P 22a7fb7ccc5a4a86b4d7646e0986285b [CANDIDATE]: Term 1 election: Election decided. Result: candidate won. Election summary: received 3 responses out of 3 voters: 2 yes votes; 1 no votes. yes voters: 22a7fb7ccc5a4a86b4d7646e0986285b, fbd259af788643e08e30fb7449a00a2d; no voters: b701ab0c6a4d4966a7e0d895b13e1b88
I20260709 13:17:34.162930 10615 raft_consensus.cc:2804] T 5a32c4c86d0f4ee58d8e83fde0bc9f3f P 22a7fb7ccc5a4a86b4d7646e0986285b [term 1 FOLLOWER]: Leader election won for term 1
I20260709 13:17:34.163553 10615 raft_consensus.cc:697] T 5a32c4c86d0f4ee58d8e83fde0bc9f3f P 22a7fb7ccc5a4a86b4d7646e0986285b [term 1 LEADER]: Becoming Leader. State: Replica: 22a7fb7ccc5a4a86b4d7646e0986285b, State: Running, Role: LEADER
I20260709 13:17:34.164549 10615 consensus_queue.cc:237] T 5a32c4c86d0f4ee58d8e83fde0bc9f3f P 22a7fb7ccc5a4a86b4d7646e0986285b [LEADER]: Queue going to LEADER mode. State: All replicated index: 0, Majority replicated index: 0, Committed index: 0, Last appended: 0.0, Last appended by leader: 0, Current term: 1, Majority size: 2, State: 0, Mode: LEADER, active raft config: opid_index: -1 OBSOLETE_local: false peers { permanent_uuid: "22a7fb7ccc5a4a86b4d7646e0986285b" member_type: VOTER last_known_addr { host: "127.8.229.129" port: 40721 } } peers { permanent_uuid: "b701ab0c6a4d4966a7e0d895b13e1b88" member_type: VOTER last_known_addr { host: "127.8.229.130" port: 39913 } } peers { permanent_uuid: "fbd259af788643e08e30fb7449a00a2d" member_type: VOTER last_known_addr { host: "127.8.229.131" port: 40643 } }
I20260709 13:17:34.171777 10273 leader_election.cc:304] T 7816325eab9d448390aa28e30e24d9bc P b701ab0c6a4d4966a7e0d895b13e1b88 [CANDIDATE]: Term 1 election: Election decided. Result: candidate won. Election summary: received 3 responses out of 3 voters: 2 yes votes; 1 no votes. yes voters: 22a7fb7ccc5a4a86b4d7646e0986285b, b701ab0c6a4d4966a7e0d895b13e1b88; no voters: fbd259af788643e08e30fb7449a00a2d
I20260709 13:17:34.178603 10545 raft_consensus.cc:2804] T 7816325eab9d448390aa28e30e24d9bc P b701ab0c6a4d4966a7e0d895b13e1b88 [term 1 FOLLOWER]: Leader election won for term 1
I20260709 13:17:34.179100 10545 raft_consensus.cc:697] T 7816325eab9d448390aa28e30e24d9bc P b701ab0c6a4d4966a7e0d895b13e1b88 [term 1 LEADER]: Becoming Leader. State: Replica: b701ab0c6a4d4966a7e0d895b13e1b88, State: Running, Role: LEADER
I20260709 13:17:34.180385 10545 consensus_queue.cc:237] T 7816325eab9d448390aa28e30e24d9bc P b701ab0c6a4d4966a7e0d895b13e1b88 [LEADER]: Queue going to LEADER mode. State: All replicated index: 0, Majority replicated index: 0, Committed index: 0, Last appended: 0.0, Last appended by leader: 0, Current term: 1, Majority size: 2, State: 0, Mode: LEADER, active raft config: opid_index: -1 OBSOLETE_local: false peers { permanent_uuid: "22a7fb7ccc5a4a86b4d7646e0986285b" member_type: VOTER last_known_addr { host: "127.8.229.129" port: 40721 } } peers { permanent_uuid: "b701ab0c6a4d4966a7e0d895b13e1b88" member_type: VOTER last_known_addr { host: "127.8.229.130" port: 39913 } } peers { permanent_uuid: "fbd259af788643e08e30fb7449a00a2d" member_type: VOTER last_known_addr { host: "127.8.229.131" port: 40643 } }
I20260709 13:17:34.187129 10425 tablet_bootstrap.cc:654] T 3e8f579efa3a4881882cff9daba249ae P 22a7fb7ccc5a4a86b4d7646e0986285b: Neither blocks nor log segments found. Creating new log.
I20260709 13:17:34.187978 10233 tablet_service.cc:1917] Received RequestConsensusVote() RPC: tablet_id: "0651923dbf204f2e98e08f9998edabed" candidate_uuid: "b701ab0c6a4d4966a7e0d895b13e1b88" candidate_term: 1 candidate_status { last_received { term: 0 index: 0 } } ignore_live_leader: false dest_uuid: "22a7fb7ccc5a4a86b4d7646e0986285b" is_pre_election: true
I20260709 13:17:34.188841 10233 raft_consensus.cc:2468] T 0651923dbf204f2e98e08f9998edabed P 22a7fb7ccc5a4a86b4d7646e0986285b [term 0 FOLLOWER]: Leader pre-election vote request: Granting yes vote for candidate b701ab0c6a4d4966a7e0d895b13e1b88 in term 0.
I20260709 13:17:34.191584 10273 leader_election.cc:304] T 0651923dbf204f2e98e08f9998edabed P b701ab0c6a4d4966a7e0d895b13e1b88 [CANDIDATE]: Term 1 pre-election: Election decided. Result: candidate won. Election summary: received 2 responses out of 3 voters: 2 yes votes; 0 no votes. yes voters: 22a7fb7ccc5a4a86b4d7646e0986285b, b701ab0c6a4d4966a7e0d895b13e1b88; no voters: 
I20260709 13:17:34.189852 10499 leader_election.cc:290] T 0651923dbf204f2e98e08f9998edabed P b701ab0c6a4d4966a7e0d895b13e1b88 [CANDIDATE]: Term 1 pre-election: Requested pre-vote from peers 22a7fb7ccc5a4a86b4d7646e0986285b (127.8.229.129:40721), fbd259af788643e08e30fb7449a00a2d (127.8.229.131:40643)
I20260709 13:17:34.198866 10384 tablet_service.cc:1917] Received RequestConsensusVote() RPC: tablet_id: "0651923dbf204f2e98e08f9998edabed" candidate_uuid: "b701ab0c6a4d4966a7e0d895b13e1b88" candidate_term: 1 candidate_status { last_received { term: 0 index: 0 } } ignore_live_leader: false dest_uuid: "fbd259af788643e08e30fb7449a00a2d" is_pre_election: true
W20260709 13:17:34.207165 10274 leader_election.cc:343] T 0651923dbf204f2e98e08f9998edabed P b701ab0c6a4d4966a7e0d895b13e1b88 [CANDIDATE]: Term 1 pre-election: Tablet error from VoteRequest() call to peer fbd259af788643e08e30fb7449a00a2d (127.8.229.131:40643): Illegal state: must be running to vote when last-logged opid is not known
I20260709 13:17:34.202934 10499 raft_consensus.cc:2804] T 0651923dbf204f2e98e08f9998edabed P b701ab0c6a4d4966a7e0d895b13e1b88 [term 0 FOLLOWER]: Leader pre-election won for term 1
I20260709 13:17:34.208969 10499 raft_consensus.cc:493] T 0651923dbf204f2e98e08f9998edabed P b701ab0c6a4d4966a7e0d895b13e1b88 [term 0 FOLLOWER]: Starting leader election (no leader contacted us within the election timeout)
I20260709 13:17:34.209412 10499 raft_consensus.cc:3060] T 0651923dbf204f2e98e08f9998edabed P b701ab0c6a4d4966a7e0d895b13e1b88 [term 0 FOLLOWER]: Advancing to term 1
I20260709 13:17:34.212479 10132 catalog_manager.cc:5697] T 25e7c348bdfb41a8aad21631640c2f64 P fbd259af788643e08e30fb7449a00a2d reported cstate change: term changed from 0 to 1, leader changed from <none> to fbd259af788643e08e30fb7449a00a2d (127.8.229.131). New cstate: current_term: 1 leader_uuid: "fbd259af788643e08e30fb7449a00a2d" committed_config { opid_index: -1 OBSOLETE_local: false peers { permanent_uuid: "22a7fb7ccc5a4a86b4d7646e0986285b" member_type: VOTER last_known_addr { host: "127.8.229.129" port: 40721 } health_report { overall_health: UNKNOWN } } peers { permanent_uuid: "b701ab0c6a4d4966a7e0d895b13e1b88" member_type: VOTER last_known_addr { host: "127.8.229.130" port: 39913 } health_report { overall_health: UNKNOWN } } peers { permanent_uuid: "fbd259af788643e08e30fb7449a00a2d" member_type: VOTER last_known_addr { host: "127.8.229.131" port: 40643 } health_report { overall_health: HEALTHY } } }
I20260709 13:17:34.228819 10547 consensus_queue.cc:1048] T 790ea6504d114410bdf9720aa1c0a3d3 P b701ab0c6a4d4966a7e0d895b13e1b88 [LEADER]: Connected to new peer: Peer: permanent_uuid: "fbd259af788643e08e30fb7449a00a2d" member_type: VOTER last_known_addr { host: "127.8.229.131" port: 40643 }, Status: LMP_MISMATCH, Last received: 0.0, Next index: 1, Last known committed idx: 0, Time since last communication: 0.001s
I20260709 13:17:34.232872 10130 catalog_manager.cc:5697] T 7816325eab9d448390aa28e30e24d9bc P b701ab0c6a4d4966a7e0d895b13e1b88 reported cstate change: term changed from 0 to 1, leader changed from <none> to b701ab0c6a4d4966a7e0d895b13e1b88 (127.8.229.130). New cstate: current_term: 1 leader_uuid: "b701ab0c6a4d4966a7e0d895b13e1b88" committed_config { opid_index: -1 OBSOLETE_local: false peers { permanent_uuid: "22a7fb7ccc5a4a86b4d7646e0986285b" member_type: VOTER last_known_addr { host: "127.8.229.129" port: 40721 } health_report { overall_health: UNKNOWN } } peers { permanent_uuid: "b701ab0c6a4d4966a7e0d895b13e1b88" member_type: VOTER last_known_addr { host: "127.8.229.130" port: 39913 } health_report { overall_health: HEALTHY } } peers { permanent_uuid: "fbd259af788643e08e30fb7449a00a2d" member_type: VOTER last_known_addr { host: "127.8.229.131" port: 40643 } health_report { overall_health: UNKNOWN } } }
I20260709 13:17:34.253646 10426 tablet_bootstrap.cc:492] T fbb5c848f2784de689ca0ba71ff23901 P b701ab0c6a4d4966a7e0d895b13e1b88: No bootstrap required, opened a new log
I20260709 13:17:34.254298 10426 ts_tablet_manager.cc:1403] T fbb5c848f2784de689ca0ba71ff23901 P b701ab0c6a4d4966a7e0d895b13e1b88: Time spent bootstrapping tablet: real 0.167s	user 0.017s	sys 0.015s
I20260709 13:17:34.266850 10499 raft_consensus.cc:515] T 0651923dbf204f2e98e08f9998edabed P b701ab0c6a4d4966a7e0d895b13e1b88 [term 1 FOLLOWER]: Starting leader election with config: opid_index: -1 OBSOLETE_local: false peers { permanent_uuid: "22a7fb7ccc5a4a86b4d7646e0986285b" member_type: VOTER last_known_addr { host: "127.8.229.129" port: 40721 } } peers { permanent_uuid: "b701ab0c6a4d4966a7e0d895b13e1b88" member_type: VOTER last_known_addr { host: "127.8.229.130" port: 39913 } } peers { permanent_uuid: "fbd259af788643e08e30fb7449a00a2d" member_type: VOTER last_known_addr { host: "127.8.229.131" port: 40643 } }
I20260709 13:17:34.274091 10424 tablet_bootstrap.cc:492] T 0651923dbf204f2e98e08f9998edabed P fbd259af788643e08e30fb7449a00a2d: No bootstrap required, opened a new log
I20260709 13:17:34.274565 10424 ts_tablet_manager.cc:1403] T 0651923dbf204f2e98e08f9998edabed P fbd259af788643e08e30fb7449a00a2d: Time spent bootstrapping tablet: real 0.159s	user 0.009s	sys 0.030s
I20260709 13:17:34.273939 10132 catalog_manager.cc:5697] T 5a32c4c86d0f4ee58d8e83fde0bc9f3f P 22a7fb7ccc5a4a86b4d7646e0986285b reported cstate change: term changed from 0 to 1, leader changed from <none> to 22a7fb7ccc5a4a86b4d7646e0986285b (127.8.229.129). New cstate: current_term: 1 leader_uuid: "22a7fb7ccc5a4a86b4d7646e0986285b" committed_config { opid_index: -1 OBSOLETE_local: false peers { permanent_uuid: "22a7fb7ccc5a4a86b4d7646e0986285b" member_type: VOTER last_known_addr { host: "127.8.229.129" port: 40721 } health_report { overall_health: HEALTHY } } peers { permanent_uuid: "b701ab0c6a4d4966a7e0d895b13e1b88" member_type: VOTER last_known_addr { host: "127.8.229.130" port: 39913 } health_report { overall_health: UNKNOWN } } peers { permanent_uuid: "fbd259af788643e08e30fb7449a00a2d" member_type: VOTER last_known_addr { host: "127.8.229.131" port: 40643 } health_report { overall_health: UNKNOWN } } }
I20260709 13:17:34.279659 10499 leader_election.cc:290] T 0651923dbf204f2e98e08f9998edabed P b701ab0c6a4d4966a7e0d895b13e1b88 [CANDIDATE]: Term 1 election: Requested vote from peers 22a7fb7ccc5a4a86b4d7646e0986285b (127.8.229.129:40721), fbd259af788643e08e30fb7449a00a2d (127.8.229.131:40643)
I20260709 13:17:34.280107 10435 raft_consensus.cc:493] T 66b339a95b254262aea13f2f0168ccf5 P fbd259af788643e08e30fb7449a00a2d [term 0 FOLLOWER]: Starting pre-election (no leader contacted us within the election timeout)
I20260709 13:17:34.280817 10425 tablet_bootstrap.cc:492] T 3e8f579efa3a4881882cff9daba249ae P 22a7fb7ccc5a4a86b4d7646e0986285b: No bootstrap required, opened a new log
I20260709 13:17:34.280616 10435 raft_consensus.cc:515] T 66b339a95b254262aea13f2f0168ccf5 P fbd259af788643e08e30fb7449a00a2d [term 0 FOLLOWER]: Starting pre-election with config: opid_index: -1 OBSOLETE_local: false peers { permanent_uuid: "22a7fb7ccc5a4a86b4d7646e0986285b" member_type: VOTER last_known_addr { host: "127.8.229.129" port: 40721 } } peers { permanent_uuid: "b701ab0c6a4d4966a7e0d895b13e1b88" member_type: VOTER last_known_addr { host: "127.8.229.130" port: 39913 } } peers { permanent_uuid: "fbd259af788643e08e30fb7449a00a2d" member_type: VOTER last_known_addr { host: "127.8.229.131" port: 40643 } }
I20260709 13:17:34.281373 10425 ts_tablet_manager.cc:1403] T 3e8f579efa3a4881882cff9daba249ae P 22a7fb7ccc5a4a86b4d7646e0986285b: Time spent bootstrapping tablet: real 0.151s	user 0.028s	sys 0.020s
I20260709 13:17:34.283249 10382 tablet_service.cc:1917] Received RequestConsensusVote() RPC: tablet_id: "0651923dbf204f2e98e08f9998edabed" candidate_uuid: "b701ab0c6a4d4966a7e0d895b13e1b88" candidate_term: 1 candidate_status { last_received { term: 0 index: 0 } } ignore_live_leader: false dest_uuid: "fbd259af788643e08e30fb7449a00a2d"
I20260709 13:17:34.283558 10424 raft_consensus.cc:359] T 0651923dbf204f2e98e08f9998edabed P fbd259af788643e08e30fb7449a00a2d [term 0 FOLLOWER]: Replica starting. Triggering 0 pending ops. Active config: opid_index: -1 OBSOLETE_local: false peers { permanent_uuid: "22a7fb7ccc5a4a86b4d7646e0986285b" member_type: VOTER last_known_addr { host: "127.8.229.129" port: 40721 } } peers { permanent_uuid: "b701ab0c6a4d4966a7e0d895b13e1b88" member_type: VOTER last_known_addr { host: "127.8.229.130" port: 39913 } } peers { permanent_uuid: "fbd259af788643e08e30fb7449a00a2d" member_type: VOTER last_known_addr { host: "127.8.229.131" port: 40643 } }
I20260709 13:17:34.284200 10424 raft_consensus.cc:385] T 0651923dbf204f2e98e08f9998edabed P fbd259af788643e08e30fb7449a00a2d [term 0 FOLLOWER]: Consensus starting up: Expiring failure detector timer to make a prompt election more likely
I20260709 13:17:34.284279 10435 leader_election.cc:290] T 66b339a95b254262aea13f2f0168ccf5 P fbd259af788643e08e30fb7449a00a2d [CANDIDATE]: Term 1 pre-election: Requested pre-vote from peers 22a7fb7ccc5a4a86b4d7646e0986285b (127.8.229.129:40721), b701ab0c6a4d4966a7e0d895b13e1b88 (127.8.229.130:39913)
I20260709 13:17:34.284495 10424 raft_consensus.cc:740] T 0651923dbf204f2e98e08f9998edabed P fbd259af788643e08e30fb7449a00a2d [term 0 FOLLOWER]: Becoming Follower/Learner. State: Replica: fbd259af788643e08e30fb7449a00a2d, State: Initialized, Role: FOLLOWER
I20260709 13:17:34.285295 10424 consensus_queue.cc:260] T 0651923dbf204f2e98e08f9998edabed P fbd259af788643e08e30fb7449a00a2d [NON_LEADER]: Queue going to NON_LEADER mode. State: All replicated index: 0, Majority replicated index: 0, Committed index: 0, Last appended: 0.0, Last appended by leader: 0, Current term: 0, Majority size: -1, State: 0, Mode: NON_LEADER, active raft config: opid_index: -1 OBSOLETE_local: false peers { permanent_uuid: "22a7fb7ccc5a4a86b4d7646e0986285b" member_type: VOTER last_known_addr { host: "127.8.229.129" port: 40721 } } peers { permanent_uuid: "b701ab0c6a4d4966a7e0d895b13e1b88" member_type: VOTER last_known_addr { host: "127.8.229.130" port: 39913 } } peers { permanent_uuid: "fbd259af788643e08e30fb7449a00a2d" member_type: VOTER last_known_addr { host: "127.8.229.131" port: 40643 } }
I20260709 13:17:34.289305 10382 raft_consensus.cc:3060] T 0651923dbf204f2e98e08f9998edabed P fbd259af788643e08e30fb7449a00a2d [term 0 FOLLOWER]: Advancing to term 1
I20260709 13:17:34.293207 10424 ts_tablet_manager.cc:1434] T 0651923dbf204f2e98e08f9998edabed P fbd259af788643e08e30fb7449a00a2d: Time spent starting tablet: real 0.018s	user 0.006s	sys 0.001s
I20260709 13:17:34.291160 10425 raft_consensus.cc:359] T 3e8f579efa3a4881882cff9daba249ae P 22a7fb7ccc5a4a86b4d7646e0986285b [term 0 FOLLOWER]: Replica starting. Triggering 0 pending ops. Active config: opid_index: -1 OBSOLETE_local: false peers { permanent_uuid: "22a7fb7ccc5a4a86b4d7646e0986285b" member_type: VOTER last_known_addr { host: "127.8.229.129" port: 40721 } } peers { permanent_uuid: "b701ab0c6a4d4966a7e0d895b13e1b88" member_type: VOTER last_known_addr { host: "127.8.229.130" port: 39913 } } peers { permanent_uuid: "fbd259af788643e08e30fb7449a00a2d" member_type: VOTER last_known_addr { host: "127.8.229.131" port: 40643 } }
I20260709 13:17:34.295019 10425 raft_consensus.cc:385] T 3e8f579efa3a4881882cff9daba249ae P 22a7fb7ccc5a4a86b4d7646e0986285b [term 0 FOLLOWER]: Consensus starting up: Expiring failure detector timer to make a prompt election more likely
I20260709 13:17:34.295485 10234 tablet_service.cc:1917] Received RequestConsensusVote() RPC: tablet_id: "0651923dbf204f2e98e08f9998edabed" candidate_uuid: "b701ab0c6a4d4966a7e0d895b13e1b88" candidate_term: 1 candidate_status { last_received { term: 0 index: 0 } } ignore_live_leader: false dest_uuid: "22a7fb7ccc5a4a86b4d7646e0986285b"
I20260709 13:17:34.295328 10425 raft_consensus.cc:740] T 3e8f579efa3a4881882cff9daba249ae P 22a7fb7ccc5a4a86b4d7646e0986285b [term 0 FOLLOWER]: Becoming Follower/Learner. State: Replica: 22a7fb7ccc5a4a86b4d7646e0986285b, State: Initialized, Role: FOLLOWER
I20260709 13:17:34.296192 10234 raft_consensus.cc:3060] T 0651923dbf204f2e98e08f9998edabed P 22a7fb7ccc5a4a86b4d7646e0986285b [term 0 FOLLOWER]: Advancing to term 1
I20260709 13:17:34.296801 10425 consensus_queue.cc:260] T 3e8f579efa3a4881882cff9daba249ae P 22a7fb7ccc5a4a86b4d7646e0986285b [NON_LEADER]: Queue going to NON_LEADER mode. State: All replicated index: 0, Majority replicated index: 0, Committed index: 0, Last appended: 0.0, Last appended by leader: 0, Current term: 0, Majority size: -1, State: 0, Mode: NON_LEADER, active raft config: opid_index: -1 OBSOLETE_local: false peers { permanent_uuid: "22a7fb7ccc5a4a86b4d7646e0986285b" member_type: VOTER last_known_addr { host: "127.8.229.129" port: 40721 } } peers { permanent_uuid: "b701ab0c6a4d4966a7e0d895b13e1b88" member_type: VOTER last_known_addr { host: "127.8.229.130" port: 39913 } } peers { permanent_uuid: "fbd259af788643e08e30fb7449a00a2d" member_type: VOTER last_known_addr { host: "127.8.229.131" port: 40643 } }
I20260709 13:17:34.298720 10425 ts_tablet_manager.cc:1434] T 3e8f579efa3a4881882cff9daba249ae P 22a7fb7ccc5a4a86b4d7646e0986285b: Time spent starting tablet: real 0.017s	user 0.008s	sys 0.000s
I20260709 13:17:34.299242 10309 tablet_service.cc:1917] Received RequestConsensusVote() RPC: tablet_id: "66b339a95b254262aea13f2f0168ccf5" candidate_uuid: "fbd259af788643e08e30fb7449a00a2d" candidate_term: 1 candidate_status { last_received { term: 0 index: 0 } } ignore_live_leader: false dest_uuid: "b701ab0c6a4d4966a7e0d895b13e1b88" is_pre_election: true
I20260709 13:17:34.299953 10425 tablet_bootstrap.cc:492] T 9f204cf2b2144aec962241afb6808a14 P 22a7fb7ccc5a4a86b4d7646e0986285b: Bootstrap starting.
W20260709 13:17:34.300799 10349 leader_election.cc:343] T 66b339a95b254262aea13f2f0168ccf5 P fbd259af788643e08e30fb7449a00a2d [CANDIDATE]: Term 1 pre-election: Tablet error from VoteRequest() call to peer b701ab0c6a4d4966a7e0d895b13e1b88 (127.8.229.130:39913): Illegal state: must be running to vote when last-logged opid is not known
I20260709 13:17:34.302186 10424 tablet_bootstrap.cc:492] T 32dab778b5c64c809fd58b172ce9980e P fbd259af788643e08e30fb7449a00a2d: Bootstrap starting.
I20260709 13:17:34.311050 10382 raft_consensus.cc:2468] T 0651923dbf204f2e98e08f9998edabed P fbd259af788643e08e30fb7449a00a2d [term 1 FOLLOWER]: Leader election vote request: Granting yes vote for candidate b701ab0c6a4d4966a7e0d895b13e1b88 in term 1.
I20260709 13:17:34.312752 10425 tablet_bootstrap.cc:654] T 9f204cf2b2144aec962241afb6808a14 P 22a7fb7ccc5a4a86b4d7646e0986285b: Neither blocks nor log segments found. Creating new log.
I20260709 13:17:34.316452 10426 raft_consensus.cc:359] T fbb5c848f2784de689ca0ba71ff23901 P b701ab0c6a4d4966a7e0d895b13e1b88 [term 0 FOLLOWER]: Replica starting. Triggering 0 pending ops. Active config: opid_index: -1 OBSOLETE_local: false peers { permanent_uuid: "22a7fb7ccc5a4a86b4d7646e0986285b" member_type: VOTER last_known_addr { host: "127.8.229.129" port: 40721 } } peers { permanent_uuid: "b701ab0c6a4d4966a7e0d895b13e1b88" member_type: VOTER last_known_addr { host: "127.8.229.130" port: 39913 } } peers { permanent_uuid: "fbd259af788643e08e30fb7449a00a2d" member_type: VOTER last_known_addr { host: "127.8.229.131" port: 40643 } }
I20260709 13:17:34.317883 10233 tablet_service.cc:1917] Received RequestConsensusVote() RPC: tablet_id: "66b339a95b254262aea13f2f0168ccf5" candidate_uuid: "fbd259af788643e08e30fb7449a00a2d" candidate_term: 1 candidate_status { last_received { term: 0 index: 0 } } ignore_live_leader: false dest_uuid: "22a7fb7ccc5a4a86b4d7646e0986285b" is_pre_election: true
I20260709 13:17:34.319197 10426 raft_consensus.cc:385] T fbb5c848f2784de689ca0ba71ff23901 P b701ab0c6a4d4966a7e0d895b13e1b88 [term 0 FOLLOWER]: Consensus starting up: Expiring failure detector timer to make a prompt election more likely
I20260709 13:17:34.319591 10426 raft_consensus.cc:740] T fbb5c848f2784de689ca0ba71ff23901 P b701ab0c6a4d4966a7e0d895b13e1b88 [term 0 FOLLOWER]: Becoming Follower/Learner. State: Replica: b701ab0c6a4d4966a7e0d895b13e1b88, State: Initialized, Role: FOLLOWER
I20260709 13:17:34.319612 10233 raft_consensus.cc:2468] T 66b339a95b254262aea13f2f0168ccf5 P 22a7fb7ccc5a4a86b4d7646e0986285b [term 0 FOLLOWER]: Leader pre-election vote request: Granting yes vote for candidate fbd259af788643e08e30fb7449a00a2d in term 0.
I20260709 13:17:34.318475 10545 consensus_queue.cc:1048] T 790ea6504d114410bdf9720aa1c0a3d3 P b701ab0c6a4d4966a7e0d895b13e1b88 [LEADER]: Connected to new peer: Peer: permanent_uuid: "22a7fb7ccc5a4a86b4d7646e0986285b" member_type: VOTER last_known_addr { host: "127.8.229.129" port: 40721 }, Status: LMP_MISMATCH, Last received: 0.0, Next index: 1, Last known committed idx: 0, Time since last communication: 0.003s
I20260709 13:17:34.322145 10347 leader_election.cc:304] T 66b339a95b254262aea13f2f0168ccf5 P fbd259af788643e08e30fb7449a00a2d [CANDIDATE]: Term 1 pre-election: Election decided. Result: candidate won. Election summary: received 3 responses out of 3 voters: 2 yes votes; 1 no votes. yes voters: 22a7fb7ccc5a4a86b4d7646e0986285b, fbd259af788643e08e30fb7449a00a2d; no voters: b701ab0c6a4d4966a7e0d895b13e1b88
I20260709 13:17:34.323539 10435 raft_consensus.cc:2804] T 66b339a95b254262aea13f2f0168ccf5 P fbd259af788643e08e30fb7449a00a2d [term 0 FOLLOWER]: Leader pre-election won for term 1
I20260709 13:17:34.323921 10435 raft_consensus.cc:493] T 66b339a95b254262aea13f2f0168ccf5 P fbd259af788643e08e30fb7449a00a2d [term 0 FOLLOWER]: Starting leader election (no leader contacted us within the election timeout)
I20260709 13:17:34.324229 10435 raft_consensus.cc:3060] T 66b339a95b254262aea13f2f0168ccf5 P fbd259af788643e08e30fb7449a00a2d [term 0 FOLLOWER]: Advancing to term 1
I20260709 13:17:34.328179 10426 consensus_queue.cc:260] T fbb5c848f2784de689ca0ba71ff23901 P b701ab0c6a4d4966a7e0d895b13e1b88 [NON_LEADER]: Queue going to NON_LEADER mode. State: All replicated index: 0, Majority replicated index: 0, Committed index: 0, Last appended: 0.0, Last appended by leader: 0, Current term: 0, Majority size: -1, State: 0, Mode: NON_LEADER, active raft config: opid_index: -1 OBSOLETE_local: false peers { permanent_uuid: "22a7fb7ccc5a4a86b4d7646e0986285b" member_type: VOTER last_known_addr { host: "127.8.229.129" port: 40721 } } peers { permanent_uuid: "b701ab0c6a4d4966a7e0d895b13e1b88" member_type: VOTER last_known_addr { host: "127.8.229.130" port: 39913 } } peers { permanent_uuid: "fbd259af788643e08e30fb7449a00a2d" member_type: VOTER last_known_addr { host: "127.8.229.131" port: 40643 } }
I20260709 13:17:34.335422 10426 ts_tablet_manager.cc:1434] T fbb5c848f2784de689ca0ba71ff23901 P b701ab0c6a4d4966a7e0d895b13e1b88: Time spent starting tablet: real 0.081s	user 0.004s	sys 0.003s
I20260709 13:17:34.336982 10426 tablet_bootstrap.cc:492] T 5a32c4c86d0f4ee58d8e83fde0bc9f3f P b701ab0c6a4d4966a7e0d895b13e1b88: Bootstrap starting.
I20260709 13:17:34.338660 10435 raft_consensus.cc:515] T 66b339a95b254262aea13f2f0168ccf5 P fbd259af788643e08e30fb7449a00a2d [term 1 FOLLOWER]: Starting leader election with config: opid_index: -1 OBSOLETE_local: false peers { permanent_uuid: "22a7fb7ccc5a4a86b4d7646e0986285b" member_type: VOTER last_known_addr { host: "127.8.229.129" port: 40721 } } peers { permanent_uuid: "b701ab0c6a4d4966a7e0d895b13e1b88" member_type: VOTER last_known_addr { host: "127.8.229.130" port: 39913 } } peers { permanent_uuid: "fbd259af788643e08e30fb7449a00a2d" member_type: VOTER last_known_addr { host: "127.8.229.131" port: 40643 } }
I20260709 13:17:34.346069 10435 leader_election.cc:290] T 66b339a95b254262aea13f2f0168ccf5 P fbd259af788643e08e30fb7449a00a2d [CANDIDATE]: Term 1 election: Requested vote from peers 22a7fb7ccc5a4a86b4d7646e0986285b (127.8.229.129:40721), b701ab0c6a4d4966a7e0d895b13e1b88 (127.8.229.130:39913)
I20260709 13:17:34.339728 10274 leader_election.cc:304] T 0651923dbf204f2e98e08f9998edabed P b701ab0c6a4d4966a7e0d895b13e1b88 [CANDIDATE]: Term 1 election: Election decided. Result: candidate won. Election summary: received 2 responses out of 3 voters: 2 yes votes; 0 no votes. yes voters: b701ab0c6a4d4966a7e0d895b13e1b88, fbd259af788643e08e30fb7449a00a2d; no voters: 
I20260709 13:17:34.362362 10474 raft_consensus.cc:2804] T 0651923dbf204f2e98e08f9998edabed P b701ab0c6a4d4966a7e0d895b13e1b88 [term 1 FOLLOWER]: Leader election won for term 1
I20260709 13:17:34.362934 10474 raft_consensus.cc:697] T 0651923dbf204f2e98e08f9998edabed P b701ab0c6a4d4966a7e0d895b13e1b88 [term 1 LEADER]: Becoming Leader. State: Replica: b701ab0c6a4d4966a7e0d895b13e1b88, State: Running, Role: LEADER
I20260709 13:17:34.363807 10233 tablet_service.cc:1917] Received RequestConsensusVote() RPC: tablet_id: "66b339a95b254262aea13f2f0168ccf5" candidate_uuid: "fbd259af788643e08e30fb7449a00a2d" candidate_term: 1 candidate_status { last_received { term: 0 index: 0 } } ignore_live_leader: false dest_uuid: "22a7fb7ccc5a4a86b4d7646e0986285b"
I20260709 13:17:34.363888 10474 consensus_queue.cc:237] T 0651923dbf204f2e98e08f9998edabed P b701ab0c6a4d4966a7e0d895b13e1b88 [LEADER]: Queue going to LEADER mode. State: All replicated index: 0, Majority replicated index: 0, Committed index: 0, Last appended: 0.0, Last appended by leader: 0, Current term: 1, Majority size: 2, State: 0, Mode: LEADER, active raft config: opid_index: -1 OBSOLETE_local: false peers { permanent_uuid: "22a7fb7ccc5a4a86b4d7646e0986285b" member_type: VOTER last_known_addr { host: "127.8.229.129" port: 40721 } } peers { permanent_uuid: "b701ab0c6a4d4966a7e0d895b13e1b88" member_type: VOTER last_known_addr { host: "127.8.229.130" port: 39913 } } peers { permanent_uuid: "fbd259af788643e08e30fb7449a00a2d" member_type: VOTER last_known_addr { host: "127.8.229.131" port: 40643 } }
I20260709 13:17:34.364675 10425 tablet_bootstrap.cc:492] T 9f204cf2b2144aec962241afb6808a14 P 22a7fb7ccc5a4a86b4d7646e0986285b: No bootstrap required, opened a new log
I20260709 13:17:34.364634 10233 raft_consensus.cc:3060] T 66b339a95b254262aea13f2f0168ccf5 P 22a7fb7ccc5a4a86b4d7646e0986285b [term 0 FOLLOWER]: Advancing to term 1
I20260709 13:17:34.365249 10425 ts_tablet_manager.cc:1403] T 9f204cf2b2144aec962241afb6808a14 P 22a7fb7ccc5a4a86b4d7646e0986285b: Time spent bootstrapping tablet: real 0.066s	user 0.006s	sys 0.006s
I20260709 13:17:34.356449 10234 raft_consensus.cc:2468] T 0651923dbf204f2e98e08f9998edabed P 22a7fb7ccc5a4a86b4d7646e0986285b [term 1 FOLLOWER]: Leader election vote request: Granting yes vote for candidate b701ab0c6a4d4966a7e0d895b13e1b88 in term 1.
I20260709 13:17:34.364655 10309 tablet_service.cc:1917] Received RequestConsensusVote() RPC: tablet_id: "66b339a95b254262aea13f2f0168ccf5" candidate_uuid: "fbd259af788643e08e30fb7449a00a2d" candidate_term: 1 candidate_status { last_received { term: 0 index: 0 } } ignore_live_leader: false dest_uuid: "b701ab0c6a4d4966a7e0d895b13e1b88"
I20260709 13:17:34.371013 10425 raft_consensus.cc:359] T 9f204cf2b2144aec962241afb6808a14 P 22a7fb7ccc5a4a86b4d7646e0986285b [term 0 FOLLOWER]: Replica starting. Triggering 0 pending ops. Active config: opid_index: -1 OBSOLETE_local: false peers { permanent_uuid: "22a7fb7ccc5a4a86b4d7646e0986285b" member_type: VOTER last_known_addr { host: "127.8.229.129" port: 40721 } } peers { permanent_uuid: "b701ab0c6a4d4966a7e0d895b13e1b88" member_type: VOTER last_known_addr { host: "127.8.229.130" port: 39913 } } peers { permanent_uuid: "fbd259af788643e08e30fb7449a00a2d" member_type: VOTER last_known_addr { host: "127.8.229.131" port: 40643 } }
I20260709 13:17:34.371812 10425 raft_consensus.cc:385] T 9f204cf2b2144aec962241afb6808a14 P 22a7fb7ccc5a4a86b4d7646e0986285b [term 0 FOLLOWER]: Consensus starting up: Expiring failure detector timer to make a prompt election more likely
I20260709 13:17:34.372104 10425 raft_consensus.cc:740] T 9f204cf2b2144aec962241afb6808a14 P 22a7fb7ccc5a4a86b4d7646e0986285b [term 0 FOLLOWER]: Becoming Follower/Learner. State: Replica: 22a7fb7ccc5a4a86b4d7646e0986285b, State: Initialized, Role: FOLLOWER
W20260709 13:17:34.372416 10349 leader_election.cc:343] T 66b339a95b254262aea13f2f0168ccf5 P fbd259af788643e08e30fb7449a00a2d [CANDIDATE]: Term 1 election: Tablet error from VoteRequest() call to peer b701ab0c6a4d4966a7e0d895b13e1b88 (127.8.229.130:39913): Illegal state: must be running to vote when last-logged opid is not known
I20260709 13:17:34.372881 10425 consensus_queue.cc:260] T 9f204cf2b2144aec962241afb6808a14 P 22a7fb7ccc5a4a86b4d7646e0986285b [NON_LEADER]: Queue going to NON_LEADER mode. State: All replicated index: 0, Majority replicated index: 0, Committed index: 0, Last appended: 0.0, Last appended by leader: 0, Current term: 0, Majority size: -1, State: 0, Mode: NON_LEADER, active raft config: opid_index: -1 OBSOLETE_local: false peers { permanent_uuid: "22a7fb7ccc5a4a86b4d7646e0986285b" member_type: VOTER last_known_addr { host: "127.8.229.129" port: 40721 } } peers { permanent_uuid: "b701ab0c6a4d4966a7e0d895b13e1b88" member_type: VOTER last_known_addr { host: "127.8.229.130" port: 39913 } } peers { permanent_uuid: "fbd259af788643e08e30fb7449a00a2d" member_type: VOTER last_known_addr { host: "127.8.229.131" port: 40643 } }
I20260709 13:17:34.381762 10424 tablet_bootstrap.cc:654] T 32dab778b5c64c809fd58b172ce9980e P fbd259af788643e08e30fb7449a00a2d: Neither blocks nor log segments found. Creating new log.
I20260709 13:17:34.388501 10233 raft_consensus.cc:2468] T 66b339a95b254262aea13f2f0168ccf5 P 22a7fb7ccc5a4a86b4d7646e0986285b [term 1 FOLLOWER]: Leader election vote request: Granting yes vote for candidate fbd259af788643e08e30fb7449a00a2d in term 1.
I20260709 13:17:34.387408 10425 ts_tablet_manager.cc:1434] T 9f204cf2b2144aec962241afb6808a14 P 22a7fb7ccc5a4a86b4d7646e0986285b: Time spent starting tablet: real 0.022s	user 0.008s	sys 0.000s
I20260709 13:17:34.391112 10347 leader_election.cc:304] T 66b339a95b254262aea13f2f0168ccf5 P fbd259af788643e08e30fb7449a00a2d [CANDIDATE]: Term 1 election: Election decided. Result: candidate won. Election summary: received 3 responses out of 3 voters: 2 yes votes; 1 no votes. yes voters: 22a7fb7ccc5a4a86b4d7646e0986285b, fbd259af788643e08e30fb7449a00a2d; no voters: b701ab0c6a4d4966a7e0d895b13e1b88
I20260709 13:17:34.392457 10435 raft_consensus.cc:2804] T 66b339a95b254262aea13f2f0168ccf5 P fbd259af788643e08e30fb7449a00a2d [term 1 FOLLOWER]: Leader election won for term 1
I20260709 13:17:34.392946 10435 raft_consensus.cc:697] T 66b339a95b254262aea13f2f0168ccf5 P fbd259af788643e08e30fb7449a00a2d [term 1 LEADER]: Becoming Leader. State: Replica: fbd259af788643e08e30fb7449a00a2d, State: Running, Role: LEADER
I20260709 13:17:34.393458 10425 tablet_bootstrap.cc:492] T 25e7c348bdfb41a8aad21631640c2f64 P 22a7fb7ccc5a4a86b4d7646e0986285b: Bootstrap starting.
I20260709 13:17:34.394361 10426 tablet_bootstrap.cc:654] T 5a32c4c86d0f4ee58d8e83fde0bc9f3f P b701ab0c6a4d4966a7e0d895b13e1b88: Neither blocks nor log segments found. Creating new log.
I20260709 13:17:34.393774 10435 consensus_queue.cc:237] T 66b339a95b254262aea13f2f0168ccf5 P fbd259af788643e08e30fb7449a00a2d [LEADER]: Queue going to LEADER mode. State: All replicated index: 0, Majority replicated index: 0, Committed index: 0, Last appended: 0.0, Last appended by leader: 0, Current term: 1, Majority size: 2, State: 0, Mode: LEADER, active raft config: opid_index: -1 OBSOLETE_local: false peers { permanent_uuid: "22a7fb7ccc5a4a86b4d7646e0986285b" member_type: VOTER last_known_addr { host: "127.8.229.129" port: 40721 } } peers { permanent_uuid: "b701ab0c6a4d4966a7e0d895b13e1b88" member_type: VOTER last_known_addr { host: "127.8.229.130" port: 39913 } } peers { permanent_uuid: "fbd259af788643e08e30fb7449a00a2d" member_type: VOTER last_known_addr { host: "127.8.229.131" port: 40643 } }
I20260709 13:17:34.406982 10425 tablet_bootstrap.cc:654] T 25e7c348bdfb41a8aad21631640c2f64 P 22a7fb7ccc5a4a86b4d7646e0986285b: Neither blocks nor log segments found. Creating new log.
I20260709 13:17:34.410902 10424 tablet_bootstrap.cc:492] T 32dab778b5c64c809fd58b172ce9980e P fbd259af788643e08e30fb7449a00a2d: No bootstrap required, opened a new log
I20260709 13:17:34.411441 10424 ts_tablet_manager.cc:1403] T 32dab778b5c64c809fd58b172ce9980e P fbd259af788643e08e30fb7449a00a2d: Time spent bootstrapping tablet: real 0.117s	user 0.003s	sys 0.012s
I20260709 13:17:34.417249 10547 raft_consensus.cc:493] T fbb5c848f2784de689ca0ba71ff23901 P b701ab0c6a4d4966a7e0d895b13e1b88 [term 0 FOLLOWER]: Starting pre-election (no leader contacted us within the election timeout)
I20260709 13:17:34.422820 10547 raft_consensus.cc:515] T fbb5c848f2784de689ca0ba71ff23901 P b701ab0c6a4d4966a7e0d895b13e1b88 [term 0 FOLLOWER]: Starting pre-election with config: opid_index: -1 OBSOLETE_local: false peers { permanent_uuid: "22a7fb7ccc5a4a86b4d7646e0986285b" member_type: VOTER last_known_addr { host: "127.8.229.129" port: 40721 } } peers { permanent_uuid: "b701ab0c6a4d4966a7e0d895b13e1b88" member_type: VOTER last_known_addr { host: "127.8.229.130" port: 39913 } } peers { permanent_uuid: "fbd259af788643e08e30fb7449a00a2d" member_type: VOTER last_known_addr { host: "127.8.229.131" port: 40643 } }
I20260709 13:17:34.429351 10547 leader_election.cc:290] T fbb5c848f2784de689ca0ba71ff23901 P b701ab0c6a4d4966a7e0d895b13e1b88 [CANDIDATE]: Term 1 pre-election: Requested pre-vote from peers 22a7fb7ccc5a4a86b4d7646e0986285b (127.8.229.129:40721), fbd259af788643e08e30fb7449a00a2d (127.8.229.131:40643)
I20260709 13:17:34.430897 10382 tablet_service.cc:1917] Received RequestConsensusVote() RPC: tablet_id: "fbb5c848f2784de689ca0ba71ff23901" candidate_uuid: "b701ab0c6a4d4966a7e0d895b13e1b88" candidate_term: 1 candidate_status { last_received { term: 0 index: 0 } } ignore_live_leader: false dest_uuid: "fbd259af788643e08e30fb7449a00a2d" is_pre_election: true
I20260709 13:17:34.432485 10233 tablet_service.cc:1917] Received RequestConsensusVote() RPC: tablet_id: "fbb5c848f2784de689ca0ba71ff23901" candidate_uuid: "b701ab0c6a4d4966a7e0d895b13e1b88" candidate_term: 1 candidate_status { last_received { term: 0 index: 0 } } ignore_live_leader: false dest_uuid: "22a7fb7ccc5a4a86b4d7646e0986285b" is_pre_election: true
W20260709 13:17:34.432478 10274 leader_election.cc:343] T fbb5c848f2784de689ca0ba71ff23901 P b701ab0c6a4d4966a7e0d895b13e1b88 [CANDIDATE]: Term 1 pre-election: Tablet error from VoteRequest() call to peer fbd259af788643e08e30fb7449a00a2d (127.8.229.131:40643): Illegal state: must be running to vote when last-logged opid is not known
W20260709 13:17:34.433992 10273 leader_election.cc:343] T fbb5c848f2784de689ca0ba71ff23901 P b701ab0c6a4d4966a7e0d895b13e1b88 [CANDIDATE]: Term 1 pre-election: Tablet error from VoteRequest() call to peer 22a7fb7ccc5a4a86b4d7646e0986285b (127.8.229.129:40721): Illegal state: must be running to vote when last-logged opid is not known
I20260709 13:17:34.434480 10273 leader_election.cc:304] T fbb5c848f2784de689ca0ba71ff23901 P b701ab0c6a4d4966a7e0d895b13e1b88 [CANDIDATE]: Term 1 pre-election: Election decided. Result: candidate lost. Election summary: received 3 responses out of 3 voters: 1 yes votes; 2 no votes. yes voters: b701ab0c6a4d4966a7e0d895b13e1b88; no voters: 22a7fb7ccc5a4a86b4d7646e0986285b, fbd259af788643e08e30fb7449a00a2d
I20260709 13:17:34.434135 10130 catalog_manager.cc:5697] T 0651923dbf204f2e98e08f9998edabed P b701ab0c6a4d4966a7e0d895b13e1b88 reported cstate change: term changed from 0 to 1, leader changed from <none> to b701ab0c6a4d4966a7e0d895b13e1b88 (127.8.229.130). New cstate: current_term: 1 leader_uuid: "b701ab0c6a4d4966a7e0d895b13e1b88" committed_config { opid_index: -1 OBSOLETE_local: false peers { permanent_uuid: "22a7fb7ccc5a4a86b4d7646e0986285b" member_type: VOTER last_known_addr { host: "127.8.229.129" port: 40721 } health_report { overall_health: UNKNOWN } } peers { permanent_uuid: "b701ab0c6a4d4966a7e0d895b13e1b88" member_type: VOTER last_known_addr { host: "127.8.229.130" port: 39913 } health_report { overall_health: HEALTHY } } peers { permanent_uuid: "fbd259af788643e08e30fb7449a00a2d" member_type: VOTER last_known_addr { host: "127.8.229.131" port: 40643 } health_report { overall_health: UNKNOWN } } }
I20260709 13:17:34.435974 10547 raft_consensus.cc:2749] T fbb5c848f2784de689ca0ba71ff23901 P b701ab0c6a4d4966a7e0d895b13e1b88 [term 0 FOLLOWER]: Leader pre-election lost for term 1. Reason: could not achieve majority
I20260709 13:17:34.438995 10424 raft_consensus.cc:359] T 32dab778b5c64c809fd58b172ce9980e P fbd259af788643e08e30fb7449a00a2d [term 0 FOLLOWER]: Replica starting. Triggering 0 pending ops. Active config: opid_index: -1 OBSOLETE_local: false peers { permanent_uuid: "22a7fb7ccc5a4a86b4d7646e0986285b" member_type: VOTER last_known_addr { host: "127.8.229.129" port: 40721 } } peers { permanent_uuid: "b701ab0c6a4d4966a7e0d895b13e1b88" member_type: VOTER last_known_addr { host: "127.8.229.130" port: 39913 } } peers { permanent_uuid: "fbd259af788643e08e30fb7449a00a2d" member_type: VOTER last_known_addr { host: "127.8.229.131" port: 40643 } }
I20260709 13:17:34.439765 10424 raft_consensus.cc:385] T 32dab778b5c64c809fd58b172ce9980e P fbd259af788643e08e30fb7449a00a2d [term 0 FOLLOWER]: Consensus starting up: Expiring failure detector timer to make a prompt election more likely
I20260709 13:17:34.440088 10424 raft_consensus.cc:740] T 32dab778b5c64c809fd58b172ce9980e P fbd259af788643e08e30fb7449a00a2d [term 0 FOLLOWER]: Becoming Follower/Learner. State: Replica: fbd259af788643e08e30fb7449a00a2d, State: Initialized, Role: FOLLOWER
I20260709 13:17:34.441273 10425 tablet_bootstrap.cc:492] T 25e7c348bdfb41a8aad21631640c2f64 P 22a7fb7ccc5a4a86b4d7646e0986285b: No bootstrap required, opened a new log
I20260709 13:17:34.441849 10425 ts_tablet_manager.cc:1403] T 25e7c348bdfb41a8aad21631640c2f64 P 22a7fb7ccc5a4a86b4d7646e0986285b: Time spent bootstrapping tablet: real 0.050s	user 0.016s	sys 0.009s
I20260709 13:17:34.440795 10424 consensus_queue.cc:260] T 32dab778b5c64c809fd58b172ce9980e P fbd259af788643e08e30fb7449a00a2d [NON_LEADER]: Queue going to NON_LEADER mode. State: All replicated index: 0, Majority replicated index: 0, Committed index: 0, Last appended: 0.0, Last appended by leader: 0, Current term: 0, Majority size: -1, State: 0, Mode: NON_LEADER, active raft config: opid_index: -1 OBSOLETE_local: false peers { permanent_uuid: "22a7fb7ccc5a4a86b4d7646e0986285b" member_type: VOTER last_known_addr { host: "127.8.229.129" port: 40721 } } peers { permanent_uuid: "b701ab0c6a4d4966a7e0d895b13e1b88" member_type: VOTER last_known_addr { host: "127.8.229.130" port: 39913 } } peers { permanent_uuid: "fbd259af788643e08e30fb7449a00a2d" member_type: VOTER last_known_addr { host: "127.8.229.131" port: 40643 } }
