I20260709 13:17:35.983752 10547 leader_election.cc:290] T 06ba72bca5ba446e9e1d74b65b7204bf P b701ab0c6a4d4966a7e0d895b13e1b88 [CANDIDATE]: Term 1 pre-election: Requested pre-vote from peers 22a7fb7ccc5a4a86b4d7646e0986285b (127.8.229.129:40721), fbd259af788643e08e30fb7449a00a2d (127.8.229.131:40643)
I20260709 13:17:35.984458 10431 leader_election.cc:290] T 06ba72bca5ba446e9e1d74b65b7204bf P 22a7fb7ccc5a4a86b4d7646e0986285b [CANDIDATE]: Term 1 pre-election: Requested pre-vote from peers b701ab0c6a4d4966a7e0d895b13e1b88 (127.8.229.130:39913), fbd259af788643e08e30fb7449a00a2d (127.8.229.131:40643)
I20260709 13:17:35.992055 10231 tablet_service.cc:1917] Received RequestConsensusVote() RPC: tablet_id: "06ba72bca5ba446e9e1d74b65b7204bf" candidate_uuid: "b701ab0c6a4d4966a7e0d895b13e1b88" candidate_term: 1 candidate_status { last_received { term: 0 index: 0 } } ignore_live_leader: false dest_uuid: "22a7fb7ccc5a4a86b4d7646e0986285b" is_pre_election: true
I20260709 13:17:35.993369 10231 raft_consensus.cc:2468] T 06ba72bca5ba446e9e1d74b65b7204bf P 22a7fb7ccc5a4a86b4d7646e0986285b [term 0 FOLLOWER]: Leader pre-election vote request: Granting yes vote for candidate b701ab0c6a4d4966a7e0d895b13e1b88 in term 0.
W20260709 13:17:35.995004 10718 log.cc:927] Time spent T fbb5c848f2784de689ca0ba71ff23901 P 22a7fb7ccc5a4a86b4d7646e0986285b: Append to log took a long time: real 0.051s	user 0.001s	sys 0.000s
W20260709 13:17:36.010778 10349 leader_election.cc:343] T 8658c9a0fdb4418cbf32dd7cd45f68c1 P fbd259af788643e08e30fb7449a00a2d [CANDIDATE]: Term 1 election: Tablet error from VoteRequest() call to peer b701ab0c6a4d4966a7e0d895b13e1b88 (127.8.229.130:39913): Illegal state: must be running to vote when last-logged opid is not known
I20260709 13:17:36.012558 10426 tablet_bootstrap.cc:492] T d50f765701d74241bfac96a5f4e75786 P b701ab0c6a4d4966a7e0d895b13e1b88: No bootstrap required, opened a new log
I20260709 13:17:36.013125 10426 ts_tablet_manager.cc:1403] T d50f765701d74241bfac96a5f4e75786 P b701ab0c6a4d4966a7e0d895b13e1b88: Time spent bootstrapping tablet: real 0.125s	user 0.024s	sys 0.018s
I20260709 13:17:36.014325 10382 tablet_service.cc:1917] Received RequestConsensusVote() RPC: tablet_id: "06ba72bca5ba446e9e1d74b65b7204bf" candidate_uuid: "b701ab0c6a4d4966a7e0d895b13e1b88" candidate_term: 1 candidate_status { last_received { term: 0 index: 0 } } ignore_live_leader: false dest_uuid: "fbd259af788643e08e30fb7449a00a2d" is_pre_election: true
I20260709 13:17:36.014129 10132 catalog_manager.cc:5697] T 32dab778b5c64c809fd58b172ce9980e P 22a7fb7ccc5a4a86b4d7646e0986285b reported cstate change: term changed from 0 to 2, leader changed from <none> to 22a7fb7ccc5a4a86b4d7646e0986285b (127.8.229.129). New cstate: current_term: 2 leader_uuid: "22a7fb7ccc5a4a86b4d7646e0986285b" committed_config { opid_index: -1 OBSOLETE_local: false peers { permanent_uuid: "22a7fb7ccc5a4a86b4d7646e0986285b" member_type: VOTER last_known_addr { host: "127.8.229.129" port: 40721 } health_report { overall_health: HEALTHY } } peers { permanent_uuid: "b701ab0c6a4d4966a7e0d895b13e1b88" member_type: VOTER last_known_addr { host: "127.8.229.130" port: 39913 } health_report { overall_health: UNKNOWN } } peers { permanent_uuid: "fbd259af788643e08e30fb7449a00a2d" member_type: VOTER last_known_addr { host: "127.8.229.131" port: 40643 } health_report { overall_health: UNKNOWN } } }
I20260709 13:17:36.022887 10307 tablet_service.cc:1917] Received RequestConsensusVote() RPC: tablet_id: "06ba72bca5ba446e9e1d74b65b7204bf" candidate_uuid: "22a7fb7ccc5a4a86b4d7646e0986285b" candidate_term: 1 candidate_status { last_received { term: 0 index: 0 } } ignore_live_leader: false dest_uuid: "b701ab0c6a4d4966a7e0d895b13e1b88" is_pre_election: true
I20260709 13:17:36.023643 10307 raft_consensus.cc:2468] T 06ba72bca5ba446e9e1d74b65b7204bf P b701ab0c6a4d4966a7e0d895b13e1b88 [term 0 FOLLOWER]: Leader pre-election vote request: Granting yes vote for candidate 22a7fb7ccc5a4a86b4d7646e0986285b in term 0.
I20260709 13:17:36.024873 10382 tablet_service.cc:1917] Received RequestConsensusVote() RPC: tablet_id: "06ba72bca5ba446e9e1d74b65b7204bf" candidate_uuid: "22a7fb7ccc5a4a86b4d7646e0986285b" candidate_term: 1 candidate_status { last_received { term: 0 index: 0 } } ignore_live_leader: false dest_uuid: "fbd259af788643e08e30fb7449a00a2d" is_pre_election: true
I20260709 13:17:36.027622 10547 consensus_queue.cc:1048] T 1276da24370947c6a33cc777eb95c26a P b701ab0c6a4d4966a7e0d895b13e1b88 [LEADER]: Connected to new peer: Peer: permanent_uuid: "22a7fb7ccc5a4a86b4d7646e0986285b" member_type: VOTER last_known_addr { host: "127.8.229.129" port: 40721 }, Status: LMP_MISMATCH, Last received: 0.0, Next index: 1, Last known committed idx: 0, Time since last communication: 0.000s
I20260709 13:17:36.029127 10426 raft_consensus.cc:359] T d50f765701d74241bfac96a5f4e75786 P b701ab0c6a4d4966a7e0d895b13e1b88 [term 0 FOLLOWER]: Replica starting. Triggering 0 pending ops. Active config: opid_index: -1 OBSOLETE_local: false peers { permanent_uuid: "22a7fb7ccc5a4a86b4d7646e0986285b" member_type: VOTER last_known_addr { host: "127.8.229.129" port: 40721 } } peers { permanent_uuid: "b701ab0c6a4d4966a7e0d895b13e1b88" member_type: VOTER last_known_addr { host: "127.8.229.130" port: 39913 } } peers { permanent_uuid: "fbd259af788643e08e30fb7449a00a2d" member_type: VOTER last_known_addr { host: "127.8.229.131" port: 40643 } }
I20260709 13:17:36.029841 10426 raft_consensus.cc:385] T d50f765701d74241bfac96a5f4e75786 P b701ab0c6a4d4966a7e0d895b13e1b88 [term 0 FOLLOWER]: Consensus starting up: Expiring failure detector timer to make a prompt election more likely
I20260709 13:17:36.030110 10426 raft_consensus.cc:740] T d50f765701d74241bfac96a5f4e75786 P b701ab0c6a4d4966a7e0d895b13e1b88 [term 0 FOLLOWER]: Becoming Follower/Learner. State: Replica: b701ab0c6a4d4966a7e0d895b13e1b88, State: Initialized, Role: FOLLOWER
I20260709 13:17:36.031118 10426 consensus_queue.cc:260] T d50f765701d74241bfac96a5f4e75786 P b701ab0c6a4d4966a7e0d895b13e1b88 [NON_LEADER]: Queue going to NON_LEADER mode. State: All replicated index: 0, Majority replicated index: 0, Committed index: 0, Last appended: 0.0, Last appended by leader: 0, Current term: 0, Majority size: -1, State: 0, Mode: NON_LEADER, active raft config: opid_index: -1 OBSOLETE_local: false peers { permanent_uuid: "22a7fb7ccc5a4a86b4d7646e0986285b" member_type: VOTER last_known_addr { host: "127.8.229.129" port: 40721 } } peers { permanent_uuid: "b701ab0c6a4d4966a7e0d895b13e1b88" member_type: VOTER last_known_addr { host: "127.8.229.130" port: 39913 } } peers { permanent_uuid: "fbd259af788643e08e30fb7449a00a2d" member_type: VOTER last_known_addr { host: "127.8.229.131" port: 40643 } }
I20260709 13:17:36.031914 10273 leader_election.cc:304] T 06ba72bca5ba446e9e1d74b65b7204bf P b701ab0c6a4d4966a7e0d895b13e1b88 [CANDIDATE]: Term 1 pre-election: Election decided. Result: candidate won. Election summary: received 2 responses out of 3 voters: 2 yes votes; 0 no votes. yes voters: 22a7fb7ccc5a4a86b4d7646e0986285b, b701ab0c6a4d4966a7e0d895b13e1b88; no voters: 
I20260709 13:17:36.033026 10635 raft_consensus.cc:2804] T 06ba72bca5ba446e9e1d74b65b7204bf P b701ab0c6a4d4966a7e0d895b13e1b88 [term 0 FOLLOWER]: Leader pre-election won for term 1
I20260709 13:17:36.033411 10635 raft_consensus.cc:493] T 06ba72bca5ba446e9e1d74b65b7204bf P b701ab0c6a4d4966a7e0d895b13e1b88 [term 0 FOLLOWER]: Starting leader election (no leader contacted us within the election timeout)
I20260709 13:17:36.033807 10635 raft_consensus.cc:3060] T 06ba72bca5ba446e9e1d74b65b7204bf P b701ab0c6a4d4966a7e0d895b13e1b88 [term 0 FOLLOWER]: Advancing to term 1
I20260709 13:17:36.041764 10635 raft_consensus.cc:515] T 06ba72bca5ba446e9e1d74b65b7204bf P b701ab0c6a4d4966a7e0d895b13e1b88 [term 1 FOLLOWER]: Starting leader election with config: opid_index: -1 OBSOLETE_local: false peers { permanent_uuid: "22a7fb7ccc5a4a86b4d7646e0986285b" member_type: VOTER last_known_addr { host: "127.8.229.129" port: 40721 } } peers { permanent_uuid: "b701ab0c6a4d4966a7e0d895b13e1b88" member_type: VOTER last_known_addr { host: "127.8.229.130" port: 39913 } } peers { permanent_uuid: "fbd259af788643e08e30fb7449a00a2d" member_type: VOTER last_known_addr { host: "127.8.229.131" port: 40643 } }
I20260709 13:17:36.033391 10426 ts_tablet_manager.cc:1434] T d50f765701d74241bfac96a5f4e75786 P b701ab0c6a4d4966a7e0d895b13e1b88: Time spent starting tablet: real 0.020s	user 0.006s	sys 0.001s
I20260709 13:17:36.044821 10426 tablet_bootstrap.cc:492] T 73a18030f0a346e4b52b10d1a672e158 P b701ab0c6a4d4966a7e0d895b13e1b88: Bootstrap starting.
W20260709 13:17:36.050743 10274 leader_election.cc:343] T 06ba72bca5ba446e9e1d74b65b7204bf P b701ab0c6a4d4966a7e0d895b13e1b88 [CANDIDATE]: Term 1 pre-election: Tablet error from VoteRequest() call to peer fbd259af788643e08e30fb7449a00a2d (127.8.229.131:40643): Illegal state: must be running to vote when last-logged opid is not known
I20260709 13:17:36.054773 10231 tablet_service.cc:1917] Received RequestConsensusVote() RPC: tablet_id: "8658c9a0fdb4418cbf32dd7cd45f68c1" candidate_uuid: "fbd259af788643e08e30fb7449a00a2d" candidate_term: 1 candidate_status { last_received { term: 0 index: 0 } } ignore_live_leader: false dest_uuid: "22a7fb7ccc5a4a86b4d7646e0986285b"
I20260709 13:17:36.055540 10231 raft_consensus.cc:3060] T 8658c9a0fdb4418cbf32dd7cd45f68c1 P 22a7fb7ccc5a4a86b4d7646e0986285b [term 0 FOLLOWER]: Advancing to term 1
I20260709 13:17:36.058337 10425 tablet_bootstrap.cc:492] T 8618d32651864736a12184871855fc7c P 22a7fb7ccc5a4a86b4d7646e0986285b: No bootstrap required, opened a new log
I20260709 13:17:36.058959 10425 ts_tablet_manager.cc:1403] T 8618d32651864736a12184871855fc7c P 22a7fb7ccc5a4a86b4d7646e0986285b: Time spent bootstrapping tablet: real 0.124s	user 0.039s	sys 0.027s
I20260709 13:17:36.059860 10200 leader_election.cc:304] T 06ba72bca5ba446e9e1d74b65b7204bf P 22a7fb7ccc5a4a86b4d7646e0986285b [CANDIDATE]: Term 1 pre-election: Election decided. Result: candidate won. Election summary: received 2 responses out of 3 voters: 2 yes votes; 0 no votes. yes voters: 22a7fb7ccc5a4a86b4d7646e0986285b, b701ab0c6a4d4966a7e0d895b13e1b88; no voters: 
I20260709 13:17:36.061069 10431 raft_consensus.cc:2804] T 06ba72bca5ba446e9e1d74b65b7204bf P 22a7fb7ccc5a4a86b4d7646e0986285b [term 0 FOLLOWER]: Leader pre-election won for term 1
I20260709 13:17:36.061463 10431 raft_consensus.cc:493] T 06ba72bca5ba446e9e1d74b65b7204bf P 22a7fb7ccc5a4a86b4d7646e0986285b [term 0 FOLLOWER]: Starting leader election (no leader contacted us within the election timeout)
I20260709 13:17:36.061806 10431 raft_consensus.cc:3060] T 06ba72bca5ba446e9e1d74b65b7204bf P 22a7fb7ccc5a4a86b4d7646e0986285b [term 0 FOLLOWER]: Advancing to term 1
I20260709 13:17:36.062718 10425 raft_consensus.cc:359] T 8618d32651864736a12184871855fc7c P 22a7fb7ccc5a4a86b4d7646e0986285b [term 0 FOLLOWER]: Replica starting. Triggering 0 pending ops. Active config: opid_index: -1 OBSOLETE_local: false peers { permanent_uuid: "22a7fb7ccc5a4a86b4d7646e0986285b" member_type: VOTER last_known_addr { host: "127.8.229.129" port: 40721 } } peers { permanent_uuid: "b701ab0c6a4d4966a7e0d895b13e1b88" member_type: VOTER last_known_addr { host: "127.8.229.130" port: 39913 } } peers { permanent_uuid: "fbd259af788643e08e30fb7449a00a2d" member_type: VOTER last_known_addr { host: "127.8.229.131" port: 40643 } }
I20260709 13:17:36.063592 10425 raft_consensus.cc:385] T 8618d32651864736a12184871855fc7c P 22a7fb7ccc5a4a86b4d7646e0986285b [term 0 FOLLOWER]: Consensus starting up: Expiring failure detector timer to make a prompt election more likely
I20260709 13:17:36.063956 10425 raft_consensus.cc:740] T 8618d32651864736a12184871855fc7c P 22a7fb7ccc5a4a86b4d7646e0986285b [term 0 FOLLOWER]: Becoming Follower/Learner. State: Replica: 22a7fb7ccc5a4a86b4d7646e0986285b, State: Initialized, Role: FOLLOWER
I20260709 13:17:36.064771 10425 consensus_queue.cc:260] T 8618d32651864736a12184871855fc7c P 22a7fb7ccc5a4a86b4d7646e0986285b [NON_LEADER]: Queue going to NON_LEADER mode. State: All replicated index: 0, Majority replicated index: 0, Committed index: 0, Last appended: 0.0, Last appended by leader: 0, Current term: 0, Majority size: -1, State: 0, Mode: NON_LEADER, active raft config: opid_index: -1 OBSOLETE_local: false peers { permanent_uuid: "22a7fb7ccc5a4a86b4d7646e0986285b" member_type: VOTER last_known_addr { host: "127.8.229.129" port: 40721 } } peers { permanent_uuid: "b701ab0c6a4d4966a7e0d895b13e1b88" member_type: VOTER last_known_addr { host: "127.8.229.130" port: 39913 } } peers { permanent_uuid: "fbd259af788643e08e30fb7449a00a2d" member_type: VOTER last_known_addr { host: "127.8.229.131" port: 40643 } }
I20260709 13:17:36.067998 10425 ts_tablet_manager.cc:1434] T 8618d32651864736a12184871855fc7c P 22a7fb7ccc5a4a86b4d7646e0986285b: Time spent starting tablet: real 0.009s	user 0.007s	sys 0.000s
I20260709 13:17:36.069116 10425 tablet_bootstrap.cc:492] T 28dcfd52ebc84610bf052f3396a0d3fd P 22a7fb7ccc5a4a86b4d7646e0986285b: Bootstrap starting.
I20260709 13:17:36.064401 10635 leader_election.cc:290] T 06ba72bca5ba446e9e1d74b65b7204bf P b701ab0c6a4d4966a7e0d895b13e1b88 [CANDIDATE]: Term 1 election: Requested vote from peers 22a7fb7ccc5a4a86b4d7646e0986285b (127.8.229.129:40721), fbd259af788643e08e30fb7449a00a2d (127.8.229.131:40643)
I20260709 13:17:36.073604 10426 tablet_bootstrap.cc:654] T 73a18030f0a346e4b52b10d1a672e158 P b701ab0c6a4d4966a7e0d895b13e1b88: Neither blocks nor log segments found. Creating new log.
I20260709 13:17:36.076025 10425 tablet_bootstrap.cc:654] T 28dcfd52ebc84610bf052f3396a0d3fd P 22a7fb7ccc5a4a86b4d7646e0986285b: Neither blocks nor log segments found. Creating new log.
I20260709 13:17:36.089039 10425 tablet_bootstrap.cc:492] T 28dcfd52ebc84610bf052f3396a0d3fd P 22a7fb7ccc5a4a86b4d7646e0986285b: No bootstrap required, opened a new log
I20260709 13:17:36.092695 10425 ts_tablet_manager.cc:1403] T 28dcfd52ebc84610bf052f3396a0d3fd P 22a7fb7ccc5a4a86b4d7646e0986285b: Time spent bootstrapping tablet: real 0.024s	user 0.008s	sys 0.010s
I20260709 13:17:36.095783 10425 raft_consensus.cc:359] T 28dcfd52ebc84610bf052f3396a0d3fd P 22a7fb7ccc5a4a86b4d7646e0986285b [term 0 FOLLOWER]: Replica starting. Triggering 0 pending ops. Active config: opid_index: -1 OBSOLETE_local: false peers { permanent_uuid: "22a7fb7ccc5a4a86b4d7646e0986285b" member_type: VOTER last_known_addr { host: "127.8.229.129" port: 40721 } } peers { permanent_uuid: "b701ab0c6a4d4966a7e0d895b13e1b88" member_type: VOTER last_known_addr { host: "127.8.229.130" port: 39913 } } peers { permanent_uuid: "fbd259af788643e08e30fb7449a00a2d" member_type: VOTER last_known_addr { host: "127.8.229.131" port: 40643 } }
I20260709 13:17:36.096735 10425 raft_consensus.cc:385] T 28dcfd52ebc84610bf052f3396a0d3fd P 22a7fb7ccc5a4a86b4d7646e0986285b [term 0 FOLLOWER]: Consensus starting up: Expiring failure detector timer to make a prompt election more likely
I20260709 13:17:36.097076 10425 raft_consensus.cc:740] T 28dcfd52ebc84610bf052f3396a0d3fd P 22a7fb7ccc5a4a86b4d7646e0986285b [term 0 FOLLOWER]: Becoming Follower/Learner. State: Replica: 22a7fb7ccc5a4a86b4d7646e0986285b, State: Initialized, Role: FOLLOWER
I20260709 13:17:36.097236 10382 tablet_service.cc:1917] Received RequestConsensusVote() RPC: tablet_id: "06ba72bca5ba446e9e1d74b65b7204bf" candidate_uuid: "b701ab0c6a4d4966a7e0d895b13e1b88" candidate_term: 1 candidate_status { last_received { term: 0 index: 0 } } ignore_live_leader: false dest_uuid: "fbd259af788643e08e30fb7449a00a2d"
I20260709 13:17:36.097975 10425 consensus_queue.cc:260] T 28dcfd52ebc84610bf052f3396a0d3fd P 22a7fb7ccc5a4a86b4d7646e0986285b [NON_LEADER]: Queue going to NON_LEADER mode. State: All replicated index: 0, Majority replicated index: 0, Committed index: 0, Last appended: 0.0, Last appended by leader: 0, Current term: 0, Majority size: -1, State: 0, Mode: NON_LEADER, active raft config: opid_index: -1 OBSOLETE_local: false peers { permanent_uuid: "22a7fb7ccc5a4a86b4d7646e0986285b" member_type: VOTER last_known_addr { host: "127.8.229.129" port: 40721 } } peers { permanent_uuid: "b701ab0c6a4d4966a7e0d895b13e1b88" member_type: VOTER last_known_addr { host: "127.8.229.130" port: 39913 } } peers { permanent_uuid: "fbd259af788643e08e30fb7449a00a2d" member_type: VOTER last_known_addr { host: "127.8.229.131" port: 40643 } }
I20260709 13:17:36.099992 10431 raft_consensus.cc:515] T 06ba72bca5ba446e9e1d74b65b7204bf P 22a7fb7ccc5a4a86b4d7646e0986285b [term 1 FOLLOWER]: Starting leader election with config: opid_index: -1 OBSOLETE_local: false peers { permanent_uuid: "22a7fb7ccc5a4a86b4d7646e0986285b" member_type: VOTER last_known_addr { host: "127.8.229.129" port: 40721 } } peers { permanent_uuid: "b701ab0c6a4d4966a7e0d895b13e1b88" member_type: VOTER last_known_addr { host: "127.8.229.130" port: 39913 } } peers { permanent_uuid: "fbd259af788643e08e30fb7449a00a2d" member_type: VOTER last_known_addr { host: "127.8.229.131" port: 40643 } }
I20260709 13:17:36.100000 10425 ts_tablet_manager.cc:1434] T 28dcfd52ebc84610bf052f3396a0d3fd P 22a7fb7ccc5a4a86b4d7646e0986285b: Time spent starting tablet: real 0.007s	user 0.006s	sys 0.000s
I20260709 13:17:36.100675 10615 consensus_queue.cc:1048] T fa4bdf5afbfb494795249ec056e51f7c P 22a7fb7ccc5a4a86b4d7646e0986285b [LEADER]: Connected to new peer: Peer: permanent_uuid: "b701ab0c6a4d4966a7e0d895b13e1b88" member_type: VOTER last_known_addr { host: "127.8.229.130" port: 39913 }, Status: LMP_MISMATCH, Last received: 0.0, Next index: 1, Last known committed idx: 0, Time since last communication: 0.003s
I20260709 13:17:36.102659 10431 leader_election.cc:290] T 06ba72bca5ba446e9e1d74b65b7204bf P 22a7fb7ccc5a4a86b4d7646e0986285b [CANDIDATE]: Term 1 election: Requested vote from peers b701ab0c6a4d4966a7e0d895b13e1b88 (127.8.229.130:39913), fbd259af788643e08e30fb7449a00a2d (127.8.229.131:40643)
I20260709 13:17:36.106077 10425 tablet_bootstrap.cc:492] T f40c73e95fc64282b840342664c5cc69 P 22a7fb7ccc5a4a86b4d7646e0986285b: Bootstrap starting.
I20260709 13:17:36.107002 10424 tablet_bootstrap.cc:492] T 06ba72bca5ba446e9e1d74b65b7204bf P fbd259af788643e08e30fb7449a00a2d: No bootstrap required, opened a new log
I20260709 13:17:36.107537 10424 ts_tablet_manager.cc:1403] T 06ba72bca5ba446e9e1d74b65b7204bf P fbd259af788643e08e30fb7449a00a2d: Time spent bootstrapping tablet: real 0.183s	user 0.028s	sys 0.026s
I20260709 13:17:36.108103 10615 raft_consensus.cc:493] T 28dcfd52ebc84610bf052f3396a0d3fd P 22a7fb7ccc5a4a86b4d7646e0986285b [term 0 FOLLOWER]: Starting pre-election (no leader contacted us within the election timeout)
I20260709 13:17:36.108775 10615 raft_consensus.cc:515] T 28dcfd52ebc84610bf052f3396a0d3fd P 22a7fb7ccc5a4a86b4d7646e0986285b [term 0 FOLLOWER]: Starting pre-election with config: opid_index: -1 OBSOLETE_local: false peers { permanent_uuid: "22a7fb7ccc5a4a86b4d7646e0986285b" member_type: VOTER last_known_addr { host: "127.8.229.129" port: 40721 } } peers { permanent_uuid: "b701ab0c6a4d4966a7e0d895b13e1b88" member_type: VOTER last_known_addr { host: "127.8.229.130" port: 39913 } } peers { permanent_uuid: "fbd259af788643e08e30fb7449a00a2d" member_type: VOTER last_known_addr { host: "127.8.229.131" port: 40643 } }
I20260709 13:17:36.110378 10424 raft_consensus.cc:359] T 06ba72bca5ba446e9e1d74b65b7204bf P fbd259af788643e08e30fb7449a00a2d [term 0 FOLLOWER]: Replica starting. Triggering 0 pending ops. Active config: opid_index: -1 OBSOLETE_local: false peers { permanent_uuid: "22a7fb7ccc5a4a86b4d7646e0986285b" member_type: VOTER last_known_addr { host: "127.8.229.129" port: 40721 } } peers { permanent_uuid: "b701ab0c6a4d4966a7e0d895b13e1b88" member_type: VOTER last_known_addr { host: "127.8.229.130" port: 39913 } } peers { permanent_uuid: "fbd259af788643e08e30fb7449a00a2d" member_type: VOTER last_known_addr { host: "127.8.229.131" port: 40643 } }
I20260709 13:17:36.111167 10424 raft_consensus.cc:385] T 06ba72bca5ba446e9e1d74b65b7204bf P fbd259af788643e08e30fb7449a00a2d [term 0 FOLLOWER]: Consensus starting up: Expiring failure detector timer to make a prompt election more likely
I20260709 13:17:36.111481 10424 raft_consensus.cc:740] T 06ba72bca5ba446e9e1d74b65b7204bf P fbd259af788643e08e30fb7449a00a2d [term 0 FOLLOWER]: Becoming Follower/Learner. State: Replica: fbd259af788643e08e30fb7449a00a2d, State: Initialized, Role: FOLLOWER
I20260709 13:17:36.114394 10424 consensus_queue.cc:260] T 06ba72bca5ba446e9e1d74b65b7204bf P fbd259af788643e08e30fb7449a00a2d [NON_LEADER]: Queue going to NON_LEADER mode. State: All replicated index: 0, Majority replicated index: 0, Committed index: 0, Last appended: 0.0, Last appended by leader: 0, Current term: 0, Majority size: -1, State: 0, Mode: NON_LEADER, active raft config: opid_index: -1 OBSOLETE_local: false peers { permanent_uuid: "22a7fb7ccc5a4a86b4d7646e0986285b" member_type: VOTER last_known_addr { host: "127.8.229.129" port: 40721 } } peers { permanent_uuid: "b701ab0c6a4d4966a7e0d895b13e1b88" member_type: VOTER last_known_addr { host: "127.8.229.130" port: 39913 } } peers { permanent_uuid: "fbd259af788643e08e30fb7449a00a2d" member_type: VOTER last_known_addr { host: "127.8.229.131" port: 40643 } }
I20260709 13:17:36.114907 10425 tablet_bootstrap.cc:654] T f40c73e95fc64282b840342664c5cc69 P 22a7fb7ccc5a4a86b4d7646e0986285b: Neither blocks nor log segments found. Creating new log.
I20260709 13:17:36.117149 10424 ts_tablet_manager.cc:1434] T 06ba72bca5ba446e9e1d74b65b7204bf P fbd259af788643e08e30fb7449a00a2d: Time spent starting tablet: real 0.009s	user 0.006s	sys 0.000s
I20260709 13:17:36.118458 10235 tablet_service.cc:1917] Received RequestConsensusVote() RPC: tablet_id: "06ba72bca5ba446e9e1d74b65b7204bf" candidate_uuid: "b701ab0c6a4d4966a7e0d895b13e1b88" candidate_term: 1 candidate_status { last_received { term: 0 index: 0 } } ignore_live_leader: false dest_uuid: "22a7fb7ccc5a4a86b4d7646e0986285b"
I20260709 13:17:36.119256 10235 raft_consensus.cc:2393] T 06ba72bca5ba446e9e1d74b65b7204bf P 22a7fb7ccc5a4a86b4d7646e0986285b [term 1 FOLLOWER]: Leader election vote request: Denying vote to candidate b701ab0c6a4d4966a7e0d895b13e1b88 in current term 1: Already voted for candidate 22a7fb7ccc5a4a86b4d7646e0986285b in this term.
W20260709 13:17:36.120451 10199 leader_election.cc:343] T 06ba72bca5ba446e9e1d74b65b7204bf P 22a7fb7ccc5a4a86b4d7646e0986285b [CANDIDATE]: Term 1 pre-election: Tablet error from VoteRequest() call to peer fbd259af788643e08e30fb7449a00a2d (127.8.229.131:40643): Illegal state: must be running to vote when last-logged opid is not known
I20260709 13:17:36.122741 10425 tablet_bootstrap.cc:492] T f40c73e95fc64282b840342664c5cc69 P 22a7fb7ccc5a4a86b4d7646e0986285b: No bootstrap required, opened a new log
I20260709 13:17:36.124419 10425 ts_tablet_manager.cc:1403] T f40c73e95fc64282b840342664c5cc69 P 22a7fb7ccc5a4a86b4d7646e0986285b: Time spent bootstrapping tablet: real 0.019s	user 0.012s	sys 0.003s
I20260709 13:17:36.130759 10231 raft_consensus.cc:2468] T 8658c9a0fdb4418cbf32dd7cd45f68c1 P 22a7fb7ccc5a4a86b4d7646e0986285b [term 1 FOLLOWER]: Leader election vote request: Granting yes vote for candidate fbd259af788643e08e30fb7449a00a2d in term 1.
I20260709 13:17:36.124615 10424 tablet_bootstrap.cc:492] T f9bc58610a5f4832a637e2a14e4e5712 P fbd259af788643e08e30fb7449a00a2d: Bootstrap starting.
I20260709 13:17:36.133368 10425 raft_consensus.cc:359] T f40c73e95fc64282b840342664c5cc69 P 22a7fb7ccc5a4a86b4d7646e0986285b [term 0 FOLLOWER]: Replica starting. Triggering 0 pending ops. Active config: opid_index: -1 OBSOLETE_local: false peers { permanent_uuid: "22a7fb7ccc5a4a86b4d7646e0986285b" member_type: VOTER last_known_addr { host: "127.8.229.129" port: 40721 } } peers { permanent_uuid: "b701ab0c6a4d4966a7e0d895b13e1b88" member_type: VOTER last_known_addr { host: "127.8.229.130" port: 39913 } } peers { permanent_uuid: "fbd259af788643e08e30fb7449a00a2d" member_type: VOTER last_known_addr { host: "127.8.229.131" port: 40643 } }
I20260709 13:17:36.134327 10425 raft_consensus.cc:385] T f40c73e95fc64282b840342664c5cc69 P 22a7fb7ccc5a4a86b4d7646e0986285b [term 0 FOLLOWER]: Consensus starting up: Expiring failure detector timer to make a prompt election more likely
I20260709 13:17:36.134682 10425 raft_consensus.cc:740] T f40c73e95fc64282b840342664c5cc69 P 22a7fb7ccc5a4a86b4d7646e0986285b [term 0 FOLLOWER]: Becoming Follower/Learner. State: Replica: 22a7fb7ccc5a4a86b4d7646e0986285b, State: Initialized, Role: FOLLOWER
I20260709 13:17:36.125245 10615 leader_election.cc:290] T 28dcfd52ebc84610bf052f3396a0d3fd P 22a7fb7ccc5a4a86b4d7646e0986285b [CANDIDATE]: Term 1 pre-election: Requested pre-vote from peers b701ab0c6a4d4966a7e0d895b13e1b88 (127.8.229.130:39913), fbd259af788643e08e30fb7449a00a2d (127.8.229.131:40643)
I20260709 13:17:36.125653 10383 tablet_service.cc:1917] Received RequestConsensusVote() RPC: tablet_id: "06ba72bca5ba446e9e1d74b65b7204bf" candidate_uuid: "22a7fb7ccc5a4a86b4d7646e0986285b" candidate_term: 1 candidate_status { last_received { term: 0 index: 0 } } ignore_live_leader: false dest_uuid: "fbd259af788643e08e30fb7449a00a2d"
I20260709 13:17:36.135423 10425 consensus_queue.cc:260] T f40c73e95fc64282b840342664c5cc69 P 22a7fb7ccc5a4a86b4d7646e0986285b [NON_LEADER]: Queue going to NON_LEADER mode. State: All replicated index: 0, Majority replicated index: 0, Committed index: 0, Last appended: 0.0, Last appended by leader: 0, Current term: 0, Majority size: -1, State: 0, Mode: NON_LEADER, active raft config: opid_index: -1 OBSOLETE_local: false peers { permanent_uuid: "22a7fb7ccc5a4a86b4d7646e0986285b" member_type: VOTER last_known_addr { host: "127.8.229.129" port: 40721 } } peers { permanent_uuid: "b701ab0c6a4d4966a7e0d895b13e1b88" member_type: VOTER last_known_addr { host: "127.8.229.130" port: 39913 } } peers { permanent_uuid: "fbd259af788643e08e30fb7449a00a2d" member_type: VOTER last_known_addr { host: "127.8.229.131" port: 40643 } }
I20260709 13:17:36.136305 10383 raft_consensus.cc:3060] T 06ba72bca5ba446e9e1d74b65b7204bf P fbd259af788643e08e30fb7449a00a2d [term 0 FOLLOWER]: Advancing to term 1
I20260709 13:17:36.137889 10425 ts_tablet_manager.cc:1434] T f40c73e95fc64282b840342664c5cc69 P 22a7fb7ccc5a4a86b4d7646e0986285b: Time spent starting tablet: real 0.007s	user 0.006s	sys 0.000s
I20260709 13:17:36.139091 10425 tablet_bootstrap.cc:492] T 014871d914234872856c2a9e6e45c82b P 22a7fb7ccc5a4a86b4d7646e0986285b: Bootstrap starting.
I20260709 13:17:36.145948 10425 tablet_bootstrap.cc:654] T 014871d914234872856c2a9e6e45c82b P 22a7fb7ccc5a4a86b4d7646e0986285b: Neither blocks nor log segments found. Creating new log.
I20260709 13:17:36.146214 10383 raft_consensus.cc:2468] T 06ba72bca5ba446e9e1d74b65b7204bf P fbd259af788643e08e30fb7449a00a2d [term 1 FOLLOWER]: Leader election vote request: Granting yes vote for candidate 22a7fb7ccc5a4a86b4d7646e0986285b in term 1.
W20260709 13:17:36.145961 10274 leader_election.cc:343] T 06ba72bca5ba446e9e1d74b65b7204bf P b701ab0c6a4d4966a7e0d895b13e1b88 [CANDIDATE]: Term 1 election: Tablet error from VoteRequest() call to peer fbd259af788643e08e30fb7449a00a2d (127.8.229.131:40643): Illegal state: must be running to vote when last-logged opid is not known
I20260709 13:17:36.149686 10274 leader_election.cc:304] T 06ba72bca5ba446e9e1d74b65b7204bf P b701ab0c6a4d4966a7e0d895b13e1b88 [CANDIDATE]: Term 1 election: Election decided. Result: candidate lost. Election summary: received 3 responses out of 3 voters: 1 yes votes; 2 no votes. yes voters: b701ab0c6a4d4966a7e0d895b13e1b88; no voters: 22a7fb7ccc5a4a86b4d7646e0986285b, fbd259af788643e08e30fb7449a00a2d
I20260709 13:17:36.150604 10547 raft_consensus.cc:2749] T 06ba72bca5ba446e9e1d74b65b7204bf P b701ab0c6a4d4966a7e0d895b13e1b88 [term 1 FOLLOWER]: Leader election lost for term 1. Reason: could not achieve majority
I20260709 13:17:36.151942 10424 tablet_bootstrap.cc:654] T f9bc58610a5f4832a637e2a14e4e5712 P fbd259af788643e08e30fb7449a00a2d: Neither blocks nor log segments found. Creating new log.
I20260709 13:17:36.154559 10309 tablet_service.cc:1917] Received RequestConsensusVote() RPC: tablet_id: "06ba72bca5ba446e9e1d74b65b7204bf" candidate_uuid: "22a7fb7ccc5a4a86b4d7646e0986285b" candidate_term: 1 candidate_status { last_received { term: 0 index: 0 } } ignore_live_leader: false dest_uuid: "b701ab0c6a4d4966a7e0d895b13e1b88"
I20260709 13:17:36.155136 10308 tablet_service.cc:1917] Received RequestConsensusVote() RPC: tablet_id: "28dcfd52ebc84610bf052f3396a0d3fd" candidate_uuid: "22a7fb7ccc5a4a86b4d7646e0986285b" candidate_term: 1 candidate_status { last_received { term: 0 index: 0 } } ignore_live_leader: false dest_uuid: "b701ab0c6a4d4966a7e0d895b13e1b88" is_pre_election: true
I20260709 13:17:36.155442 10309 raft_consensus.cc:2393] T 06ba72bca5ba446e9e1d74b65b7204bf P b701ab0c6a4d4966a7e0d895b13e1b88 [term 1 FOLLOWER]: Leader election vote request: Denying vote to candidate 22a7fb7ccc5a4a86b4d7646e0986285b in current term 1: Already voted for candidate b701ab0c6a4d4966a7e0d895b13e1b88 in this term.
W20260709 13:17:36.162194 10200 leader_election.cc:343] T 28dcfd52ebc84610bf052f3396a0d3fd P 22a7fb7ccc5a4a86b4d7646e0986285b [CANDIDATE]: Term 1 pre-election: Tablet error from VoteRequest() call to peer b701ab0c6a4d4966a7e0d895b13e1b88 (127.8.229.130:39913): Illegal state: must be running to vote when last-logged opid is not known
I20260709 13:17:36.172137 10425 tablet_bootstrap.cc:492] T 014871d914234872856c2a9e6e45c82b P 22a7fb7ccc5a4a86b4d7646e0986285b: No bootstrap required, opened a new log
I20260709 13:17:36.172665 10425 ts_tablet_manager.cc:1403] T 014871d914234872856c2a9e6e45c82b P 22a7fb7ccc5a4a86b4d7646e0986285b: Time spent bootstrapping tablet: real 0.034s	user 0.008s	sys 0.004s
I20260709 13:17:36.174636 10347 leader_election.cc:304] T 8658c9a0fdb4418cbf32dd7cd45f68c1 P fbd259af788643e08e30fb7449a00a2d [CANDIDATE]: Term 1 election: Election decided. Result: candidate won. Election summary: received 3 responses out of 3 voters: 2 yes votes; 1 no votes. yes voters: 22a7fb7ccc5a4a86b4d7646e0986285b, fbd259af788643e08e30fb7449a00a2d; no voters: b701ab0c6a4d4966a7e0d895b13e1b88
I20260709 13:17:36.176239 10670 raft_consensus.cc:2804] T 8658c9a0fdb4418cbf32dd7cd45f68c1 P fbd259af788643e08e30fb7449a00a2d [term 1 FOLLOWER]: Leader election won for term 1
I20260709 13:17:36.176756 10670 raft_consensus.cc:697] T 8658c9a0fdb4418cbf32dd7cd45f68c1 P fbd259af788643e08e30fb7449a00a2d [term 1 LEADER]: Becoming Leader. State: Replica: fbd259af788643e08e30fb7449a00a2d, State: Running, Role: LEADER
I20260709 13:17:36.176601 10199 leader_election.cc:304] T 06ba72bca5ba446e9e1d74b65b7204bf P 22a7fb7ccc5a4a86b4d7646e0986285b [CANDIDATE]: Term 1 election: Election decided. Result: candidate won. Election summary: received 3 responses out of 3 voters: 2 yes votes; 1 no votes. yes voters: 22a7fb7ccc5a4a86b4d7646e0986285b, fbd259af788643e08e30fb7449a00a2d; no voters: b701ab0c6a4d4966a7e0d895b13e1b88
I20260709 13:17:36.177662 10670 consensus_queue.cc:237] T 8658c9a0fdb4418cbf32dd7cd45f68c1 P fbd259af788643e08e30fb7449a00a2d [LEADER]: Queue going to LEADER mode. State: All replicated index: 0, Majority replicated index: 0, Committed index: 0, Last appended: 0.0, Last appended by leader: 0, Current term: 1, Majority size: 2, State: 0, Mode: LEADER, active raft config: opid_index: -1 OBSOLETE_local: false peers { permanent_uuid: "22a7fb7ccc5a4a86b4d7646e0986285b" member_type: VOTER last_known_addr { host: "127.8.229.129" port: 40721 } } peers { permanent_uuid: "b701ab0c6a4d4966a7e0d895b13e1b88" member_type: VOTER last_known_addr { host: "127.8.229.130" port: 39913 } } peers { permanent_uuid: "fbd259af788643e08e30fb7449a00a2d" member_type: VOTER last_known_addr { host: "127.8.229.131" port: 40643 } }
I20260709 13:17:36.178962 10685 raft_consensus.cc:2804] T 06ba72bca5ba446e9e1d74b65b7204bf P 22a7fb7ccc5a4a86b4d7646e0986285b [term 1 FOLLOWER]: Leader election won for term 1
I20260709 13:17:36.178755 10425 raft_consensus.cc:359] T 014871d914234872856c2a9e6e45c82b P 22a7fb7ccc5a4a86b4d7646e0986285b [term 0 FOLLOWER]: Replica starting. Triggering 0 pending ops. Active config: opid_index: -1 OBSOLETE_local: false peers { permanent_uuid: "22a7fb7ccc5a4a86b4d7646e0986285b" member_type: VOTER last_known_addr { host: "127.8.229.129" port: 40721 } } peers { permanent_uuid: "b701ab0c6a4d4966a7e0d895b13e1b88" member_type: VOTER last_known_addr { host: "127.8.229.130" port: 39913 } } peers { permanent_uuid: "fbd259af788643e08e30fb7449a00a2d" member_type: VOTER last_known_addr { host: "127.8.229.131" port: 40643 } }
I20260709 13:17:36.179561 10425 raft_consensus.cc:385] T 014871d914234872856c2a9e6e45c82b P 22a7fb7ccc5a4a86b4d7646e0986285b [term 0 FOLLOWER]: Consensus starting up: Expiring failure detector timer to make a prompt election more likely
I20260709 13:17:36.179440 10685 raft_consensus.cc:697] T 06ba72bca5ba446e9e1d74b65b7204bf P 22a7fb7ccc5a4a86b4d7646e0986285b [term 1 LEADER]: Becoming Leader. State: Replica: 22a7fb7ccc5a4a86b4d7646e0986285b, State: Running, Role: LEADER
I20260709 13:17:36.179908 10425 raft_consensus.cc:740] T 014871d914234872856c2a9e6e45c82b P 22a7fb7ccc5a4a86b4d7646e0986285b [term 0 FOLLOWER]: Becoming Follower/Learner. State: Replica: 22a7fb7ccc5a4a86b4d7646e0986285b, State: Initialized, Role: FOLLOWER
I20260709 13:17:36.178794 10616 consensus_queue.cc:1048] T fa4bdf5afbfb494795249ec056e51f7c P 22a7fb7ccc5a4a86b4d7646e0986285b [LEADER]: Connected to new peer: Peer: permanent_uuid: "fbd259af788643e08e30fb7449a00a2d" member_type: VOTER last_known_addr { host: "127.8.229.131" port: 40643 }, Status: LMP_MISMATCH, Last received: 0.0, Next index: 1, Last known committed idx: 0, Time since last communication: 0.002s
I20260709 13:17:36.182794 10425 consensus_queue.cc:260] T 014871d914234872856c2a9e6e45c82b P 22a7fb7ccc5a4a86b4d7646e0986285b [NON_LEADER]: Queue going to NON_LEADER mode. State: All replicated index: 0, Majority replicated index: 0, Committed index: 0, Last appended: 0.0, Last appended by leader: 0, Current term: 0, Majority size: -1, State: 0, Mode: NON_LEADER, active raft config: opid_index: -1 OBSOLETE_local: false peers { permanent_uuid: "22a7fb7ccc5a4a86b4d7646e0986285b" member_type: VOTER last_known_addr { host: "127.8.229.129" port: 40721 } } peers { permanent_uuid: "b701ab0c6a4d4966a7e0d895b13e1b88" member_type: VOTER last_known_addr { host: "127.8.229.130" port: 39913 } } peers { permanent_uuid: "fbd259af788643e08e30fb7449a00a2d" member_type: VOTER last_known_addr { host: "127.8.229.131" port: 40643 } }
I20260709 13:17:36.185737 10425 ts_tablet_manager.cc:1434] T 014871d914234872856c2a9e6e45c82b P 22a7fb7ccc5a4a86b4d7646e0986285b: Time spent starting tablet: real 0.013s	user 0.010s	sys 0.000s
I20260709 13:17:36.186221 10426 tablet_bootstrap.cc:492] T 73a18030f0a346e4b52b10d1a672e158 P b701ab0c6a4d4966a7e0d895b13e1b88: No bootstrap required, opened a new log
I20260709 13:17:36.186766 10426 ts_tablet_manager.cc:1403] T 73a18030f0a346e4b52b10d1a672e158 P b701ab0c6a4d4966a7e0d895b13e1b88: Time spent bootstrapping tablet: real 0.142s	user 0.047s	sys 0.046s
I20260709 13:17:36.186831 10425 tablet_bootstrap.cc:492] T d50f765701d74241bfac96a5f4e75786 P 22a7fb7ccc5a4a86b4d7646e0986285b: Bootstrap starting.
I20260709 13:17:36.187345 10383 tablet_service.cc:1917] Received RequestConsensusVote() RPC: tablet_id: "28dcfd52ebc84610bf052f3396a0d3fd" candidate_uuid: "22a7fb7ccc5a4a86b4d7646e0986285b" candidate_term: 1 candidate_status { last_received { term: 0 index: 0 } } ignore_live_leader: false dest_uuid: "fbd259af788643e08e30fb7449a00a2d" is_pre_election: true
I20260709 13:17:36.187130 10685 consensus_queue.cc:237] T 06ba72bca5ba446e9e1d74b65b7204bf P 22a7fb7ccc5a4a86b4d7646e0986285b [LEADER]: Queue going to LEADER mode. State: All replicated index: 0, Majority replicated index: 0, Committed index: 0, Last appended: 0.0, Last appended by leader: 0, Current term: 1, Majority size: 2, State: 0, Mode: LEADER, active raft config: opid_index: -1 OBSOLETE_local: false peers { permanent_uuid: "22a7fb7ccc5a4a86b4d7646e0986285b" member_type: VOTER last_known_addr { host: "127.8.229.129" port: 40721 } } peers { permanent_uuid: "b701ab0c6a4d4966a7e0d895b13e1b88" member_type: VOTER last_known_addr { host: "127.8.229.130" port: 39913 } } peers { permanent_uuid: "fbd259af788643e08e30fb7449a00a2d" member_type: VOTER last_known_addr { host: "127.8.229.131" port: 40643 } }
I20260709 13:17:36.190104 10426 raft_consensus.cc:359] T 73a18030f0a346e4b52b10d1a672e158 P b701ab0c6a4d4966a7e0d895b13e1b88 [term 0 FOLLOWER]: Replica starting. Triggering 0 pending ops. Active config: opid_index: -1 OBSOLETE_local: false peers { permanent_uuid: "22a7fb7ccc5a4a86b4d7646e0986285b" member_type: VOTER last_known_addr { host: "127.8.229.129" port: 40721 } } peers { permanent_uuid: "b701ab0c6a4d4966a7e0d895b13e1b88" member_type: VOTER last_known_addr { host: "127.8.229.130" port: 39913 } } peers { permanent_uuid: "fbd259af788643e08e30fb7449a00a2d" member_type: VOTER last_known_addr { host: "127.8.229.131" port: 40643 } }
I20260709 13:17:36.191123 10426 raft_consensus.cc:385] T 73a18030f0a346e4b52b10d1a672e158 P b701ab0c6a4d4966a7e0d895b13e1b88 [term 0 FOLLOWER]: Consensus starting up: Expiring failure detector timer to make a prompt election more likely
I20260709 13:17:36.191417 10426 raft_consensus.cc:740] T 73a18030f0a346e4b52b10d1a672e158 P b701ab0c6a4d4966a7e0d895b13e1b88 [term 0 FOLLOWER]: Becoming Follower/Learner. State: Replica: b701ab0c6a4d4966a7e0d895b13e1b88, State: Initialized, Role: FOLLOWER
I20260709 13:17:36.192268 10426 consensus_queue.cc:260] T 73a18030f0a346e4b52b10d1a672e158 P b701ab0c6a4d4966a7e0d895b13e1b88 [NON_LEADER]: Queue going to NON_LEADER mode. State: All replicated index: 0, Majority replicated index: 0, Committed index: 0, Last appended: 0.0, Last appended by leader: 0, Current term: 0, Majority size: -1, State: 0, Mode: NON_LEADER, active raft config: opid_index: -1 OBSOLETE_local: false peers { permanent_uuid: "22a7fb7ccc5a4a86b4d7646e0986285b" member_type: VOTER last_known_addr { host: "127.8.229.129" port: 40721 } } peers { permanent_uuid: "b701ab0c6a4d4966a7e0d895b13e1b88" member_type: VOTER last_known_addr { host: "127.8.229.130" port: 39913 } } peers { permanent_uuid: "fbd259af788643e08e30fb7449a00a2d" member_type: VOTER last_known_addr { host: "127.8.229.131" port: 40643 } }
I20260709 13:17:36.194270 10425 tablet_bootstrap.cc:654] T d50f765701d74241bfac96a5f4e75786 P 22a7fb7ccc5a4a86b4d7646e0986285b: Neither blocks nor log segments found. Creating new log.
I20260709 13:17:36.195328 10426 ts_tablet_manager.cc:1434] T 73a18030f0a346e4b52b10d1a672e158 P b701ab0c6a4d4966a7e0d895b13e1b88: Time spent starting tablet: real 0.008s	user 0.007s	sys 0.000s
I20260709 13:17:36.196532 10426 tablet_bootstrap.cc:492] T 8658c9a0fdb4418cbf32dd7cd45f68c1 P b701ab0c6a4d4966a7e0d895b13e1b88: Bootstrap starting.
I20260709 13:17:36.200534 10547 raft_consensus.cc:493] T 3e8f579efa3a4881882cff9daba249ae P b701ab0c6a4d4966a7e0d895b13e1b88 [term 0 FOLLOWER]: Starting pre-election (no leader contacted us within the election timeout)
I20260709 13:17:36.201339 10547 raft_consensus.cc:515] T 3e8f579efa3a4881882cff9daba249ae P b701ab0c6a4d4966a7e0d895b13e1b88 [term 0 FOLLOWER]: Starting pre-election with config: opid_index: -1 OBSOLETE_local: false peers { permanent_uuid: "22a7fb7ccc5a4a86b4d7646e0986285b" member_type: VOTER last_known_addr { host: "127.8.229.129" port: 40721 } } peers { permanent_uuid: "b701ab0c6a4d4966a7e0d895b13e1b88" member_type: VOTER last_known_addr { host: "127.8.229.130" port: 39913 } } peers { permanent_uuid: "fbd259af788643e08e30fb7449a00a2d" member_type: VOTER last_known_addr { host: "127.8.229.131" port: 40643 } }
I20260709 13:17:36.203943 10426 tablet_bootstrap.cc:654] T 8658c9a0fdb4418cbf32dd7cd45f68c1 P b701ab0c6a4d4966a7e0d895b13e1b88: Neither blocks nor log segments found. Creating new log.
I20260709 13:17:36.204583 10547 leader_election.cc:290] T 3e8f579efa3a4881882cff9daba249ae P b701ab0c6a4d4966a7e0d895b13e1b88 [CANDIDATE]: Term 1 pre-election: Requested pre-vote from peers 22a7fb7ccc5a4a86b4d7646e0986285b (127.8.229.129:40721), fbd259af788643e08e30fb7449a00a2d (127.8.229.131:40643)
I20260709 13:17:36.211007 10383 tablet_service.cc:1917] Received RequestConsensusVote() RPC: tablet_id: "3e8f579efa3a4881882cff9daba249ae" candidate_uuid: "b701ab0c6a4d4966a7e0d895b13e1b88" candidate_term: 1 candidate_status { last_received { term: 0 index: 0 } } ignore_live_leader: false dest_uuid: "fbd259af788643e08e30fb7449a00a2d" is_pre_election: true
W20260709 13:17:36.222283 10199 leader_election.cc:343] T 28dcfd52ebc84610bf052f3396a0d3fd P 22a7fb7ccc5a4a86b4d7646e0986285b [CANDIDATE]: Term 1 pre-election: Tablet error from VoteRequest() call to peer fbd259af788643e08e30fb7449a00a2d (127.8.229.131:40643): Illegal state: must be running to vote when last-logged opid is not known
I20260709 13:17:36.227728 10425 tablet_bootstrap.cc:492] T d50f765701d74241bfac96a5f4e75786 P 22a7fb7ccc5a4a86b4d7646e0986285b: No bootstrap required, opened a new log
I20260709 13:17:36.236135 10425 ts_tablet_manager.cc:1403] T d50f765701d74241bfac96a5f4e75786 P 22a7fb7ccc5a4a86b4d7646e0986285b: Time spent bootstrapping tablet: real 0.050s	user 0.013s	sys 0.014s
I20260709 13:17:36.236028 10199 leader_election.cc:304] T 28dcfd52ebc84610bf052f3396a0d3fd P 22a7fb7ccc5a4a86b4d7646e0986285b [CANDIDATE]: Term 1 pre-election: Election decided. Result: candidate lost. Election summary: received 3 responses out of 3 voters: 1 yes votes; 2 no votes. yes voters: 22a7fb7ccc5a4a86b4d7646e0986285b; no voters: b701ab0c6a4d4966a7e0d895b13e1b88, fbd259af788643e08e30fb7449a00a2d
W20260709 13:17:36.229082 10274 leader_election.cc:343] T 3e8f579efa3a4881882cff9daba249ae P b701ab0c6a4d4966a7e0d895b13e1b88 [CANDIDATE]: Term 1 pre-election: Tablet error from VoteRequest() call to peer fbd259af788643e08e30fb7449a00a2d (127.8.229.131:40643): Illegal state: must be running to vote when last-logged opid is not known
I20260709 13:17:36.239606 10738 raft_consensus.cc:2749] T 28dcfd52ebc84610bf052f3396a0d3fd P 22a7fb7ccc5a4a86b4d7646e0986285b [term 0 FOLLOWER]: Leader pre-election lost for term 1. Reason: could not achieve majority
I20260709 13:17:36.243023 10132 catalog_manager.cc:5697] T 8658c9a0fdb4418cbf32dd7cd45f68c1 P fbd259af788643e08e30fb7449a00a2d reported cstate change: term changed from 0 to 1, leader changed from <none> to fbd259af788643e08e30fb7449a00a2d (127.8.229.131). New cstate: current_term: 1 leader_uuid: "fbd259af788643e08e30fb7449a00a2d" committed_config { opid_index: -1 OBSOLETE_local: false peers { permanent_uuid: "22a7fb7ccc5a4a86b4d7646e0986285b" member_type: VOTER last_known_addr { host: "127.8.229.129" port: 40721 } health_report { overall_health: UNKNOWN } } peers { permanent_uuid: "b701ab0c6a4d4966a7e0d895b13e1b88" member_type: VOTER last_known_addr { host: "127.8.229.130" port: 39913 } health_report { overall_health: UNKNOWN } } peers { permanent_uuid: "fbd259af788643e08e30fb7449a00a2d" member_type: VOTER last_known_addr { host: "127.8.229.131" port: 40643 } health_report { overall_health: HEALTHY } } }
I20260709 13:17:36.248607 10426 tablet_bootstrap.cc:492] T 8658c9a0fdb4418cbf32dd7cd45f68c1 P b701ab0c6a4d4966a7e0d895b13e1b88: No bootstrap required, opened a new log
I20260709 13:17:36.249156 10426 ts_tablet_manager.cc:1403] T 8658c9a0fdb4418cbf32dd7cd45f68c1 P b701ab0c6a4d4966a7e0d895b13e1b88: Time spent bootstrapping tablet: real 0.053s	user 0.019s	sys 0.021s
I20260709 13:17:36.250769 10231 tablet_service.cc:1917] Received RequestConsensusVote() RPC: tablet_id: "3e8f579efa3a4881882cff9daba249ae" candidate_uuid: "b701ab0c6a4d4966a7e0d895b13e1b88" candidate_term: 1 candidate_status { last_received { term: 0 index: 0 } } ignore_live_leader: false dest_uuid: "22a7fb7ccc5a4a86b4d7646e0986285b" is_pre_election: true
I20260709 13:17:36.251590 10231 raft_consensus.cc:2468] T 3e8f579efa3a4881882cff9daba249ae P 22a7fb7ccc5a4a86b4d7646e0986285b [term 0 FOLLOWER]: Leader pre-election vote request: Granting yes vote for candidate b701ab0c6a4d4966a7e0d895b13e1b88 in term 0.
I20260709 13:17:36.252408 10738 raft_consensus.cc:493] T 8618d32651864736a12184871855fc7c P 22a7fb7ccc5a4a86b4d7646e0986285b [term 0 FOLLOWER]: Starting pre-election (no leader contacted us within the election timeout)
I20260709 13:17:36.257998 10426 raft_consensus.cc:359] T 8658c9a0fdb4418cbf32dd7cd45f68c1 P b701ab0c6a4d4966a7e0d895b13e1b88 [term 0 FOLLOWER]: Replica starting. Triggering 0 pending ops. Active config: opid_index: -1 OBSOLETE_local: false peers { permanent_uuid: "22a7fb7ccc5a4a86b4d7646e0986285b" member_type: VOTER last_known_addr { host: "127.8.229.129" port: 40721 } } peers { permanent_uuid: "b701ab0c6a4d4966a7e0d895b13e1b88" member_type: VOTER last_known_addr { host: "127.8.229.130" port: 39913 } } peers { permanent_uuid: "fbd259af788643e08e30fb7449a00a2d" member_type: VOTER last_known_addr { host: "127.8.229.131" port: 40643 } }
I20260709 13:17:36.258810 10426 raft_consensus.cc:385] T 8658c9a0fdb4418cbf32dd7cd45f68c1 P b701ab0c6a4d4966a7e0d895b13e1b88 [term 0 FOLLOWER]: Consensus starting up: Expiring failure detector timer to make a prompt election more likely
I20260709 13:17:36.259085 10426 raft_consensus.cc:740] T 8658c9a0fdb4418cbf32dd7cd45f68c1 P b701ab0c6a4d4966a7e0d895b13e1b88 [term 0 FOLLOWER]: Becoming Follower/Learner. State: Replica: b701ab0c6a4d4966a7e0d895b13e1b88, State: Initialized, Role: FOLLOWER
I20260709 13:17:36.259483 10425 raft_consensus.cc:359] T d50f765701d74241bfac96a5f4e75786 P 22a7fb7ccc5a4a86b4d7646e0986285b [term 0 FOLLOWER]: Replica starting. Triggering 0 pending ops. Active config: opid_index: -1 OBSOLETE_local: false peers { permanent_uuid: "22a7fb7ccc5a4a86b4d7646e0986285b" member_type: VOTER last_known_addr { host: "127.8.229.129" port: 40721 } } peers { permanent_uuid: "b701ab0c6a4d4966a7e0d895b13e1b88" member_type: VOTER last_known_addr { host: "127.8.229.130" port: 39913 } } peers { permanent_uuid: "fbd259af788643e08e30fb7449a00a2d" member_type: VOTER last_known_addr { host: "127.8.229.131" port: 40643 } }
I20260709 13:17:36.259799 10426 consensus_queue.cc:260] T 8658c9a0fdb4418cbf32dd7cd45f68c1 P b701ab0c6a4d4966a7e0d895b13e1b88 [NON_LEADER]: Queue going to NON_LEADER mode. State: All replicated index: 0, Majority replicated index: 0, Committed index: 0, Last appended: 0.0, Last appended by leader: 0, Current term: 0, Majority size: -1, State: 0, Mode: NON_LEADER, active raft config: opid_index: -1 OBSOLETE_local: false peers { permanent_uuid: "22a7fb7ccc5a4a86b4d7646e0986285b" member_type: VOTER last_known_addr { host: "127.8.229.129" port: 40721 } } peers { permanent_uuid: "b701ab0c6a4d4966a7e0d895b13e1b88" member_type: VOTER last_known_addr { host: "127.8.229.130" port: 39913 } } peers { permanent_uuid: "fbd259af788643e08e30fb7449a00a2d" member_type: VOTER last_known_addr { host: "127.8.229.131" port: 40643 } }
I20260709 13:17:36.260342 10425 raft_consensus.cc:385] T d50f765701d74241bfac96a5f4e75786 P 22a7fb7ccc5a4a86b4d7646e0986285b [term 0 FOLLOWER]: Consensus starting up: Expiring failure detector timer to make a prompt election more likely
I20260709 13:17:36.260627 10425 raft_consensus.cc:740] T d50f765701d74241bfac96a5f4e75786 P 22a7fb7ccc5a4a86b4d7646e0986285b [term 0 FOLLOWER]: Becoming Follower/Learner. State: Replica: 22a7fb7ccc5a4a86b4d7646e0986285b, State: Initialized, Role: FOLLOWER
I20260709 13:17:36.262753 10307 raft_consensus.cc:3060] T 73a18030f0a346e4b52b10d1a672e158 P b701ab0c6a4d4966a7e0d895b13e1b88 [term 0 FOLLOWER]: Advancing to term 1
I20260709 13:17:36.253926 10738 raft_consensus.cc:515] T 8618d32651864736a12184871855fc7c P 22a7fb7ccc5a4a86b4d7646e0986285b [term 0 FOLLOWER]: Starting pre-election with config: opid_index: -1 OBSOLETE_local: false peers { permanent_uuid: "22a7fb7ccc5a4a86b4d7646e0986285b" member_type: VOTER last_known_addr { host: "127.8.229.129" port: 40721 } } peers { permanent_uuid: "b701ab0c6a4d4966a7e0d895b13e1b88" member_type: VOTER last_known_addr { host: "127.8.229.130" port: 39913 } } peers { permanent_uuid: "fbd259af788643e08e30fb7449a00a2d" member_type: VOTER last_known_addr { host: "127.8.229.131" port: 40643 } }
I20260709 13:17:36.264714 10425 consensus_queue.cc:260] T d50f765701d74241bfac96a5f4e75786 P 22a7fb7ccc5a4a86b4d7646e0986285b [NON_LEADER]: Queue going to NON_LEADER mode. State: All replicated index: 0, Majority replicated index: 0, Committed index: 0, Last appended: 0.0, Last appended by leader: 0, Current term: 0, Majority size: -1, State: 0, Mode: NON_LEADER, active raft config: opid_index: -1 OBSOLETE_local: false peers { permanent_uuid: "22a7fb7ccc5a4a86b4d7646e0986285b" member_type: VOTER last_known_addr { host: "127.8.229.129" port: 40721 } } peers { permanent_uuid: "b701ab0c6a4d4966a7e0d895b13e1b88" member_type: VOTER last_known_addr { host: "127.8.229.130" port: 39913 } } peers { permanent_uuid: "fbd259af788643e08e30fb7449a00a2d" member_type: VOTER last_known_addr { host: "127.8.229.131" port: 40643 } }
