I20260709 13:17:12.559033 15563 leader_election.cc:290] T ded374c394a24c859e0ed0d8c628a376 P a8cbd849c3254aaba0c0c1100a42cfda [CANDIDATE]: Term 1 pre-election: Requested pre-vote from peers 1543d52775c748289567528e107a11ff (127.14.103.193:38027), cdaccd8e203c4d75acc4b7f030ad7973 (127.14.103.195:37631)
W20260709 13:17:12.562284 15314 auto_rebalancer.cc:288] Could not retrieve cluster info: Service unavailable: Tablet not running
I20260709 13:17:12.563633 15557 tablet_bootstrap.cc:492] T e1cc796b74854aeeaa1fe5245e32d8f6 P cdaccd8e203c4d75acc4b7f030ad7973: No bootstrap required, opened a new log
I20260709 13:17:12.564213 15557 ts_tablet_manager.cc:1403] T e1cc796b74854aeeaa1fe5245e32d8f6 P cdaccd8e203c4d75acc4b7f030ad7973: Time spent bootstrapping tablet: real 0.058s	user 0.021s	sys 0.035s
I20260709 13:17:12.565474 15564 raft_consensus.cc:493] T 3c6692879e9540ceb8e55d0a8359dc7f P cdaccd8e203c4d75acc4b7f030ad7973 [term 0 FOLLOWER]: Starting pre-election (no leader contacted us within the election timeout)
I20260709 13:17:12.565965 15564 raft_consensus.cc:515] T 3c6692879e9540ceb8e55d0a8359dc7f P cdaccd8e203c4d75acc4b7f030ad7973 [term 0 FOLLOWER]: Starting pre-election with config: opid_index: -1 OBSOLETE_local: false peers { permanent_uuid: "1543d52775c748289567528e107a11ff" member_type: VOTER last_known_addr { host: "127.14.103.193" port: 38027 } } peers { permanent_uuid: "a8cbd849c3254aaba0c0c1100a42cfda" member_type: VOTER last_known_addr { host: "127.14.103.194" port: 34785 } } peers { permanent_uuid: "cdaccd8e203c4d75acc4b7f030ad7973" member_type: VOTER last_known_addr { host: "127.14.103.195" port: 37631 } }
I20260709 13:17:12.567629 15557 raft_consensus.cc:359] T e1cc796b74854aeeaa1fe5245e32d8f6 P cdaccd8e203c4d75acc4b7f030ad7973 [term 0 FOLLOWER]: Replica starting. Triggering 0 pending ops. Active config: opid_index: -1 OBSOLETE_local: false peers { permanent_uuid: "1543d52775c748289567528e107a11ff" member_type: VOTER last_known_addr { host: "127.14.103.193" port: 38027 } } peers { permanent_uuid: "a8cbd849c3254aaba0c0c1100a42cfda" member_type: VOTER last_known_addr { host: "127.14.103.194" port: 34785 } } peers { permanent_uuid: "cdaccd8e203c4d75acc4b7f030ad7973" member_type: VOTER last_known_addr { host: "127.14.103.195" port: 37631 } }
I20260709 13:17:12.568360 15557 raft_consensus.cc:385] T e1cc796b74854aeeaa1fe5245e32d8f6 P cdaccd8e203c4d75acc4b7f030ad7973 [term 0 FOLLOWER]: Consensus starting up: Expiring failure detector timer to make a prompt election more likely
I20260709 13:17:12.568647 15557 raft_consensus.cc:740] T e1cc796b74854aeeaa1fe5245e32d8f6 P cdaccd8e203c4d75acc4b7f030ad7973 [term 0 FOLLOWER]: Becoming Follower/Learner. State: Replica: cdaccd8e203c4d75acc4b7f030ad7973, State: Initialized, Role: FOLLOWER
I20260709 13:17:12.568710 15564 leader_election.cc:290] T 3c6692879e9540ceb8e55d0a8359dc7f P cdaccd8e203c4d75acc4b7f030ad7973 [CANDIDATE]: Term 1 pre-election: Requested pre-vote from peers 1543d52775c748289567528e107a11ff (127.14.103.193:38027), a8cbd849c3254aaba0c0c1100a42cfda (127.14.103.194:34785)
I20260709 13:17:12.569890 15557 consensus_queue.cc:260] T e1cc796b74854aeeaa1fe5245e32d8f6 P cdaccd8e203c4d75acc4b7f030ad7973 [NON_LEADER]: Queue going to NON_LEADER mode. State: All replicated index: 0, Majority replicated index: 0, Committed index: 0, Last appended: 0.0, Last appended by leader: 0, Current term: 0, Majority size: -1, State: 0, Mode: NON_LEADER, active raft config: opid_index: -1 OBSOLETE_local: false peers { permanent_uuid: "1543d52775c748289567528e107a11ff" member_type: VOTER last_known_addr { host: "127.14.103.193" port: 38027 } } peers { permanent_uuid: "a8cbd849c3254aaba0c0c1100a42cfda" member_type: VOTER last_known_addr { host: "127.14.103.194" port: 34785 } } peers { permanent_uuid: "cdaccd8e203c4d75acc4b7f030ad7973" member_type: VOTER last_known_addr { host: "127.14.103.195" port: 37631 } }
I20260709 13:17:12.572923 15558 tablet_bootstrap.cc:492] T 535cba8669194da8ac4ab200b13597ea P a8cbd849c3254aaba0c0c1100a42cfda: Bootstrap starting.
I20260709 13:17:12.574882 15557 ts_tablet_manager.cc:1434] T e1cc796b74854aeeaa1fe5245e32d8f6 P cdaccd8e203c4d75acc4b7f030ad7973: Time spent starting tablet: real 0.010s	user 0.006s	sys 0.000s
I20260709 13:17:12.576119 15557 tablet_bootstrap.cc:492] T bcf2bde2f29843879e2e62ec2c3cfa7a P cdaccd8e203c4d75acc4b7f030ad7973: Bootstrap starting.
I20260709 13:17:12.584720 15557 tablet_bootstrap.cc:654] T bcf2bde2f29843879e2e62ec2c3cfa7a P cdaccd8e203c4d75acc4b7f030ad7973: Neither blocks nor log segments found. Creating new log.
I20260709 13:17:12.587859 15565 raft_consensus.cc:493] T 3c6692879e9540ceb8e55d0a8359dc7f P 1543d52775c748289567528e107a11ff [term 0 FOLLOWER]: Starting pre-election (no leader contacted us within the election timeout)
I20260709 13:17:12.588433 15565 raft_consensus.cc:515] T 3c6692879e9540ceb8e55d0a8359dc7f P 1543d52775c748289567528e107a11ff [term 0 FOLLOWER]: Starting pre-election with config: opid_index: -1 OBSOLETE_local: false peers { permanent_uuid: "1543d52775c748289567528e107a11ff" member_type: VOTER last_known_addr { host: "127.14.103.193" port: 38027 } } peers { permanent_uuid: "a8cbd849c3254aaba0c0c1100a42cfda" member_type: VOTER last_known_addr { host: "127.14.103.194" port: 34785 } } peers { permanent_uuid: "cdaccd8e203c4d75acc4b7f030ad7973" member_type: VOTER last_known_addr { host: "127.14.103.195" port: 37631 } }
I20260709 13:17:12.590477 15565 leader_election.cc:290] T 3c6692879e9540ceb8e55d0a8359dc7f P 1543d52775c748289567528e107a11ff [CANDIDATE]: Term 1 pre-election: Requested pre-vote from peers a8cbd849c3254aaba0c0c1100a42cfda (127.14.103.194:34785), cdaccd8e203c4d75acc4b7f030ad7973 (127.14.103.195:37631)
I20260709 13:17:12.593779 15559 tablet_bootstrap.cc:492] T 535cba8669194da8ac4ab200b13597ea P 1543d52775c748289567528e107a11ff: No bootstrap required, opened a new log
I20260709 13:17:12.594319 15559 ts_tablet_manager.cc:1403] T 535cba8669194da8ac4ab200b13597ea P 1543d52775c748289567528e107a11ff: Time spent bootstrapping tablet: real 0.077s	user 0.042s	sys 0.027s
I20260709 13:17:12.596843 15558 tablet_bootstrap.cc:654] T 535cba8669194da8ac4ab200b13597ea P a8cbd849c3254aaba0c0c1100a42cfda: Neither blocks nor log segments found. Creating new log.
I20260709 13:17:12.597347 15557 tablet_bootstrap.cc:492] T bcf2bde2f29843879e2e62ec2c3cfa7a P cdaccd8e203c4d75acc4b7f030ad7973: No bootstrap required, opened a new log
I20260709 13:17:12.597388 15559 raft_consensus.cc:359] T 535cba8669194da8ac4ab200b13597ea P 1543d52775c748289567528e107a11ff [term 0 FOLLOWER]: Replica starting. Triggering 0 pending ops. Active config: opid_index: -1 OBSOLETE_local: false peers { permanent_uuid: "1543d52775c748289567528e107a11ff" member_type: VOTER last_known_addr { host: "127.14.103.193" port: 38027 } } peers { permanent_uuid: "a8cbd849c3254aaba0c0c1100a42cfda" member_type: VOTER last_known_addr { host: "127.14.103.194" port: 34785 } } peers { permanent_uuid: "cdaccd8e203c4d75acc4b7f030ad7973" member_type: VOTER last_known_addr { host: "127.14.103.195" port: 37631 } }
I20260709 13:17:12.598155 15557 ts_tablet_manager.cc:1403] T bcf2bde2f29843879e2e62ec2c3cfa7a P cdaccd8e203c4d75acc4b7f030ad7973: Time spent bootstrapping tablet: real 0.022s	user 0.018s	sys 0.001s
I20260709 13:17:12.598423 15559 raft_consensus.cc:385] T 535cba8669194da8ac4ab200b13597ea P 1543d52775c748289567528e107a11ff [term 0 FOLLOWER]: Consensus starting up: Expiring failure detector timer to make a prompt election more likely
I20260709 13:17:12.598783 15559 raft_consensus.cc:740] T 535cba8669194da8ac4ab200b13597ea P 1543d52775c748289567528e107a11ff [term 0 FOLLOWER]: Becoming Follower/Learner. State: Replica: 1543d52775c748289567528e107a11ff, State: Initialized, Role: FOLLOWER
I20260709 13:17:12.599617 15559 consensus_queue.cc:260] T 535cba8669194da8ac4ab200b13597ea P 1543d52775c748289567528e107a11ff [NON_LEADER]: Queue going to NON_LEADER mode. State: All replicated index: 0, Majority replicated index: 0, Committed index: 0, Last appended: 0.0, Last appended by leader: 0, Current term: 0, Majority size: -1, State: 0, Mode: NON_LEADER, active raft config: opid_index: -1 OBSOLETE_local: false peers { permanent_uuid: "1543d52775c748289567528e107a11ff" member_type: VOTER last_known_addr { host: "127.14.103.193" port: 38027 } } peers { permanent_uuid: "a8cbd849c3254aaba0c0c1100a42cfda" member_type: VOTER last_known_addr { host: "127.14.103.194" port: 34785 } } peers { permanent_uuid: "cdaccd8e203c4d75acc4b7f030ad7973" member_type: VOTER last_known_addr { host: "127.14.103.195" port: 37631 } }
I20260709 13:17:12.601269 15557 raft_consensus.cc:359] T bcf2bde2f29843879e2e62ec2c3cfa7a P cdaccd8e203c4d75acc4b7f030ad7973 [term 0 FOLLOWER]: Replica starting. Triggering 0 pending ops. Active config: opid_index: -1 OBSOLETE_local: false peers { permanent_uuid: "a8cbd849c3254aaba0c0c1100a42cfda" member_type: VOTER last_known_addr { host: "127.14.103.194" port: 34785 } } peers { permanent_uuid: "1543d52775c748289567528e107a11ff" member_type: VOTER last_known_addr { host: "127.14.103.193" port: 38027 } } peers { permanent_uuid: "cdaccd8e203c4d75acc4b7f030ad7973" member_type: VOTER last_known_addr { host: "127.14.103.195" port: 37631 } }
I20260709 13:17:12.601945 15557 raft_consensus.cc:385] T bcf2bde2f29843879e2e62ec2c3cfa7a P cdaccd8e203c4d75acc4b7f030ad7973 [term 0 FOLLOWER]: Consensus starting up: Expiring failure detector timer to make a prompt election more likely
I20260709 13:17:12.602200 15557 raft_consensus.cc:740] T bcf2bde2f29843879e2e62ec2c3cfa7a P cdaccd8e203c4d75acc4b7f030ad7973 [term 0 FOLLOWER]: Becoming Follower/Learner. State: Replica: cdaccd8e203c4d75acc4b7f030ad7973, State: Initialized, Role: FOLLOWER
I20260709 13:17:12.602855 15557 consensus_queue.cc:260] T bcf2bde2f29843879e2e62ec2c3cfa7a P cdaccd8e203c4d75acc4b7f030ad7973 [NON_LEADER]: Queue going to NON_LEADER mode. State: All replicated index: 0, Majority replicated index: 0, Committed index: 0, Last appended: 0.0, Last appended by leader: 0, Current term: 0, Majority size: -1, State: 0, Mode: NON_LEADER, active raft config: opid_index: -1 OBSOLETE_local: false peers { permanent_uuid: "a8cbd849c3254aaba0c0c1100a42cfda" member_type: VOTER last_known_addr { host: "127.14.103.194" port: 34785 } } peers { permanent_uuid: "1543d52775c748289567528e107a11ff" member_type: VOTER last_known_addr { host: "127.14.103.193" port: 38027 } } peers { permanent_uuid: "cdaccd8e203c4d75acc4b7f030ad7973" member_type: VOTER last_known_addr { host: "127.14.103.195" port: 37631 } }
I20260709 13:17:12.603992 15559 ts_tablet_manager.cc:1434] T 535cba8669194da8ac4ab200b13597ea P 1543d52775c748289567528e107a11ff: Time spent starting tablet: real 0.009s	user 0.009s	sys 0.000s
I20260709 13:17:12.605011 15559 tablet_bootstrap.cc:492] T ef15e61c5f9447fd96f341b80e229009 P 1543d52775c748289567528e107a11ff: Bootstrap starting.
I20260709 13:17:12.605774 15557 ts_tablet_manager.cc:1434] T bcf2bde2f29843879e2e62ec2c3cfa7a P cdaccd8e203c4d75acc4b7f030ad7973: Time spent starting tablet: real 0.007s	user 0.008s	sys 0.000s
I20260709 13:17:12.606900 15557 tablet_bootstrap.cc:492] T 8fc7f261772947f5a20a20c57eabaa14 P cdaccd8e203c4d75acc4b7f030ad7973: Bootstrap starting.
I20260709 13:17:12.612924 15559 tablet_bootstrap.cc:654] T ef15e61c5f9447fd96f341b80e229009 P 1543d52775c748289567528e107a11ff: Neither blocks nor log segments found. Creating new log.
I20260709 13:17:12.614073 15557 tablet_bootstrap.cc:654] T 8fc7f261772947f5a20a20c57eabaa14 P cdaccd8e203c4d75acc4b7f030ad7973: Neither blocks nor log segments found. Creating new log.
I20260709 13:17:12.616925 15565 raft_consensus.cc:493] T 8e3845199bf84335a1bc83cf371e6fd3 P 1543d52775c748289567528e107a11ff [term 0 FOLLOWER]: Starting pre-election (no leader contacted us within the election timeout)
I20260709 13:17:12.617532 15565 raft_consensus.cc:515] T 8e3845199bf84335a1bc83cf371e6fd3 P 1543d52775c748289567528e107a11ff [term 0 FOLLOWER]: Starting pre-election with config: opid_index: -1 OBSOLETE_local: false peers { permanent_uuid: "1543d52775c748289567528e107a11ff" member_type: VOTER last_known_addr { host: "127.14.103.193" port: 38027 } } peers { permanent_uuid: "a8cbd849c3254aaba0c0c1100a42cfda" member_type: VOTER last_known_addr { host: "127.14.103.194" port: 34785 } } peers { permanent_uuid: "cdaccd8e203c4d75acc4b7f030ad7973" member_type: VOTER last_known_addr { host: "127.14.103.195" port: 37631 } }
I20260709 13:17:12.620950 15565 leader_election.cc:290] T 8e3845199bf84335a1bc83cf371e6fd3 P 1543d52775c748289567528e107a11ff [CANDIDATE]: Term 1 pre-election: Requested pre-vote from peers a8cbd849c3254aaba0c0c1100a42cfda (127.14.103.194:34785), cdaccd8e203c4d75acc4b7f030ad7973 (127.14.103.195:37631)
I20260709 13:17:12.640616 15564 raft_consensus.cc:493] T ded374c394a24c859e0ed0d8c628a376 P cdaccd8e203c4d75acc4b7f030ad7973 [term 0 FOLLOWER]: Starting pre-election (no leader contacted us within the election timeout)
I20260709 13:17:12.641224 15564 raft_consensus.cc:515] T ded374c394a24c859e0ed0d8c628a376 P cdaccd8e203c4d75acc4b7f030ad7973 [term 0 FOLLOWER]: Starting pre-election with config: opid_index: -1 OBSOLETE_local: false peers { permanent_uuid: "1543d52775c748289567528e107a11ff" member_type: VOTER last_known_addr { host: "127.14.103.193" port: 38027 } } peers { permanent_uuid: "a8cbd849c3254aaba0c0c1100a42cfda" member_type: VOTER last_known_addr { host: "127.14.103.194" port: 34785 } } peers { permanent_uuid: "cdaccd8e203c4d75acc4b7f030ad7973" member_type: VOTER last_known_addr { host: "127.14.103.195" port: 37631 } }
I20260709 13:17:12.643577 15564 leader_election.cc:290] T ded374c394a24c859e0ed0d8c628a376 P cdaccd8e203c4d75acc4b7f030ad7973 [CANDIDATE]: Term 1 pre-election: Requested pre-vote from peers 1543d52775c748289567528e107a11ff (127.14.103.193:38027), a8cbd849c3254aaba0c0c1100a42cfda (127.14.103.194:34785)
I20260709 13:17:12.644403 15563 raft_consensus.cc:493] T e1cc796b74854aeeaa1fe5245e32d8f6 P a8cbd849c3254aaba0c0c1100a42cfda [term 0 FOLLOWER]: Starting pre-election (no leader contacted us within the election timeout)
I20260709 13:17:12.645089 15563 raft_consensus.cc:515] T e1cc796b74854aeeaa1fe5245e32d8f6 P a8cbd849c3254aaba0c0c1100a42cfda [term 0 FOLLOWER]: Starting pre-election with config: opid_index: -1 OBSOLETE_local: false peers { permanent_uuid: "1543d52775c748289567528e107a11ff" member_type: VOTER last_known_addr { host: "127.14.103.193" port: 38027 } } peers { permanent_uuid: "a8cbd849c3254aaba0c0c1100a42cfda" member_type: VOTER last_known_addr { host: "127.14.103.194" port: 34785 } } peers { permanent_uuid: "cdaccd8e203c4d75acc4b7f030ad7973" member_type: VOTER last_known_addr { host: "127.14.103.195" port: 37631 } }
I20260709 13:17:12.648597 15563 leader_election.cc:290] T e1cc796b74854aeeaa1fe5245e32d8f6 P a8cbd849c3254aaba0c0c1100a42cfda [CANDIDATE]: Term 1 pre-election: Requested pre-vote from peers 1543d52775c748289567528e107a11ff (127.14.103.193:38027), cdaccd8e203c4d75acc4b7f030ad7973 (127.14.103.195:37631)
I20260709 13:17:12.652268 15565 raft_consensus.cc:493] T 96d4ae14a9c544ffabbb081875ef1888 P 1543d52775c748289567528e107a11ff [term 0 FOLLOWER]: Starting pre-election (no leader contacted us within the election timeout)
I20260709 13:17:12.653090 15565 raft_consensus.cc:515] T 96d4ae14a9c544ffabbb081875ef1888 P 1543d52775c748289567528e107a11ff [term 0 FOLLOWER]: Starting pre-election with config: opid_index: -1 OBSOLETE_local: false peers { permanent_uuid: "1543d52775c748289567528e107a11ff" member_type: VOTER last_known_addr { host: "127.14.103.193" port: 38027 } } peers { permanent_uuid: "a8cbd849c3254aaba0c0c1100a42cfda" member_type: VOTER last_known_addr { host: "127.14.103.194" port: 34785 } } peers { permanent_uuid: "cdaccd8e203c4d75acc4b7f030ad7973" member_type: VOTER last_known_addr { host: "127.14.103.195" port: 37631 } }
I20260709 13:17:12.655817 15565 leader_election.cc:290] T 96d4ae14a9c544ffabbb081875ef1888 P 1543d52775c748289567528e107a11ff [CANDIDATE]: Term 1 pre-election: Requested pre-vote from peers a8cbd849c3254aaba0c0c1100a42cfda (127.14.103.194:34785), cdaccd8e203c4d75acc4b7f030ad7973 (127.14.103.195:37631)
I20260709 13:17:12.663067 15563 raft_consensus.cc:493] T 8e3845199bf84335a1bc83cf371e6fd3 P a8cbd849c3254aaba0c0c1100a42cfda [term 0 FOLLOWER]: Starting pre-election (no leader contacted us within the election timeout)
I20260709 13:17:12.663812 15563 raft_consensus.cc:515] T 8e3845199bf84335a1bc83cf371e6fd3 P a8cbd849c3254aaba0c0c1100a42cfda [term 0 FOLLOWER]: Starting pre-election with config: opid_index: -1 OBSOLETE_local: false peers { permanent_uuid: "1543d52775c748289567528e107a11ff" member_type: VOTER last_known_addr { host: "127.14.103.193" port: 38027 } } peers { permanent_uuid: "a8cbd849c3254aaba0c0c1100a42cfda" member_type: VOTER last_known_addr { host: "127.14.103.194" port: 34785 } } peers { permanent_uuid: "cdaccd8e203c4d75acc4b7f030ad7973" member_type: VOTER last_known_addr { host: "127.14.103.195" port: 37631 } }
I20260709 13:17:12.667503 15563 leader_election.cc:290] T 8e3845199bf84335a1bc83cf371e6fd3 P a8cbd849c3254aaba0c0c1100a42cfda [CANDIDATE]: Term 1 pre-election: Requested pre-vote from peers 1543d52775c748289567528e107a11ff (127.14.103.193:38027), cdaccd8e203c4d75acc4b7f030ad7973 (127.14.103.195:37631)
I20260709 13:17:12.687515 15517 tablet_service.cc:1917] Received RequestConsensusVote() RPC: tablet_id: "e1cc796b74854aeeaa1fe5245e32d8f6" candidate_uuid: "1543d52775c748289567528e107a11ff" candidate_term: 1 candidate_status { last_received { term: 0 index: 0 } } ignore_live_leader: false dest_uuid: "cdaccd8e203c4d75acc4b7f030ad7973" is_pre_election: true
I20260709 13:17:12.688637 15517 raft_consensus.cc:2468] T e1cc796b74854aeeaa1fe5245e32d8f6 P cdaccd8e203c4d75acc4b7f030ad7973 [term 0 FOLLOWER]: Leader pre-election vote request: Granting yes vote for candidate 1543d52775c748289567528e107a11ff in term 0.
I20260709 13:17:12.690419 15443 tablet_service.cc:1917] Received RequestConsensusVote() RPC: tablet_id: "e1cc796b74854aeeaa1fe5245e32d8f6" candidate_uuid: "1543d52775c748289567528e107a11ff" candidate_term: 1 candidate_status { last_received { term: 0 index: 0 } } ignore_live_leader: false dest_uuid: "a8cbd849c3254aaba0c0c1100a42cfda" is_pre_election: true
I20260709 13:17:12.691426 15443 raft_consensus.cc:2468] T e1cc796b74854aeeaa1fe5245e32d8f6 P a8cbd849c3254aaba0c0c1100a42cfda [term 0 FOLLOWER]: Leader pre-election vote request: Granting yes vote for candidate 1543d52775c748289567528e107a11ff in term 0.
I20260709 13:17:12.692850 15516 tablet_service.cc:1917] Received RequestConsensusVote() RPC: tablet_id: "3c6692879e9540ceb8e55d0a8359dc7f" candidate_uuid: "1543d52775c748289567528e107a11ff" candidate_term: 1 candidate_status { last_received { term: 0 index: 0 } } ignore_live_leader: false dest_uuid: "cdaccd8e203c4d75acc4b7f030ad7973" is_pre_election: true
I20260709 13:17:12.693565 15516 raft_consensus.cc:2468] T 3c6692879e9540ceb8e55d0a8359dc7f P cdaccd8e203c4d75acc4b7f030ad7973 [term 0 FOLLOWER]: Leader pre-election vote request: Granting yes vote for candidate 1543d52775c748289567528e107a11ff in term 0.
I20260709 13:17:12.694702 15515 tablet_service.cc:1917] Received RequestConsensusVote() RPC: tablet_id: "8e3845199bf84335a1bc83cf371e6fd3" candidate_uuid: "1543d52775c748289567528e107a11ff" candidate_term: 1 candidate_status { last_received { term: 0 index: 0 } } ignore_live_leader: false dest_uuid: "cdaccd8e203c4d75acc4b7f030ad7973" is_pre_election: true
I20260709 13:17:12.695549 15515 raft_consensus.cc:2468] T 8e3845199bf84335a1bc83cf371e6fd3 P cdaccd8e203c4d75acc4b7f030ad7973 [term 0 FOLLOWER]: Leader pre-election vote request: Granting yes vote for candidate 1543d52775c748289567528e107a11ff in term 0.
I20260709 13:17:12.697124 15442 tablet_service.cc:1917] Received RequestConsensusVote() RPC: tablet_id: "3c6692879e9540ceb8e55d0a8359dc7f" candidate_uuid: "1543d52775c748289567528e107a11ff" candidate_term: 1 candidate_status { last_received { term: 0 index: 0 } } ignore_live_leader: false dest_uuid: "a8cbd849c3254aaba0c0c1100a42cfda" is_pre_election: true
I20260709 13:17:12.698030 15442 raft_consensus.cc:2468] T 3c6692879e9540ceb8e55d0a8359dc7f P a8cbd849c3254aaba0c0c1100a42cfda [term 0 FOLLOWER]: Leader pre-election vote request: Granting yes vote for candidate 1543d52775c748289567528e107a11ff in term 0.
I20260709 13:17:12.699558 15514 tablet_service.cc:1917] Received RequestConsensusVote() RPC: tablet_id: "96d4ae14a9c544ffabbb081875ef1888" candidate_uuid: "1543d52775c748289567528e107a11ff" candidate_term: 1 candidate_status { last_received { term: 0 index: 0 } } ignore_live_leader: false dest_uuid: "cdaccd8e203c4d75acc4b7f030ad7973" is_pre_election: true
I20260709 13:17:12.700474 15514 raft_consensus.cc:2468] T 96d4ae14a9c544ffabbb081875ef1888 P cdaccd8e203c4d75acc4b7f030ad7973 [term 0 FOLLOWER]: Leader pre-election vote request: Granting yes vote for candidate 1543d52775c748289567528e107a11ff in term 0.
I20260709 13:17:12.701838 15441 tablet_service.cc:1917] Received RequestConsensusVote() RPC: tablet_id: "8e3845199bf84335a1bc83cf371e6fd3" candidate_uuid: "1543d52775c748289567528e107a11ff" candidate_term: 1 candidate_status { last_received { term: 0 index: 0 } } ignore_live_leader: false dest_uuid: "a8cbd849c3254aaba0c0c1100a42cfda" is_pre_election: true
I20260709 13:17:12.702759 15441 raft_consensus.cc:2468] T 8e3845199bf84335a1bc83cf371e6fd3 P a8cbd849c3254aaba0c0c1100a42cfda [term 0 FOLLOWER]: Leader pre-election vote request: Granting yes vote for candidate 1543d52775c748289567528e107a11ff in term 0.
I20260709 13:17:12.703800 15563 raft_consensus.cc:493] T ef15e61c5f9447fd96f341b80e229009 P a8cbd849c3254aaba0c0c1100a42cfda [term 0 FOLLOWER]: Starting pre-election (no leader contacted us within the election timeout)
I20260709 13:17:12.704419 15563 raft_consensus.cc:515] T ef15e61c5f9447fd96f341b80e229009 P a8cbd849c3254aaba0c0c1100a42cfda [term 0 FOLLOWER]: Starting pre-election with config: opid_index: -1 OBSOLETE_local: false peers { permanent_uuid: "1543d52775c748289567528e107a11ff" member_type: VOTER last_known_addr { host: "127.14.103.193" port: 38027 } } peers { permanent_uuid: "a8cbd849c3254aaba0c0c1100a42cfda" member_type: VOTER last_known_addr { host: "127.14.103.194" port: 34785 } } peers { permanent_uuid: "cdaccd8e203c4d75acc4b7f030ad7973" member_type: VOTER last_known_addr { host: "127.14.103.195" port: 37631 } }
I20260709 13:17:12.710351 15441 tablet_service.cc:1917] Received RequestConsensusVote() RPC: tablet_id: "96d4ae14a9c544ffabbb081875ef1888" candidate_uuid: "1543d52775c748289567528e107a11ff" candidate_term: 1 candidate_status { last_received { term: 0 index: 0 } } ignore_live_leader: false dest_uuid: "a8cbd849c3254aaba0c0c1100a42cfda" is_pre_election: true
I20260709 13:17:12.711265 15441 raft_consensus.cc:2468] T 96d4ae14a9c544ffabbb081875ef1888 P a8cbd849c3254aaba0c0c1100a42cfda [term 0 FOLLOWER]: Leader pre-election vote request: Granting yes vote for candidate 1543d52775c748289567528e107a11ff in term 0.
I20260709 13:17:12.712942 15563 leader_election.cc:290] T ef15e61c5f9447fd96f341b80e229009 P a8cbd849c3254aaba0c0c1100a42cfda [CANDIDATE]: Term 1 pre-election: Requested pre-vote from peers 1543d52775c748289567528e107a11ff (127.14.103.193:38027), cdaccd8e203c4d75acc4b7f030ad7973 (127.14.103.195:37631)
I20260709 13:17:12.713639 15563 raft_consensus.cc:493] T bcf2bde2f29843879e2e62ec2c3cfa7a P a8cbd849c3254aaba0c0c1100a42cfda [term 0 FOLLOWER]: Starting pre-election (no leader contacted us within the election timeout)
I20260709 13:17:12.714196 15563 raft_consensus.cc:515] T bcf2bde2f29843879e2e62ec2c3cfa7a P a8cbd849c3254aaba0c0c1100a42cfda [term 0 FOLLOWER]: Starting pre-election with config: opid_index: -1 OBSOLETE_local: false peers { permanent_uuid: "a8cbd849c3254aaba0c0c1100a42cfda" member_type: VOTER last_known_addr { host: "127.14.103.194" port: 34785 } } peers { permanent_uuid: "1543d52775c748289567528e107a11ff" member_type: VOTER last_known_addr { host: "127.14.103.193" port: 38027 } } peers { permanent_uuid: "cdaccd8e203c4d75acc4b7f030ad7973" member_type: VOTER last_known_addr { host: "127.14.103.195" port: 37631 } }
I20260709 13:17:12.717886 15563 leader_election.cc:290] T bcf2bde2f29843879e2e62ec2c3cfa7a P a8cbd849c3254aaba0c0c1100a42cfda [CANDIDATE]: Term 1 pre-election: Requested pre-vote from peers 1543d52775c748289567528e107a11ff (127.14.103.193:38027), cdaccd8e203c4d75acc4b7f030ad7973 (127.14.103.195:37631)
I20260709 13:17:12.719048 15333 leader_election.cc:304] T e1cc796b74854aeeaa1fe5245e32d8f6 P 1543d52775c748289567528e107a11ff [CANDIDATE]: Term 1 pre-election: Election decided. Result: candidate won. Election summary: received 2 responses out of 3 voters: 2 yes votes; 0 no votes. yes voters: 1543d52775c748289567528e107a11ff, cdaccd8e203c4d75acc4b7f030ad7973; no voters: 
I20260709 13:17:12.720329 15565 raft_consensus.cc:2804] T e1cc796b74854aeeaa1fe5245e32d8f6 P 1543d52775c748289567528e107a11ff [term 0 FOLLOWER]: Leader pre-election won for term 1
I20260709 13:17:12.720527 15333 leader_election.cc:304] T 3c6692879e9540ceb8e55d0a8359dc7f P 1543d52775c748289567528e107a11ff [CANDIDATE]: Term 1 pre-election: Election decided. Result: candidate won. Election summary: received 2 responses out of 3 voters: 2 yes votes; 0 no votes. yes voters: 1543d52775c748289567528e107a11ff, cdaccd8e203c4d75acc4b7f030ad7973; no voters: 
I20260709 13:17:12.721006 15565 raft_consensus.cc:493] T e1cc796b74854aeeaa1fe5245e32d8f6 P 1543d52775c748289567528e107a11ff [term 0 FOLLOWER]: Starting leader election (no leader contacted us within the election timeout)
I20260709 13:17:12.721650 15565 raft_consensus.cc:3060] T e1cc796b74854aeeaa1fe5245e32d8f6 P 1543d52775c748289567528e107a11ff [term 0 FOLLOWER]: Advancing to term 1
I20260709 13:17:12.724776 15600 raft_consensus.cc:2804] T 3c6692879e9540ceb8e55d0a8359dc7f P 1543d52775c748289567528e107a11ff [term 0 FOLLOWER]: Leader pre-election won for term 1
I20260709 13:17:12.725234 15600 raft_consensus.cc:493] T 3c6692879e9540ceb8e55d0a8359dc7f P 1543d52775c748289567528e107a11ff [term 0 FOLLOWER]: Starting leader election (no leader contacted us within the election timeout)
I20260709 13:17:12.725581 15600 raft_consensus.cc:3060] T 3c6692879e9540ceb8e55d0a8359dc7f P 1543d52775c748289567528e107a11ff [term 0 FOLLOWER]: Advancing to term 1
I20260709 13:17:12.727264 15563 raft_consensus.cc:493] T 8fc7f261772947f5a20a20c57eabaa14 P a8cbd849c3254aaba0c0c1100a42cfda [term 0 FOLLOWER]: Starting pre-election (no leader contacted us within the election timeout)
I20260709 13:17:12.727811 15563 raft_consensus.cc:515] T 8fc7f261772947f5a20a20c57eabaa14 P a8cbd849c3254aaba0c0c1100a42cfda [term 0 FOLLOWER]: Starting pre-election with config: opid_index: -1 OBSOLETE_local: false peers { permanent_uuid: "1543d52775c748289567528e107a11ff" member_type: VOTER last_known_addr { host: "127.14.103.193" port: 38027 } } peers { permanent_uuid: "a8cbd849c3254aaba0c0c1100a42cfda" member_type: VOTER last_known_addr { host: "127.14.103.194" port: 34785 } } peers { permanent_uuid: "cdaccd8e203c4d75acc4b7f030ad7973" member_type: VOTER last_known_addr { host: "127.14.103.195" port: 37631 } }
I20260709 13:17:12.730767 15563 leader_election.cc:290] T 8fc7f261772947f5a20a20c57eabaa14 P a8cbd849c3254aaba0c0c1100a42cfda [CANDIDATE]: Term 1 pre-election: Requested pre-vote from peers 1543d52775c748289567528e107a11ff (127.14.103.193:38027), cdaccd8e203c4d75acc4b7f030ad7973 (127.14.103.195:37631)
I20260709 13:17:12.731551 15558 tablet_bootstrap.cc:492] T 535cba8669194da8ac4ab200b13597ea P a8cbd849c3254aaba0c0c1100a42cfda: No bootstrap required, opened a new log
I20260709 13:17:12.732312 15558 ts_tablet_manager.cc:1403] T 535cba8669194da8ac4ab200b13597ea P a8cbd849c3254aaba0c0c1100a42cfda: Time spent bootstrapping tablet: real 0.160s	user 0.030s	sys 0.046s
I20260709 13:17:12.736400 15514 tablet_service.cc:1917] Received RequestConsensusVote() RPC: tablet_id: "ded374c394a24c859e0ed0d8c628a376" candidate_uuid: "a8cbd849c3254aaba0c0c1100a42cfda" candidate_term: 1 candidate_status { last_received { term: 0 index: 0 } } ignore_live_leader: false dest_uuid: "cdaccd8e203c4d75acc4b7f030ad7973" is_pre_election: true
I20260709 13:17:12.737394 15514 raft_consensus.cc:2468] T ded374c394a24c859e0ed0d8c628a376 P cdaccd8e203c4d75acc4b7f030ad7973 [term 0 FOLLOWER]: Leader pre-election vote request: Granting yes vote for candidate a8cbd849c3254aaba0c0c1100a42cfda in term 0.
I20260709 13:17:12.737696 15512 tablet_service.cc:1917] Received RequestConsensusVote() RPC: tablet_id: "8fc7f261772947f5a20a20c57eabaa14" candidate_uuid: "a8cbd849c3254aaba0c0c1100a42cfda" candidate_term: 1 candidate_status { last_received { term: 0 index: 0 } } ignore_live_leader: false dest_uuid: "cdaccd8e203c4d75acc4b7f030ad7973" is_pre_election: true
I20260709 13:17:12.736245 15513 tablet_service.cc:1917] Received RequestConsensusVote() RPC: tablet_id: "bcf2bde2f29843879e2e62ec2c3cfa7a" candidate_uuid: "a8cbd849c3254aaba0c0c1100a42cfda" candidate_term: 1 candidate_status { last_received { term: 0 index: 0 } } ignore_live_leader: false dest_uuid: "cdaccd8e203c4d75acc4b7f030ad7973" is_pre_election: true
I20260709 13:17:12.738801 15515 tablet_service.cc:1917] Received RequestConsensusVote() RPC: tablet_id: "e1cc796b74854aeeaa1fe5245e32d8f6" candidate_uuid: "a8cbd849c3254aaba0c0c1100a42cfda" candidate_term: 1 candidate_status { last_received { term: 0 index: 0 } } ignore_live_leader: false dest_uuid: "cdaccd8e203c4d75acc4b7f030ad7973" is_pre_election: true
I20260709 13:17:12.739550 15513 raft_consensus.cc:2468] T bcf2bde2f29843879e2e62ec2c3cfa7a P cdaccd8e203c4d75acc4b7f030ad7973 [term 0 FOLLOWER]: Leader pre-election vote request: Granting yes vote for candidate a8cbd849c3254aaba0c0c1100a42cfda in term 0.
I20260709 13:17:12.741750 15516 tablet_service.cc:1917] Received RequestConsensusVote() RPC: tablet_id: "8e3845199bf84335a1bc83cf371e6fd3" candidate_uuid: "a8cbd849c3254aaba0c0c1100a42cfda" candidate_term: 1 candidate_status { last_received { term: 0 index: 0 } } ignore_live_leader: false dest_uuid: "cdaccd8e203c4d75acc4b7f030ad7973" is_pre_election: true
I20260709 13:17:12.742588 15516 raft_consensus.cc:2468] T 8e3845199bf84335a1bc83cf371e6fd3 P cdaccd8e203c4d75acc4b7f030ad7973 [term 0 FOLLOWER]: Leader pre-election vote request: Granting yes vote for candidate a8cbd849c3254aaba0c0c1100a42cfda in term 0.
I20260709 13:17:12.743978 15408 leader_election.cc:304] T ded374c394a24c859e0ed0d8c628a376 P a8cbd849c3254aaba0c0c1100a42cfda [CANDIDATE]: Term 1 pre-election: Election decided. Result: candidate won. Election summary: received 2 responses out of 3 voters: 2 yes votes; 0 no votes. yes voters: a8cbd849c3254aaba0c0c1100a42cfda, cdaccd8e203c4d75acc4b7f030ad7973; no voters: 
I20260709 13:17:12.745471 15563 raft_consensus.cc:2804] T ded374c394a24c859e0ed0d8c628a376 P a8cbd849c3254aaba0c0c1100a42cfda [term 0 FOLLOWER]: Leader pre-election won for term 1
I20260709 13:17:12.745983 15563 raft_consensus.cc:493] T ded374c394a24c859e0ed0d8c628a376 P a8cbd849c3254aaba0c0c1100a42cfda [term 0 FOLLOWER]: Starting leader election (no leader contacted us within the election timeout)
I20260709 13:17:12.746430 15563 raft_consensus.cc:3060] T ded374c394a24c859e0ed0d8c628a376 P a8cbd849c3254aaba0c0c1100a42cfda [term 0 FOLLOWER]: Advancing to term 1
I20260709 13:17:12.744239 15564 raft_consensus.cc:493] T ef15e61c5f9447fd96f341b80e229009 P cdaccd8e203c4d75acc4b7f030ad7973 [term 0 FOLLOWER]: Starting pre-election (no leader contacted us within the election timeout)
I20260709 13:17:12.754567 15517 tablet_service.cc:1917] Received RequestConsensusVote() RPC: tablet_id: "ef15e61c5f9447fd96f341b80e229009" candidate_uuid: "a8cbd849c3254aaba0c0c1100a42cfda" candidate_term: 1 candidate_status { last_received { term: 0 index: 0 } } ignore_live_leader: false dest_uuid: "cdaccd8e203c4d75acc4b7f030ad7973" is_pre_election: true
W20260709 13:17:12.758162 15408 leader_election.cc:343] T 8fc7f261772947f5a20a20c57eabaa14 P a8cbd849c3254aaba0c0c1100a42cfda [CANDIDATE]: Term 1 pre-election: Tablet error from VoteRequest() call to peer cdaccd8e203c4d75acc4b7f030ad7973 (127.14.103.195:37631): Illegal state: must be running to vote when last-logged opid is not known
I20260709 13:17:12.741037 15515 raft_consensus.cc:2468] T e1cc796b74854aeeaa1fe5245e32d8f6 P cdaccd8e203c4d75acc4b7f030ad7973 [term 0 FOLLOWER]: Leader pre-election vote request: Granting yes vote for candidate a8cbd849c3254aaba0c0c1100a42cfda in term 0.
I20260709 13:17:12.757267 15333 leader_election.cc:304] T 8e3845199bf84335a1bc83cf371e6fd3 P 1543d52775c748289567528e107a11ff [CANDIDATE]: Term 1 pre-election: Election decided. Result: candidate won. Election summary: received 2 responses out of 3 voters: 2 yes votes; 0 no votes. yes voters: 1543d52775c748289567528e107a11ff, cdaccd8e203c4d75acc4b7f030ad7973; no voters: 
I20260709 13:17:12.756263 15564 raft_consensus.cc:515] T ef15e61c5f9447fd96f341b80e229009 P cdaccd8e203c4d75acc4b7f030ad7973 [term 0 FOLLOWER]: Starting pre-election with config: opid_index: -1 OBSOLETE_local: false peers { permanent_uuid: "1543d52775c748289567528e107a11ff" member_type: VOTER last_known_addr { host: "127.14.103.193" port: 38027 } } peers { permanent_uuid: "a8cbd849c3254aaba0c0c1100a42cfda" member_type: VOTER last_known_addr { host: "127.14.103.194" port: 34785 } } peers { permanent_uuid: "cdaccd8e203c4d75acc4b7f030ad7973" member_type: VOTER last_known_addr { host: "127.14.103.195" port: 37631 } }
I20260709 13:17:12.773249 15408 leader_election.cc:304] T 8e3845199bf84335a1bc83cf371e6fd3 P a8cbd849c3254aaba0c0c1100a42cfda [CANDIDATE]: Term 1 pre-election: Election decided. Result: candidate won. Election summary: received 2 responses out of 3 voters: 2 yes votes; 0 no votes. yes voters: a8cbd849c3254aaba0c0c1100a42cfda, cdaccd8e203c4d75acc4b7f030ad7973; no voters: 
I20260709 13:17:12.776736 15564 leader_election.cc:290] T ef15e61c5f9447fd96f341b80e229009 P cdaccd8e203c4d75acc4b7f030ad7973 [CANDIDATE]: Term 1 pre-election: Requested pre-vote from peers 1543d52775c748289567528e107a11ff (127.14.103.193:38027), a8cbd849c3254aaba0c0c1100a42cfda (127.14.103.194:34785)
I20260709 13:17:12.777338 15517 raft_consensus.cc:2468] T ef15e61c5f9447fd96f341b80e229009 P cdaccd8e203c4d75acc4b7f030ad7973 [term 0 FOLLOWER]: Leader pre-election vote request: Granting yes vote for candidate a8cbd849c3254aaba0c0c1100a42cfda in term 0.
I20260709 13:17:12.780143 15557 tablet_bootstrap.cc:492] T 8fc7f261772947f5a20a20c57eabaa14 P cdaccd8e203c4d75acc4b7f030ad7973: No bootstrap required, opened a new log
I20260709 13:17:12.780730 15557 ts_tablet_manager.cc:1403] T 8fc7f261772947f5a20a20c57eabaa14 P cdaccd8e203c4d75acc4b7f030ad7973: Time spent bootstrapping tablet: real 0.174s	user 0.072s	sys 0.088s
I20260709 13:17:12.780390 15601 raft_consensus.cc:2804] T 8e3845199bf84335a1bc83cf371e6fd3 P 1543d52775c748289567528e107a11ff [term 0 FOLLOWER]: Leader pre-election won for term 1
I20260709 13:17:12.784083 15333 leader_election.cc:304] T 96d4ae14a9c544ffabbb081875ef1888 P 1543d52775c748289567528e107a11ff [CANDIDATE]: Term 1 pre-election: Election decided. Result: candidate won. Election summary: received 2 responses out of 3 voters: 2 yes votes; 0 no votes. yes voters: 1543d52775c748289567528e107a11ff, cdaccd8e203c4d75acc4b7f030ad7973; no voters: 
I20260709 13:17:12.785542 15367 tablet_service.cc:1917] Received RequestConsensusVote() RPC: tablet_id: "e1cc796b74854aeeaa1fe5245e32d8f6" candidate_uuid: "a8cbd849c3254aaba0c0c1100a42cfda" candidate_term: 1 candidate_status { last_received { term: 0 index: 0 } } ignore_live_leader: false dest_uuid: "1543d52775c748289567528e107a11ff" is_pre_election: true
I20260709 13:17:12.787343 15557 raft_consensus.cc:359] T 8fc7f261772947f5a20a20c57eabaa14 P cdaccd8e203c4d75acc4b7f030ad7973 [term 0 FOLLOWER]: Replica starting. Triggering 0 pending ops. Active config: opid_index: -1 OBSOLETE_local: false peers { permanent_uuid: "1543d52775c748289567528e107a11ff" member_type: VOTER last_known_addr { host: "127.14.103.193" port: 38027 } } peers { permanent_uuid: "a8cbd849c3254aaba0c0c1100a42cfda" member_type: VOTER last_known_addr { host: "127.14.103.194" port: 34785 } } peers { permanent_uuid: "cdaccd8e203c4d75acc4b7f030ad7973" member_type: VOTER last_known_addr { host: "127.14.103.195" port: 37631 } }
I20260709 13:17:12.788298 15557 raft_consensus.cc:385] T 8fc7f261772947f5a20a20c57eabaa14 P cdaccd8e203c4d75acc4b7f030ad7973 [term 0 FOLLOWER]: Consensus starting up: Expiring failure detector timer to make a prompt election more likely
I20260709 13:17:12.788663 15557 raft_consensus.cc:740] T 8fc7f261772947f5a20a20c57eabaa14 P cdaccd8e203c4d75acc4b7f030ad7973 [term 0 FOLLOWER]: Becoming Follower/Learner. State: Replica: cdaccd8e203c4d75acc4b7f030ad7973, State: Initialized, Role: FOLLOWER
I20260709 13:17:12.797863 15559 tablet_bootstrap.cc:492] T ef15e61c5f9447fd96f341b80e229009 P 1543d52775c748289567528e107a11ff: No bootstrap required, opened a new log
I20260709 13:17:12.798609 15559 ts_tablet_manager.cc:1403] T ef15e61c5f9447fd96f341b80e229009 P 1543d52775c748289567528e107a11ff: Time spent bootstrapping tablet: real 0.194s	user 0.046s	sys 0.108s
I20260709 13:17:12.783010 15366 tablet_service.cc:1917] Received RequestConsensusVote() RPC: tablet_id: "8e3845199bf84335a1bc83cf371e6fd3" candidate_uuid: "a8cbd849c3254aaba0c0c1100a42cfda" candidate_term: 1 candidate_status { last_received { term: 0 index: 0 } } ignore_live_leader: false dest_uuid: "1543d52775c748289567528e107a11ff" is_pre_election: true
I20260709 13:17:12.800800 15558 raft_consensus.cc:359] T 535cba8669194da8ac4ab200b13597ea P a8cbd849c3254aaba0c0c1100a42cfda [term 0 FOLLOWER]: Replica starting. Triggering 0 pending ops. Active config: opid_index: -1 OBSOLETE_local: false peers { permanent_uuid: "1543d52775c748289567528e107a11ff" member_type: VOTER last_known_addr { host: "127.14.103.193" port: 38027 } } peers { permanent_uuid: "a8cbd849c3254aaba0c0c1100a42cfda" member_type: VOTER last_known_addr { host: "127.14.103.194" port: 34785 } } peers { permanent_uuid: "cdaccd8e203c4d75acc4b7f030ad7973" member_type: VOTER last_known_addr { host: "127.14.103.195" port: 37631 } }
I20260709 13:17:12.801328 15557 consensus_queue.cc:260] T 8fc7f261772947f5a20a20c57eabaa14 P cdaccd8e203c4d75acc4b7f030ad7973 [NON_LEADER]: Queue going to NON_LEADER mode. State: All replicated index: 0, Majority replicated index: 0, Committed index: 0, Last appended: 0.0, Last appended by leader: 0, Current term: 0, Majority size: -1, State: 0, Mode: NON_LEADER, active raft config: opid_index: -1 OBSOLETE_local: false peers { permanent_uuid: "1543d52775c748289567528e107a11ff" member_type: VOTER last_known_addr { host: "127.14.103.193" port: 38027 } } peers { permanent_uuid: "a8cbd849c3254aaba0c0c1100a42cfda" member_type: VOTER last_known_addr { host: "127.14.103.194" port: 34785 } } peers { permanent_uuid: "cdaccd8e203c4d75acc4b7f030ad7973" member_type: VOTER last_known_addr { host: "127.14.103.195" port: 37631 } }
I20260709 13:17:12.784628 15601 raft_consensus.cc:493] T 8e3845199bf84335a1bc83cf371e6fd3 P 1543d52775c748289567528e107a11ff [term 0 FOLLOWER]: Starting leader election (no leader contacted us within the election timeout)
I20260709 13:17:12.799005 15564 raft_consensus.cc:493] T 624d53faeb6d49a093541bfdd94fbfef P cdaccd8e203c4d75acc4b7f030ad7973 [term 0 FOLLOWER]: Starting pre-election (no leader contacted us within the election timeout)
I20260709 13:17:12.801889 15368 tablet_service.cc:1917] Received RequestConsensusVote() RPC: tablet_id: "ded374c394a24c859e0ed0d8c628a376" candidate_uuid: "a8cbd849c3254aaba0c0c1100a42cfda" candidate_term: 1 candidate_status { last_received { term: 0 index: 0 } } ignore_live_leader: false dest_uuid: "1543d52775c748289567528e107a11ff" is_pre_election: true
I20260709 13:17:12.802973 15558 raft_consensus.cc:385] T 535cba8669194da8ac4ab200b13597ea P a8cbd849c3254aaba0c0c1100a42cfda [term 0 FOLLOWER]: Consensus starting up: Expiring failure detector timer to make a prompt election more likely
I20260709 13:17:12.803099 15365 tablet_service.cc:1917] Received RequestConsensusVote() RPC: tablet_id: "ef15e61c5f9447fd96f341b80e229009" candidate_uuid: "a8cbd849c3254aaba0c0c1100a42cfda" candidate_term: 1 candidate_status { last_received { term: 0 index: 0 } } ignore_live_leader: false dest_uuid: "1543d52775c748289567528e107a11ff" is_pre_election: true
I20260709 13:17:12.802912 15564 raft_consensus.cc:515] T 624d53faeb6d49a093541bfdd94fbfef P cdaccd8e203c4d75acc4b7f030ad7973 [term 0 FOLLOWER]: Starting pre-election with config: opid_index: -1 OBSOLETE_local: false peers { permanent_uuid: "1543d52775c748289567528e107a11ff" member_type: VOTER last_known_addr { host: "127.14.103.193" port: 38027 } } peers { permanent_uuid: "a8cbd849c3254aaba0c0c1100a42cfda" member_type: VOTER last_known_addr { host: "127.14.103.194" port: 34785 } } peers { permanent_uuid: "cdaccd8e203c4d75acc4b7f030ad7973" member_type: VOTER last_known_addr { host: "127.14.103.195" port: 37631 } }
I20260709 13:17:12.803586 15558 raft_consensus.cc:740] T 535cba8669194da8ac4ab200b13597ea P a8cbd849c3254aaba0c0c1100a42cfda [term 0 FOLLOWER]: Becoming Follower/Learner. State: Replica: a8cbd849c3254aaba0c0c1100a42cfda, State: Initialized, Role: FOLLOWER
I20260709 13:17:12.803695 15601 raft_consensus.cc:3060] T 8e3845199bf84335a1bc83cf371e6fd3 P 1543d52775c748289567528e107a11ff [term 0 FOLLOWER]: Advancing to term 1
I20260709 13:17:12.804400 15558 consensus_queue.cc:260] T 535cba8669194da8ac4ab200b13597ea P a8cbd849c3254aaba0c0c1100a42cfda [NON_LEADER]: Queue going to NON_LEADER mode. State: All replicated index: 0, Majority replicated index: 0, Committed index: 0, Last appended: 0.0, Last appended by leader: 0, Current term: 0, Majority size: -1, State: 0, Mode: NON_LEADER, active raft config: opid_index: -1 OBSOLETE_local: false peers { permanent_uuid: "1543d52775c748289567528e107a11ff" member_type: VOTER last_known_addr { host: "127.14.103.193" port: 38027 } } peers { permanent_uuid: "a8cbd849c3254aaba0c0c1100a42cfda" member_type: VOTER last_known_addr { host: "127.14.103.194" port: 34785 } } peers { permanent_uuid: "cdaccd8e203c4d75acc4b7f030ad7973" member_type: VOTER last_known_addr { host: "127.14.103.195" port: 37631 } }
I20260709 13:17:12.805259 15408 leader_election.cc:304] T bcf2bde2f29843879e2e62ec2c3cfa7a P a8cbd849c3254aaba0c0c1100a42cfda [CANDIDATE]: Term 1 pre-election: Election decided. Result: candidate won. Election summary: received 2 responses out of 3 voters: 2 yes votes; 0 no votes. yes voters: a8cbd849c3254aaba0c0c1100a42cfda, cdaccd8e203c4d75acc4b7f030ad7973; no voters: 
I20260709 13:17:12.805552 15564 leader_election.cc:290] T 624d53faeb6d49a093541bfdd94fbfef P cdaccd8e203c4d75acc4b7f030ad7973 [CANDIDATE]: Term 1 pre-election: Requested pre-vote from peers 1543d52775c748289567528e107a11ff (127.14.103.193:38027), a8cbd849c3254aaba0c0c1100a42cfda (127.14.103.194:34785)
I20260709 13:17:12.809403 15441 tablet_service.cc:1917] Received RequestConsensusVote() RPC: tablet_id: "3c6692879e9540ceb8e55d0a8359dc7f" candidate_uuid: "cdaccd8e203c4d75acc4b7f030ad7973" candidate_term: 1 candidate_status { last_received { term: 0 index: 0 } } ignore_live_leader: false dest_uuid: "a8cbd849c3254aaba0c0c1100a42cfda" is_pre_election: true
I20260709 13:17:12.810132 15441 raft_consensus.cc:2468] T 3c6692879e9540ceb8e55d0a8359dc7f P a8cbd849c3254aaba0c0c1100a42cfda [term 0 FOLLOWER]: Leader pre-election vote request: Granting yes vote for candidate cdaccd8e203c4d75acc4b7f030ad7973 in term 0.
I20260709 13:17:12.774670 15600 raft_consensus.cc:515] T 3c6692879e9540ceb8e55d0a8359dc7f P 1543d52775c748289567528e107a11ff [term 1 FOLLOWER]: Starting leader election with config: opid_index: -1 OBSOLETE_local: false peers { permanent_uuid: "1543d52775c748289567528e107a11ff" member_type: VOTER last_known_addr { host: "127.14.103.193" port: 38027 } } peers { permanent_uuid: "a8cbd849c3254aaba0c0c1100a42cfda" member_type: VOTER last_known_addr { host: "127.14.103.194" port: 34785 } } peers { permanent_uuid: "cdaccd8e203c4d75acc4b7f030ad7973" member_type: VOTER last_known_addr { host: "127.14.103.195" port: 37631 } }
I20260709 13:17:12.813090 15603 raft_consensus.cc:2804] T 96d4ae14a9c544ffabbb081875ef1888 P 1543d52775c748289567528e107a11ff [term 0 FOLLOWER]: Leader pre-election won for term 1
I20260709 13:17:12.813539 15603 raft_consensus.cc:493] T 96d4ae14a9c544ffabbb081875ef1888 P 1543d52775c748289567528e107a11ff [term 0 FOLLOWER]: Starting leader election (no leader contacted us within the election timeout)
I20260709 13:17:12.813910 15603 raft_consensus.cc:3060] T 96d4ae14a9c544ffabbb081875ef1888 P 1543d52775c748289567528e107a11ff [term 0 FOLLOWER]: Advancing to term 1
I20260709 13:17:12.801908 15599 raft_consensus.cc:493] T 624d53faeb6d49a093541bfdd94fbfef P a8cbd849c3254aaba0c0c1100a42cfda [term 0 FOLLOWER]: Starting pre-election (no leader contacted us within the election timeout)
I20260709 13:17:12.821717 15368 tablet_service.cc:1917] Received RequestConsensusVote() RPC: tablet_id: "bcf2bde2f29843879e2e62ec2c3cfa7a" candidate_uuid: "a8cbd849c3254aaba0c0c1100a42cfda" candidate_term: 1 candidate_status { last_received { term: 0 index: 0 } } ignore_live_leader: false dest_uuid: "1543d52775c748289567528e107a11ff" is_pre_election: true
I20260709 13:17:12.821914 15441 tablet_service.cc:1917] Received RequestConsensusVote() RPC: tablet_id: "ded374c394a24c859e0ed0d8c628a376" candidate_uuid: "cdaccd8e203c4d75acc4b7f030ad7973" candidate_term: 1 candidate_status { last_received { term: 0 index: 0 } } ignore_live_leader: false dest_uuid: "a8cbd849c3254aaba0c0c1100a42cfda" is_pre_election: true
I20260709 13:17:12.822117 15442 tablet_service.cc:1917] Received RequestConsensusVote() RPC: tablet_id: "ef15e61c5f9447fd96f341b80e229009" candidate_uuid: "cdaccd8e203c4d75acc4b7f030ad7973" candidate_term: 1 candidate_status { last_received { term: 0 index: 0 } } ignore_live_leader: false dest_uuid: "a8cbd849c3254aaba0c0c1100a42cfda" is_pre_election: true
I20260709 13:17:12.822455 15368 raft_consensus.cc:2468] T bcf2bde2f29843879e2e62ec2c3cfa7a P 1543d52775c748289567528e107a11ff [term 0 FOLLOWER]: Leader pre-election vote request: Granting yes vote for candidate a8cbd849c3254aaba0c0c1100a42cfda in term 0.
I20260709 13:17:12.822762 15442 raft_consensus.cc:2468] T ef15e61c5f9447fd96f341b80e229009 P a8cbd849c3254aaba0c0c1100a42cfda [term 0 FOLLOWER]: Leader pre-election vote request: Granting yes vote for candidate cdaccd8e203c4d75acc4b7f030ad7973 in term 0.
I20260709 13:17:12.823315 15602 raft_consensus.cc:2804] T 8e3845199bf84335a1bc83cf371e6fd3 P a8cbd849c3254aaba0c0c1100a42cfda [term 0 FOLLOWER]: Leader pre-election won for term 1
I20260709 13:17:12.808377 15565 raft_consensus.cc:515] T e1cc796b74854aeeaa1fe5245e32d8f6 P 1543d52775c748289567528e107a11ff [term 1 FOLLOWER]: Starting leader election with config: opid_index: -1 OBSOLETE_local: false peers { permanent_uuid: "1543d52775c748289567528e107a11ff" member_type: VOTER last_known_addr { host: "127.14.103.193" port: 38027 } } peers { permanent_uuid: "a8cbd849c3254aaba0c0c1100a42cfda" member_type: VOTER last_known_addr { host: "127.14.103.194" port: 34785 } } peers { permanent_uuid: "cdaccd8e203c4d75acc4b7f030ad7973" member_type: VOTER last_known_addr { host: "127.14.103.195" port: 37631 } }
I20260709 13:17:12.825464 15557 ts_tablet_manager.cc:1434] T 8fc7f261772947f5a20a20c57eabaa14 P cdaccd8e203c4d75acc4b7f030ad7973: Time spent starting tablet: real 0.044s	user 0.008s	sys 0.004s
I20260709 13:17:12.824218 15442 tablet_service.cc:1917] Received RequestConsensusVote() RPC: tablet_id: "624d53faeb6d49a093541bfdd94fbfef" candidate_uuid: "cdaccd8e203c4d75acc4b7f030ad7973" candidate_term: 1 candidate_status { last_received { term: 0 index: 0 } } ignore_live_leader: false dest_uuid: "a8cbd849c3254aaba0c0c1100a42cfda" is_pre_election: true
I20260709 13:17:12.826963 15557 tablet_bootstrap.cc:492] T 535cba8669194da8ac4ab200b13597ea P cdaccd8e203c4d75acc4b7f030ad7973: Bootstrap starting.
I20260709 13:17:12.827034 15482 leader_election.cc:304] T 3c6692879e9540ceb8e55d0a8359dc7f P cdaccd8e203c4d75acc4b7f030ad7973 [CANDIDATE]: Term 1 pre-election: Election decided. Result: candidate won. Election summary: received 2 responses out of 3 voters: 2 yes votes; 0 no votes. yes voters: a8cbd849c3254aaba0c0c1100a42cfda, cdaccd8e203c4d75acc4b7f030ad7973; no voters: 
I20260709 13:17:12.828009 15564 raft_consensus.cc:2804] T 3c6692879e9540ceb8e55d0a8359dc7f P cdaccd8e203c4d75acc4b7f030ad7973 [term 0 FOLLOWER]: Leader pre-election won for term 1
I20260709 13:17:12.828408 15564 raft_consensus.cc:493] T 3c6692879e9540ceb8e55d0a8359dc7f P cdaccd8e203c4d75acc4b7f030ad7973 [term 0 FOLLOWER]: Starting leader election (no leader contacted us within the election timeout)
I20260709 13:17:12.828773 15564 raft_consensus.cc:3060] T 3c6692879e9540ceb8e55d0a8359dc7f P cdaccd8e203c4d75acc4b7f030ad7973 [term 0 FOLLOWER]: Advancing to term 1
I20260709 13:17:12.833997 15367 raft_consensus.cc:2393] T e1cc796b74854aeeaa1fe5245e32d8f6 P 1543d52775c748289567528e107a11ff [term 1 FOLLOWER]: Leader pre-election vote request: Denying vote to candidate a8cbd849c3254aaba0c0c1100a42cfda in current term 1: Already voted for candidate 1543d52775c748289567528e107a11ff in this term.
I20260709 13:17:12.834934 15558 ts_tablet_manager.cc:1434] T 535cba8669194da8ac4ab200b13597ea P a8cbd849c3254aaba0c0c1100a42cfda: Time spent starting tablet: real 0.102s	user 0.022s	sys 0.002s
I20260709 13:17:12.836346 15368 tablet_service.cc:1917] Received RequestConsensusVote() RPC: tablet_id: "8fc7f261772947f5a20a20c57eabaa14" candidate_uuid: "a8cbd849c3254aaba0c0c1100a42cfda" candidate_term: 1 candidate_status { last_received { term: 0 index: 0 } } ignore_live_leader: false dest_uuid: "1543d52775c748289567528e107a11ff" is_pre_election: true
