I20260709 13:17:06.622063 15505 catalog_manager.cc:5697] T 0c3ddd6a760b4ce18907522e6e096ff3 P 668cfc1d74d2440cacb6b0a6afb2c50e reported cstate change: term changed from 3 to 4, leader changed from 0ad934ae28874ff083d1c1305fc718d1 (127.15.29.2) to 668cfc1d74d2440cacb6b0a6afb2c50e (127.15.29.1). New cstate: current_term: 4 leader_uuid: "668cfc1d74d2440cacb6b0a6afb2c50e" committed_config { opid_index: -1 OBSOLETE_local: false peers { permanent_uuid: "668cfc1d74d2440cacb6b0a6afb2c50e" member_type: VOTER last_known_addr { host: "127.15.29.1" port: 45219 } health_report { overall_health: HEALTHY } } peers { permanent_uuid: "0ad934ae28874ff083d1c1305fc718d1" member_type: VOTER last_known_addr { host: "127.15.29.2" port: 35253 } health_report { overall_health: UNKNOWN } } peers { permanent_uuid: "ebaa234beb6544fc9c9151e623044058" member_type: VOTER last_known_addr { host: "127.15.29.3" port: 46095 } health_report { overall_health: UNKNOWN } } }
I20260709 13:17:06.628018 15951 raft_consensus.cc:993] T 9612e9531a6343ef9af8c5ca01d50c61 P 0ad934ae28874ff083d1c1305fc718d1: : Instructing follower 668cfc1d74d2440cacb6b0a6afb2c50e to start an election
I20260709 13:17:06.628518 15938 raft_consensus.cc:1081] T 9612e9531a6343ef9af8c5ca01d50c61 P 0ad934ae28874ff083d1c1305fc718d1 [term 2 LEADER]: Signalling peer 668cfc1d74d2440cacb6b0a6afb2c50e to start an election
I20260709 13:17:06.630117 15609 tablet_service.cc:2044] Received Run Leader Election RPC: tablet_id: "9612e9531a6343ef9af8c5ca01d50c61"
dest_uuid: "668cfc1d74d2440cacb6b0a6afb2c50e"
 from {username='slave'} at 127.0.0.1:44182
I20260709 13:17:06.630601 15609 raft_consensus.cc:493] T 9612e9531a6343ef9af8c5ca01d50c61 P 668cfc1d74d2440cacb6b0a6afb2c50e [term 2 FOLLOWER]: Starting forced leader election (received explicit request)
I20260709 13:17:06.630954 15609 raft_consensus.cc:3060] T 9612e9531a6343ef9af8c5ca01d50c61 P 668cfc1d74d2440cacb6b0a6afb2c50e [term 2 FOLLOWER]: Advancing to term 3
I20260709 13:17:06.635375 15609 raft_consensus.cc:515] T 9612e9531a6343ef9af8c5ca01d50c61 P 668cfc1d74d2440cacb6b0a6afb2c50e [term 3 FOLLOWER]: Starting forced leader election with config: opid_index: -1 OBSOLETE_local: false peers { permanent_uuid: "668cfc1d74d2440cacb6b0a6afb2c50e" member_type: VOTER last_known_addr { host: "127.15.29.1" port: 45219 } } peers { permanent_uuid: "0ad934ae28874ff083d1c1305fc718d1" member_type: VOTER last_known_addr { host: "127.15.29.2" port: 35253 } } peers { permanent_uuid: "ebaa234beb6544fc9c9151e623044058" member_type: VOTER last_known_addr { host: "127.15.29.3" port: 46095 } }
I20260709 13:17:06.636854 15609 leader_election.cc:290] T 9612e9531a6343ef9af8c5ca01d50c61 P 668cfc1d74d2440cacb6b0a6afb2c50e [CANDIDATE]: Term 3 election: Requested vote from peers 0ad934ae28874ff083d1c1305fc718d1 (127.15.29.2:35253), ebaa234beb6544fc9c9151e623044058 (127.15.29.3:46095)
I20260709 13:17:06.637687 15682 tablet_service.cc:1917] Received RequestConsensusVote() RPC: tablet_id: "9612e9531a6343ef9af8c5ca01d50c61" candidate_uuid: "668cfc1d74d2440cacb6b0a6afb2c50e" candidate_term: 3 candidate_status { last_received { term: 2 index: 2 } } ignore_live_leader: true dest_uuid: "0ad934ae28874ff083d1c1305fc718d1"
I20260709 13:17:06.637794 15759 tablet_service.cc:1917] Received RequestConsensusVote() RPC: tablet_id: "9612e9531a6343ef9af8c5ca01d50c61" candidate_uuid: "668cfc1d74d2440cacb6b0a6afb2c50e" candidate_term: 3 candidate_status { last_received { term: 2 index: 2 } } ignore_live_leader: true dest_uuid: "ebaa234beb6544fc9c9151e623044058"
I20260709 13:17:06.638314 15682 raft_consensus.cc:3055] T 9612e9531a6343ef9af8c5ca01d50c61 P 0ad934ae28874ff083d1c1305fc718d1 [term 2 LEADER]: Stepping down as leader of term 2
I20260709 13:17:06.638350 15759 raft_consensus.cc:3060] T 9612e9531a6343ef9af8c5ca01d50c61 P ebaa234beb6544fc9c9151e623044058 [term 2 FOLLOWER]: Advancing to term 3
I20260709 13:17:06.638600 15682 raft_consensus.cc:740] T 9612e9531a6343ef9af8c5ca01d50c61 P 0ad934ae28874ff083d1c1305fc718d1 [term 2 LEADER]: Becoming Follower/Learner. State: Replica: 0ad934ae28874ff083d1c1305fc718d1, State: Running, Role: LEADER
I20260709 13:17:06.639420 15682 consensus_queue.cc:260] T 9612e9531a6343ef9af8c5ca01d50c61 P 0ad934ae28874ff083d1c1305fc718d1 [NON_LEADER]: Queue going to NON_LEADER mode. State: All replicated index: 0, Majority replicated index: 2, Committed index: 2, Last appended: 2.2, Last appended by leader: 2, Current term: 2, Majority size: -1, State: 0, Mode: NON_LEADER, active raft config: opid_index: -1 OBSOLETE_local: false peers { permanent_uuid: "668cfc1d74d2440cacb6b0a6afb2c50e" member_type: VOTER last_known_addr { host: "127.15.29.1" port: 45219 } } peers { permanent_uuid: "0ad934ae28874ff083d1c1305fc718d1" member_type: VOTER last_known_addr { host: "127.15.29.2" port: 35253 } } peers { permanent_uuid: "ebaa234beb6544fc9c9151e623044058" member_type: VOTER last_known_addr { host: "127.15.29.3" port: 46095 } }
I20260709 13:17:06.640712 15682 raft_consensus.cc:3060] T 9612e9531a6343ef9af8c5ca01d50c61 P 0ad934ae28874ff083d1c1305fc718d1 [term 2 FOLLOWER]: Advancing to term 3
I20260709 13:17:06.643733 15951 raft_consensus.cc:993] T 5b6fb9cb427a4e92a9931b6f98a88548 P 0ad934ae28874ff083d1c1305fc718d1: : Instructing follower 668cfc1d74d2440cacb6b0a6afb2c50e to start an election
I20260709 13:17:06.644184 15951 raft_consensus.cc:1081] T 5b6fb9cb427a4e92a9931b6f98a88548 P 0ad934ae28874ff083d1c1305fc718d1 [term 3 LEADER]: Signalling peer 668cfc1d74d2440cacb6b0a6afb2c50e to start an election
I20260709 13:17:06.644359 15759 raft_consensus.cc:2468] T 9612e9531a6343ef9af8c5ca01d50c61 P ebaa234beb6544fc9c9151e623044058 [term 3 FOLLOWER]: Leader election vote request: Granting yes vote for candidate 668cfc1d74d2440cacb6b0a6afb2c50e in term 3.
I20260709 13:17:06.645274 15682 raft_consensus.cc:2468] T 9612e9531a6343ef9af8c5ca01d50c61 P 0ad934ae28874ff083d1c1305fc718d1 [term 3 FOLLOWER]: Leader election vote request: Granting yes vote for candidate 668cfc1d74d2440cacb6b0a6afb2c50e in term 3.
I20260709 13:17:06.645764 15576 leader_election.cc:304] T 9612e9531a6343ef9af8c5ca01d50c61 P 668cfc1d74d2440cacb6b0a6afb2c50e [CANDIDATE]: Term 3 election: Election decided. Result: candidate won. Election summary: received 2 responses out of 3 voters: 2 yes votes; 0 no votes. yes voters: 668cfc1d74d2440cacb6b0a6afb2c50e, ebaa234beb6544fc9c9151e623044058; no voters: 
I20260709 13:17:06.645895 15609 tablet_service.cc:2044] Received Run Leader Election RPC: tablet_id: "5b6fb9cb427a4e92a9931b6f98a88548"
dest_uuid: "668cfc1d74d2440cacb6b0a6afb2c50e"
 from {username='slave'} at 127.0.0.1:44182
I20260709 13:17:06.646513 15609 raft_consensus.cc:493] T 5b6fb9cb427a4e92a9931b6f98a88548 P 668cfc1d74d2440cacb6b0a6afb2c50e [term 3 FOLLOWER]: Starting forced leader election (received explicit request)
I20260709 13:17:06.646737 15960 raft_consensus.cc:2804] T 9612e9531a6343ef9af8c5ca01d50c61 P 668cfc1d74d2440cacb6b0a6afb2c50e [term 3 FOLLOWER]: Leader election won for term 3
I20260709 13:17:06.646950 15609 raft_consensus.cc:3060] T 5b6fb9cb427a4e92a9931b6f98a88548 P 668cfc1d74d2440cacb6b0a6afb2c50e [term 3 FOLLOWER]: Advancing to term 4
I20260709 13:17:06.647301 15960 raft_consensus.cc:697] T 9612e9531a6343ef9af8c5ca01d50c61 P 668cfc1d74d2440cacb6b0a6afb2c50e [term 3 LEADER]: Becoming Leader. State: Replica: 668cfc1d74d2440cacb6b0a6afb2c50e, State: Running, Role: LEADER
I20260709 13:17:06.648226 15960 consensus_queue.cc:237] T 9612e9531a6343ef9af8c5ca01d50c61 P 668cfc1d74d2440cacb6b0a6afb2c50e [LEADER]: Queue going to LEADER mode. State: All replicated index: 0, Majority replicated index: 2, Committed index: 2, Last appended: 2.2, Last appended by leader: 2, Current term: 3, Majority size: 2, State: 0, Mode: LEADER, active raft config: opid_index: -1 OBSOLETE_local: false peers { permanent_uuid: "668cfc1d74d2440cacb6b0a6afb2c50e" member_type: VOTER last_known_addr { host: "127.15.29.1" port: 45219 } } peers { permanent_uuid: "0ad934ae28874ff083d1c1305fc718d1" member_type: VOTER last_known_addr { host: "127.15.29.2" port: 35253 } } peers { permanent_uuid: "ebaa234beb6544fc9c9151e623044058" member_type: VOTER last_known_addr { host: "127.15.29.3" port: 46095 } }
I20260709 13:17:06.654114 15609 raft_consensus.cc:515] T 5b6fb9cb427a4e92a9931b6f98a88548 P 668cfc1d74d2440cacb6b0a6afb2c50e [term 4 FOLLOWER]: Starting forced leader election with config: opid_index: -1 OBSOLETE_local: false peers { permanent_uuid: "668cfc1d74d2440cacb6b0a6afb2c50e" member_type: VOTER last_known_addr { host: "127.15.29.1" port: 45219 } } peers { permanent_uuid: "0ad934ae28874ff083d1c1305fc718d1" member_type: VOTER last_known_addr { host: "127.15.29.2" port: 35253 } } peers { permanent_uuid: "ebaa234beb6544fc9c9151e623044058" member_type: VOTER last_known_addr { host: "127.15.29.3" port: 46095 } }
I20260709 13:17:06.656052 15609 leader_election.cc:290] T 5b6fb9cb427a4e92a9931b6f98a88548 P 668cfc1d74d2440cacb6b0a6afb2c50e [CANDIDATE]: Term 4 election: Requested vote from peers 0ad934ae28874ff083d1c1305fc718d1 (127.15.29.2:35253), ebaa234beb6544fc9c9151e623044058 (127.15.29.3:46095)
I20260709 13:17:06.655967 15505 catalog_manager.cc:5697] T 9612e9531a6343ef9af8c5ca01d50c61 P 668cfc1d74d2440cacb6b0a6afb2c50e reported cstate change: term changed from 2 to 3, leader changed from 0ad934ae28874ff083d1c1305fc718d1 (127.15.29.2) to 668cfc1d74d2440cacb6b0a6afb2c50e (127.15.29.1). New cstate: current_term: 3 leader_uuid: "668cfc1d74d2440cacb6b0a6afb2c50e" committed_config { opid_index: -1 OBSOLETE_local: false peers { permanent_uuid: "668cfc1d74d2440cacb6b0a6afb2c50e" member_type: VOTER last_known_addr { host: "127.15.29.1" port: 45219 } health_report { overall_health: HEALTHY } } peers { permanent_uuid: "0ad934ae28874ff083d1c1305fc718d1" member_type: VOTER last_known_addr { host: "127.15.29.2" port: 35253 } health_report { overall_health: UNKNOWN } } peers { permanent_uuid: "ebaa234beb6544fc9c9151e623044058" member_type: VOTER last_known_addr { host: "127.15.29.3" port: 46095 } health_report { overall_health: UNKNOWN } } }
I20260709 13:17:06.659222 15682 tablet_service.cc:1917] Received RequestConsensusVote() RPC: tablet_id: "5b6fb9cb427a4e92a9931b6f98a88548" candidate_uuid: "668cfc1d74d2440cacb6b0a6afb2c50e" candidate_term: 4 candidate_status { last_received { term: 3 index: 2 } } ignore_live_leader: true dest_uuid: "0ad934ae28874ff083d1c1305fc718d1"
I20260709 13:17:06.659739 15682 raft_consensus.cc:3055] T 5b6fb9cb427a4e92a9931b6f98a88548 P 0ad934ae28874ff083d1c1305fc718d1 [term 3 LEADER]: Stepping down as leader of term 3
I20260709 13:17:06.660009 15682 raft_consensus.cc:740] T 5b6fb9cb427a4e92a9931b6f98a88548 P 0ad934ae28874ff083d1c1305fc718d1 [term 3 LEADER]: Becoming Follower/Learner. State: Replica: 0ad934ae28874ff083d1c1305fc718d1, State: Running, Role: LEADER
I20260709 13:17:06.659940 15759 tablet_service.cc:1917] Received RequestConsensusVote() RPC: tablet_id: "5b6fb9cb427a4e92a9931b6f98a88548" candidate_uuid: "668cfc1d74d2440cacb6b0a6afb2c50e" candidate_term: 4 candidate_status { last_received { term: 3 index: 2 } } ignore_live_leader: true dest_uuid: "ebaa234beb6544fc9c9151e623044058"
I20260709 13:17:06.660600 15759 raft_consensus.cc:3060] T 5b6fb9cb427a4e92a9931b6f98a88548 P ebaa234beb6544fc9c9151e623044058 [term 3 FOLLOWER]: Advancing to term 4
I20260709 13:17:06.660789 15682 consensus_queue.cc:260] T 5b6fb9cb427a4e92a9931b6f98a88548 P 0ad934ae28874ff083d1c1305fc718d1 [NON_LEADER]: Queue going to NON_LEADER mode. State: All replicated index: 0, Majority replicated index: 2, Committed index: 2, Last appended: 3.2, Last appended by leader: 2, Current term: 3, Majority size: -1, State: 0, Mode: NON_LEADER, active raft config: opid_index: -1 OBSOLETE_local: false peers { permanent_uuid: "668cfc1d74d2440cacb6b0a6afb2c50e" member_type: VOTER last_known_addr { host: "127.15.29.1" port: 45219 } } peers { permanent_uuid: "0ad934ae28874ff083d1c1305fc718d1" member_type: VOTER last_known_addr { host: "127.15.29.2" port: 35253 } } peers { permanent_uuid: "ebaa234beb6544fc9c9151e623044058" member_type: VOTER last_known_addr { host: "127.15.29.3" port: 46095 } }
I20260709 13:17:06.661947 15682 raft_consensus.cc:3060] T 5b6fb9cb427a4e92a9931b6f98a88548 P 0ad934ae28874ff083d1c1305fc718d1 [term 3 FOLLOWER]: Advancing to term 4
I20260709 13:17:06.666997 15759 raft_consensus.cc:2468] T 5b6fb9cb427a4e92a9931b6f98a88548 P ebaa234beb6544fc9c9151e623044058 [term 4 FOLLOWER]: Leader election vote request: Granting yes vote for candidate 668cfc1d74d2440cacb6b0a6afb2c50e in term 4.
I20260709 13:17:06.667966 15576 leader_election.cc:304] T 5b6fb9cb427a4e92a9931b6f98a88548 P 668cfc1d74d2440cacb6b0a6afb2c50e [CANDIDATE]: Term 4 election: Election decided. Result: candidate won. Election summary: received 2 responses out of 3 voters: 2 yes votes; 0 no votes. yes voters: 668cfc1d74d2440cacb6b0a6afb2c50e, ebaa234beb6544fc9c9151e623044058; no voters: 
I20260709 13:17:06.668710 15960 raft_consensus.cc:2804] T 5b6fb9cb427a4e92a9931b6f98a88548 P 668cfc1d74d2440cacb6b0a6afb2c50e [term 4 FOLLOWER]: Leader election won for term 4
I20260709 13:17:06.668870 15682 raft_consensus.cc:2468] T 5b6fb9cb427a4e92a9931b6f98a88548 P 0ad934ae28874ff083d1c1305fc718d1 [term 4 FOLLOWER]: Leader election vote request: Granting yes vote for candidate 668cfc1d74d2440cacb6b0a6afb2c50e in term 4.
I20260709 13:17:06.669173 15960 raft_consensus.cc:697] T 5b6fb9cb427a4e92a9931b6f98a88548 P 668cfc1d74d2440cacb6b0a6afb2c50e [term 4 LEADER]: Becoming Leader. State: Replica: 668cfc1d74d2440cacb6b0a6afb2c50e, State: Running, Role: LEADER
I20260709 13:17:06.670112 15960 consensus_queue.cc:237] T 5b6fb9cb427a4e92a9931b6f98a88548 P 668cfc1d74d2440cacb6b0a6afb2c50e [LEADER]: Queue going to LEADER mode. State: All replicated index: 0, Majority replicated index: 2, Committed index: 2, Last appended: 3.2, Last appended by leader: 2, Current term: 4, Majority size: 2, State: 0, Mode: LEADER, active raft config: opid_index: -1 OBSOLETE_local: false peers { permanent_uuid: "668cfc1d74d2440cacb6b0a6afb2c50e" member_type: VOTER last_known_addr { host: "127.15.29.1" port: 45219 } } peers { permanent_uuid: "0ad934ae28874ff083d1c1305fc718d1" member_type: VOTER last_known_addr { host: "127.15.29.2" port: 35253 } } peers { permanent_uuid: "ebaa234beb6544fc9c9151e623044058" member_type: VOTER last_known_addr { host: "127.15.29.3" port: 46095 } }
I20260709 13:17:06.682516 15505 catalog_manager.cc:5697] T 5b6fb9cb427a4e92a9931b6f98a88548 P 668cfc1d74d2440cacb6b0a6afb2c50e reported cstate change: term changed from 3 to 4, leader changed from 0ad934ae28874ff083d1c1305fc718d1 (127.15.29.2) to 668cfc1d74d2440cacb6b0a6afb2c50e (127.15.29.1). New cstate: current_term: 4 leader_uuid: "668cfc1d74d2440cacb6b0a6afb2c50e" committed_config { opid_index: -1 OBSOLETE_local: false peers { permanent_uuid: "668cfc1d74d2440cacb6b0a6afb2c50e" member_type: VOTER last_known_addr { host: "127.15.29.1" port: 45219 } health_report { overall_health: HEALTHY } } peers { permanent_uuid: "0ad934ae28874ff083d1c1305fc718d1" member_type: VOTER last_known_addr { host: "127.15.29.2" port: 35253 } health_report { overall_health: UNKNOWN } } peers { permanent_uuid: "ebaa234beb6544fc9c9151e623044058" member_type: VOTER last_known_addr { host: "127.15.29.3" port: 46095 } health_report { overall_health: UNKNOWN } } }
I20260709 13:17:06.869482 15682 raft_consensus.cc:1275] T b6ca0bf372de4e199c8636d495a01040 P 0ad934ae28874ff083d1c1305fc718d1 [term 3 FOLLOWER]: Refusing update from remote peer ebaa234beb6544fc9c9151e623044058: Log matching property violated. Preceding OpId in replica: term: 2 index: 2. Preceding OpId from leader: term: 3 index: 3. (index mismatch)
I20260709 13:17:06.870725 15953 consensus_queue.cc:1048] T b6ca0bf372de4e199c8636d495a01040 P ebaa234beb6544fc9c9151e623044058 [LEADER]: Connected to new peer: Peer: permanent_uuid: "0ad934ae28874ff083d1c1305fc718d1" member_type: VOTER last_known_addr { host: "127.15.29.2" port: 35253 }, Status: LMP_MISMATCH, Last received: 0.0, Next index: 3, Last known committed idx: 2, Time since last communication: 0.000s
I20260709 13:17:06.882972 15609 raft_consensus.cc:1275] T b6ca0bf372de4e199c8636d495a01040 P 668cfc1d74d2440cacb6b0a6afb2c50e [term 3 FOLLOWER]: Refusing update from remote peer ebaa234beb6544fc9c9151e623044058: Log matching property violated. Preceding OpId in replica: term: 2 index: 2. Preceding OpId from leader: term: 3 index: 3. (index mismatch)
I20260709 13:17:06.883598 15610 raft_consensus.cc:1275] T 701ac14f84214ca6a9ff6c7be2291ef2 P 668cfc1d74d2440cacb6b0a6afb2c50e [term 4 FOLLOWER]: Refusing update from remote peer ebaa234beb6544fc9c9151e623044058: Log matching property violated. Preceding OpId in replica: term: 3 index: 3. Preceding OpId from leader: term: 4 index: 4. (index mismatch)
I20260709 13:17:06.885903 15953 consensus_queue.cc:1048] T b6ca0bf372de4e199c8636d495a01040 P ebaa234beb6544fc9c9151e623044058 [LEADER]: Connected to new peer: Peer: permanent_uuid: "668cfc1d74d2440cacb6b0a6afb2c50e" member_type: VOTER last_known_addr { host: "127.15.29.1" port: 45219 }, Status: LMP_MISMATCH, Last received: 0.0, Next index: 3, Last known committed idx: 2, Time since last communication: 0.000s
I20260709 13:17:06.886087 15967 consensus_queue.cc:1048] T 701ac14f84214ca6a9ff6c7be2291ef2 P ebaa234beb6544fc9c9151e623044058 [LEADER]: Connected to new peer: Peer: permanent_uuid: "668cfc1d74d2440cacb6b0a6afb2c50e" member_type: VOTER last_known_addr { host: "127.15.29.1" port: 45219 }, Status: LMP_MISMATCH, Last received: 0.0, Next index: 4, Last known committed idx: 3, Time since last communication: 0.001s
I20260709 13:17:06.897502 15682 raft_consensus.cc:1275] T 701ac14f84214ca6a9ff6c7be2291ef2 P 0ad934ae28874ff083d1c1305fc718d1 [term 4 FOLLOWER]: Refusing update from remote peer ebaa234beb6544fc9c9151e623044058: Log matching property violated. Preceding OpId in replica: term: 3 index: 3. Preceding OpId from leader: term: 4 index: 4. (index mismatch)
I20260709 13:17:06.898914 15950 consensus_queue.cc:1048] T 701ac14f84214ca6a9ff6c7be2291ef2 P ebaa234beb6544fc9c9151e623044058 [LEADER]: Connected to new peer: Peer: permanent_uuid: "0ad934ae28874ff083d1c1305fc718d1" member_type: VOTER last_known_addr { host: "127.15.29.2" port: 35253 }, Status: LMP_MISMATCH, Last received: 0.0, Next index: 4, Last known committed idx: 3, Time since last communication: 0.000s
I20260709 13:17:07.120815 15759 raft_consensus.cc:1275] T 5b6fb9cb427a4e92a9931b6f98a88548 P ebaa234beb6544fc9c9151e623044058 [term 4 FOLLOWER]: Refusing update from remote peer 668cfc1d74d2440cacb6b0a6afb2c50e: Log matching property violated. Preceding OpId in replica: term: 3 index: 2. Preceding OpId from leader: term: 4 index: 3. (index mismatch)
I20260709 13:17:07.121989 15960 consensus_queue.cc:1048] T 5b6fb9cb427a4e92a9931b6f98a88548 P 668cfc1d74d2440cacb6b0a6afb2c50e [LEADER]: Connected to new peer: Peer: permanent_uuid: "ebaa234beb6544fc9c9151e623044058" member_type: VOTER last_known_addr { host: "127.15.29.3" port: 46095 }, Status: LMP_MISMATCH, Last received: 0.0, Next index: 3, Last known committed idx: 2, Time since last communication: 0.000s
I20260709 13:17:07.130405 15682 raft_consensus.cc:1275] T 5b6fb9cb427a4e92a9931b6f98a88548 P 0ad934ae28874ff083d1c1305fc718d1 [term 4 FOLLOWER]: Refusing update from remote peer 668cfc1d74d2440cacb6b0a6afb2c50e: Log matching property violated. Preceding OpId in replica: term: 3 index: 2. Preceding OpId from leader: term: 4 index: 3. (index mismatch)
I20260709 13:17:07.133478 15975 consensus_queue.cc:1048] T 5b6fb9cb427a4e92a9931b6f98a88548 P 668cfc1d74d2440cacb6b0a6afb2c50e [LEADER]: Connected to new peer: Peer: permanent_uuid: "0ad934ae28874ff083d1c1305fc718d1" member_type: VOTER last_known_addr { host: "127.15.29.2" port: 35253 }, Status: LMP_MISMATCH, Last received: 0.0, Next index: 3, Last known committed idx: 2, Time since last communication: 0.001s
I20260709 13:17:07.163763 15682 raft_consensus.cc:1275] T 9612e9531a6343ef9af8c5ca01d50c61 P 0ad934ae28874ff083d1c1305fc718d1 [term 3 FOLLOWER]: Refusing update from remote peer 668cfc1d74d2440cacb6b0a6afb2c50e: Log matching property violated. Preceding OpId in replica: term: 2 index: 2. Preceding OpId from leader: term: 3 index: 3. (index mismatch)
I20260709 13:17:07.164897 15975 consensus_queue.cc:1048] T 9612e9531a6343ef9af8c5ca01d50c61 P 668cfc1d74d2440cacb6b0a6afb2c50e [LEADER]: Connected to new peer: Peer: permanent_uuid: "0ad934ae28874ff083d1c1305fc718d1" member_type: VOTER last_known_addr { host: "127.15.29.2" port: 35253 }, Status: LMP_MISMATCH, Last received: 0.0, Next index: 3, Last known committed idx: 2, Time since last communication: 0.000s
I20260709 13:17:07.173269 15759 raft_consensus.cc:1275] T 9612e9531a6343ef9af8c5ca01d50c61 P ebaa234beb6544fc9c9151e623044058 [term 3 FOLLOWER]: Refusing update from remote peer 668cfc1d74d2440cacb6b0a6afb2c50e: Log matching property violated. Preceding OpId in replica: term: 2 index: 2. Preceding OpId from leader: term: 3 index: 3. (index mismatch)
I20260709 13:17:07.175160 15960 consensus_queue.cc:1048] T 9612e9531a6343ef9af8c5ca01d50c61 P 668cfc1d74d2440cacb6b0a6afb2c50e [LEADER]: Connected to new peer: Peer: permanent_uuid: "ebaa234beb6544fc9c9151e623044058" member_type: VOTER last_known_addr { host: "127.15.29.3" port: 46095 }, Status: LMP_MISMATCH, Last received: 0.0, Next index: 3, Last known committed idx: 2, Time since last communication: 0.000s
I20260709 13:17:07.192553 15759 raft_consensus.cc:1275] T 0c3ddd6a760b4ce18907522e6e096ff3 P ebaa234beb6544fc9c9151e623044058 [term 4 FOLLOWER]: Refusing update from remote peer 668cfc1d74d2440cacb6b0a6afb2c50e: Log matching property violated. Preceding OpId in replica: term: 3 index: 3. Preceding OpId from leader: term: 4 index: 4. (index mismatch)
I20260709 13:17:07.193708 15960 consensus_queue.cc:1048] T 0c3ddd6a760b4ce18907522e6e096ff3 P 668cfc1d74d2440cacb6b0a6afb2c50e [LEADER]: Connected to new peer: Peer: permanent_uuid: "ebaa234beb6544fc9c9151e623044058" member_type: VOTER last_known_addr { host: "127.15.29.3" port: 46095 }, Status: LMP_MISMATCH, Last received: 0.0, Next index: 4, Last known committed idx: 3, Time since last communication: 0.000s
I20260709 13:17:07.202555 15682 raft_consensus.cc:1275] T 0c3ddd6a760b4ce18907522e6e096ff3 P 0ad934ae28874ff083d1c1305fc718d1 [term 4 FOLLOWER]: Refusing update from remote peer 668cfc1d74d2440cacb6b0a6afb2c50e: Log matching property violated. Preceding OpId in replica: term: 3 index: 3. Preceding OpId from leader: term: 4 index: 4. (index mismatch)
I20260709 13:17:07.203995 15960 consensus_queue.cc:1048] T 0c3ddd6a760b4ce18907522e6e096ff3 P 668cfc1d74d2440cacb6b0a6afb2c50e [LEADER]: Connected to new peer: Peer: permanent_uuid: "0ad934ae28874ff083d1c1305fc718d1" member_type: VOTER last_known_addr { host: "127.15.29.2" port: 35253 }, Status: LMP_MISMATCH, Last received: 0.0, Next index: 4, Last known committed idx: 3, Time since last communication: 0.000s
I20260709 13:17:07.236099 15476 auto_leader_rebalancer.cc:141] leader rebalance for table test-workload
I20260709 13:17:07.241596 15476 tablet_server.cc:179] TabletServer@127.15.29.1:0 shutting down...
W20260709 13:17:07.246269 15723 proxy.cc:239] Call had error, refreshing address and retrying: Remote error: Service unavailable: service kudu.consensus.ConsensusService not registered on TabletServer
W20260709 13:17:07.250219 15723 consensus_peers.cc:597] T 0d1c6bccba264b9b9301ef8b1bde7e8e P ebaa234beb6544fc9c9151e623044058 -> Peer 668cfc1d74d2440cacb6b0a6afb2c50e (127.15.29.1:45219): Couldn't send request to peer 668cfc1d74d2440cacb6b0a6afb2c50e. Status: Remote error: Service unavailable: service kudu.consensus.ConsensusService not registered on TabletServer. This is attempt 1: this message will repeat every 5th retry.
I20260709 13:17:07.271317 15476 ts_tablet_manager.cc:1507] Shutting down tablet manager...
I20260709 13:17:07.271970 15476 tablet_replica.cc:333] T 0d1c6bccba264b9b9301ef8b1bde7e8e P 668cfc1d74d2440cacb6b0a6afb2c50e: stopping tablet replica
I20260709 13:17:07.272675 15476 raft_consensus.cc:2243] T 0d1c6bccba264b9b9301ef8b1bde7e8e P 668cfc1d74d2440cacb6b0a6afb2c50e [term 1 FOLLOWER]: Raft consensus shutting down.
I20260709 13:17:07.273188 15476 raft_consensus.cc:2272] T 0d1c6bccba264b9b9301ef8b1bde7e8e P 668cfc1d74d2440cacb6b0a6afb2c50e [term 1 FOLLOWER]: Raft consensus is shut down!
I20260709 13:17:07.275584 15476 tablet_replica.cc:333] T ea0971e8177a4bf99eb967030baf8483 P 668cfc1d74d2440cacb6b0a6afb2c50e: stopping tablet replica
I20260709 13:17:07.276106 15476 raft_consensus.cc:2243] T ea0971e8177a4bf99eb967030baf8483 P 668cfc1d74d2440cacb6b0a6afb2c50e [term 4 FOLLOWER]: Raft consensus shutting down.
I20260709 13:17:07.276552 15476 raft_consensus.cc:2272] T ea0971e8177a4bf99eb967030baf8483 P 668cfc1d74d2440cacb6b0a6afb2c50e [term 4 FOLLOWER]: Raft consensus is shut down!
I20260709 13:17:07.278203 15476 tablet_replica.cc:333] T 089885ab0d8541f5a1853955cc74c166 P 668cfc1d74d2440cacb6b0a6afb2c50e: stopping tablet replica
I20260709 13:17:07.278687 15476 raft_consensus.cc:2243] T 089885ab0d8541f5a1853955cc74c166 P 668cfc1d74d2440cacb6b0a6afb2c50e [term 2 FOLLOWER]: Raft consensus shutting down.
I20260709 13:17:07.279198 15476 raft_consensus.cc:2272] T 089885ab0d8541f5a1853955cc74c166 P 668cfc1d74d2440cacb6b0a6afb2c50e [term 2 FOLLOWER]: Raft consensus is shut down!
I20260709 13:17:07.280889 15476 tablet_replica.cc:333] T 701ac14f84214ca6a9ff6c7be2291ef2 P 668cfc1d74d2440cacb6b0a6afb2c50e: stopping tablet replica
I20260709 13:17:07.281386 15476 raft_consensus.cc:2243] T 701ac14f84214ca6a9ff6c7be2291ef2 P 668cfc1d74d2440cacb6b0a6afb2c50e [term 4 FOLLOWER]: Raft consensus shutting down.
I20260709 13:17:07.281816 15476 raft_consensus.cc:2272] T 701ac14f84214ca6a9ff6c7be2291ef2 P 668cfc1d74d2440cacb6b0a6afb2c50e [term 4 FOLLOWER]: Raft consensus is shut down!
I20260709 13:17:07.284049 15476 tablet_replica.cc:333] T b6ca0bf372de4e199c8636d495a01040 P 668cfc1d74d2440cacb6b0a6afb2c50e: stopping tablet replica
I20260709 13:17:07.284569 15476 raft_consensus.cc:2243] T b6ca0bf372de4e199c8636d495a01040 P 668cfc1d74d2440cacb6b0a6afb2c50e [term 3 FOLLOWER]: Raft consensus shutting down.
I20260709 13:17:07.285035 15476 raft_consensus.cc:2272] T b6ca0bf372de4e199c8636d495a01040 P 668cfc1d74d2440cacb6b0a6afb2c50e [term 3 FOLLOWER]: Raft consensus is shut down!
I20260709 13:17:07.287133 15476 tablet_replica.cc:333] T 5b6fb9cb427a4e92a9931b6f98a88548 P 668cfc1d74d2440cacb6b0a6afb2c50e: stopping tablet replica
I20260709 13:17:07.287665 15476 raft_consensus.cc:2243] T 5b6fb9cb427a4e92a9931b6f98a88548 P 668cfc1d74d2440cacb6b0a6afb2c50e [term 4 LEADER]: Raft consensus shutting down.
I20260709 13:17:07.288453 15476 raft_consensus.cc:2272] T 5b6fb9cb427a4e92a9931b6f98a88548 P 668cfc1d74d2440cacb6b0a6afb2c50e [term 4 FOLLOWER]: Raft consensus is shut down!
I20260709 13:17:07.290503 15476 tablet_replica.cc:333] T 9612e9531a6343ef9af8c5ca01d50c61 P 668cfc1d74d2440cacb6b0a6afb2c50e: stopping tablet replica
I20260709 13:17:07.291146 15476 raft_consensus.cc:2243] T 9612e9531a6343ef9af8c5ca01d50c61 P 668cfc1d74d2440cacb6b0a6afb2c50e [term 3 LEADER]: Raft consensus shutting down.
I20260709 13:17:07.291968 15476 raft_consensus.cc:2272] T 9612e9531a6343ef9af8c5ca01d50c61 P 668cfc1d74d2440cacb6b0a6afb2c50e [term 3 FOLLOWER]: Raft consensus is shut down!
I20260709 13:17:07.294473 15476 tablet_replica.cc:333] T 8dda50be1bbe4c698a0bab707d89017a P 668cfc1d74d2440cacb6b0a6afb2c50e: stopping tablet replica
I20260709 13:17:07.294952 15476 raft_consensus.cc:2243] T 8dda50be1bbe4c698a0bab707d89017a P 668cfc1d74d2440cacb6b0a6afb2c50e [term 4 FOLLOWER]: Raft consensus shutting down.
I20260709 13:17:07.295320 15476 raft_consensus.cc:2272] T 8dda50be1bbe4c698a0bab707d89017a P 668cfc1d74d2440cacb6b0a6afb2c50e [term 4 FOLLOWER]: Raft consensus is shut down!
I20260709 13:17:07.296921 15476 tablet_replica.cc:333] T 0c3ddd6a760b4ce18907522e6e096ff3 P 668cfc1d74d2440cacb6b0a6afb2c50e: stopping tablet replica
I20260709 13:17:07.297310 15476 raft_consensus.cc:2243] T 0c3ddd6a760b4ce18907522e6e096ff3 P 668cfc1d74d2440cacb6b0a6afb2c50e [term 4 LEADER]: Raft consensus shutting down.
I20260709 13:17:07.297941 15476 raft_consensus.cc:2272] T 0c3ddd6a760b4ce18907522e6e096ff3 P 668cfc1d74d2440cacb6b0a6afb2c50e [term 4 FOLLOWER]: Raft consensus is shut down!
I20260709 13:17:07.402235 15476 tablet_server.cc:196] TabletServer@127.15.29.1:0 shutdown complete.
W20260709 13:17:07.403381 15723 consensus_peers.cc:597] T 701ac14f84214ca6a9ff6c7be2291ef2 P ebaa234beb6544fc9c9151e623044058 -> Peer 668cfc1d74d2440cacb6b0a6afb2c50e (127.15.29.1:45219): Couldn't send request to peer 668cfc1d74d2440cacb6b0a6afb2c50e. Status: Network error: Client connection negotiation failed: client connection to 127.15.29.1:45219: connect: Connection refused (error 111). This is attempt 1: this message will repeat every 5th retry.
W20260709 13:17:07.405175 15649 consensus_peers.cc:597] T 089885ab0d8541f5a1853955cc74c166 P 0ad934ae28874ff083d1c1305fc718d1 -> Peer 668cfc1d74d2440cacb6b0a6afb2c50e (127.15.29.1:45219): Couldn't send request to peer 668cfc1d74d2440cacb6b0a6afb2c50e. Status: Network error: Client connection negotiation failed: client connection to 127.15.29.1:45219: connect: Connection refused (error 111). This is attempt 1: this message will repeat every 5th retry.
W20260709 13:17:07.405560 15649 consensus_peers.cc:597] T ea0971e8177a4bf99eb967030baf8483 P 0ad934ae28874ff083d1c1305fc718d1 -> Peer 668cfc1d74d2440cacb6b0a6afb2c50e (127.15.29.1:45219): Couldn't send request to peer 668cfc1d74d2440cacb6b0a6afb2c50e. Status: Network error: Client connection negotiation failed: client connection to 127.15.29.1:45219: connect: Connection refused (error 111). This is attempt 1: this message will repeat every 5th retry.
W20260709 13:17:07.405862 15649 consensus_peers.cc:597] T 8dda50be1bbe4c698a0bab707d89017a P 0ad934ae28874ff083d1c1305fc718d1 -> Peer 668cfc1d74d2440cacb6b0a6afb2c50e (127.15.29.1:45219): Couldn't send request to peer 668cfc1d74d2440cacb6b0a6afb2c50e. Status: Network error: Client connection negotiation failed: client connection to 127.15.29.1:45219: connect: Connection refused (error 111). This is attempt 1: this message will repeat every 5th retry.
I20260709 13:17:07.420779 15476 tablet_server.cc:179] TabletServer@127.15.29.2:0 shutting down...
I20260709 13:17:07.451659 15476 ts_tablet_manager.cc:1507] Shutting down tablet manager...
I20260709 13:17:07.452447 15476 tablet_replica.cc:333] T b6ca0bf372de4e199c8636d495a01040 P 0ad934ae28874ff083d1c1305fc718d1: stopping tablet replica
I20260709 13:17:07.453042 15476 raft_consensus.cc:2243] T b6ca0bf372de4e199c8636d495a01040 P 0ad934ae28874ff083d1c1305fc718d1 [term 3 FOLLOWER]: Raft consensus shutting down.
I20260709 13:17:07.453493 15476 raft_consensus.cc:2272] T b6ca0bf372de4e199c8636d495a01040 P 0ad934ae28874ff083d1c1305fc718d1 [term 3 FOLLOWER]: Raft consensus is shut down!
I20260709 13:17:07.455643 15476 tablet_replica.cc:333] T 0d1c6bccba264b9b9301ef8b1bde7e8e P 0ad934ae28874ff083d1c1305fc718d1: stopping tablet replica
I20260709 13:17:07.456192 15476 raft_consensus.cc:2243] T 0d1c6bccba264b9b9301ef8b1bde7e8e P 0ad934ae28874ff083d1c1305fc718d1 [term 1 FOLLOWER]: Raft consensus shutting down.
I20260709 13:17:07.456660 15476 raft_consensus.cc:2272] T 0d1c6bccba264b9b9301ef8b1bde7e8e P 0ad934ae28874ff083d1c1305fc718d1 [term 1 FOLLOWER]: Raft consensus is shut down!
I20260709 13:17:07.458345 15476 tablet_replica.cc:333] T ea0971e8177a4bf99eb967030baf8483 P 0ad934ae28874ff083d1c1305fc718d1: stopping tablet replica
I20260709 13:17:07.458835 15476 raft_consensus.cc:2243] T ea0971e8177a4bf99eb967030baf8483 P 0ad934ae28874ff083d1c1305fc718d1 [term 4 LEADER]: Raft consensus shutting down.
I20260709 13:17:07.459641 15476 raft_consensus.cc:2272] T ea0971e8177a4bf99eb967030baf8483 P 0ad934ae28874ff083d1c1305fc718d1 [term 4 FOLLOWER]: Raft consensus is shut down!
I20260709 13:17:07.461263 15476 tablet_replica.cc:333] T 5b6fb9cb427a4e92a9931b6f98a88548 P 0ad934ae28874ff083d1c1305fc718d1: stopping tablet replica
I20260709 13:17:07.461786 15476 raft_consensus.cc:2243] T 5b6fb9cb427a4e92a9931b6f98a88548 P 0ad934ae28874ff083d1c1305fc718d1 [term 4 FOLLOWER]: Raft consensus shutting down.
I20260709 13:17:07.462186 15476 raft_consensus.cc:2272] T 5b6fb9cb427a4e92a9931b6f98a88548 P 0ad934ae28874ff083d1c1305fc718d1 [term 4 FOLLOWER]: Raft consensus is shut down!
I20260709 13:17:07.464572 15476 tablet_replica.cc:333] T 089885ab0d8541f5a1853955cc74c166 P 0ad934ae28874ff083d1c1305fc718d1: stopping tablet replica
I20260709 13:17:07.465041 15476 raft_consensus.cc:2243] T 089885ab0d8541f5a1853955cc74c166 P 0ad934ae28874ff083d1c1305fc718d1 [term 2 LEADER]: Raft consensus shutting down.
I20260709 13:17:07.465765 15476 raft_consensus.cc:2272] T 089885ab0d8541f5a1853955cc74c166 P 0ad934ae28874ff083d1c1305fc718d1 [term 2 FOLLOWER]: Raft consensus is shut down!
I20260709 13:17:07.467501 15476 tablet_replica.cc:333] T 701ac14f84214ca6a9ff6c7be2291ef2 P 0ad934ae28874ff083d1c1305fc718d1: stopping tablet replica
I20260709 13:17:07.467988 15476 raft_consensus.cc:2243] T 701ac14f84214ca6a9ff6c7be2291ef2 P 0ad934ae28874ff083d1c1305fc718d1 [term 4 FOLLOWER]: Raft consensus shutting down.
I20260709 13:17:07.468382 15476 raft_consensus.cc:2272] T 701ac14f84214ca6a9ff6c7be2291ef2 P 0ad934ae28874ff083d1c1305fc718d1 [term 4 FOLLOWER]: Raft consensus is shut down!
I20260709 13:17:07.470400 15476 tablet_replica.cc:333] T 0c3ddd6a760b4ce18907522e6e096ff3 P 0ad934ae28874ff083d1c1305fc718d1: stopping tablet replica
I20260709 13:17:07.470929 15476 raft_consensus.cc:2243] T 0c3ddd6a760b4ce18907522e6e096ff3 P 0ad934ae28874ff083d1c1305fc718d1 [term 4 FOLLOWER]: Raft consensus shutting down.
I20260709 13:17:07.471359 15476 raft_consensus.cc:2272] T 0c3ddd6a760b4ce18907522e6e096ff3 P 0ad934ae28874ff083d1c1305fc718d1 [term 4 FOLLOWER]: Raft consensus is shut down!
I20260709 13:17:07.473284 15476 tablet_replica.cc:333] T 9612e9531a6343ef9af8c5ca01d50c61 P 0ad934ae28874ff083d1c1305fc718d1: stopping tablet replica
I20260709 13:17:07.473779 15476 raft_consensus.cc:2243] T 9612e9531a6343ef9af8c5ca01d50c61 P 0ad934ae28874ff083d1c1305fc718d1 [term 3 FOLLOWER]: Raft consensus shutting down.
I20260709 13:17:07.474172 15476 raft_consensus.cc:2272] T 9612e9531a6343ef9af8c5ca01d50c61 P 0ad934ae28874ff083d1c1305fc718d1 [term 3 FOLLOWER]: Raft consensus is shut down!
I20260709 13:17:07.476140 15476 tablet_replica.cc:333] T 8dda50be1bbe4c698a0bab707d89017a P 0ad934ae28874ff083d1c1305fc718d1: stopping tablet replica
I20260709 13:17:07.476601 15476 raft_consensus.cc:2243] T 8dda50be1bbe4c698a0bab707d89017a P 0ad934ae28874ff083d1c1305fc718d1 [term 4 LEADER]: Raft consensus shutting down.
I20260709 13:17:07.477360 15476 raft_consensus.cc:2272] T 8dda50be1bbe4c698a0bab707d89017a P 0ad934ae28874ff083d1c1305fc718d1 [term 4 FOLLOWER]: Raft consensus is shut down!
W20260709 13:17:07.493242 15723 consensus_peers.cc:597] T b6ca0bf372de4e199c8636d495a01040 P ebaa234beb6544fc9c9151e623044058 -> Peer 668cfc1d74d2440cacb6b0a6afb2c50e (127.15.29.1:45219): Couldn't send request to peer 668cfc1d74d2440cacb6b0a6afb2c50e. Status: Network error: Client connection negotiation failed: client connection to 127.15.29.1:45219: connect: Connection refused (error 111). This is attempt 1: this message will repeat every 5th retry.
I20260709 13:17:07.508221 15476 tablet_server.cc:196] TabletServer@127.15.29.2:0 shutdown complete.
I20260709 13:17:07.525627 15476 tablet_server.cc:179] TabletServer@127.15.29.3:0 shutting down...
I20260709 13:17:07.548230 15476 ts_tablet_manager.cc:1507] Shutting down tablet manager...
I20260709 13:17:07.548919 15476 tablet_replica.cc:333] T 0d1c6bccba264b9b9301ef8b1bde7e8e P ebaa234beb6544fc9c9151e623044058: stopping tablet replica
I20260709 13:17:07.549633 15476 raft_consensus.cc:2243] T 0d1c6bccba264b9b9301ef8b1bde7e8e P ebaa234beb6544fc9c9151e623044058 [term 1 LEADER]: Raft consensus shutting down.
I20260709 13:17:07.550347 15476 raft_consensus.cc:2272] T 0d1c6bccba264b9b9301ef8b1bde7e8e P ebaa234beb6544fc9c9151e623044058 [term 1 FOLLOWER]: Raft consensus is shut down!
I20260709 13:17:07.552151 15476 tablet_replica.cc:333] T b6ca0bf372de4e199c8636d495a01040 P ebaa234beb6544fc9c9151e623044058: stopping tablet replica
I20260709 13:17:07.552667 15476 raft_consensus.cc:2243] T b6ca0bf372de4e199c8636d495a01040 P ebaa234beb6544fc9c9151e623044058 [term 3 LEADER]: Raft consensus shutting down.
I20260709 13:17:07.553411 15476 raft_consensus.cc:2272] T b6ca0bf372de4e199c8636d495a01040 P ebaa234beb6544fc9c9151e623044058 [term 3 FOLLOWER]: Raft consensus is shut down!
I20260709 13:17:07.555369 15476 tablet_replica.cc:333] T ea0971e8177a4bf99eb967030baf8483 P ebaa234beb6544fc9c9151e623044058: stopping tablet replica
I20260709 13:17:07.555891 15476 raft_consensus.cc:2243] T ea0971e8177a4bf99eb967030baf8483 P ebaa234beb6544fc9c9151e623044058 [term 4 FOLLOWER]: Raft consensus shutting down.
I20260709 13:17:07.556339 15476 raft_consensus.cc:2272] T ea0971e8177a4bf99eb967030baf8483 P ebaa234beb6544fc9c9151e623044058 [term 4 FOLLOWER]: Raft consensus is shut down!
I20260709 13:17:07.558061 15476 tablet_replica.cc:333] T 0c3ddd6a760b4ce18907522e6e096ff3 P ebaa234beb6544fc9c9151e623044058: stopping tablet replica
I20260709 13:17:07.558573 15476 raft_consensus.cc:2243] T 0c3ddd6a760b4ce18907522e6e096ff3 P ebaa234beb6544fc9c9151e623044058 [term 4 FOLLOWER]: Raft consensus shutting down.
I20260709 13:17:07.559089 15476 raft_consensus.cc:2272] T 0c3ddd6a760b4ce18907522e6e096ff3 P ebaa234beb6544fc9c9151e623044058 [term 4 FOLLOWER]: Raft consensus is shut down!
I20260709 13:17:07.561681 15476 tablet_replica.cc:333] T 9612e9531a6343ef9af8c5ca01d50c61 P ebaa234beb6544fc9c9151e623044058: stopping tablet replica
I20260709 13:17:07.562237 15476 raft_consensus.cc:2243] T 9612e9531a6343ef9af8c5ca01d50c61 P ebaa234beb6544fc9c9151e623044058 [term 3 FOLLOWER]: Raft consensus shutting down.
I20260709 13:17:07.562698 15476 raft_consensus.cc:2272] T 9612e9531a6343ef9af8c5ca01d50c61 P ebaa234beb6544fc9c9151e623044058 [term 3 FOLLOWER]: Raft consensus is shut down!
I20260709 13:17:07.564814 15476 tablet_replica.cc:333] T 8dda50be1bbe4c698a0bab707d89017a P ebaa234beb6544fc9c9151e623044058: stopping tablet replica
I20260709 13:17:07.565374 15476 raft_consensus.cc:2243] T 8dda50be1bbe4c698a0bab707d89017a P ebaa234beb6544fc9c9151e623044058 [term 4 FOLLOWER]: Raft consensus shutting down.
I20260709 13:17:07.565865 15476 raft_consensus.cc:2272] T 8dda50be1bbe4c698a0bab707d89017a P ebaa234beb6544fc9c9151e623044058 [term 4 FOLLOWER]: Raft consensus is shut down!
I20260709 13:17:07.567765 15476 tablet_replica.cc:333] T 5b6fb9cb427a4e92a9931b6f98a88548 P ebaa234beb6544fc9c9151e623044058: stopping tablet replica
I20260709 13:17:07.568265 15476 raft_consensus.cc:2243] T 5b6fb9cb427a4e92a9931b6f98a88548 P ebaa234beb6544fc9c9151e623044058 [term 4 FOLLOWER]: Raft consensus shutting down.
I20260709 13:17:07.568694 15476 raft_consensus.cc:2272] T 5b6fb9cb427a4e92a9931b6f98a88548 P ebaa234beb6544fc9c9151e623044058 [term 4 FOLLOWER]: Raft consensus is shut down!
I20260709 13:17:07.570642 15476 tablet_replica.cc:333] T 089885ab0d8541f5a1853955cc74c166 P ebaa234beb6544fc9c9151e623044058: stopping tablet replica
I20260709 13:17:07.571185 15476 raft_consensus.cc:2243] T 089885ab0d8541f5a1853955cc74c166 P ebaa234beb6544fc9c9151e623044058 [term 2 FOLLOWER]: Raft consensus shutting down.
I20260709 13:17:07.571631 15476 raft_consensus.cc:2272] T 089885ab0d8541f5a1853955cc74c166 P ebaa234beb6544fc9c9151e623044058 [term 2 FOLLOWER]: Raft consensus is shut down!
I20260709 13:17:07.573230 15476 tablet_replica.cc:333] T 701ac14f84214ca6a9ff6c7be2291ef2 P ebaa234beb6544fc9c9151e623044058: stopping tablet replica
I20260709 13:17:07.573690 15476 raft_consensus.cc:2243] T 701ac14f84214ca6a9ff6c7be2291ef2 P ebaa234beb6544fc9c9151e623044058 [term 4 LEADER]: Raft consensus shutting down.
I20260709 13:17:07.574344 15476 raft_consensus.cc:2272] T 701ac14f84214ca6a9ff6c7be2291ef2 P ebaa234beb6544fc9c9151e623044058 [term 4 FOLLOWER]: Raft consensus is shut down!
I20260709 13:17:07.601533 15476 tablet_server.cc:196] TabletServer@127.15.29.3:0 shutdown complete.
I20260709 13:17:07.618321 15476 master.cc:562] Master@127.15.29.62:40789 shutting down...
I20260709 13:17:07.779687 15563 catalog_manager.cc:805] Waiting for catalog manager background task thread to start: Service unavailable: Catalog manager is not initialized. State: Closing
I20260709 13:17:07.836942 15476 raft_consensus.cc:2243] T 00000000000000000000000000000000 P 9e758ef2a0cd4885965a7bf07143b8ab [term 1 LEADER]: Raft consensus shutting down.
I20260709 13:17:07.837498 15476 raft_consensus.cc:2272] T 00000000000000000000000000000000 P 9e758ef2a0cd4885965a7bf07143b8ab [term 1 FOLLOWER]: Raft consensus is shut down!
I20260709 13:17:07.837795 15476 tablet_replica.cc:333] T 00000000000000000000000000000000 P 9e758ef2a0cd4885965a7bf07143b8ab: stopping tablet replica
I20260709 13:17:07.857208 15476 master.cc:584] Master@127.15.29.62:40789 shutdown complete.
0ad934ae28874ff083d1c1305fc718d1  4
668cfc1d74d2440cacb6b0a6afb2c50e  4
ebaa234beb6544fc9c9151e623044058  1
[       OK ] LeaderRebalancerTest.FunctionalTestForDivided (12840 ms)
[ RUN      ] LeaderRebalancerTest.FunctionalTestForNotDivided
I20260709 13:17:07.898617 15476 internal_mini_cluster.cc:156] Creating distributed mini masters. Addrs: 127.15.29.62:33389
I20260709 13:17:07.899806 15476 file_cache.cc:504] Constructed file cache file cache with capacity 419430
W20260709 13:17:07.905607 15986 instance_detector.cc:116] could not retrieve Azure instance metadata: Network error: curl error: HTTP response code said error: The requested URL returned error: 404
W20260709 13:17:07.905648 15985 instance_detector.cc:116] could not retrieve AWS instance metadata: Network error: curl error: HTTP response code said error: The requested URL returned error: 404
W20260709 13:17:07.905865 15988 instance_detector.cc:116] could not retrieve OpenStack instance metadata: Network error: curl error: HTTP response code said error: The requested URL returned error: 404
I20260709 13:17:07.906776 15476 server_base.cc:1061] running on GCE node
I20260709 13:17:07.907719 15476 hybrid_clock.cc:584] initializing the hybrid clock with 'system_unsync' time source
W20260709 13:17:07.907928 15476 system_unsync_time.cc:38] NTP support is disabled. Clock error bounds will not be accurate. This configuration is not suitable for distributed clusters.
I20260709 13:17:07.908097 15476 hybrid_clock.cc:648] HybridClock initialized: now 1783603027908081 us; error 0 us; skew 500 ppm
I20260709 13:17:07.908623 15476 server_base.cc:861] Flag tcmalloc_max_total_thread_cache_bytes is not working since tcmalloc is not enabled.
I20260709 13:17:07.911051 15476 webserver.cc:533] Webserver started at http://127.15.29.62:38757/ using document root <none> and password file <none>
I20260709 13:17:07.911585 15476 fs_manager.cc:362] Metadata directory not provided
I20260709 13:17:07.911823 15476 fs_manager.cc:368] Using write-ahead log directory (fs_wal_dir) as metadata directory
I20260709 13:17:07.912184 15476 server_base.cc:909] This appears to be a new deployment of Kudu; creating new FS layout
I20260709 13:17:07.913681 15476 fs_manager.cc:1068] Generated new instance metadata in path /tmp/dist-test-taskIC67se/test-tmp/auto_leader_rebalancer-test.0.LeaderRebalancerTest.FunctionalTestForNotDivided.1783603014893117-15476-0/minicluster-data/master-0-root/instance:
uuid: "572bfa6ecd224de29c4d5ea51babff36"
format_stamp: "Formatted at 2026-07-09 13:17:07 on dist-test-slave-hz8m"
I20260709 13:17:07.918668 15476 fs_manager.cc:696] Time spent creating directory manager: real 0.004s	user 0.003s	sys 0.004s
I20260709 13:17:07.921844 15993 log_block_manager.cc:4127] Time spent loading block containers with low live blocks: real 0.000s	user 0.000s	sys 0.000s
I20260709 13:17:07.922573 15476 fs_manager.cc:730] Time spent opening block manager: real 0.002s	user 0.003s	sys 0.000s
I20260709 13:17:07.922847 15476 fs_manager.cc:647] Opened local filesystem: /tmp/dist-test-taskIC67se/test-tmp/auto_leader_rebalancer-test.0.LeaderRebalancerTest.FunctionalTestForNotDivided.1783603014893117-15476-0/minicluster-data/master-0-root
uuid: "572bfa6ecd224de29c4d5ea51babff36"
format_stamp: "Formatted at 2026-07-09 13:17:07 on dist-test-slave-hz8m"
I20260709 13:17:07.923193 15476 fs_report.cc:389] FS layout report
--------------------
wal directory: /tmp/dist-test-taskIC67se/test-tmp/auto_leader_rebalancer-test.0.LeaderRebalancerTest.FunctionalTestForNotDivided.1783603014893117-15476-0/minicluster-data/master-0-root
metadata directory: /tmp/dist-test-taskIC67se/test-tmp/auto_leader_rebalancer-test.0.LeaderRebalancerTest.FunctionalTestForNotDivided.1783603014893117-15476-0/minicluster-data/master-0-root
1 data directories: /tmp/dist-test-taskIC67se/test-tmp/auto_leader_rebalancer-test.0.LeaderRebalancerTest.FunctionalTestForNotDivided.1783603014893117-15476-0/minicluster-data/master-0-root/data
Total live blocks: 0
Total live bytes: 0
Total live bytes (after alignment): 0
Total number of LBM containers: 0 (0 full)
Did not check for missing blocks
Did not check for orphaned blocks
Total full LBM containers with extra space: 0 (0 repaired)
Total full LBM container extra space in bytes: 0 (0 repaired)
Total incomplete LBM containers: 0 (0 repaired)
Total LBM partial records: 0 (0 repaired)
Total corrupted LBM metadata records in RocksDB: 0 (0 repaired)
I20260709 13:17:07.940110 15476 rpc_server.cc:225] running with OpenSSL 1.1.1  11 Sep 2018
I20260709 13:17:07.941378 15476 kserver.cc:163] Server-wide thread pool size limit: 3276
I20260709 13:17:07.981192 15476 rpc_server.cc:307] RPC server started. Bound to: 127.15.29.62:33389
I20260709 13:17:07.981297 16044 acceptor_pool.cc:272] collecting diagnostics on the listening RPC socket 127.15.29.62:33389 every 8 connection(s)
I20260709 13:17:07.985318 16045 data_dirs.cc:400] Could only allocate 1 dirs of requested 3 for tablet 00000000000000000000000000000000. 1 dirs total, 0 dirs full, 0 dirs failed
I20260709 13:17:07.996157 16045 tablet_bootstrap.cc:492] T 00000000000000000000000000000000 P 572bfa6ecd224de29c4d5ea51babff36: Bootstrap starting.
I20260709 13:17:08.001744 16045 tablet_bootstrap.cc:654] T 00000000000000000000000000000000 P 572bfa6ecd224de29c4d5ea51babff36: Neither blocks nor log segments found. Creating new log.
I20260709 13:17:08.006464 16045 tablet_bootstrap.cc:492] T 00000000000000000000000000000000 P 572bfa6ecd224de29c4d5ea51babff36: No bootstrap required, opened a new log
I20260709 13:17:08.008692 16045 raft_consensus.cc:359] T 00000000000000000000000000000000 P 572bfa6ecd224de29c4d5ea51babff36 [term 0 FOLLOWER]: Replica starting. Triggering 0 pending ops. Active config: opid_index: -1 OBSOLETE_local: true peers { permanent_uuid: "572bfa6ecd224de29c4d5ea51babff36" member_type: VOTER }
I20260709 13:17:08.009097 16045 raft_consensus.cc:385] T 00000000000000000000000000000000 P 572bfa6ecd224de29c4d5ea51babff36 [term 0 FOLLOWER]: Consensus starting up: Expiring failure detector timer to make a prompt election more likely
I20260709 13:17:08.009274 16045 raft_consensus.cc:740] T 00000000000000000000000000000000 P 572bfa6ecd224de29c4d5ea51babff36 [term 0 FOLLOWER]: Becoming Follower/Learner. State: Replica: 572bfa6ecd224de29c4d5ea51babff36, State: Initialized, Role: FOLLOWER
I20260709 13:17:08.009799 16045 consensus_queue.cc:260] T 00000000000000000000000000000000 P 572bfa6ecd224de29c4d5ea51babff36 [NON_LEADER]: Queue going to NON_LEADER mode. State: All replicated index: 0, Majority replicated index: 0, Committed index: 0, Last appended: 0.0, Last appended by leader: 0, Current term: 0, Majority size: -1, State: 0, Mode: NON_LEADER, active raft config: opid_index: -1 OBSOLETE_local: true peers { permanent_uuid: "572bfa6ecd224de29c4d5ea51babff36" member_type: VOTER }
I20260709 13:17:08.010221 16045 raft_consensus.cc:399] T 00000000000000000000000000000000 P 572bfa6ecd224de29c4d5ea51babff36 [term 0 FOLLOWER]: Only one voter in the Raft config. Triggering election immediately
I20260709 13:17:08.010427 16045 raft_consensus.cc:493] T 00000000000000000000000000000000 P 572bfa6ecd224de29c4d5ea51babff36 [term 0 FOLLOWER]: Starting leader election (initial election of a single-replica configuration)
I20260709 13:17:08.010643 16045 raft_consensus.cc:3060] T 00000000000000000000000000000000 P 572bfa6ecd224de29c4d5ea51babff36 [term 0 FOLLOWER]: Advancing to term 1
I20260709 13:17:08.014787 16045 raft_consensus.cc:515] T 00000000000000000000000000000000 P 572bfa6ecd224de29c4d5ea51babff36 [term 1 FOLLOWER]: Starting leader election with config: opid_index: -1 OBSOLETE_local: true peers { permanent_uuid: "572bfa6ecd224de29c4d5ea51babff36" member_type: VOTER }
I20260709 13:17:08.015326 16045 leader_election.cc:304] T 00000000000000000000000000000000 P 572bfa6ecd224de29c4d5ea51babff36 [CANDIDATE]: Term 1 election: Election decided. Result: candidate won. Election summary: received 1 responses out of 1 voters: 1 yes votes; 0 no votes. yes voters: 572bfa6ecd224de29c4d5ea51babff36; no voters: 
I20260709 13:17:08.016513 16045 leader_election.cc:290] T 00000000000000000000000000000000 P 572bfa6ecd224de29c4d5ea51babff36 [CANDIDATE]: Term 1 election: Requested vote from peers 
I20260709 13:17:08.016880 16048 raft_consensus.cc:2804] T 00000000000000000000000000000000 P 572bfa6ecd224de29c4d5ea51babff36 [term 1 FOLLOWER]: Leader election won for term 1
I20260709 13:17:08.018322 16048 raft_consensus.cc:697] T 00000000000000000000000000000000 P 572bfa6ecd224de29c4d5ea51babff36 [term 1 LEADER]: Becoming Leader. State: Replica: 572bfa6ecd224de29c4d5ea51babff36, State: Running, Role: LEADER
