I20260709 13:16:55.952665 18696 raft_consensus.cc:3060] T bc12bc5743f54d799d5961dbd948b487 P 0be17c477d094fb197929930b8fa419a [term 0 FOLLOWER]: Advancing to term 1
I20260709 13:16:55.959276 18549 raft_consensus.cc:2468] T bc12bc5743f54d799d5961dbd948b487 P fdb2a960ea40486b97fe1dd5bceb6e58 [term 1 FOLLOWER]: Leader election vote request: Granting yes vote for candidate 986858f96f164e3b953d9042f283441d in term 1.
I20260709 13:16:55.959882 18696 raft_consensus.cc:2468] T bc12bc5743f54d799d5961dbd948b487 P 0be17c477d094fb197929930b8fa419a [term 1 FOLLOWER]: Leader election vote request: Granting yes vote for candidate 986858f96f164e3b953d9042f283441d in term 1.
I20260709 13:16:55.961335 18589 leader_election.cc:304] T bc12bc5743f54d799d5961dbd948b487 P 986858f96f164e3b953d9042f283441d [CANDIDATE]: Term 1 election: Election decided. Result: candidate won. Election summary: received 2 responses out of 3 voters: 2 yes votes; 0 no votes. yes voters: 986858f96f164e3b953d9042f283441d, fdb2a960ea40486b97fe1dd5bceb6e58; no voters: 
I20260709 13:16:55.962524 18785 raft_consensus.cc:2804] T bc12bc5743f54d799d5961dbd948b487 P 986858f96f164e3b953d9042f283441d [term 1 FOLLOWER]: Leader election won for term 1
I20260709 13:16:55.963042 18785 raft_consensus.cc:697] T bc12bc5743f54d799d5961dbd948b487 P 986858f96f164e3b953d9042f283441d [term 1 LEADER]: Becoming Leader. State: Replica: 986858f96f164e3b953d9042f283441d, State: Running, Role: LEADER
I20260709 13:16:55.963883 18785 consensus_queue.cc:237] T bc12bc5743f54d799d5961dbd948b487 P 986858f96f164e3b953d9042f283441d [LEADER]: Queue going to LEADER mode. State: All replicated index: 0, Majority replicated index: 0, Committed index: 0, Last appended: 0.0, Last appended by leader: 0, Current term: 1, Majority size: 2, State: 0, Mode: LEADER, active raft config: opid_index: -1 OBSOLETE_local: false peers { permanent_uuid: "fdb2a960ea40486b97fe1dd5bceb6e58" member_type: VOTER last_known_addr { host: "127.17.251.129" port: 42349 } } peers { permanent_uuid: "986858f96f164e3b953d9042f283441d" member_type: VOTER last_known_addr { host: "127.17.251.130" port: 39613 } } peers { permanent_uuid: "0be17c477d094fb197929930b8fa419a" member_type: VOTER last_known_addr { host: "127.17.251.131" port: 34097 } }
I20260709 13:16:55.969151 18749 consensus_queue.cc:1048] T 3b03f75bbbac4deabd017e4b8b7310bb P 0be17c477d094fb197929930b8fa419a [LEADER]: Connected to new peer: Peer: permanent_uuid: "fdb2a960ea40486b97fe1dd5bceb6e58" member_type: VOTER last_known_addr { host: "127.17.251.129" port: 42349 }, Status: LMP_MISMATCH, Last received: 0.0, Next index: 1, Last known committed idx: 0, Time since last communication: 0.001s
I20260709 13:16:55.973078 18445 catalog_manager.cc:5697] T bc12bc5743f54d799d5961dbd948b487 P 986858f96f164e3b953d9042f283441d reported cstate change: term changed from 0 to 1, leader changed from <none> to 986858f96f164e3b953d9042f283441d (127.17.251.130). New cstate: current_term: 1 leader_uuid: "986858f96f164e3b953d9042f283441d" committed_config { opid_index: -1 OBSOLETE_local: false peers { permanent_uuid: "fdb2a960ea40486b97fe1dd5bceb6e58" member_type: VOTER last_known_addr { host: "127.17.251.129" port: 42349 } health_report { overall_health: UNKNOWN } } peers { permanent_uuid: "986858f96f164e3b953d9042f283441d" member_type: VOTER last_known_addr { host: "127.17.251.130" port: 39613 } health_report { overall_health: HEALTHY } } peers { permanent_uuid: "0be17c477d094fb197929930b8fa419a" member_type: VOTER last_known_addr { host: "127.17.251.131" port: 34097 } health_report { overall_health: UNKNOWN } } }
I20260709 13:16:55.985138 18749 consensus_queue.cc:1048] T 3b03f75bbbac4deabd017e4b8b7310bb P 0be17c477d094fb197929930b8fa419a [LEADER]: Connected to new peer: Peer: permanent_uuid: "986858f96f164e3b953d9042f283441d" member_type: VOTER last_known_addr { host: "127.17.251.130" port: 39613 }, Status: LMP_MISMATCH, Last received: 0.0, Next index: 1, Last known committed idx: 0, Time since last communication: 0.001s
I20260709 13:16:56.021323 18624 tablet_service.cc:2072] Received LeaderStepDown RPC: tablet_id: "394e630586524166a75f8ccb7b36487d"
dest_uuid: "986858f96f164e3b953d9042f283441d"
mode: GRACEFUL
new_leader_uuid: "fdb2a960ea40486b97fe1dd5bceb6e58"
 from {username='slave'} at 127.0.0.1:56228
I20260709 13:16:56.022020 18624 raft_consensus.cc:606] T 394e630586524166a75f8ccb7b36487d P 986858f96f164e3b953d9042f283441d [term 1 LEADER]: Received request to transfer leadership to TS fdb2a960ea40486b97fe1dd5bceb6e58
I20260709 13:16:56.028784 18785 consensus_queue.cc:1048] T 394e630586524166a75f8ccb7b36487d P 986858f96f164e3b953d9042f283441d [LEADER]: Connected to new peer: Peer: permanent_uuid: "fdb2a960ea40486b97fe1dd5bceb6e58" member_type: VOTER last_known_addr { host: "127.17.251.129" port: 42349 }, Status: LMP_MISMATCH, Last received: 0.0, Next index: 1, Last known committed idx: 0, Time since last communication: 0.000s
I20260709 13:16:56.038295 18696 tablet_service.cc:2072] Received LeaderStepDown RPC: tablet_id: "eedac45982444b2694146149384eecc6"
dest_uuid: "0be17c477d094fb197929930b8fa419a"
mode: GRACEFUL
new_leader_uuid: "fdb2a960ea40486b97fe1dd5bceb6e58"
 from {username='slave'} at 127.0.0.1:60564
I20260709 13:16:56.039142 18696 raft_consensus.cc:606] T eedac45982444b2694146149384eecc6 P 0be17c477d094fb197929930b8fa419a [term 1 LEADER]: Received request to transfer leadership to TS fdb2a960ea40486b97fe1dd5bceb6e58
I20260709 13:16:56.046628 18746 raft_consensus.cc:993] T 394e630586524166a75f8ccb7b36487d P 986858f96f164e3b953d9042f283441d: : Instructing follower fdb2a960ea40486b97fe1dd5bceb6e58 to start an election
I20260709 13:16:56.047133 18746 raft_consensus.cc:1081] T 394e630586524166a75f8ccb7b36487d P 986858f96f164e3b953d9042f283441d [term 1 LEADER]: Signalling peer fdb2a960ea40486b97fe1dd5bceb6e58 to start an election
I20260709 13:16:56.051649 18777 consensus_queue.cc:1048] T 394e630586524166a75f8ccb7b36487d P 986858f96f164e3b953d9042f283441d [LEADER]: Connected to new peer: Peer: permanent_uuid: "0be17c477d094fb197929930b8fa419a" member_type: VOTER last_known_addr { host: "127.17.251.131" port: 34097 }, Status: LMP_MISMATCH, Last received: 0.0, Next index: 1, Last known committed idx: 0, Time since last communication: 0.000s
I20260709 13:16:56.051885 18548 tablet_service.cc:2044] Received Run Leader Election RPC: tablet_id: "394e630586524166a75f8ccb7b36487d"
dest_uuid: "fdb2a960ea40486b97fe1dd5bceb6e58"
 from {username='slave'} at 127.0.0.1:42372
I20260709 13:16:56.052592 18548 raft_consensus.cc:493] T 394e630586524166a75f8ccb7b36487d P fdb2a960ea40486b97fe1dd5bceb6e58 [term 1 FOLLOWER]: Starting forced leader election (received explicit request)
I20260709 13:16:56.053010 18548 raft_consensus.cc:3060] T 394e630586524166a75f8ccb7b36487d P fdb2a960ea40486b97fe1dd5bceb6e58 [term 1 FOLLOWER]: Advancing to term 2
I20260709 13:16:56.052950 18624 tablet_service.cc:2072] Received LeaderStepDown RPC: tablet_id: "b446d0be3461437fbc4b72e365379739"
dest_uuid: "986858f96f164e3b953d9042f283441d"
mode: GRACEFUL
new_leader_uuid: "fdb2a960ea40486b97fe1dd5bceb6e58"
 from {username='slave'} at 127.0.0.1:56228
I20260709 13:16:56.053766 18624 raft_consensus.cc:606] T b446d0be3461437fbc4b72e365379739 P 986858f96f164e3b953d9042f283441d [term 1 LEADER]: Received request to transfer leadership to TS fdb2a960ea40486b97fe1dd5bceb6e58
I20260709 13:16:56.064144 18548 raft_consensus.cc:515] T 394e630586524166a75f8ccb7b36487d P fdb2a960ea40486b97fe1dd5bceb6e58 [term 2 FOLLOWER]: Starting forced leader election with config: opid_index: -1 OBSOLETE_local: false peers { permanent_uuid: "986858f96f164e3b953d9042f283441d" member_type: VOTER last_known_addr { host: "127.17.251.130" port: 39613 } } peers { permanent_uuid: "fdb2a960ea40486b97fe1dd5bceb6e58" member_type: VOTER last_known_addr { host: "127.17.251.129" port: 42349 } } peers { permanent_uuid: "0be17c477d094fb197929930b8fa419a" member_type: VOTER last_known_addr { host: "127.17.251.131" port: 34097 } }
I20260709 13:16:56.064858 18624 tablet_service.cc:2072] Received LeaderStepDown RPC: tablet_id: "dadccd38426441c09950dc14c00c5362"
dest_uuid: "986858f96f164e3b953d9042f283441d"
mode: GRACEFUL
new_leader_uuid: "fdb2a960ea40486b97fe1dd5bceb6e58"
 from {username='slave'} at 127.0.0.1:56228
I20260709 13:16:56.065450 18624 raft_consensus.cc:606] T dadccd38426441c09950dc14c00c5362 P 986858f96f164e3b953d9042f283441d [term 1 LEADER]: Received request to transfer leadership to TS fdb2a960ea40486b97fe1dd5bceb6e58
I20260709 13:16:56.071648 18548 leader_election.cc:290] T 394e630586524166a75f8ccb7b36487d P fdb2a960ea40486b97fe1dd5bceb6e58 [CANDIDATE]: Term 2 election: Requested vote from peers 986858f96f164e3b953d9042f283441d (127.17.251.130:39613), 0be17c477d094fb197929930b8fa419a (127.17.251.131:34097)
I20260709 13:16:56.072767 18698 tablet_service.cc:1917] Received RequestConsensusVote() RPC: tablet_id: "394e630586524166a75f8ccb7b36487d" candidate_uuid: "fdb2a960ea40486b97fe1dd5bceb6e58" candidate_term: 2 candidate_status { last_received { term: 1 index: 1 } } ignore_live_leader: true dest_uuid: "0be17c477d094fb197929930b8fa419a"
I20260709 13:16:56.076623 18624 tablet_service.cc:1917] Received RequestConsensusVote() RPC: tablet_id: "394e630586524166a75f8ccb7b36487d" candidate_uuid: "fdb2a960ea40486b97fe1dd5bceb6e58" candidate_term: 2 candidate_status { last_received { term: 1 index: 1 } } ignore_live_leader: true dest_uuid: "986858f96f164e3b953d9042f283441d"
I20260709 13:16:56.077191 18624 raft_consensus.cc:3055] T 394e630586524166a75f8ccb7b36487d P 986858f96f164e3b953d9042f283441d [term 1 LEADER]: Stepping down as leader of term 1
I20260709 13:16:56.077502 18624 raft_consensus.cc:740] T 394e630586524166a75f8ccb7b36487d P 986858f96f164e3b953d9042f283441d [term 1 LEADER]: Becoming Follower/Learner. State: Replica: 986858f96f164e3b953d9042f283441d, State: Running, Role: LEADER
I20260709 13:16:56.078303 18624 consensus_queue.cc:260] T 394e630586524166a75f8ccb7b36487d P 986858f96f164e3b953d9042f283441d [NON_LEADER]: Queue going to NON_LEADER mode. State: All replicated index: 0, Majority replicated index: 1, Committed index: 1, Last appended: 1.1, Last appended by leader: 1, Current term: 1, Majority size: -1, State: 0, Mode: NON_LEADER, active raft config: opid_index: -1 OBSOLETE_local: false peers { permanent_uuid: "986858f96f164e3b953d9042f283441d" member_type: VOTER last_known_addr { host: "127.17.251.130" port: 39613 } } peers { permanent_uuid: "fdb2a960ea40486b97fe1dd5bceb6e58" member_type: VOTER last_known_addr { host: "127.17.251.129" port: 42349 } } peers { permanent_uuid: "0be17c477d094fb197929930b8fa419a" member_type: VOTER last_known_addr { host: "127.17.251.131" port: 34097 } }
I20260709 13:16:56.079298 18698 tablet_service.cc:2072] Received LeaderStepDown RPC: tablet_id: "3b03f75bbbac4deabd017e4b8b7310bb"
dest_uuid: "0be17c477d094fb197929930b8fa419a"
mode: GRACEFUL
new_leader_uuid: "986858f96f164e3b953d9042f283441d"
 from {username='slave'} at 127.0.0.1:60564
I20260709 13:16:56.079916 18624 raft_consensus.cc:3060] T 394e630586524166a75f8ccb7b36487d P 986858f96f164e3b953d9042f283441d [term 1 FOLLOWER]: Advancing to term 2
I20260709 13:16:56.080032 18698 raft_consensus.cc:606] T 3b03f75bbbac4deabd017e4b8b7310bb P 0be17c477d094fb197929930b8fa419a [term 1 LEADER]: Received request to transfer leadership to TS 986858f96f164e3b953d9042f283441d
I20260709 13:16:56.087827 18624 raft_consensus.cc:2468] T 394e630586524166a75f8ccb7b36487d P 986858f96f164e3b953d9042f283441d [term 2 FOLLOWER]: Leader election vote request: Granting yes vote for candidate fdb2a960ea40486b97fe1dd5bceb6e58 in term 2.
I20260709 13:16:56.089035 18515 leader_election.cc:304] T 394e630586524166a75f8ccb7b36487d P fdb2a960ea40486b97fe1dd5bceb6e58 [CANDIDATE]: Term 2 election: Election decided. Result: candidate won. Election summary: received 3 responses out of 3 voters: 2 yes votes; 1 no votes. yes voters: 986858f96f164e3b953d9042f283441d, fdb2a960ea40486b97fe1dd5bceb6e58; no voters: 0be17c477d094fb197929930b8fa419a
I20260709 13:16:56.090225 18787 raft_consensus.cc:2804] T 394e630586524166a75f8ccb7b36487d P fdb2a960ea40486b97fe1dd5bceb6e58 [term 2 FOLLOWER]: Leader election won for term 2
I20260709 13:16:56.090719 18787 raft_consensus.cc:697] T 394e630586524166a75f8ccb7b36487d P fdb2a960ea40486b97fe1dd5bceb6e58 [term 2 LEADER]: Becoming Leader. State: Replica: fdb2a960ea40486b97fe1dd5bceb6e58, State: Running, Role: LEADER
I20260709 13:16:56.091531 18787 consensus_queue.cc:237] T 394e630586524166a75f8ccb7b36487d P fdb2a960ea40486b97fe1dd5bceb6e58 [LEADER]: Queue going to LEADER mode. State: All replicated index: 0, Majority replicated index: 1, Committed index: 1, Last appended: 1.1, Last appended by leader: 1, Current term: 2, Majority size: 2, State: 0, Mode: LEADER, active raft config: opid_index: -1 OBSOLETE_local: false peers { permanent_uuid: "986858f96f164e3b953d9042f283441d" member_type: VOTER last_known_addr { host: "127.17.251.130" port: 39613 } } peers { permanent_uuid: "fdb2a960ea40486b97fe1dd5bceb6e58" member_type: VOTER last_known_addr { host: "127.17.251.129" port: 42349 } } peers { permanent_uuid: "0be17c477d094fb197929930b8fa419a" member_type: VOTER last_known_addr { host: "127.17.251.131" port: 34097 } }
I20260709 13:16:56.100868 18446 catalog_manager.cc:5697] T 394e630586524166a75f8ccb7b36487d P fdb2a960ea40486b97fe1dd5bceb6e58 reported cstate change: term changed from 1 to 2, leader changed from 986858f96f164e3b953d9042f283441d (127.17.251.130) to fdb2a960ea40486b97fe1dd5bceb6e58 (127.17.251.129). New cstate: current_term: 2 leader_uuid: "fdb2a960ea40486b97fe1dd5bceb6e58" committed_config { opid_index: -1 OBSOLETE_local: false peers { permanent_uuid: "986858f96f164e3b953d9042f283441d" member_type: VOTER last_known_addr { host: "127.17.251.130" port: 39613 } health_report { overall_health: UNKNOWN } } peers { permanent_uuid: "fdb2a960ea40486b97fe1dd5bceb6e58" member_type: VOTER last_known_addr { host: "127.17.251.129" port: 42349 } health_report { overall_health: HEALTHY } } peers { permanent_uuid: "0be17c477d094fb197929930b8fa419a" member_type: VOTER last_known_addr { host: "127.17.251.131" port: 34097 } health_report { overall_health: UNKNOWN } } }
I20260709 13:16:56.102849 18548 tablet_service.cc:2072] Received LeaderStepDown RPC: tablet_id: "ed009757b7834a2ca88c1cefee374b9c"
dest_uuid: "fdb2a960ea40486b97fe1dd5bceb6e58"
mode: GRACEFUL
new_leader_uuid: "986858f96f164e3b953d9042f283441d"
 from {username='slave'} at 127.0.0.1:42374
I20260709 13:16:56.103655 18548 raft_consensus.cc:606] T ed009757b7834a2ca88c1cefee374b9c P fdb2a960ea40486b97fe1dd5bceb6e58 [term 1 LEADER]: Received request to transfer leadership to TS 986858f96f164e3b953d9042f283441d
I20260709 13:16:56.115614 18548 tablet_service.cc:2072] Received LeaderStepDown RPC: tablet_id: "910fb7bb019f4c54a7be5fbec560bee4"
dest_uuid: "fdb2a960ea40486b97fe1dd5bceb6e58"
mode: GRACEFUL
new_leader_uuid: "0be17c477d094fb197929930b8fa419a"
 from {username='slave'} at 127.0.0.1:42374
I20260709 13:16:56.116272 18548 raft_consensus.cc:606] T 910fb7bb019f4c54a7be5fbec560bee4 P fdb2a960ea40486b97fe1dd5bceb6e58 [term 1 LEADER]: Received request to transfer leadership to TS 0be17c477d094fb197929930b8fa419a
I20260709 13:16:56.132405 18777 consensus_queue.cc:1048] T b446d0be3461437fbc4b72e365379739 P 986858f96f164e3b953d9042f283441d [LEADER]: Connected to new peer: Peer: permanent_uuid: "fdb2a960ea40486b97fe1dd5bceb6e58" member_type: VOTER last_known_addr { host: "127.17.251.129" port: 42349 }, Status: LMP_MISMATCH, Last received: 0.0, Next index: 1, Last known committed idx: 0, Time since last communication: 0.000s
I20260709 13:16:56.139431 18783 raft_consensus.cc:993] T b446d0be3461437fbc4b72e365379739 P 986858f96f164e3b953d9042f283441d: : Instructing follower fdb2a960ea40486b97fe1dd5bceb6e58 to start an election
I20260709 13:16:56.139890 18783 raft_consensus.cc:1081] T b446d0be3461437fbc4b72e365379739 P 986858f96f164e3b953d9042f283441d [term 1 LEADER]: Signalling peer fdb2a960ea40486b97fe1dd5bceb6e58 to start an election
I20260709 13:16:56.144518 18779 consensus_queue.cc:1048] T b446d0be3461437fbc4b72e365379739 P 986858f96f164e3b953d9042f283441d [LEADER]: Connected to new peer: Peer: permanent_uuid: "0be17c477d094fb197929930b8fa419a" member_type: VOTER last_known_addr { host: "127.17.251.131" port: 34097 }, Status: LMP_MISMATCH, Last received: 0.0, Next index: 1, Last known committed idx: 0, Time since last communication: 0.000s
I20260709 13:16:56.148032 18549 tablet_service.cc:2044] Received Run Leader Election RPC: tablet_id: "b446d0be3461437fbc4b72e365379739"
dest_uuid: "fdb2a960ea40486b97fe1dd5bceb6e58"
 from {username='slave'} at 127.0.0.1:42372
I20260709 13:16:56.148628 18549 raft_consensus.cc:493] T b446d0be3461437fbc4b72e365379739 P fdb2a960ea40486b97fe1dd5bceb6e58 [term 1 FOLLOWER]: Starting forced leader election (received explicit request)
I20260709 13:16:56.149025 18549 raft_consensus.cc:3060] T b446d0be3461437fbc4b72e365379739 P fdb2a960ea40486b97fe1dd5bceb6e58 [term 1 FOLLOWER]: Advancing to term 2
I20260709 13:16:56.153856 18779 consensus_queue.cc:1048] T dadccd38426441c09950dc14c00c5362 P 986858f96f164e3b953d9042f283441d [LEADER]: Connected to new peer: Peer: permanent_uuid: "0be17c477d094fb197929930b8fa419a" member_type: VOTER last_known_addr { host: "127.17.251.131" port: 34097 }, Status: LMP_MISMATCH, Last received: 0.0, Next index: 1, Last known committed idx: 0, Time since last communication: 0.000s
I20260709 13:16:56.156119 18749 raft_consensus.cc:993] T eedac45982444b2694146149384eecc6 P 0be17c477d094fb197929930b8fa419a: : Instructing follower fdb2a960ea40486b97fe1dd5bceb6e58 to start an election
I20260709 13:16:56.156579 18749 raft_consensus.cc:1081] T eedac45982444b2694146149384eecc6 P 0be17c477d094fb197929930b8fa419a [term 1 LEADER]: Signalling peer fdb2a960ea40486b97fe1dd5bceb6e58 to start an election
I20260709 13:16:56.158094 18549 raft_consensus.cc:515] T b446d0be3461437fbc4b72e365379739 P fdb2a960ea40486b97fe1dd5bceb6e58 [term 2 FOLLOWER]: Starting forced leader election with config: opid_index: -1 OBSOLETE_local: false peers { permanent_uuid: "fdb2a960ea40486b97fe1dd5bceb6e58" member_type: VOTER last_known_addr { host: "127.17.251.129" port: 42349 } } peers { permanent_uuid: "986858f96f164e3b953d9042f283441d" member_type: VOTER last_known_addr { host: "127.17.251.130" port: 39613 } } peers { permanent_uuid: "0be17c477d094fb197929930b8fa419a" member_type: VOTER last_known_addr { host: "127.17.251.131" port: 34097 } }
I20260709 13:16:56.160305 18548 tablet_service.cc:2044] Received Run Leader Election RPC: tablet_id: "eedac45982444b2694146149384eecc6"
dest_uuid: "fdb2a960ea40486b97fe1dd5bceb6e58"
 from {username='slave'} at 127.0.0.1:42362
I20260709 13:16:56.161060 18548 raft_consensus.cc:493] T eedac45982444b2694146149384eecc6 P fdb2a960ea40486b97fe1dd5bceb6e58 [term 1 FOLLOWER]: Starting forced leader election (received explicit request)
I20260709 13:16:56.162593 18624 tablet_service.cc:1917] Received RequestConsensusVote() RPC: tablet_id: "b446d0be3461437fbc4b72e365379739" candidate_uuid: "fdb2a960ea40486b97fe1dd5bceb6e58" candidate_term: 2 candidate_status { last_received { term: 1 index: 1 } } ignore_live_leader: true dest_uuid: "986858f96f164e3b953d9042f283441d"
I20260709 13:16:56.163203 18624 raft_consensus.cc:3055] T b446d0be3461437fbc4b72e365379739 P 986858f96f164e3b953d9042f283441d [term 1 LEADER]: Stepping down as leader of term 1
I20260709 13:16:56.163539 18624 raft_consensus.cc:740] T b446d0be3461437fbc4b72e365379739 P 986858f96f164e3b953d9042f283441d [term 1 LEADER]: Becoming Follower/Learner. State: Replica: 986858f96f164e3b953d9042f283441d, State: Running, Role: LEADER
I20260709 13:16:56.164636 18624 consensus_queue.cc:260] T b446d0be3461437fbc4b72e365379739 P 986858f96f164e3b953d9042f283441d [NON_LEADER]: Queue going to NON_LEADER mode. State: All replicated index: 0, Majority replicated index: 1, Committed index: 1, Last appended: 1.1, Last appended by leader: 1, Current term: 1, Majority size: -1, State: 0, Mode: NON_LEADER, active raft config: opid_index: -1 OBSOLETE_local: false peers { permanent_uuid: "fdb2a960ea40486b97fe1dd5bceb6e58" member_type: VOTER last_known_addr { host: "127.17.251.129" port: 42349 } } peers { permanent_uuid: "986858f96f164e3b953d9042f283441d" member_type: VOTER last_known_addr { host: "127.17.251.130" port: 39613 } } peers { permanent_uuid: "0be17c477d094fb197929930b8fa419a" member_type: VOTER last_known_addr { host: "127.17.251.131" port: 34097 } }
I20260709 13:16:56.165905 18624 raft_consensus.cc:3060] T b446d0be3461437fbc4b72e365379739 P 986858f96f164e3b953d9042f283441d [term 1 FOLLOWER]: Advancing to term 2
I20260709 13:16:56.161446 18548 raft_consensus.cc:3060] T eedac45982444b2694146149384eecc6 P fdb2a960ea40486b97fe1dd5bceb6e58 [term 1 FOLLOWER]: Advancing to term 2
I20260709 13:16:56.173967 18697 tablet_service.cc:1917] Received RequestConsensusVote() RPC: tablet_id: "b446d0be3461437fbc4b72e365379739" candidate_uuid: "fdb2a960ea40486b97fe1dd5bceb6e58" candidate_term: 2 candidate_status { last_received { term: 1 index: 1 } } ignore_live_leader: true dest_uuid: "0be17c477d094fb197929930b8fa419a"
I20260709 13:16:56.181128 18624 raft_consensus.cc:2468] T b446d0be3461437fbc4b72e365379739 P 986858f96f164e3b953d9042f283441d [term 2 FOLLOWER]: Leader election vote request: Granting yes vote for candidate fdb2a960ea40486b97fe1dd5bceb6e58 in term 2.
I20260709 13:16:56.182575 18515 leader_election.cc:304] T b446d0be3461437fbc4b72e365379739 P fdb2a960ea40486b97fe1dd5bceb6e58 [CANDIDATE]: Term 2 election: Election decided. Result: candidate won. Election summary: received 3 responses out of 3 voters: 2 yes votes; 1 no votes. yes voters: 986858f96f164e3b953d9042f283441d, fdb2a960ea40486b97fe1dd5bceb6e58; no voters: 0be17c477d094fb197929930b8fa419a
I20260709 13:16:56.183516 18787 raft_consensus.cc:2804] T b446d0be3461437fbc4b72e365379739 P fdb2a960ea40486b97fe1dd5bceb6e58 [term 2 FOLLOWER]: Leader election won for term 2
I20260709 13:16:56.183981 18787 raft_consensus.cc:697] T b446d0be3461437fbc4b72e365379739 P fdb2a960ea40486b97fe1dd5bceb6e58 [term 2 LEADER]: Becoming Leader. State: Replica: fdb2a960ea40486b97fe1dd5bceb6e58, State: Running, Role: LEADER
I20260709 13:16:56.184798 18787 consensus_queue.cc:237] T b446d0be3461437fbc4b72e365379739 P fdb2a960ea40486b97fe1dd5bceb6e58 [LEADER]: Queue going to LEADER mode. State: All replicated index: 0, Majority replicated index: 1, Committed index: 1, Last appended: 1.1, Last appended by leader: 1, Current term: 2, Majority size: 2, State: 0, Mode: LEADER, active raft config: opid_index: -1 OBSOLETE_local: false peers { permanent_uuid: "fdb2a960ea40486b97fe1dd5bceb6e58" member_type: VOTER last_known_addr { host: "127.17.251.129" port: 42349 } } peers { permanent_uuid: "986858f96f164e3b953d9042f283441d" member_type: VOTER last_known_addr { host: "127.17.251.130" port: 39613 } } peers { permanent_uuid: "0be17c477d094fb197929930b8fa419a" member_type: VOTER last_known_addr { host: "127.17.251.131" port: 34097 } }
I20260709 13:16:56.185693 18548 raft_consensus.cc:515] T eedac45982444b2694146149384eecc6 P fdb2a960ea40486b97fe1dd5bceb6e58 [term 2 FOLLOWER]: Starting forced leader election with config: opid_index: -1 OBSOLETE_local: false peers { permanent_uuid: "fdb2a960ea40486b97fe1dd5bceb6e58" member_type: VOTER last_known_addr { host: "127.17.251.129" port: 42349 } } peers { permanent_uuid: "986858f96f164e3b953d9042f283441d" member_type: VOTER last_known_addr { host: "127.17.251.130" port: 39613 } } peers { permanent_uuid: "0be17c477d094fb197929930b8fa419a" member_type: VOTER last_known_addr { host: "127.17.251.131" port: 34097 } }
I20260709 13:16:56.186411 18779 consensus_queue.cc:1048] T dadccd38426441c09950dc14c00c5362 P 986858f96f164e3b953d9042f283441d [LEADER]: Connected to new peer: Peer: permanent_uuid: "fdb2a960ea40486b97fe1dd5bceb6e58" member_type: VOTER last_known_addr { host: "127.17.251.129" port: 42349 }, Status: LMP_MISMATCH, Last received: 0.0, Next index: 1, Last known committed idx: 0, Time since last communication: 0.000s
I20260709 13:16:56.187723 18548 leader_election.cc:290] T eedac45982444b2694146149384eecc6 P fdb2a960ea40486b97fe1dd5bceb6e58 [CANDIDATE]: Term 2 election: Requested vote from peers 986858f96f164e3b953d9042f283441d (127.17.251.130:39613), 0be17c477d094fb197929930b8fa419a (127.17.251.131:34097)
I20260709 13:16:56.171454 18549 leader_election.cc:290] T b446d0be3461437fbc4b72e365379739 P fdb2a960ea40486b97fe1dd5bceb6e58 [CANDIDATE]: Term 2 election: Requested vote from peers 986858f96f164e3b953d9042f283441d (127.17.251.130:39613), 0be17c477d094fb197929930b8fa419a (127.17.251.131:34097)
I20260709 13:16:56.191866 18623 tablet_service.cc:1917] Received RequestConsensusVote() RPC: tablet_id: "eedac45982444b2694146149384eecc6" candidate_uuid: "fdb2a960ea40486b97fe1dd5bceb6e58" candidate_term: 2 candidate_status { last_received { term: 1 index: 1 } } ignore_live_leader: true dest_uuid: "986858f96f164e3b953d9042f283441d"
I20260709 13:16:56.192242 18697 tablet_service.cc:1917] Received RequestConsensusVote() RPC: tablet_id: "eedac45982444b2694146149384eecc6" candidate_uuid: "fdb2a960ea40486b97fe1dd5bceb6e58" candidate_term: 2 candidate_status { last_received { term: 1 index: 1 } } ignore_live_leader: true dest_uuid: "0be17c477d094fb197929930b8fa419a"
I20260709 13:16:56.192467 18623 raft_consensus.cc:3060] T eedac45982444b2694146149384eecc6 P 986858f96f164e3b953d9042f283441d [term 1 FOLLOWER]: Advancing to term 2
I20260709 13:16:56.192811 18697 raft_consensus.cc:3055] T eedac45982444b2694146149384eecc6 P 0be17c477d094fb197929930b8fa419a [term 1 LEADER]: Stepping down as leader of term 1
I20260709 13:16:56.193123 18697 raft_consensus.cc:740] T eedac45982444b2694146149384eecc6 P 0be17c477d094fb197929930b8fa419a [term 1 LEADER]: Becoming Follower/Learner. State: Replica: 0be17c477d094fb197929930b8fa419a, State: Running, Role: LEADER
I20260709 13:16:56.196038 18697 consensus_queue.cc:260] T eedac45982444b2694146149384eecc6 P 0be17c477d094fb197929930b8fa419a [NON_LEADER]: Queue going to NON_LEADER mode. State: All replicated index: 0, Majority replicated index: 1, Committed index: 1, Last appended: 1.1, Last appended by leader: 1, Current term: 1, Majority size: -1, State: 0, Mode: NON_LEADER, active raft config: opid_index: -1 OBSOLETE_local: false peers { permanent_uuid: "fdb2a960ea40486b97fe1dd5bceb6e58" member_type: VOTER last_known_addr { host: "127.17.251.129" port: 42349 } } peers { permanent_uuid: "986858f96f164e3b953d9042f283441d" member_type: VOTER last_known_addr { host: "127.17.251.130" port: 39613 } } peers { permanent_uuid: "0be17c477d094fb197929930b8fa419a" member_type: VOTER last_known_addr { host: "127.17.251.131" port: 34097 } }
I20260709 13:16:56.197698 18697 raft_consensus.cc:3060] T eedac45982444b2694146149384eecc6 P 0be17c477d094fb197929930b8fa419a [term 1 FOLLOWER]: Advancing to term 2
I20260709 13:16:56.208567 18623 raft_consensus.cc:2468] T eedac45982444b2694146149384eecc6 P 986858f96f164e3b953d9042f283441d [term 2 FOLLOWER]: Leader election vote request: Granting yes vote for candidate fdb2a960ea40486b97fe1dd5bceb6e58 in term 2.
I20260709 13:16:56.209910 18515 leader_election.cc:304] T eedac45982444b2694146149384eecc6 P fdb2a960ea40486b97fe1dd5bceb6e58 [CANDIDATE]: Term 2 election: Election decided. Result: candidate won. Election summary: received 2 responses out of 3 voters: 2 yes votes; 0 no votes. yes voters: 986858f96f164e3b953d9042f283441d, fdb2a960ea40486b97fe1dd5bceb6e58; no voters: 
I20260709 13:16:56.210894 18787 raft_consensus.cc:2804] T eedac45982444b2694146149384eecc6 P fdb2a960ea40486b97fe1dd5bceb6e58 [term 2 FOLLOWER]: Leader election won for term 2
I20260709 13:16:56.211436 18787 raft_consensus.cc:697] T eedac45982444b2694146149384eecc6 P fdb2a960ea40486b97fe1dd5bceb6e58 [term 2 LEADER]: Becoming Leader. State: Replica: fdb2a960ea40486b97fe1dd5bceb6e58, State: Running, Role: LEADER
I20260709 13:16:56.212473 18787 consensus_queue.cc:237] T eedac45982444b2694146149384eecc6 P fdb2a960ea40486b97fe1dd5bceb6e58 [LEADER]: Queue going to LEADER mode. State: All replicated index: 0, Majority replicated index: 1, Committed index: 1, Last appended: 1.1, Last appended by leader: 1, Current term: 2, Majority size: 2, State: 0, Mode: LEADER, active raft config: opid_index: -1 OBSOLETE_local: false peers { permanent_uuid: "fdb2a960ea40486b97fe1dd5bceb6e58" member_type: VOTER last_known_addr { host: "127.17.251.129" port: 42349 } } peers { permanent_uuid: "986858f96f164e3b953d9042f283441d" member_type: VOTER last_known_addr { host: "127.17.251.130" port: 39613 } } peers { permanent_uuid: "0be17c477d094fb197929930b8fa419a" member_type: VOTER last_known_addr { host: "127.17.251.131" port: 34097 } }
I20260709 13:16:56.224001 18697 raft_consensus.cc:2468] T eedac45982444b2694146149384eecc6 P 0be17c477d094fb197929930b8fa419a [term 2 FOLLOWER]: Leader election vote request: Granting yes vote for candidate fdb2a960ea40486b97fe1dd5bceb6e58 in term 2.
I20260709 13:16:56.228046 18783 raft_consensus.cc:993] T dadccd38426441c09950dc14c00c5362 P 986858f96f164e3b953d9042f283441d: : Instructing follower fdb2a960ea40486b97fe1dd5bceb6e58 to start an election
I20260709 13:16:56.228524 18783 raft_consensus.cc:1081] T dadccd38426441c09950dc14c00c5362 P 986858f96f164e3b953d9042f283441d [term 1 LEADER]: Signalling peer fdb2a960ea40486b97fe1dd5bceb6e58 to start an election
I20260709 13:16:56.229770 18445 catalog_manager.cc:5697] T b446d0be3461437fbc4b72e365379739 P fdb2a960ea40486b97fe1dd5bceb6e58 reported cstate change: term changed from 1 to 2, leader changed from 986858f96f164e3b953d9042f283441d (127.17.251.130) to fdb2a960ea40486b97fe1dd5bceb6e58 (127.17.251.129). New cstate: current_term: 2 leader_uuid: "fdb2a960ea40486b97fe1dd5bceb6e58" committed_config { opid_index: -1 OBSOLETE_local: false peers { permanent_uuid: "fdb2a960ea40486b97fe1dd5bceb6e58" member_type: VOTER last_known_addr { host: "127.17.251.129" port: 42349 } health_report { overall_health: HEALTHY } } peers { permanent_uuid: "986858f96f164e3b953d9042f283441d" member_type: VOTER last_known_addr { host: "127.17.251.130" port: 39613 } health_report { overall_health: UNKNOWN } } peers { permanent_uuid: "0be17c477d094fb197929930b8fa419a" member_type: VOTER last_known_addr { host: "127.17.251.131" port: 34097 } health_report { overall_health: UNKNOWN } } }
I20260709 13:16:56.231022 18548 tablet_service.cc:2044] Received Run Leader Election RPC: tablet_id: "dadccd38426441c09950dc14c00c5362"
dest_uuid: "fdb2a960ea40486b97fe1dd5bceb6e58"
 from {username='slave'} at 127.0.0.1:42372
I20260709 13:16:56.231580 18548 raft_consensus.cc:493] T dadccd38426441c09950dc14c00c5362 P fdb2a960ea40486b97fe1dd5bceb6e58 [term 1 FOLLOWER]: Starting forced leader election (received explicit request)
I20260709 13:16:56.231978 18548 raft_consensus.cc:3060] T dadccd38426441c09950dc14c00c5362 P fdb2a960ea40486b97fe1dd5bceb6e58 [term 1 FOLLOWER]: Advancing to term 2
I20260709 13:16:56.238965 18548 raft_consensus.cc:515] T dadccd38426441c09950dc14c00c5362 P fdb2a960ea40486b97fe1dd5bceb6e58 [term 2 FOLLOWER]: Starting forced leader election with config: opid_index: -1 OBSOLETE_local: false peers { permanent_uuid: "fdb2a960ea40486b97fe1dd5bceb6e58" member_type: VOTER last_known_addr { host: "127.17.251.129" port: 42349 } } peers { permanent_uuid: "986858f96f164e3b953d9042f283441d" member_type: VOTER last_known_addr { host: "127.17.251.130" port: 39613 } } peers { permanent_uuid: "0be17c477d094fb197929930b8fa419a" member_type: VOTER last_known_addr { host: "127.17.251.131" port: 34097 } }
I20260709 13:16:56.240151 18549 raft_consensus.cc:1240] T dadccd38426441c09950dc14c00c5362 P fdb2a960ea40486b97fe1dd5bceb6e58 [term 2 FOLLOWER]: Rejecting Update request from peer 986858f96f164e3b953d9042f283441d for earlier term 1. Current term is 2. Ops: []
I20260709 13:16:56.242033 18623 tablet_service.cc:1917] Received RequestConsensusVote() RPC: tablet_id: "dadccd38426441c09950dc14c00c5362" candidate_uuid: "fdb2a960ea40486b97fe1dd5bceb6e58" candidate_term: 2 candidate_status { last_received { term: 1 index: 1 } } ignore_live_leader: true dest_uuid: "986858f96f164e3b953d9042f283441d"
I20260709 13:16:56.245774 18777 consensus_queue.cc:1059] T dadccd38426441c09950dc14c00c5362 P 986858f96f164e3b953d9042f283441d [LEADER]: Peer responded invalid term: Peer: permanent_uuid: "fdb2a960ea40486b97fe1dd5bceb6e58" member_type: VOTER last_known_addr { host: "127.17.251.129" port: 42349 }, Status: INVALID_TERM, Last received: 1.1, Next index: 2, Last known committed idx: 0, Time since last communication: 0.000s
I20260709 13:16:56.246348 18548 leader_election.cc:290] T dadccd38426441c09950dc14c00c5362 P fdb2a960ea40486b97fe1dd5bceb6e58 [CANDIDATE]: Term 2 election: Requested vote from peers 986858f96f164e3b953d9042f283441d (127.17.251.130:39613), 0be17c477d094fb197929930b8fa419a (127.17.251.131:34097)
I20260709 13:16:56.245787 18623 raft_consensus.cc:3055] T dadccd38426441c09950dc14c00c5362 P 986858f96f164e3b953d9042f283441d [term 1 LEADER]: Stepping down as leader of term 1
I20260709 13:16:56.248842 18623 raft_consensus.cc:740] T dadccd38426441c09950dc14c00c5362 P 986858f96f164e3b953d9042f283441d [term 1 LEADER]: Becoming Follower/Learner. State: Replica: 986858f96f164e3b953d9042f283441d, State: Running, Role: LEADER
I20260709 13:16:56.248140 18697 tablet_service.cc:1917] Received RequestConsensusVote() RPC: tablet_id: "dadccd38426441c09950dc14c00c5362" candidate_uuid: "fdb2a960ea40486b97fe1dd5bceb6e58" candidate_term: 2 candidate_status { last_received { term: 1 index: 1 } } ignore_live_leader: true dest_uuid: "0be17c477d094fb197929930b8fa419a"
I20260709 13:16:56.250545 18697 raft_consensus.cc:3060] T dadccd38426441c09950dc14c00c5362 P 0be17c477d094fb197929930b8fa419a [term 1 FOLLOWER]: Advancing to term 2
I20260709 13:16:56.254832 18446 catalog_manager.cc:5697] T eedac45982444b2694146149384eecc6 P fdb2a960ea40486b97fe1dd5bceb6e58 reported cstate change: term changed from 1 to 2, leader changed from 0be17c477d094fb197929930b8fa419a (127.17.251.131) to fdb2a960ea40486b97fe1dd5bceb6e58 (127.17.251.129). New cstate: current_term: 2 leader_uuid: "fdb2a960ea40486b97fe1dd5bceb6e58" committed_config { opid_index: -1 OBSOLETE_local: false peers { permanent_uuid: "fdb2a960ea40486b97fe1dd5bceb6e58" member_type: VOTER last_known_addr { host: "127.17.251.129" port: 42349 } health_report { overall_health: HEALTHY } } peers { permanent_uuid: "986858f96f164e3b953d9042f283441d" member_type: VOTER last_known_addr { host: "127.17.251.130" port: 39613 } health_report { overall_health: UNKNOWN } } peers { permanent_uuid: "0be17c477d094fb197929930b8fa419a" member_type: VOTER last_known_addr { host: "127.17.251.131" port: 34097 } health_report { overall_health: UNKNOWN } } }
I20260709 13:16:56.256163 18697 raft_consensus.cc:2468] T dadccd38426441c09950dc14c00c5362 P 0be17c477d094fb197929930b8fa419a [term 2 FOLLOWER]: Leader election vote request: Granting yes vote for candidate fdb2a960ea40486b97fe1dd5bceb6e58 in term 2.
I20260709 13:16:56.257072 18623 consensus_queue.cc:260] T dadccd38426441c09950dc14c00c5362 P 986858f96f164e3b953d9042f283441d [NON_LEADER]: Queue going to NON_LEADER mode. State: All replicated index: 0, Majority replicated index: 1, Committed index: 1, Last appended: 1.1, Last appended by leader: 1, Current term: 1, Majority size: -1, State: 0, Mode: NON_LEADER, active raft config: opid_index: -1 OBSOLETE_local: false peers { permanent_uuid: "fdb2a960ea40486b97fe1dd5bceb6e58" member_type: VOTER last_known_addr { host: "127.17.251.129" port: 42349 } } peers { permanent_uuid: "986858f96f164e3b953d9042f283441d" member_type: VOTER last_known_addr { host: "127.17.251.130" port: 39613 } } peers { permanent_uuid: "0be17c477d094fb197929930b8fa419a" member_type: VOTER last_known_addr { host: "127.17.251.131" port: 34097 } }
I20260709 13:16:56.257443 18515 leader_election.cc:304] T dadccd38426441c09950dc14c00c5362 P fdb2a960ea40486b97fe1dd5bceb6e58 [CANDIDATE]: Term 2 election: Election decided. Result: candidate won. Election summary: received 2 responses out of 3 voters: 2 yes votes; 0 no votes. yes voters: 0be17c477d094fb197929930b8fa419a, fdb2a960ea40486b97fe1dd5bceb6e58; no voters: 
I20260709 13:16:56.258400 18787 raft_consensus.cc:2804] T dadccd38426441c09950dc14c00c5362 P fdb2a960ea40486b97fe1dd5bceb6e58 [term 2 FOLLOWER]: Leader election won for term 2
I20260709 13:16:56.258401 18623 raft_consensus.cc:3060] T dadccd38426441c09950dc14c00c5362 P 986858f96f164e3b953d9042f283441d [term 1 FOLLOWER]: Advancing to term 2
I20260709 13:16:56.259249 18787 raft_consensus.cc:697] T dadccd38426441c09950dc14c00c5362 P fdb2a960ea40486b97fe1dd5bceb6e58 [term 2 LEADER]: Becoming Leader. State: Replica: fdb2a960ea40486b97fe1dd5bceb6e58, State: Running, Role: LEADER
I20260709 13:16:56.260795 18787 consensus_queue.cc:237] T dadccd38426441c09950dc14c00c5362 P fdb2a960ea40486b97fe1dd5bceb6e58 [LEADER]: Queue going to LEADER mode. State: All replicated index: 0, Majority replicated index: 0, Committed index: 0, Last appended: 1.1, Last appended by leader: 1, Current term: 2, Majority size: 2, State: 0, Mode: LEADER, active raft config: opid_index: -1 OBSOLETE_local: false peers { permanent_uuid: "fdb2a960ea40486b97fe1dd5bceb6e58" member_type: VOTER last_known_addr { host: "127.17.251.129" port: 42349 } } peers { permanent_uuid: "986858f96f164e3b953d9042f283441d" member_type: VOTER last_known_addr { host: "127.17.251.130" port: 39613 } } peers { permanent_uuid: "0be17c477d094fb197929930b8fa419a" member_type: VOTER last_known_addr { host: "127.17.251.131" port: 34097 } }
I20260709 13:16:56.265837 18777 consensus_queue.cc:1048] T 2be9bebe23ce482db62df897c49c491c P 986858f96f164e3b953d9042f283441d [LEADER]: Connected to new peer: Peer: permanent_uuid: "fdb2a960ea40486b97fe1dd5bceb6e58" member_type: VOTER last_known_addr { host: "127.17.251.129" port: 42349 }, Status: LMP_MISMATCH, Last received: 0.0, Next index: 1, Last known committed idx: 0, Time since last communication: 0.000s
I20260709 13:16:56.266206 18623 raft_consensus.cc:2468] T dadccd38426441c09950dc14c00c5362 P 986858f96f164e3b953d9042f283441d [term 2 FOLLOWER]: Leader election vote request: Granting yes vote for candidate fdb2a960ea40486b97fe1dd5bceb6e58 in term 2.
W20260709 13:16:56.266968 18746 raft_consensus.cc:936] Couldn't advance consensus term.: Illegal state: Can't advance term to: 2 current term: 2 is higher.
I20260709 13:16:56.273159 18445 catalog_manager.cc:5697] T dadccd38426441c09950dc14c00c5362 P fdb2a960ea40486b97fe1dd5bceb6e58 reported cstate change: term changed from 1 to 2, leader changed from 986858f96f164e3b953d9042f283441d (127.17.251.130) to fdb2a960ea40486b97fe1dd5bceb6e58 (127.17.251.129). New cstate: current_term: 2 leader_uuid: "fdb2a960ea40486b97fe1dd5bceb6e58" committed_config { opid_index: -1 OBSOLETE_local: false peers { permanent_uuid: "fdb2a960ea40486b97fe1dd5bceb6e58" member_type: VOTER last_known_addr { host: "127.17.251.129" port: 42349 } health_report { overall_health: HEALTHY } } peers { permanent_uuid: "986858f96f164e3b953d9042f283441d" member_type: VOTER last_known_addr { host: "127.17.251.130" port: 39613 } health_report { overall_health: UNKNOWN } } peers { permanent_uuid: "0be17c477d094fb197929930b8fa419a" member_type: VOTER last_known_addr { host: "127.17.251.131" port: 34097 } health_report { overall_health: UNKNOWN } } }
I20260709 13:16:56.278856 18779 consensus_queue.cc:1048] T 2be9bebe23ce482db62df897c49c491c P 986858f96f164e3b953d9042f283441d [LEADER]: Connected to new peer: Peer: permanent_uuid: "0be17c477d094fb197929930b8fa419a" member_type: VOTER last_known_addr { host: "127.17.251.131" port: 34097 }, Status: LMP_MISMATCH, Last received: 0.0, Next index: 1, Last known committed idx: 0, Time since last communication: 0.000s
I20260709 13:16:56.310866 18787 consensus_queue.cc:1048] T 910fb7bb019f4c54a7be5fbec560bee4 P fdb2a960ea40486b97fe1dd5bceb6e58 [LEADER]: Connected to new peer: Peer: permanent_uuid: "0be17c477d094fb197929930b8fa419a" member_type: VOTER last_known_addr { host: "127.17.251.131" port: 34097 }, Status: LMP_MISMATCH, Last received: 0.0, Next index: 1, Last known committed idx: 0, Time since last communication: 0.000s
I20260709 13:16:56.317566 18786 raft_consensus.cc:993] T 910fb7bb019f4c54a7be5fbec560bee4 P fdb2a960ea40486b97fe1dd5bceb6e58: : Instructing follower 0be17c477d094fb197929930b8fa419a to start an election
I20260709 13:16:56.318069 18786 raft_consensus.cc:1081] T 910fb7bb019f4c54a7be5fbec560bee4 P fdb2a960ea40486b97fe1dd5bceb6e58 [term 1 LEADER]: Signalling peer 0be17c477d094fb197929930b8fa419a to start an election
I20260709 13:16:56.319926 18698 tablet_service.cc:2044] Received Run Leader Election RPC: tablet_id: "910fb7bb019f4c54a7be5fbec560bee4"
dest_uuid: "0be17c477d094fb197929930b8fa419a"
 from {username='slave'} at 127.0.0.1:60560
I20260709 13:16:56.320504 18698 raft_consensus.cc:493] T 910fb7bb019f4c54a7be5fbec560bee4 P 0be17c477d094fb197929930b8fa419a [term 1 FOLLOWER]: Starting forced leader election (received explicit request)
I20260709 13:16:56.320870 18698 raft_consensus.cc:3060] T 910fb7bb019f4c54a7be5fbec560bee4 P 0be17c477d094fb197929930b8fa419a [term 1 FOLLOWER]: Advancing to term 2
I20260709 13:16:56.323348 18623 raft_consensus.cc:3060] T 910fb7bb019f4c54a7be5fbec560bee4 P 986858f96f164e3b953d9042f283441d [term 0 FOLLOWER]: Advancing to term 1
I20260709 13:16:56.327651 18698 raft_consensus.cc:515] T 910fb7bb019f4c54a7be5fbec560bee4 P 0be17c477d094fb197929930b8fa419a [term 2 FOLLOWER]: Starting forced leader election with config: opid_index: -1 OBSOLETE_local: false peers { permanent_uuid: "fdb2a960ea40486b97fe1dd5bceb6e58" member_type: VOTER last_known_addr { host: "127.17.251.129" port: 42349 } } peers { permanent_uuid: "986858f96f164e3b953d9042f283441d" member_type: VOTER last_known_addr { host: "127.17.251.130" port: 39613 } } peers { permanent_uuid: "0be17c477d094fb197929930b8fa419a" member_type: VOTER last_known_addr { host: "127.17.251.131" port: 34097 } }
I20260709 13:16:56.329020 18697 raft_consensus.cc:1240] T 910fb7bb019f4c54a7be5fbec560bee4 P 0be17c477d094fb197929930b8fa419a [term 2 FOLLOWER]: Rejecting Update request from peer fdb2a960ea40486b97fe1dd5bceb6e58 for earlier term 1. Current term is 2. Ops: []
I20260709 13:16:56.330667 18549 tablet_service.cc:1917] Received RequestConsensusVote() RPC: tablet_id: "910fb7bb019f4c54a7be5fbec560bee4" candidate_uuid: "0be17c477d094fb197929930b8fa419a" candidate_term: 2 candidate_status { last_received { term: 1 index: 1 } } ignore_live_leader: true dest_uuid: "fdb2a960ea40486b97fe1dd5bceb6e58"
I20260709 13:16:56.331257 18698 leader_election.cc:290] T 910fb7bb019f4c54a7be5fbec560bee4 P 0be17c477d094fb197929930b8fa419a [CANDIDATE]: Term 2 election: Requested vote from peers fdb2a960ea40486b97fe1dd5bceb6e58 (127.17.251.129:42349), 986858f96f164e3b953d9042f283441d (127.17.251.130:39613)
I20260709 13:16:56.331319 18549 raft_consensus.cc:3055] T 910fb7bb019f4c54a7be5fbec560bee4 P fdb2a960ea40486b97fe1dd5bceb6e58 [term 1 LEADER]: Stepping down as leader of term 1
I20260709 13:16:56.331815 18549 raft_consensus.cc:740] T 910fb7bb019f4c54a7be5fbec560bee4 P fdb2a960ea40486b97fe1dd5bceb6e58 [term 1 LEADER]: Becoming Follower/Learner. State: Replica: fdb2a960ea40486b97fe1dd5bceb6e58, State: Running, Role: LEADER
I20260709 13:16:56.331854 18787 consensus_queue.cc:1059] T 910fb7bb019f4c54a7be5fbec560bee4 P fdb2a960ea40486b97fe1dd5bceb6e58 [LEADER]: Peer responded invalid term: Peer: permanent_uuid: "0be17c477d094fb197929930b8fa419a" member_type: VOTER last_known_addr { host: "127.17.251.131" port: 34097 }, Status: INVALID_TERM, Last received: 1.1, Next index: 2, Last known committed idx: 0, Time since last communication: 0.001s
I20260709 13:16:56.332912 18624 tablet_service.cc:1917] Received RequestConsensusVote() RPC: tablet_id: "910fb7bb019f4c54a7be5fbec560bee4" candidate_uuid: "0be17c477d094fb197929930b8fa419a" candidate_term: 2 candidate_status { last_received { term: 1 index: 1 } } ignore_live_leader: true dest_uuid: "986858f96f164e3b953d9042f283441d"
I20260709 13:16:56.333456 18624 raft_consensus.cc:3060] T 910fb7bb019f4c54a7be5fbec560bee4 P 986858f96f164e3b953d9042f283441d [term 1 FOLLOWER]: Advancing to term 2
I20260709 13:16:56.333470 18549 consensus_queue.cc:260] T 910fb7bb019f4c54a7be5fbec560bee4 P fdb2a960ea40486b97fe1dd5bceb6e58 [NON_LEADER]: Queue going to NON_LEADER mode. State: All replicated index: 0, Majority replicated index: 1, Committed index: 1, Last appended: 1.1, Last appended by leader: 1, Current term: 1, Majority size: -1, State: 0, Mode: NON_LEADER, active raft config: opid_index: -1 OBSOLETE_local: false peers { permanent_uuid: "fdb2a960ea40486b97fe1dd5bceb6e58" member_type: VOTER last_known_addr { host: "127.17.251.129" port: 42349 } } peers { permanent_uuid: "986858f96f164e3b953d9042f283441d" member_type: VOTER last_known_addr { host: "127.17.251.130" port: 39613 } } peers { permanent_uuid: "0be17c477d094fb197929930b8fa419a" member_type: VOTER last_known_addr { host: "127.17.251.131" port: 34097 } }
I20260709 13:16:56.334857 18787 consensus_queue.cc:1048] T 910fb7bb019f4c54a7be5fbec560bee4 P fdb2a960ea40486b97fe1dd5bceb6e58 [NON_LEADER]: Connected to new peer: Peer: permanent_uuid: "986858f96f164e3b953d9042f283441d" member_type: VOTER last_known_addr { host: "127.17.251.130" port: 39613 }, Status: LMP_MISMATCH, Last received: 0.0, Next index: 1, Last known committed idx: 0, Time since last communication: 0.000s
I20260709 13:16:56.336158 18549 raft_consensus.cc:3060] T 910fb7bb019f4c54a7be5fbec560bee4 P fdb2a960ea40486b97fe1dd5bceb6e58 [term 1 FOLLOWER]: Advancing to term 2
I20260709 13:16:56.338903 18624 raft_consensus.cc:2468] T 910fb7bb019f4c54a7be5fbec560bee4 P 986858f96f164e3b953d9042f283441d [term 2 FOLLOWER]: Leader election vote request: Granting yes vote for candidate 0be17c477d094fb197929930b8fa419a in term 2.
I20260709 13:16:56.340010 18664 leader_election.cc:304] T 910fb7bb019f4c54a7be5fbec560bee4 P 0be17c477d094fb197929930b8fa419a [CANDIDATE]: Term 2 election: Election decided. Result: candidate won. Election summary: received 2 responses out of 3 voters: 2 yes votes; 0 no votes. yes voters: 0be17c477d094fb197929930b8fa419a, 986858f96f164e3b953d9042f283441d; no voters: 
I20260709 13:16:56.340793 18809 raft_consensus.cc:2804] T 910fb7bb019f4c54a7be5fbec560bee4 P 0be17c477d094fb197929930b8fa419a [term 2 FOLLOWER]: Leader election won for term 2
I20260709 13:16:56.341307 18809 raft_consensus.cc:697] T 910fb7bb019f4c54a7be5fbec560bee4 P 0be17c477d094fb197929930b8fa419a [term 2 LEADER]: Becoming Leader. State: Replica: 0be17c477d094fb197929930b8fa419a, State: Running, Role: LEADER
I20260709 13:16:56.342095 18809 consensus_queue.cc:237] T 910fb7bb019f4c54a7be5fbec560bee4 P 0be17c477d094fb197929930b8fa419a [LEADER]: Queue going to LEADER mode. State: All replicated index: 0, Majority replicated index: 0, Committed index: 0, Last appended: 1.1, Last appended by leader: 1, Current term: 2, Majority size: 2, State: 0, Mode: LEADER, active raft config: opid_index: -1 OBSOLETE_local: false peers { permanent_uuid: "fdb2a960ea40486b97fe1dd5bceb6e58" member_type: VOTER last_known_addr { host: "127.17.251.129" port: 42349 } } peers { permanent_uuid: "986858f96f164e3b953d9042f283441d" member_type: VOTER last_known_addr { host: "127.17.251.130" port: 39613 } } peers { permanent_uuid: "0be17c477d094fb197929930b8fa419a" member_type: VOTER last_known_addr { host: "127.17.251.131" port: 34097 } }
I20260709 13:16:56.342724 18549 raft_consensus.cc:2468] T 910fb7bb019f4c54a7be5fbec560bee4 P fdb2a960ea40486b97fe1dd5bceb6e58 [term 2 FOLLOWER]: Leader election vote request: Granting yes vote for candidate 0be17c477d094fb197929930b8fa419a in term 2.
I20260709 13:16:56.349237 18446 catalog_manager.cc:5697] T 910fb7bb019f4c54a7be5fbec560bee4 P 0be17c477d094fb197929930b8fa419a reported cstate change: term changed from 1 to 2, leader changed from fdb2a960ea40486b97fe1dd5bceb6e58 (127.17.251.129) to 0be17c477d094fb197929930b8fa419a (127.17.251.131). New cstate: current_term: 2 leader_uuid: "0be17c477d094fb197929930b8fa419a" committed_config { opid_index: -1 OBSOLETE_local: false peers { permanent_uuid: "fdb2a960ea40486b97fe1dd5bceb6e58" member_type: VOTER last_known_addr { host: "127.17.251.129" port: 42349 } health_report { overall_health: UNKNOWN } } peers { permanent_uuid: "986858f96f164e3b953d9042f283441d" member_type: VOTER last_known_addr { host: "127.17.251.130" port: 39613 } health_report { overall_health: UNKNOWN } } peers { permanent_uuid: "0be17c477d094fb197929930b8fa419a" member_type: VOTER last_known_addr { host: "127.17.251.131" port: 34097 } health_report { overall_health: HEALTHY } } }
I20260709 13:16:56.411146 18779 consensus_queue.cc:1048] T bc12bc5743f54d799d5961dbd948b487 P 986858f96f164e3b953d9042f283441d [LEADER]: Connected to new peer: Peer: permanent_uuid: "0be17c477d094fb197929930b8fa419a" member_type: VOTER last_known_addr { host: "127.17.251.131" port: 34097 }, Status: LMP_MISMATCH, Last received: 0.0, Next index: 1, Last known committed idx: 0, Time since last communication: 0.000s
I20260709 13:16:56.424958 18779 consensus_queue.cc:1048] T bc12bc5743f54d799d5961dbd948b487 P 986858f96f164e3b953d9042f283441d [LEADER]: Connected to new peer: Peer: permanent_uuid: "fdb2a960ea40486b97fe1dd5bceb6e58" member_type: VOTER last_known_addr { host: "127.17.251.129" port: 42349 }, Status: LMP_MISMATCH, Last received: 0.0, Next index: 1, Last known committed idx: 0, Time since last communication: 0.001s
