I20260709 13:17:21.901242 19579 raft_consensus.cc:385] T f04d9feef9274de4b66b51394a73d9d7 P 17408e2e92864485bfd9ddb713ec3415 [term 0 FOLLOWER]: Consensus starting up: Expiring failure detector timer to make a prompt election more likely
I20260709 13:17:21.901484 19579 raft_consensus.cc:740] T f04d9feef9274de4b66b51394a73d9d7 P 17408e2e92864485bfd9ddb713ec3415 [term 0 FOLLOWER]: Becoming Follower/Learner. State: Replica: 17408e2e92864485bfd9ddb713ec3415, State: Initialized, Role: FOLLOWER
I20260709 13:17:21.902024 19581 ts_tablet_manager.cc:1434] T e4d4d49c96fd4d51952f01ab2f11b174 P 4cf32a2c573743c8aba4daadfd9653c0: Time spent starting tablet: real 0.005s	user 0.004s	sys 0.000s
I20260709 13:17:21.902083 19579 consensus_queue.cc:260] T f04d9feef9274de4b66b51394a73d9d7 P 17408e2e92864485bfd9ddb713ec3415 [NON_LEADER]: Queue going to NON_LEADER mode. State: All replicated index: 0, Majority replicated index: 0, Committed index: 0, Last appended: 0.0, Last appended by leader: 0, Current term: 0, Majority size: -1, State: 0, Mode: NON_LEADER, active raft config: opid_index: -1 OBSOLETE_local: false peers { permanent_uuid: "17408e2e92864485bfd9ddb713ec3415" member_type: VOTER last_known_addr { host: "127.17.218.1" port: 36041 } } peers { permanent_uuid: "4cf32a2c573743c8aba4daadfd9653c0" member_type: VOTER last_known_addr { host: "127.17.218.2" port: 35965 } } peers { permanent_uuid: "cb141b334a8b4dfab13119da12f4ab45" member_type: VOTER last_known_addr { host: "127.17.218.3" port: 38641 } }
I20260709 13:17:21.903048 19581 tablet_bootstrap.cc:492] T f6f9d9a18b0f45a0a0b7f83d7e675c80 P 4cf32a2c573743c8aba4daadfd9653c0: Bootstrap starting.
I20260709 13:17:21.904377 19579 ts_tablet_manager.cc:1434] T f04d9feef9274de4b66b51394a73d9d7 P 17408e2e92864485bfd9ddb713ec3415: Time spent starting tablet: real 0.006s	user 0.003s	sys 0.003s
I20260709 13:17:21.905608 19579 tablet_bootstrap.cc:492] T 722c7f3ec2504dc4ba0a20100b83e5e6 P 17408e2e92864485bfd9ddb713ec3415: Bootstrap starting.
I20260709 13:17:21.905891 19577 ts_tablet_manager.cc:1434] T e4d4d49c96fd4d51952f01ab2f11b174 P cb141b334a8b4dfab13119da12f4ab45: Time spent starting tablet: real 0.048s	user 0.007s	sys 0.000s
I20260709 13:17:21.906695 19577 tablet_bootstrap.cc:492] T f6f9d9a18b0f45a0a0b7f83d7e675c80 P cb141b334a8b4dfab13119da12f4ab45: Bootstrap starting.
I20260709 13:17:21.910538 19579 tablet_bootstrap.cc:654] T 722c7f3ec2504dc4ba0a20100b83e5e6 P 17408e2e92864485bfd9ddb713ec3415: Neither blocks nor log segments found. Creating new log.
I20260709 13:17:21.914990 19577 tablet_bootstrap.cc:654] T f6f9d9a18b0f45a0a0b7f83d7e675c80 P cb141b334a8b4dfab13119da12f4ab45: Neither blocks nor log segments found. Creating new log.
I20260709 13:17:21.922304 19579 tablet_bootstrap.cc:492] T 722c7f3ec2504dc4ba0a20100b83e5e6 P 17408e2e92864485bfd9ddb713ec3415: No bootstrap required, opened a new log
I20260709 13:17:21.922684 19579 ts_tablet_manager.cc:1403] T 722c7f3ec2504dc4ba0a20100b83e5e6 P 17408e2e92864485bfd9ddb713ec3415: Time spent bootstrapping tablet: real 0.017s	user 0.006s	sys 0.008s
I20260709 13:17:21.924891 19579 raft_consensus.cc:359] T 722c7f3ec2504dc4ba0a20100b83e5e6 P 17408e2e92864485bfd9ddb713ec3415 [term 0 FOLLOWER]: Replica starting. Triggering 0 pending ops. Active config: opid_index: -1 OBSOLETE_local: false peers { permanent_uuid: "17408e2e92864485bfd9ddb713ec3415" member_type: VOTER last_known_addr { host: "127.17.218.1" port: 36041 } } peers { permanent_uuid: "4cf32a2c573743c8aba4daadfd9653c0" member_type: VOTER last_known_addr { host: "127.17.218.2" port: 35965 } } peers { permanent_uuid: "cb141b334a8b4dfab13119da12f4ab45" member_type: VOTER last_known_addr { host: "127.17.218.3" port: 38641 } }
I20260709 13:17:21.925530 19579 raft_consensus.cc:385] T 722c7f3ec2504dc4ba0a20100b83e5e6 P 17408e2e92864485bfd9ddb713ec3415 [term 0 FOLLOWER]: Consensus starting up: Expiring failure detector timer to make a prompt election more likely
I20260709 13:17:21.925791 19579 raft_consensus.cc:740] T 722c7f3ec2504dc4ba0a20100b83e5e6 P 17408e2e92864485bfd9ddb713ec3415 [term 0 FOLLOWER]: Becoming Follower/Learner. State: Replica: 17408e2e92864485bfd9ddb713ec3415, State: Initialized, Role: FOLLOWER
I20260709 13:17:21.926352 19579 consensus_queue.cc:260] T 722c7f3ec2504dc4ba0a20100b83e5e6 P 17408e2e92864485bfd9ddb713ec3415 [NON_LEADER]: Queue going to NON_LEADER mode. State: All replicated index: 0, Majority replicated index: 0, Committed index: 0, Last appended: 0.0, Last appended by leader: 0, Current term: 0, Majority size: -1, State: 0, Mode: NON_LEADER, active raft config: opid_index: -1 OBSOLETE_local: false peers { permanent_uuid: "17408e2e92864485bfd9ddb713ec3415" member_type: VOTER last_known_addr { host: "127.17.218.1" port: 36041 } } peers { permanent_uuid: "4cf32a2c573743c8aba4daadfd9653c0" member_type: VOTER last_known_addr { host: "127.17.218.2" port: 35965 } } peers { permanent_uuid: "cb141b334a8b4dfab13119da12f4ab45" member_type: VOTER last_known_addr { host: "127.17.218.3" port: 38641 } }
I20260709 13:17:21.928511 19579 ts_tablet_manager.cc:1434] T 722c7f3ec2504dc4ba0a20100b83e5e6 P 17408e2e92864485bfd9ddb713ec3415: Time spent starting tablet: real 0.006s	user 0.007s	sys 0.001s
I20260709 13:17:21.929330 19579 tablet_bootstrap.cc:492] T f0602e3859e4465d977bc27191fd7535 P 17408e2e92864485bfd9ddb713ec3415: Bootstrap starting.
I20260709 13:17:21.930465 19824 raft_consensus.cc:493] T 6e17ca30521c4f50b827295b8681ffe4 P 17408e2e92864485bfd9ddb713ec3415 [term 0 FOLLOWER]: Starting pre-election (no leader contacted us within the election timeout)
I20260709 13:17:21.930928 19824 raft_consensus.cc:515] T 6e17ca30521c4f50b827295b8681ffe4 P 17408e2e92864485bfd9ddb713ec3415 [term 0 FOLLOWER]: Starting pre-election with config: opid_index: -1 OBSOLETE_local: false peers { permanent_uuid: "17408e2e92864485bfd9ddb713ec3415" member_type: VOTER last_known_addr { host: "127.17.218.1" port: 36041 } } peers { permanent_uuid: "4cf32a2c573743c8aba4daadfd9653c0" member_type: VOTER last_known_addr { host: "127.17.218.2" port: 35965 } } peers { permanent_uuid: "cb141b334a8b4dfab13119da12f4ab45" member_type: VOTER last_known_addr { host: "127.17.218.3" port: 38641 } }
I20260709 13:17:21.932808 19824 leader_election.cc:290] T 6e17ca30521c4f50b827295b8681ffe4 P 17408e2e92864485bfd9ddb713ec3415 [CANDIDATE]: Term 1 pre-election: Requested pre-vote from peers 4cf32a2c573743c8aba4daadfd9653c0 (127.17.218.2:35965), cb141b334a8b4dfab13119da12f4ab45 (127.17.218.3:38641)
I20260709 13:17:21.935148 19458 tablet_service.cc:1917] Received RequestConsensusVote() RPC: tablet_id: "6e17ca30521c4f50b827295b8681ffe4" candidate_uuid: "17408e2e92864485bfd9ddb713ec3415" candidate_term: 1 candidate_status { last_received { term: 0 index: 0 } } ignore_live_leader: false dest_uuid: "4cf32a2c573743c8aba4daadfd9653c0" is_pre_election: true
W20260709 13:17:21.936259 19351 leader_election.cc:343] T 6e17ca30521c4f50b827295b8681ffe4 P 17408e2e92864485bfd9ddb713ec3415 [CANDIDATE]: Term 1 pre-election: Tablet error from VoteRequest() call to peer 4cf32a2c573743c8aba4daadfd9653c0 (127.17.218.2:35965): Illegal state: must be running to vote when last-logged opid is not known
I20260709 13:17:21.938434 19581 tablet_bootstrap.cc:654] T f6f9d9a18b0f45a0a0b7f83d7e675c80 P 4cf32a2c573743c8aba4daadfd9653c0: Neither blocks nor log segments found. Creating new log.
I20260709 13:17:21.940972 19579 tablet_bootstrap.cc:654] T f0602e3859e4465d977bc27191fd7535 P 17408e2e92864485bfd9ddb713ec3415: Neither blocks nor log segments found. Creating new log.
I20260709 13:17:21.940969 19532 tablet_service.cc:1917] Received RequestConsensusVote() RPC: tablet_id: "6e17ca30521c4f50b827295b8681ffe4" candidate_uuid: "17408e2e92864485bfd9ddb713ec3415" candidate_term: 1 candidate_status { last_received { term: 0 index: 0 } } ignore_live_leader: false dest_uuid: "cb141b334a8b4dfab13119da12f4ab45" is_pre_election: true
W20260709 13:17:21.942425 19352 leader_election.cc:343] T 6e17ca30521c4f50b827295b8681ffe4 P 17408e2e92864485bfd9ddb713ec3415 [CANDIDATE]: Term 1 pre-election: Tablet error from VoteRequest() call to peer cb141b334a8b4dfab13119da12f4ab45 (127.17.218.3:38641): Illegal state: must be running to vote when last-logged opid is not known
I20260709 13:17:21.942827 19352 leader_election.cc:304] T 6e17ca30521c4f50b827295b8681ffe4 P 17408e2e92864485bfd9ddb713ec3415 [CANDIDATE]: Term 1 pre-election: Election decided. Result: candidate lost. Election summary: received 3 responses out of 3 voters: 1 yes votes; 2 no votes. yes voters: 17408e2e92864485bfd9ddb713ec3415; no voters: 4cf32a2c573743c8aba4daadfd9653c0, cb141b334a8b4dfab13119da12f4ab45
I20260709 13:17:21.943766 19824 raft_consensus.cc:2749] T 6e17ca30521c4f50b827295b8681ffe4 P 17408e2e92864485bfd9ddb713ec3415 [term 0 FOLLOWER]: Leader pre-election lost for term 1. Reason: could not achieve majority
I20260709 13:17:21.947777 19577 tablet_bootstrap.cc:492] T f6f9d9a18b0f45a0a0b7f83d7e675c80 P cb141b334a8b4dfab13119da12f4ab45: No bootstrap required, opened a new log
I20260709 13:17:21.948230 19577 ts_tablet_manager.cc:1403] T f6f9d9a18b0f45a0a0b7f83d7e675c80 P cb141b334a8b4dfab13119da12f4ab45: Time spent bootstrapping tablet: real 0.042s	user 0.022s	sys 0.011s
I20260709 13:17:21.950917 19577 raft_consensus.cc:359] T f6f9d9a18b0f45a0a0b7f83d7e675c80 P cb141b334a8b4dfab13119da12f4ab45 [term 0 FOLLOWER]: Replica starting. Triggering 0 pending ops. Active config: opid_index: -1 OBSOLETE_local: false peers { permanent_uuid: "17408e2e92864485bfd9ddb713ec3415" member_type: VOTER last_known_addr { host: "127.17.218.1" port: 36041 } } peers { permanent_uuid: "4cf32a2c573743c8aba4daadfd9653c0" member_type: VOTER last_known_addr { host: "127.17.218.2" port: 35965 } } peers { permanent_uuid: "cb141b334a8b4dfab13119da12f4ab45" member_type: VOTER last_known_addr { host: "127.17.218.3" port: 38641 } }
I20260709 13:17:21.951545 19577 raft_consensus.cc:385] T f6f9d9a18b0f45a0a0b7f83d7e675c80 P cb141b334a8b4dfab13119da12f4ab45 [term 0 FOLLOWER]: Consensus starting up: Expiring failure detector timer to make a prompt election more likely
I20260709 13:17:21.951846 19579 tablet_bootstrap.cc:492] T f0602e3859e4465d977bc27191fd7535 P 17408e2e92864485bfd9ddb713ec3415: No bootstrap required, opened a new log
I20260709 13:17:21.951854 19577 raft_consensus.cc:740] T f6f9d9a18b0f45a0a0b7f83d7e675c80 P cb141b334a8b4dfab13119da12f4ab45 [term 0 FOLLOWER]: Becoming Follower/Learner. State: Replica: cb141b334a8b4dfab13119da12f4ab45, State: Initialized, Role: FOLLOWER
I20260709 13:17:21.952363 19579 ts_tablet_manager.cc:1403] T f0602e3859e4465d977bc27191fd7535 P 17408e2e92864485bfd9ddb713ec3415: Time spent bootstrapping tablet: real 0.023s	user 0.007s	sys 0.009s
I20260709 13:17:21.952764 19577 consensus_queue.cc:260] T f6f9d9a18b0f45a0a0b7f83d7e675c80 P cb141b334a8b4dfab13119da12f4ab45 [NON_LEADER]: Queue going to NON_LEADER mode. State: All replicated index: 0, Majority replicated index: 0, Committed index: 0, Last appended: 0.0, Last appended by leader: 0, Current term: 0, Majority size: -1, State: 0, Mode: NON_LEADER, active raft config: opid_index: -1 OBSOLETE_local: false peers { permanent_uuid: "17408e2e92864485bfd9ddb713ec3415" member_type: VOTER last_known_addr { host: "127.17.218.1" port: 36041 } } peers { permanent_uuid: "4cf32a2c573743c8aba4daadfd9653c0" member_type: VOTER last_known_addr { host: "127.17.218.2" port: 35965 } } peers { permanent_uuid: "cb141b334a8b4dfab13119da12f4ab45" member_type: VOTER last_known_addr { host: "127.17.218.3" port: 38641 } }
I20260709 13:17:21.955081 19577 ts_tablet_manager.cc:1434] T f6f9d9a18b0f45a0a0b7f83d7e675c80 P cb141b334a8b4dfab13119da12f4ab45: Time spent starting tablet: real 0.006s	user 0.004s	sys 0.000s
I20260709 13:17:21.954877 19579 raft_consensus.cc:359] T f0602e3859e4465d977bc27191fd7535 P 17408e2e92864485bfd9ddb713ec3415 [term 0 FOLLOWER]: Replica starting. Triggering 0 pending ops. Active config: opid_index: -1 OBSOLETE_local: false peers { permanent_uuid: "17408e2e92864485bfd9ddb713ec3415" member_type: VOTER last_known_addr { host: "127.17.218.1" port: 36041 } } peers { permanent_uuid: "4cf32a2c573743c8aba4daadfd9653c0" member_type: VOTER last_known_addr { host: "127.17.218.2" port: 35965 } } peers { permanent_uuid: "cb141b334a8b4dfab13119da12f4ab45" member_type: VOTER last_known_addr { host: "127.17.218.3" port: 38641 } }
I20260709 13:17:21.955472 19579 raft_consensus.cc:385] T f0602e3859e4465d977bc27191fd7535 P 17408e2e92864485bfd9ddb713ec3415 [term 0 FOLLOWER]: Consensus starting up: Expiring failure detector timer to make a prompt election more likely
I20260709 13:17:21.955746 19579 raft_consensus.cc:740] T f0602e3859e4465d977bc27191fd7535 P 17408e2e92864485bfd9ddb713ec3415 [term 0 FOLLOWER]: Becoming Follower/Learner. State: Replica: 17408e2e92864485bfd9ddb713ec3415, State: Initialized, Role: FOLLOWER
I20260709 13:17:21.956104 19577 tablet_bootstrap.cc:492] T aea1a0bda7394905a09af063f4b40bf2 P cb141b334a8b4dfab13119da12f4ab45: Bootstrap starting.
I20260709 13:17:21.956328 19579 consensus_queue.cc:260] T f0602e3859e4465d977bc27191fd7535 P 17408e2e92864485bfd9ddb713ec3415 [NON_LEADER]: Queue going to NON_LEADER mode. State: All replicated index: 0, Majority replicated index: 0, Committed index: 0, Last appended: 0.0, Last appended by leader: 0, Current term: 0, Majority size: -1, State: 0, Mode: NON_LEADER, active raft config: opid_index: -1 OBSOLETE_local: false peers { permanent_uuid: "17408e2e92864485bfd9ddb713ec3415" member_type: VOTER last_known_addr { host: "127.17.218.1" port: 36041 } } peers { permanent_uuid: "4cf32a2c573743c8aba4daadfd9653c0" member_type: VOTER last_known_addr { host: "127.17.218.2" port: 35965 } } peers { permanent_uuid: "cb141b334a8b4dfab13119da12f4ab45" member_type: VOTER last_known_addr { host: "127.17.218.3" port: 38641 } }
I20260709 13:17:21.958354 19579 ts_tablet_manager.cc:1434] T f0602e3859e4465d977bc27191fd7535 P 17408e2e92864485bfd9ddb713ec3415: Time spent starting tablet: real 0.005s	user 0.004s	sys 0.000s
I20260709 13:17:21.959851 19579 tablet_bootstrap.cc:492] T 35b1880c583848d6b40bb830f809f81a P 17408e2e92864485bfd9ddb713ec3415: Bootstrap starting.
I20260709 13:17:21.965080 19579 tablet_bootstrap.cc:654] T 35b1880c583848d6b40bb830f809f81a P 17408e2e92864485bfd9ddb713ec3415: Neither blocks nor log segments found. Creating new log.
I20260709 13:17:21.966995 19577 tablet_bootstrap.cc:654] T aea1a0bda7394905a09af063f4b40bf2 P cb141b334a8b4dfab13119da12f4ab45: Neither blocks nor log segments found. Creating new log.
I20260709 13:17:21.973192 19579 tablet_bootstrap.cc:492] T 35b1880c583848d6b40bb830f809f81a P 17408e2e92864485bfd9ddb713ec3415: No bootstrap required, opened a new log
I20260709 13:17:21.973573 19579 ts_tablet_manager.cc:1403] T 35b1880c583848d6b40bb830f809f81a P 17408e2e92864485bfd9ddb713ec3415: Time spent bootstrapping tablet: real 0.014s	user 0.011s	sys 0.000s
I20260709 13:17:21.976052 19579 raft_consensus.cc:359] T 35b1880c583848d6b40bb830f809f81a P 17408e2e92864485bfd9ddb713ec3415 [term 0 FOLLOWER]: Replica starting. Triggering 0 pending ops. Active config: opid_index: -1 OBSOLETE_local: false peers { permanent_uuid: "17408e2e92864485bfd9ddb713ec3415" member_type: VOTER last_known_addr { host: "127.17.218.1" port: 36041 } } peers { permanent_uuid: "4cf32a2c573743c8aba4daadfd9653c0" member_type: VOTER last_known_addr { host: "127.17.218.2" port: 35965 } } peers { permanent_uuid: "cb141b334a8b4dfab13119da12f4ab45" member_type: VOTER last_known_addr { host: "127.17.218.3" port: 38641 } }
I20260709 13:17:21.976670 19579 raft_consensus.cc:385] T 35b1880c583848d6b40bb830f809f81a P 17408e2e92864485bfd9ddb713ec3415 [term 0 FOLLOWER]: Consensus starting up: Expiring failure detector timer to make a prompt election more likely
I20260709 13:17:21.976931 19579 raft_consensus.cc:740] T 35b1880c583848d6b40bb830f809f81a P 17408e2e92864485bfd9ddb713ec3415 [term 0 FOLLOWER]: Becoming Follower/Learner. State: Replica: 17408e2e92864485bfd9ddb713ec3415, State: Initialized, Role: FOLLOWER
I20260709 13:17:21.979421 19577 tablet_bootstrap.cc:492] T aea1a0bda7394905a09af063f4b40bf2 P cb141b334a8b4dfab13119da12f4ab45: No bootstrap required, opened a new log
I20260709 13:17:21.979941 19577 ts_tablet_manager.cc:1403] T aea1a0bda7394905a09af063f4b40bf2 P cb141b334a8b4dfab13119da12f4ab45: Time spent bootstrapping tablet: real 0.024s	user 0.014s	sys 0.002s
I20260709 13:17:21.979497 19579 consensus_queue.cc:260] T 35b1880c583848d6b40bb830f809f81a P 17408e2e92864485bfd9ddb713ec3415 [NON_LEADER]: Queue going to NON_LEADER mode. State: All replicated index: 0, Majority replicated index: 0, Committed index: 0, Last appended: 0.0, Last appended by leader: 0, Current term: 0, Majority size: -1, State: 0, Mode: NON_LEADER, active raft config: opid_index: -1 OBSOLETE_local: false peers { permanent_uuid: "17408e2e92864485bfd9ddb713ec3415" member_type: VOTER last_known_addr { host: "127.17.218.1" port: 36041 } } peers { permanent_uuid: "4cf32a2c573743c8aba4daadfd9653c0" member_type: VOTER last_known_addr { host: "127.17.218.2" port: 35965 } } peers { permanent_uuid: "cb141b334a8b4dfab13119da12f4ab45" member_type: VOTER last_known_addr { host: "127.17.218.3" port: 38641 } }
I20260709 13:17:21.980909 19581 tablet_bootstrap.cc:492] T f6f9d9a18b0f45a0a0b7f83d7e675c80 P 4cf32a2c573743c8aba4daadfd9653c0: No bootstrap required, opened a new log
I20260709 13:17:21.981330 19581 ts_tablet_manager.cc:1403] T f6f9d9a18b0f45a0a0b7f83d7e675c80 P 4cf32a2c573743c8aba4daadfd9653c0: Time spent bootstrapping tablet: real 0.078s	user 0.011s	sys 0.003s
I20260709 13:17:21.981570 19579 ts_tablet_manager.cc:1434] T 35b1880c583848d6b40bb830f809f81a P 17408e2e92864485bfd9ddb713ec3415: Time spent starting tablet: real 0.008s	user 0.006s	sys 0.000s
I20260709 13:17:21.982466 19579 tablet_bootstrap.cc:492] T 129631e626ec4d0d9748c4cd682d0194 P 17408e2e92864485bfd9ddb713ec3415: Bootstrap starting.
I20260709 13:17:21.985203 19577 raft_consensus.cc:359] T aea1a0bda7394905a09af063f4b40bf2 P cb141b334a8b4dfab13119da12f4ab45 [term 0 FOLLOWER]: Replica starting. Triggering 0 pending ops. Active config: opid_index: -1 OBSOLETE_local: false peers { permanent_uuid: "17408e2e92864485bfd9ddb713ec3415" member_type: VOTER last_known_addr { host: "127.17.218.1" port: 36041 } } peers { permanent_uuid: "4cf32a2c573743c8aba4daadfd9653c0" member_type: VOTER last_known_addr { host: "127.17.218.2" port: 35965 } } peers { permanent_uuid: "cb141b334a8b4dfab13119da12f4ab45" member_type: VOTER last_known_addr { host: "127.17.218.3" port: 38641 } }
I20260709 13:17:21.985875 19577 raft_consensus.cc:385] T aea1a0bda7394905a09af063f4b40bf2 P cb141b334a8b4dfab13119da12f4ab45 [term 0 FOLLOWER]: Consensus starting up: Expiring failure detector timer to make a prompt election more likely
I20260709 13:17:21.986160 19577 raft_consensus.cc:740] T aea1a0bda7394905a09af063f4b40bf2 P cb141b334a8b4dfab13119da12f4ab45 [term 0 FOLLOWER]: Becoming Follower/Learner. State: Replica: cb141b334a8b4dfab13119da12f4ab45, State: Initialized, Role: FOLLOWER
I20260709 13:17:21.986871 19577 consensus_queue.cc:260] T aea1a0bda7394905a09af063f4b40bf2 P cb141b334a8b4dfab13119da12f4ab45 [NON_LEADER]: Queue going to NON_LEADER mode. State: All replicated index: 0, Majority replicated index: 0, Committed index: 0, Last appended: 0.0, Last appended by leader: 0, Current term: 0, Majority size: -1, State: 0, Mode: NON_LEADER, active raft config: opid_index: -1 OBSOLETE_local: false peers { permanent_uuid: "17408e2e92864485bfd9ddb713ec3415" member_type: VOTER last_known_addr { host: "127.17.218.1" port: 36041 } } peers { permanent_uuid: "4cf32a2c573743c8aba4daadfd9653c0" member_type: VOTER last_known_addr { host: "127.17.218.2" port: 35965 } } peers { permanent_uuid: "cb141b334a8b4dfab13119da12f4ab45" member_type: VOTER last_known_addr { host: "127.17.218.3" port: 38641 } }
I20260709 13:17:21.988432 19579 tablet_bootstrap.cc:654] T 129631e626ec4d0d9748c4cd682d0194 P 17408e2e92864485bfd9ddb713ec3415: Neither blocks nor log segments found. Creating new log.
I20260709 13:17:21.992586 19581 raft_consensus.cc:359] T f6f9d9a18b0f45a0a0b7f83d7e675c80 P 4cf32a2c573743c8aba4daadfd9653c0 [term 0 FOLLOWER]: Replica starting. Triggering 0 pending ops. Active config: opid_index: -1 OBSOLETE_local: false peers { permanent_uuid: "17408e2e92864485bfd9ddb713ec3415" member_type: VOTER last_known_addr { host: "127.17.218.1" port: 36041 } } peers { permanent_uuid: "4cf32a2c573743c8aba4daadfd9653c0" member_type: VOTER last_known_addr { host: "127.17.218.2" port: 35965 } } peers { permanent_uuid: "cb141b334a8b4dfab13119da12f4ab45" member_type: VOTER last_known_addr { host: "127.17.218.3" port: 38641 } }
I20260709 13:17:21.993202 19581 raft_consensus.cc:385] T f6f9d9a18b0f45a0a0b7f83d7e675c80 P 4cf32a2c573743c8aba4daadfd9653c0 [term 0 FOLLOWER]: Consensus starting up: Expiring failure detector timer to make a prompt election more likely
I20260709 13:17:21.993449 19581 raft_consensus.cc:740] T f6f9d9a18b0f45a0a0b7f83d7e675c80 P 4cf32a2c573743c8aba4daadfd9653c0 [term 0 FOLLOWER]: Becoming Follower/Learner. State: Replica: 4cf32a2c573743c8aba4daadfd9653c0, State: Initialized, Role: FOLLOWER
I20260709 13:17:21.996026 19577 ts_tablet_manager.cc:1434] T aea1a0bda7394905a09af063f4b40bf2 P cb141b334a8b4dfab13119da12f4ab45: Time spent starting tablet: real 0.016s	user 0.001s	sys 0.004s
I20260709 13:17:21.996922 19577 tablet_bootstrap.cc:492] T 6e17ca30521c4f50b827295b8681ffe4 P cb141b334a8b4dfab13119da12f4ab45: Bootstrap starting.
I20260709 13:17:21.997951 19581 consensus_queue.cc:260] T f6f9d9a18b0f45a0a0b7f83d7e675c80 P 4cf32a2c573743c8aba4daadfd9653c0 [NON_LEADER]: Queue going to NON_LEADER mode. State: All replicated index: 0, Majority replicated index: 0, Committed index: 0, Last appended: 0.0, Last appended by leader: 0, Current term: 0, Majority size: -1, State: 0, Mode: NON_LEADER, active raft config: opid_index: -1 OBSOLETE_local: false peers { permanent_uuid: "17408e2e92864485bfd9ddb713ec3415" member_type: VOTER last_known_addr { host: "127.17.218.1" port: 36041 } } peers { permanent_uuid: "4cf32a2c573743c8aba4daadfd9653c0" member_type: VOTER last_known_addr { host: "127.17.218.2" port: 35965 } } peers { permanent_uuid: "cb141b334a8b4dfab13119da12f4ab45" member_type: VOTER last_known_addr { host: "127.17.218.3" port: 38641 } }
I20260709 13:17:21.998399 19824 raft_consensus.cc:493] T e4d4d49c96fd4d51952f01ab2f11b174 P 17408e2e92864485bfd9ddb713ec3415 [term 0 FOLLOWER]: Starting pre-election (no leader contacted us within the election timeout)
I20260709 13:17:21.998842 19824 raft_consensus.cc:515] T e4d4d49c96fd4d51952f01ab2f11b174 P 17408e2e92864485bfd9ddb713ec3415 [term 0 FOLLOWER]: Starting pre-election with config: opid_index: -1 OBSOLETE_local: false peers { permanent_uuid: "17408e2e92864485bfd9ddb713ec3415" member_type: VOTER last_known_addr { host: "127.17.218.1" port: 36041 } } peers { permanent_uuid: "4cf32a2c573743c8aba4daadfd9653c0" member_type: VOTER last_known_addr { host: "127.17.218.2" port: 35965 } } peers { permanent_uuid: "cb141b334a8b4dfab13119da12f4ab45" member_type: VOTER last_known_addr { host: "127.17.218.3" port: 38641 } }
I20260709 13:17:21.999502 19579 tablet_bootstrap.cc:492] T 129631e626ec4d0d9748c4cd682d0194 P 17408e2e92864485bfd9ddb713ec3415: No bootstrap required, opened a new log
I20260709 13:17:21.999899 19579 ts_tablet_manager.cc:1403] T 129631e626ec4d0d9748c4cd682d0194 P 17408e2e92864485bfd9ddb713ec3415: Time spent bootstrapping tablet: real 0.018s	user 0.014s	sys 0.001s
I20260709 13:17:22.000723 19824 leader_election.cc:290] T e4d4d49c96fd4d51952f01ab2f11b174 P 17408e2e92864485bfd9ddb713ec3415 [CANDIDATE]: Term 1 pre-election: Requested pre-vote from peers 4cf32a2c573743c8aba4daadfd9653c0 (127.17.218.2:35965), cb141b334a8b4dfab13119da12f4ab45 (127.17.218.3:38641)
I20260709 13:17:22.002221 19579 raft_consensus.cc:359] T 129631e626ec4d0d9748c4cd682d0194 P 17408e2e92864485bfd9ddb713ec3415 [term 0 FOLLOWER]: Replica starting. Triggering 0 pending ops. Active config: opid_index: -1 OBSOLETE_local: false peers { permanent_uuid: "17408e2e92864485bfd9ddb713ec3415" member_type: VOTER last_known_addr { host: "127.17.218.1" port: 36041 } } peers { permanent_uuid: "4cf32a2c573743c8aba4daadfd9653c0" member_type: VOTER last_known_addr { host: "127.17.218.2" port: 35965 } } peers { permanent_uuid: "cb141b334a8b4dfab13119da12f4ab45" member_type: VOTER last_known_addr { host: "127.17.218.3" port: 38641 } }
I20260709 13:17:22.002820 19579 raft_consensus.cc:385] T 129631e626ec4d0d9748c4cd682d0194 P 17408e2e92864485bfd9ddb713ec3415 [term 0 FOLLOWER]: Consensus starting up: Expiring failure detector timer to make a prompt election more likely
I20260709 13:17:22.003057 19579 raft_consensus.cc:740] T 129631e626ec4d0d9748c4cd682d0194 P 17408e2e92864485bfd9ddb713ec3415 [term 0 FOLLOWER]: Becoming Follower/Learner. State: Replica: 17408e2e92864485bfd9ddb713ec3415, State: Initialized, Role: FOLLOWER
I20260709 13:17:22.003125 19458 tablet_service.cc:1917] Received RequestConsensusVote() RPC: tablet_id: "e4d4d49c96fd4d51952f01ab2f11b174" candidate_uuid: "17408e2e92864485bfd9ddb713ec3415" candidate_term: 1 candidate_status { last_received { term: 0 index: 0 } } ignore_live_leader: false dest_uuid: "4cf32a2c573743c8aba4daadfd9653c0" is_pre_election: true
I20260709 13:17:22.003880 19458 raft_consensus.cc:2468] T e4d4d49c96fd4d51952f01ab2f11b174 P 4cf32a2c573743c8aba4daadfd9653c0 [term 0 FOLLOWER]: Leader pre-election vote request: Granting yes vote for candidate 17408e2e92864485bfd9ddb713ec3415 in term 0.
I20260709 13:17:22.004630 19532 tablet_service.cc:1917] Received RequestConsensusVote() RPC: tablet_id: "e4d4d49c96fd4d51952f01ab2f11b174" candidate_uuid: "17408e2e92864485bfd9ddb713ec3415" candidate_term: 1 candidate_status { last_received { term: 0 index: 0 } } ignore_live_leader: false dest_uuid: "cb141b334a8b4dfab13119da12f4ab45" is_pre_election: true
I20260709 13:17:22.004441 19579 consensus_queue.cc:260] T 129631e626ec4d0d9748c4cd682d0194 P 17408e2e92864485bfd9ddb713ec3415 [NON_LEADER]: Queue going to NON_LEADER mode. State: All replicated index: 0, Majority replicated index: 0, Committed index: 0, Last appended: 0.0, Last appended by leader: 0, Current term: 0, Majority size: -1, State: 0, Mode: NON_LEADER, active raft config: opid_index: -1 OBSOLETE_local: false peers { permanent_uuid: "17408e2e92864485bfd9ddb713ec3415" member_type: VOTER last_known_addr { host: "127.17.218.1" port: 36041 } } peers { permanent_uuid: "4cf32a2c573743c8aba4daadfd9653c0" member_type: VOTER last_known_addr { host: "127.17.218.2" port: 35965 } } peers { permanent_uuid: "cb141b334a8b4dfab13119da12f4ab45" member_type: VOTER last_known_addr { host: "127.17.218.3" port: 38641 } }
I20260709 13:17:22.005113 19351 leader_election.cc:304] T e4d4d49c96fd4d51952f01ab2f11b174 P 17408e2e92864485bfd9ddb713ec3415 [CANDIDATE]: Term 1 pre-election: Election decided. Result: candidate won. Election summary: received 2 responses out of 3 voters: 2 yes votes; 0 no votes. yes voters: 17408e2e92864485bfd9ddb713ec3415, 4cf32a2c573743c8aba4daadfd9653c0; no voters: 
I20260709 13:17:22.005218 19532 raft_consensus.cc:2468] T e4d4d49c96fd4d51952f01ab2f11b174 P cb141b334a8b4dfab13119da12f4ab45 [term 0 FOLLOWER]: Leader pre-election vote request: Granting yes vote for candidate 17408e2e92864485bfd9ddb713ec3415 in term 0.
I20260709 13:17:22.003078 19895 raft_consensus.cc:493] T 35b1880c583848d6b40bb830f809f81a P 17408e2e92864485bfd9ddb713ec3415 [term 0 FOLLOWER]: Starting pre-election (no leader contacted us within the election timeout)
I20260709 13:17:22.006422 19579 ts_tablet_manager.cc:1434] T 129631e626ec4d0d9748c4cd682d0194 P 17408e2e92864485bfd9ddb713ec3415: Time spent starting tablet: real 0.006s	user 0.003s	sys 0.003s
I20260709 13:17:22.006363 19895 raft_consensus.cc:515] T 35b1880c583848d6b40bb830f809f81a P 17408e2e92864485bfd9ddb713ec3415 [term 0 FOLLOWER]: Starting pre-election with config: opid_index: -1 OBSOLETE_local: false peers { permanent_uuid: "17408e2e92864485bfd9ddb713ec3415" member_type: VOTER last_known_addr { host: "127.17.218.1" port: 36041 } } peers { permanent_uuid: "4cf32a2c573743c8aba4daadfd9653c0" member_type: VOTER last_known_addr { host: "127.17.218.2" port: 35965 } } peers { permanent_uuid: "cb141b334a8b4dfab13119da12f4ab45" member_type: VOTER last_known_addr { host: "127.17.218.3" port: 38641 } }
I20260709 13:17:22.007275 19579 tablet_bootstrap.cc:492] T 02730877f6394472b6702c25c301624c P 17408e2e92864485bfd9ddb713ec3415: Bootstrap starting.
I20260709 13:17:22.008266 19895 leader_election.cc:290] T 35b1880c583848d6b40bb830f809f81a P 17408e2e92864485bfd9ddb713ec3415 [CANDIDATE]: Term 1 pre-election: Requested pre-vote from peers 4cf32a2c573743c8aba4daadfd9653c0 (127.17.218.2:35965), cb141b334a8b4dfab13119da12f4ab45 (127.17.218.3:38641)
I20260709 13:17:22.005954 19889 raft_consensus.cc:2804] T e4d4d49c96fd4d51952f01ab2f11b174 P 17408e2e92864485bfd9ddb713ec3415 [term 0 FOLLOWER]: Leader pre-election won for term 1
I20260709 13:17:22.009486 19889 raft_consensus.cc:493] T e4d4d49c96fd4d51952f01ab2f11b174 P 17408e2e92864485bfd9ddb713ec3415 [term 0 FOLLOWER]: Starting leader election (no leader contacted us within the election timeout)
I20260709 13:17:22.009711 19535 tablet_service.cc:1917] Received RequestConsensusVote() RPC: tablet_id: "35b1880c583848d6b40bb830f809f81a" candidate_uuid: "17408e2e92864485bfd9ddb713ec3415" candidate_term: 1 candidate_status { last_received { term: 0 index: 0 } } ignore_live_leader: false dest_uuid: "cb141b334a8b4dfab13119da12f4ab45" is_pre_election: true
I20260709 13:17:22.009851 19889 raft_consensus.cc:3060] T e4d4d49c96fd4d51952f01ab2f11b174 P 17408e2e92864485bfd9ddb713ec3415 [term 0 FOLLOWER]: Advancing to term 1
I20260709 13:17:22.009583 19458 tablet_service.cc:1917] Received RequestConsensusVote() RPC: tablet_id: "35b1880c583848d6b40bb830f809f81a" candidate_uuid: "17408e2e92864485bfd9ddb713ec3415" candidate_term: 1 candidate_status { last_received { term: 0 index: 0 } } ignore_live_leader: false dest_uuid: "4cf32a2c573743c8aba4daadfd9653c0" is_pre_election: true
W20260709 13:17:22.011741 19351 leader_election.cc:343] T 35b1880c583848d6b40bb830f809f81a P 17408e2e92864485bfd9ddb713ec3415 [CANDIDATE]: Term 1 pre-election: Tablet error from VoteRequest() call to peer 4cf32a2c573743c8aba4daadfd9653c0 (127.17.218.2:35965): Illegal state: must be running to vote when last-logged opid is not known
W20260709 13:17:22.012387 19352 leader_election.cc:343] T 35b1880c583848d6b40bb830f809f81a P 17408e2e92864485bfd9ddb713ec3415 [CANDIDATE]: Term 1 pre-election: Tablet error from VoteRequest() call to peer cb141b334a8b4dfab13119da12f4ab45 (127.17.218.3:38641): Illegal state: must be running to vote when last-logged opid is not known
I20260709 13:17:22.012708 19579 tablet_bootstrap.cc:654] T 02730877f6394472b6702c25c301624c P 17408e2e92864485bfd9ddb713ec3415: Neither blocks nor log segments found. Creating new log.
I20260709 13:17:22.012812 19352 leader_election.cc:304] T 35b1880c583848d6b40bb830f809f81a P 17408e2e92864485bfd9ddb713ec3415 [CANDIDATE]: Term 1 pre-election: Election decided. Result: candidate lost. Election summary: received 3 responses out of 3 voters: 1 yes votes; 2 no votes. yes voters: 17408e2e92864485bfd9ddb713ec3415; no voters: 4cf32a2c573743c8aba4daadfd9653c0, cb141b334a8b4dfab13119da12f4ab45
I20260709 13:17:22.016574 19895 raft_consensus.cc:2749] T 35b1880c583848d6b40bb830f809f81a P 17408e2e92864485bfd9ddb713ec3415 [term 0 FOLLOWER]: Leader pre-election lost for term 1. Reason: could not achieve majority
I20260709 13:17:22.020923 19577 tablet_bootstrap.cc:654] T 6e17ca30521c4f50b827295b8681ffe4 P cb141b334a8b4dfab13119da12f4ab45: Neither blocks nor log segments found. Creating new log.
I20260709 13:17:22.023813 19579 tablet_bootstrap.cc:492] T 02730877f6394472b6702c25c301624c P 17408e2e92864485bfd9ddb713ec3415: No bootstrap required, opened a new log
I20260709 13:17:22.024220 19579 ts_tablet_manager.cc:1403] T 02730877f6394472b6702c25c301624c P 17408e2e92864485bfd9ddb713ec3415: Time spent bootstrapping tablet: real 0.017s	user 0.007s	sys 0.007s
I20260709 13:17:22.026537 19579 raft_consensus.cc:359] T 02730877f6394472b6702c25c301624c P 17408e2e92864485bfd9ddb713ec3415 [term 0 FOLLOWER]: Replica starting. Triggering 0 pending ops. Active config: opid_index: -1 OBSOLETE_local: false peers { permanent_uuid: "17408e2e92864485bfd9ddb713ec3415" member_type: VOTER last_known_addr { host: "127.17.218.1" port: 36041 } } peers { permanent_uuid: "4cf32a2c573743c8aba4daadfd9653c0" member_type: VOTER last_known_addr { host: "127.17.218.2" port: 35965 } } peers { permanent_uuid: "cb141b334a8b4dfab13119da12f4ab45" member_type: VOTER last_known_addr { host: "127.17.218.3" port: 38641 } }
I20260709 13:17:22.027129 19579 raft_consensus.cc:385] T 02730877f6394472b6702c25c301624c P 17408e2e92864485bfd9ddb713ec3415 [term 0 FOLLOWER]: Consensus starting up: Expiring failure detector timer to make a prompt election more likely
I20260709 13:17:22.027381 19579 raft_consensus.cc:740] T 02730877f6394472b6702c25c301624c P 17408e2e92864485bfd9ddb713ec3415 [term 0 FOLLOWER]: Becoming Follower/Learner. State: Replica: 17408e2e92864485bfd9ddb713ec3415, State: Initialized, Role: FOLLOWER
I20260709 13:17:22.028105 19579 consensus_queue.cc:260] T 02730877f6394472b6702c25c301624c P 17408e2e92864485bfd9ddb713ec3415 [NON_LEADER]: Queue going to NON_LEADER mode. State: All replicated index: 0, Majority replicated index: 0, Committed index: 0, Last appended: 0.0, Last appended by leader: 0, Current term: 0, Majority size: -1, State: 0, Mode: NON_LEADER, active raft config: opid_index: -1 OBSOLETE_local: false peers { permanent_uuid: "17408e2e92864485bfd9ddb713ec3415" member_type: VOTER last_known_addr { host: "127.17.218.1" port: 36041 } } peers { permanent_uuid: "4cf32a2c573743c8aba4daadfd9653c0" member_type: VOTER last_known_addr { host: "127.17.218.2" port: 35965 } } peers { permanent_uuid: "cb141b334a8b4dfab13119da12f4ab45" member_type: VOTER last_known_addr { host: "127.17.218.3" port: 38641 } }
I20260709 13:17:22.029997 19579 ts_tablet_manager.cc:1434] T 02730877f6394472b6702c25c301624c P 17408e2e92864485bfd9ddb713ec3415: Time spent starting tablet: real 0.006s	user 0.006s	sys 0.000s
I20260709 13:17:22.030912 19579 tablet_bootstrap.cc:492] T af327f9ec4534cddb0dcbcc7b140c8de P 17408e2e92864485bfd9ddb713ec3415: Bootstrap starting.
I20260709 13:17:22.036013 19579 tablet_bootstrap.cc:654] T af327f9ec4534cddb0dcbcc7b140c8de P 17408e2e92864485bfd9ddb713ec3415: Neither blocks nor log segments found. Creating new log.
I20260709 13:17:22.038651 19891 raft_consensus.cc:493] T aea1a0bda7394905a09af063f4b40bf2 P 4cf32a2c573743c8aba4daadfd9653c0 [term 0 FOLLOWER]: Starting pre-election (no leader contacted us within the election timeout)
I20260709 13:17:22.039747 19824 raft_consensus.cc:493] T 0c83f7ca3eeb4082b04055389243b1cc P 17408e2e92864485bfd9ddb713ec3415 [term 0 FOLLOWER]: Starting pre-election (no leader contacted us within the election timeout)
I20260709 13:17:22.040167 19824 raft_consensus.cc:515] T 0c83f7ca3eeb4082b04055389243b1cc P 17408e2e92864485bfd9ddb713ec3415 [term 0 FOLLOWER]: Starting pre-election with config: opid_index: -1 OBSOLETE_local: false peers { permanent_uuid: "17408e2e92864485bfd9ddb713ec3415" member_type: VOTER last_known_addr { host: "127.17.218.1" port: 36041 } } peers { permanent_uuid: "4cf32a2c573743c8aba4daadfd9653c0" member_type: VOTER last_known_addr { host: "127.17.218.2" port: 35965 } } peers { permanent_uuid: "cb141b334a8b4dfab13119da12f4ab45" member_type: VOTER last_known_addr { host: "127.17.218.3" port: 38641 } }
I20260709 13:17:22.042083 19824 leader_election.cc:290] T 0c83f7ca3eeb4082b04055389243b1cc P 17408e2e92864485bfd9ddb713ec3415 [CANDIDATE]: Term 1 pre-election: Requested pre-vote from peers 4cf32a2c573743c8aba4daadfd9653c0 (127.17.218.2:35965), cb141b334a8b4dfab13119da12f4ab45 (127.17.218.3:38641)
I20260709 13:17:22.039104 19891 raft_consensus.cc:515] T aea1a0bda7394905a09af063f4b40bf2 P 4cf32a2c573743c8aba4daadfd9653c0 [term 0 FOLLOWER]: Starting pre-election with config: opid_index: -1 OBSOLETE_local: false peers { permanent_uuid: "17408e2e92864485bfd9ddb713ec3415" member_type: VOTER last_known_addr { host: "127.17.218.1" port: 36041 } } peers { permanent_uuid: "4cf32a2c573743c8aba4daadfd9653c0" member_type: VOTER last_known_addr { host: "127.17.218.2" port: 35965 } } peers { permanent_uuid: "cb141b334a8b4dfab13119da12f4ab45" member_type: VOTER last_known_addr { host: "127.17.218.3" port: 38641 } }
I20260709 13:17:22.042987 19532 tablet_service.cc:1917] Received RequestConsensusVote() RPC: tablet_id: "0c83f7ca3eeb4082b04055389243b1cc" candidate_uuid: "17408e2e92864485bfd9ddb713ec3415" candidate_term: 1 candidate_status { last_received { term: 0 index: 0 } } ignore_live_leader: false dest_uuid: "cb141b334a8b4dfab13119da12f4ab45" is_pre_election: true
W20260709 13:17:22.044191 19352 leader_election.cc:343] T 0c83f7ca3eeb4082b04055389243b1cc P 17408e2e92864485bfd9ddb713ec3415 [CANDIDATE]: Term 1 pre-election: Tablet error from VoteRequest() call to peer cb141b334a8b4dfab13119da12f4ab45 (127.17.218.3:38641): Illegal state: must be running to vote when last-logged opid is not known
I20260709 13:17:22.044526 19383 tablet_service.cc:1917] Received RequestConsensusVote() RPC: tablet_id: "aea1a0bda7394905a09af063f4b40bf2" candidate_uuid: "4cf32a2c573743c8aba4daadfd9653c0" candidate_term: 1 candidate_status { last_received { term: 0 index: 0 } } ignore_live_leader: false dest_uuid: "17408e2e92864485bfd9ddb713ec3415" is_pre_election: true
I20260709 13:17:22.045099 19383 raft_consensus.cc:2468] T aea1a0bda7394905a09af063f4b40bf2 P 17408e2e92864485bfd9ddb713ec3415 [term 0 FOLLOWER]: Leader pre-election vote request: Granting yes vote for candidate 4cf32a2c573743c8aba4daadfd9653c0 in term 0.
I20260709 13:17:22.045291 19458 tablet_service.cc:1917] Received RequestConsensusVote() RPC: tablet_id: "0c83f7ca3eeb4082b04055389243b1cc" candidate_uuid: "17408e2e92864485bfd9ddb713ec3415" candidate_term: 1 candidate_status { last_received { term: 0 index: 0 } } ignore_live_leader: false dest_uuid: "4cf32a2c573743c8aba4daadfd9653c0" is_pre_election: true
I20260709 13:17:22.045868 19458 raft_consensus.cc:2468] T 0c83f7ca3eeb4082b04055389243b1cc P 4cf32a2c573743c8aba4daadfd9653c0 [term 0 FOLLOWER]: Leader pre-election vote request: Granting yes vote for candidate 17408e2e92864485bfd9ddb713ec3415 in term 0.
I20260709 13:17:22.046260 19426 leader_election.cc:304] T aea1a0bda7394905a09af063f4b40bf2 P 4cf32a2c573743c8aba4daadfd9653c0 [CANDIDATE]: Term 1 pre-election: Election decided. Result: candidate won. Election summary: received 2 responses out of 3 voters: 2 yes votes; 0 no votes. yes voters: 17408e2e92864485bfd9ddb713ec3415, 4cf32a2c573743c8aba4daadfd9653c0; no voters: 
I20260709 13:17:22.046563 19579 tablet_bootstrap.cc:492] T af327f9ec4534cddb0dcbcc7b140c8de P 17408e2e92864485bfd9ddb713ec3415: No bootstrap required, opened a new log
I20260709 13:17:22.047037 19579 ts_tablet_manager.cc:1403] T af327f9ec4534cddb0dcbcc7b140c8de P 17408e2e92864485bfd9ddb713ec3415: Time spent bootstrapping tablet: real 0.016s	user 0.009s	sys 0.005s
I20260709 13:17:22.047070 19351 leader_election.cc:304] T 0c83f7ca3eeb4082b04055389243b1cc P 17408e2e92864485bfd9ddb713ec3415 [CANDIDATE]: Term 1 pre-election: Election decided. Result: candidate won. Election summary: received 3 responses out of 3 voters: 2 yes votes; 1 no votes. yes voters: 17408e2e92864485bfd9ddb713ec3415, 4cf32a2c573743c8aba4daadfd9653c0; no voters: cb141b334a8b4dfab13119da12f4ab45
I20260709 13:17:22.048604 19824 raft_consensus.cc:2804] T 0c83f7ca3eeb4082b04055389243b1cc P 17408e2e92864485bfd9ddb713ec3415 [term 0 FOLLOWER]: Leader pre-election won for term 1
I20260709 13:17:22.048935 19805 raft_consensus.cc:2804] T aea1a0bda7394905a09af063f4b40bf2 P 4cf32a2c573743c8aba4daadfd9653c0 [term 0 FOLLOWER]: Leader pre-election won for term 1
I20260709 13:17:22.049011 19824 raft_consensus.cc:493] T 0c83f7ca3eeb4082b04055389243b1cc P 17408e2e92864485bfd9ddb713ec3415 [term 0 FOLLOWER]: Starting leader election (no leader contacted us within the election timeout)
I20260709 13:17:22.049409 19805 raft_consensus.cc:493] T aea1a0bda7394905a09af063f4b40bf2 P 4cf32a2c573743c8aba4daadfd9653c0 [term 0 FOLLOWER]: Starting leader election (no leader contacted us within the election timeout)
I20260709 13:17:22.049535 19824 raft_consensus.cc:3060] T 0c83f7ca3eeb4082b04055389243b1cc P 17408e2e92864485bfd9ddb713ec3415 [term 0 FOLLOWER]: Advancing to term 1
I20260709 13:17:22.049521 19579 raft_consensus.cc:359] T af327f9ec4534cddb0dcbcc7b140c8de P 17408e2e92864485bfd9ddb713ec3415 [term 0 FOLLOWER]: Replica starting. Triggering 0 pending ops. Active config: opid_index: -1 OBSOLETE_local: false peers { permanent_uuid: "17408e2e92864485bfd9ddb713ec3415" member_type: VOTER last_known_addr { host: "127.17.218.1" port: 36041 } } peers { permanent_uuid: "4cf32a2c573743c8aba4daadfd9653c0" member_type: VOTER last_known_addr { host: "127.17.218.2" port: 35965 } } peers { permanent_uuid: "cb141b334a8b4dfab13119da12f4ab45" member_type: VOTER last_known_addr { host: "127.17.218.3" port: 38641 } }
I20260709 13:17:22.050391 19579 raft_consensus.cc:385] T af327f9ec4534cddb0dcbcc7b140c8de P 17408e2e92864485bfd9ddb713ec3415 [term 0 FOLLOWER]: Consensus starting up: Expiring failure detector timer to make a prompt election more likely
I20260709 13:17:22.050678 19579 raft_consensus.cc:740] T af327f9ec4534cddb0dcbcc7b140c8de P 17408e2e92864485bfd9ddb713ec3415 [term 0 FOLLOWER]: Becoming Follower/Learner. State: Replica: 17408e2e92864485bfd9ddb713ec3415, State: Initialized, Role: FOLLOWER
I20260709 13:17:22.051239 19579 consensus_queue.cc:260] T af327f9ec4534cddb0dcbcc7b140c8de P 17408e2e92864485bfd9ddb713ec3415 [NON_LEADER]: Queue going to NON_LEADER mode. State: All replicated index: 0, Majority replicated index: 0, Committed index: 0, Last appended: 0.0, Last appended by leader: 0, Current term: 0, Majority size: -1, State: 0, Mode: NON_LEADER, active raft config: opid_index: -1 OBSOLETE_local: false peers { permanent_uuid: "17408e2e92864485bfd9ddb713ec3415" member_type: VOTER last_known_addr { host: "127.17.218.1" port: 36041 } } peers { permanent_uuid: "4cf32a2c573743c8aba4daadfd9653c0" member_type: VOTER last_known_addr { host: "127.17.218.2" port: 35965 } } peers { permanent_uuid: "cb141b334a8b4dfab13119da12f4ab45" member_type: VOTER last_known_addr { host: "127.17.218.3" port: 38641 } }
I20260709 13:17:22.052332 19897 raft_consensus.cc:493] T 287fdfb844af4100b35272e76906ab67 P cb141b334a8b4dfab13119da12f4ab45 [term 0 FOLLOWER]: Starting pre-election (no leader contacted us within the election timeout)
I20260709 13:17:22.053030 19579 ts_tablet_manager.cc:1434] T af327f9ec4534cddb0dcbcc7b140c8de P 17408e2e92864485bfd9ddb713ec3415: Time spent starting tablet: real 0.006s	user 0.005s	sys 0.000s
I20260709 13:17:22.052802 19897 raft_consensus.cc:515] T 287fdfb844af4100b35272e76906ab67 P cb141b334a8b4dfab13119da12f4ab45 [term 0 FOLLOWER]: Starting pre-election with config: opid_index: -1 OBSOLETE_local: false peers { permanent_uuid: "17408e2e92864485bfd9ddb713ec3415" member_type: VOTER last_known_addr { host: "127.17.218.1" port: 36041 } } peers { permanent_uuid: "4cf32a2c573743c8aba4daadfd9653c0" member_type: VOTER last_known_addr { host: "127.17.218.2" port: 35965 } } peers { permanent_uuid: "cb141b334a8b4dfab13119da12f4ab45" member_type: VOTER last_known_addr { host: "127.17.218.3" port: 38641 } }
I20260709 13:17:22.054486 19897 leader_election.cc:290] T 287fdfb844af4100b35272e76906ab67 P cb141b334a8b4dfab13119da12f4ab45 [CANDIDATE]: Term 1 pre-election: Requested pre-vote from peers 17408e2e92864485bfd9ddb713ec3415 (127.17.218.1:36041), 4cf32a2c573743c8aba4daadfd9653c0 (127.17.218.2:35965)
I20260709 13:17:22.055615 19532 tablet_service.cc:1917] Received RequestConsensusVote() RPC: tablet_id: "aea1a0bda7394905a09af063f4b40bf2" candidate_uuid: "4cf32a2c573743c8aba4daadfd9653c0" candidate_term: 1 candidate_status { last_received { term: 0 index: 0 } } ignore_live_leader: false dest_uuid: "cb141b334a8b4dfab13119da12f4ab45" is_pre_election: true
I20260709 13:17:22.055994 19458 tablet_service.cc:1917] Received RequestConsensusVote() RPC: tablet_id: "287fdfb844af4100b35272e76906ab67" candidate_uuid: "cb141b334a8b4dfab13119da12f4ab45" candidate_term: 1 candidate_status { last_received { term: 0 index: 0 } } ignore_live_leader: false dest_uuid: "4cf32a2c573743c8aba4daadfd9653c0" is_pre_election: true
I20260709 13:17:22.056660 19690 raft_consensus.cc:493] T af327f9ec4534cddb0dcbcc7b140c8de P 17408e2e92864485bfd9ddb713ec3415 [term 0 FOLLOWER]: Starting pre-election (no leader contacted us within the election timeout)
I20260709 13:17:22.058490 19383 tablet_service.cc:1917] Received RequestConsensusVote() RPC: tablet_id: "287fdfb844af4100b35272e76906ab67" candidate_uuid: "cb141b334a8b4dfab13119da12f4ab45" candidate_term: 1 candidate_status { last_received { term: 0 index: 0 } } ignore_live_leader: false dest_uuid: "17408e2e92864485bfd9ddb713ec3415" is_pre_election: true
I20260709 13:17:22.058185 19690 raft_consensus.cc:515] T af327f9ec4534cddb0dcbcc7b140c8de P 17408e2e92864485bfd9ddb713ec3415 [term 0 FOLLOWER]: Starting pre-election with config: opid_index: -1 OBSOLETE_local: false peers { permanent_uuid: "17408e2e92864485bfd9ddb713ec3415" member_type: VOTER last_known_addr { host: "127.17.218.1" port: 36041 } } peers { permanent_uuid: "4cf32a2c573743c8aba4daadfd9653c0" member_type: VOTER last_known_addr { host: "127.17.218.2" port: 35965 } } peers { permanent_uuid: "cb141b334a8b4dfab13119da12f4ab45" member_type: VOTER last_known_addr { host: "127.17.218.3" port: 38641 } }
I20260709 13:17:22.055934 19824 raft_consensus.cc:515] T 0c83f7ca3eeb4082b04055389243b1cc P 17408e2e92864485bfd9ddb713ec3415 [term 1 FOLLOWER]: Starting leader election with config: opid_index: -1 OBSOLETE_local: false peers { permanent_uuid: "17408e2e92864485bfd9ddb713ec3415" member_type: VOTER last_known_addr { host: "127.17.218.1" port: 36041 } } peers { permanent_uuid: "4cf32a2c573743c8aba4daadfd9653c0" member_type: VOTER last_known_addr { host: "127.17.218.2" port: 35965 } } peers { permanent_uuid: "cb141b334a8b4dfab13119da12f4ab45" member_type: VOTER last_known_addr { host: "127.17.218.3" port: 38641 } }
I20260709 13:17:22.058207 19891 leader_election.cc:290] T aea1a0bda7394905a09af063f4b40bf2 P 4cf32a2c573743c8aba4daadfd9653c0 [CANDIDATE]: Term 1 pre-election: Requested pre-vote from peers 17408e2e92864485bfd9ddb713ec3415 (127.17.218.1:36041), cb141b334a8b4dfab13119da12f4ab45 (127.17.218.3:38641)
I20260709 13:17:22.018577 19889 raft_consensus.cc:515] T e4d4d49c96fd4d51952f01ab2f11b174 P 17408e2e92864485bfd9ddb713ec3415 [term 1 FOLLOWER]: Starting leader election with config: opid_index: -1 OBSOLETE_local: false peers { permanent_uuid: "17408e2e92864485bfd9ddb713ec3415" member_type: VOTER last_known_addr { host: "127.17.218.1" port: 36041 } } peers { permanent_uuid: "4cf32a2c573743c8aba4daadfd9653c0" member_type: VOTER last_known_addr { host: "127.17.218.2" port: 35965 } } peers { permanent_uuid: "cb141b334a8b4dfab13119da12f4ab45" member_type: VOTER last_known_addr { host: "127.17.218.3" port: 38641 } }
I20260709 13:17:22.060567 19690 leader_election.cc:290] T af327f9ec4534cddb0dcbcc7b140c8de P 17408e2e92864485bfd9ddb713ec3415 [CANDIDATE]: Term 1 pre-election: Requested pre-vote from peers 4cf32a2c573743c8aba4daadfd9653c0 (127.17.218.2:35965), cb141b334a8b4dfab13119da12f4ab45 (127.17.218.3:38641)
I20260709 13:17:22.061074 19458 tablet_service.cc:1917] Received RequestConsensusVote() RPC: tablet_id: "af327f9ec4534cddb0dcbcc7b140c8de" candidate_uuid: "17408e2e92864485bfd9ddb713ec3415" candidate_term: 1 candidate_status { last_received { term: 0 index: 0 } } ignore_live_leader: false dest_uuid: "4cf32a2c573743c8aba4daadfd9653c0" is_pre_election: true
I20260709 13:17:22.061784 19500 leader_election.cc:304] T 287fdfb844af4100b35272e76906ab67 P cb141b334a8b4dfab13119da12f4ab45 [CANDIDATE]: Term 1 pre-election: Election decided. Result: candidate lost. Election summary: received 3 responses out of 3 voters: 1 yes votes; 2 no votes. yes voters: cb141b334a8b4dfab13119da12f4ab45; no voters: 17408e2e92864485bfd9ddb713ec3415, 4cf32a2c573743c8aba4daadfd9653c0
I20260709 13:17:22.061820 19535 tablet_service.cc:1917] Received RequestConsensusVote() RPC: tablet_id: "af327f9ec4534cddb0dcbcc7b140c8de" candidate_uuid: "17408e2e92864485bfd9ddb713ec3415" candidate_term: 1 candidate_status { last_received { term: 0 index: 0 } } ignore_live_leader: false dest_uuid: "cb141b334a8b4dfab13119da12f4ab45" is_pre_election: true
W20260709 13:17:22.062284 19351 leader_election.cc:343] T af327f9ec4534cddb0dcbcc7b140c8de P 17408e2e92864485bfd9ddb713ec3415 [CANDIDATE]: Term 1 pre-election: Tablet error from VoteRequest() call to peer 4cf32a2c573743c8aba4daadfd9653c0 (127.17.218.2:35965): Illegal state: must be running to vote when last-logged opid is not known
I20260709 13:17:22.049773 19805 raft_consensus.cc:3060] T aea1a0bda7394905a09af063f4b40bf2 P 4cf32a2c573743c8aba4daadfd9653c0 [term 0 FOLLOWER]: Advancing to term 1
W20260709 13:17:22.063194 19352 leader_election.cc:343] T af327f9ec4534cddb0dcbcc7b140c8de P 17408e2e92864485bfd9ddb713ec3415 [CANDIDATE]: Term 1 pre-election: Tablet error from VoteRequest() call to peer cb141b334a8b4dfab13119da12f4ab45 (127.17.218.3:38641): Illegal state: must be running to vote when last-logged opid is not known
