I20260709 13:16:51.167718 14288 leader_election.cc:304] T e4e979aaa78849c588ea4def5936a1ec P 65bbbe7a17f14d2a82f55cc834b712f8 [CANDIDATE]: Term 1 pre-election: Election decided. Result: candidate lost. Election summary: received 3 responses out of 3 voters: 1 yes votes; 2 no votes. yes voters: 65bbbe7a17f14d2a82f55cc834b712f8; no voters: 4377b46616be4cdfb188eae2fdcbafcd, d7ebc3e1fcb14ae0b939495b5519c56e
I20260709 13:16:51.172996 14484 raft_consensus.cc:2749] T 334fb72afbdf40b9b3bb7d5bc14fa91a P 65bbbe7a17f14d2a82f55cc834b712f8 [term 1 FOLLOWER]: Leader pre-election lost for term 1. Reason: could not achieve majority
I20260709 13:16:51.161711 14477 raft_consensus.cc:515] T 179233bbb151496da3375d53fe45a2aa P 4377b46616be4cdfb188eae2fdcbafcd [term 1 FOLLOWER]: Starting leader election with config: opid_index: -1 OBSOLETE_local: false peers { permanent_uuid: "4377b46616be4cdfb188eae2fdcbafcd" member_type: VOTER last_known_addr { host: "127.13.200.193" port: 41283 } } peers { permanent_uuid: "65bbbe7a17f14d2a82f55cc834b712f8" member_type: VOTER last_known_addr { host: "127.13.200.194" port: 44777 } } peers { permanent_uuid: "d7ebc3e1fcb14ae0b939495b5519c56e" member_type: VOTER last_known_addr { host: "127.13.200.195" port: 39115 } }
I20260709 13:16:51.174158 14214 leader_election.cc:304] T 334fb72afbdf40b9b3bb7d5bc14fa91a P 4377b46616be4cdfb188eae2fdcbafcd [CANDIDATE]: Term 1 election: Election decided. Result: candidate lost. Election summary: received 3 responses out of 3 voters: 1 yes votes; 2 no votes. yes voters: 4377b46616be4cdfb188eae2fdcbafcd; no voters: 65bbbe7a17f14d2a82f55cc834b712f8, d7ebc3e1fcb14ae0b939495b5519c56e
I20260709 13:16:51.174889 14482 raft_consensus.cc:2749] T e4e979aaa78849c588ea4def5936a1ec P 65bbbe7a17f14d2a82f55cc834b712f8 [term 0 FOLLOWER]: Leader pre-election lost for term 1. Reason: could not achieve majority
I20260709 13:16:51.171648 14444 ts_tablet_manager.cc:1403] T e256d7e545374dc9a515c90fed022b2c P d7ebc3e1fcb14ae0b939495b5519c56e: Time spent bootstrapping tablet: real 0.144s	user 0.008s	sys 0.011s
I20260709 13:16:51.175278 14363 leader_election.cc:304] T 334fb72afbdf40b9b3bb7d5bc14fa91a P d7ebc3e1fcb14ae0b939495b5519c56e [CANDIDATE]: Term 1 election: Election decided. Result: candidate won. Election summary: received 2 responses out of 3 voters: 2 yes votes; 0 no votes. yes voters: 65bbbe7a17f14d2a82f55cc834b712f8, d7ebc3e1fcb14ae0b939495b5519c56e; no voters: 
I20260709 13:16:51.179122 14450 raft_consensus.cc:2804] T 334fb72afbdf40b9b3bb7d5bc14fa91a P d7ebc3e1fcb14ae0b939495b5519c56e [term 1 FOLLOWER]: Leader election won for term 1
I20260709 13:16:51.183398 14442 tablet_bootstrap.cc:654] T b3b984b4190f43068ff1d3d2fc6b3797 P 65bbbe7a17f14d2a82f55cc834b712f8: Neither blocks nor log segments found. Creating new log.
I20260709 13:16:51.189931 14444 raft_consensus.cc:359] T e256d7e545374dc9a515c90fed022b2c P d7ebc3e1fcb14ae0b939495b5519c56e [term 0 FOLLOWER]: Replica starting. Triggering 0 pending ops. Active config: opid_index: -1 OBSOLETE_local: false peers { permanent_uuid: "65bbbe7a17f14d2a82f55cc834b712f8" member_type: VOTER last_known_addr { host: "127.13.200.194" port: 44777 } } peers { permanent_uuid: "4377b46616be4cdfb188eae2fdcbafcd" member_type: VOTER last_known_addr { host: "127.13.200.193" port: 41283 } } peers { permanent_uuid: "d7ebc3e1fcb14ae0b939495b5519c56e" member_type: VOTER last_known_addr { host: "127.13.200.195" port: 39115 } }
I20260709 13:16:51.190732 14444 raft_consensus.cc:385] T e256d7e545374dc9a515c90fed022b2c P d7ebc3e1fcb14ae0b939495b5519c56e [term 0 FOLLOWER]: Consensus starting up: Expiring failure detector timer to make a prompt election more likely
I20260709 13:16:51.191040 14444 raft_consensus.cc:740] T e256d7e545374dc9a515c90fed022b2c P d7ebc3e1fcb14ae0b939495b5519c56e [term 0 FOLLOWER]: Becoming Follower/Learner. State: Replica: d7ebc3e1fcb14ae0b939495b5519c56e, State: Initialized, Role: FOLLOWER
I20260709 13:16:51.192560 14249 raft_consensus.cc:2393] T 179233bbb151496da3375d53fe45a2aa P 4377b46616be4cdfb188eae2fdcbafcd [term 1 FOLLOWER]: Leader pre-election vote request: Denying vote to candidate 65bbbe7a17f14d2a82f55cc834b712f8 in current term 1: Already voted for candidate 4377b46616be4cdfb188eae2fdcbafcd in this term.
I20260709 13:16:51.178305 14454 raft_consensus.cc:2749] T 334fb72afbdf40b9b3bb7d5bc14fa91a P 4377b46616be4cdfb188eae2fdcbafcd [term 1 FOLLOWER]: Leader election lost for term 1. Reason: could not achieve majority
I20260709 13:16:51.195708 14450 raft_consensus.cc:697] T 334fb72afbdf40b9b3bb7d5bc14fa91a P d7ebc3e1fcb14ae0b939495b5519c56e [term 1 LEADER]: Becoming Leader. State: Replica: d7ebc3e1fcb14ae0b939495b5519c56e, State: Running, Role: LEADER
I20260709 13:16:51.191831 14444 consensus_queue.cc:260] T e256d7e545374dc9a515c90fed022b2c P d7ebc3e1fcb14ae0b939495b5519c56e [NON_LEADER]: Queue going to NON_LEADER mode. State: All replicated index: 0, Majority replicated index: 0, Committed index: 0, Last appended: 0.0, Last appended by leader: 0, Current term: 0, Majority size: -1, State: 0, Mode: NON_LEADER, active raft config: opid_index: -1 OBSOLETE_local: false peers { permanent_uuid: "65bbbe7a17f14d2a82f55cc834b712f8" member_type: VOTER last_known_addr { host: "127.13.200.194" port: 44777 } } peers { permanent_uuid: "4377b46616be4cdfb188eae2fdcbafcd" member_type: VOTER last_known_addr { host: "127.13.200.193" port: 41283 } } peers { permanent_uuid: "d7ebc3e1fcb14ae0b939495b5519c56e" member_type: VOTER last_known_addr { host: "127.13.200.195" port: 39115 } }
I20260709 13:16:51.196995 14450 consensus_queue.cc:237] T 334fb72afbdf40b9b3bb7d5bc14fa91a P d7ebc3e1fcb14ae0b939495b5519c56e [LEADER]: Queue going to LEADER mode. State: All replicated index: 0, Majority replicated index: 0, Committed index: 0, Last appended: 0.0, Last appended by leader: 0, Current term: 1, Majority size: 2, State: 0, Mode: LEADER, active raft config: opid_index: -1 OBSOLETE_local: false peers { permanent_uuid: "4377b46616be4cdfb188eae2fdcbafcd" member_type: VOTER last_known_addr { host: "127.13.200.193" port: 41283 } } peers { permanent_uuid: "65bbbe7a17f14d2a82f55cc834b712f8" member_type: VOTER last_known_addr { host: "127.13.200.194" port: 44777 } } peers { permanent_uuid: "d7ebc3e1fcb14ae0b939495b5519c56e" member_type: VOTER last_known_addr { host: "127.13.200.195" port: 39115 } }
I20260709 13:16:51.197976 14145 catalog_manager.cc:5697] T b3b984b4190f43068ff1d3d2fc6b3797 P 4377b46616be4cdfb188eae2fdcbafcd reported cstate change: term changed from 0 to 1, leader changed from <none> to 4377b46616be4cdfb188eae2fdcbafcd (127.13.200.193). New cstate: current_term: 1 leader_uuid: "4377b46616be4cdfb188eae2fdcbafcd" committed_config { opid_index: -1 OBSOLETE_local: false peers { permanent_uuid: "4377b46616be4cdfb188eae2fdcbafcd" member_type: VOTER last_known_addr { host: "127.13.200.193" port: 41283 } health_report { overall_health: HEALTHY } } peers { permanent_uuid: "65bbbe7a17f14d2a82f55cc834b712f8" member_type: VOTER last_known_addr { host: "127.13.200.194" port: 44777 } health_report { overall_health: UNKNOWN } } peers { permanent_uuid: "d7ebc3e1fcb14ae0b939495b5519c56e" member_type: VOTER last_known_addr { host: "127.13.200.195" port: 39115 } health_report { overall_health: UNKNOWN } } }
I20260709 13:16:51.203553 14443 raft_consensus.cc:359] T 5c91126a00d642189309c26c95db803c P 4377b46616be4cdfb188eae2fdcbafcd [term 0 FOLLOWER]: Replica starting. Triggering 0 pending ops. Active config: opid_index: -1 OBSOLETE_local: false peers { permanent_uuid: "4377b46616be4cdfb188eae2fdcbafcd" member_type: VOTER last_known_addr { host: "127.13.200.193" port: 41283 } } peers { permanent_uuid: "65bbbe7a17f14d2a82f55cc834b712f8" member_type: VOTER last_known_addr { host: "127.13.200.194" port: 44777 } } peers { permanent_uuid: "d7ebc3e1fcb14ae0b939495b5519c56e" member_type: VOTER last_known_addr { host: "127.13.200.195" port: 39115 } }
I20260709 13:16:51.204406 14443 raft_consensus.cc:385] T 5c91126a00d642189309c26c95db803c P 4377b46616be4cdfb188eae2fdcbafcd [term 0 FOLLOWER]: Consensus starting up: Expiring failure detector timer to make a prompt election more likely
I20260709 13:16:51.204810 14443 raft_consensus.cc:740] T 5c91126a00d642189309c26c95db803c P 4377b46616be4cdfb188eae2fdcbafcd [term 0 FOLLOWER]: Becoming Follower/Learner. State: Replica: 4377b46616be4cdfb188eae2fdcbafcd, State: Initialized, Role: FOLLOWER
I20260709 13:16:51.206466 14476 leader_election.cc:290] T 0647b1eaebdf4754ba9fdafece1a0301 P 4377b46616be4cdfb188eae2fdcbafcd [CANDIDATE]: Term 1 election: Requested vote from peers 65bbbe7a17f14d2a82f55cc834b712f8 (127.13.200.194:44777), d7ebc3e1fcb14ae0b939495b5519c56e (127.13.200.195:39115)
I20260709 13:16:51.206652 14324 tablet_service.cc:1917] Received RequestConsensusVote() RPC: tablet_id: "0647b1eaebdf4754ba9fdafece1a0301" candidate_uuid: "4377b46616be4cdfb188eae2fdcbafcd" candidate_term: 1 candidate_status { last_received { term: 0 index: 0 } } ignore_live_leader: false dest_uuid: "65bbbe7a17f14d2a82f55cc834b712f8"
I20260709 13:16:51.207243 14324 raft_consensus.cc:3060] T 0647b1eaebdf4754ba9fdafece1a0301 P 65bbbe7a17f14d2a82f55cc834b712f8 [term 0 FOLLOWER]: Advancing to term 1
I20260709 13:16:51.209781 14477 leader_election.cc:290] T 179233bbb151496da3375d53fe45a2aa P 4377b46616be4cdfb188eae2fdcbafcd [CANDIDATE]: Term 1 election: Requested vote from peers 65bbbe7a17f14d2a82f55cc834b712f8 (127.13.200.194:44777), d7ebc3e1fcb14ae0b939495b5519c56e (127.13.200.195:39115)
I20260709 13:16:51.214077 14398 tablet_service.cc:1917] Received RequestConsensusVote() RPC: tablet_id: "179233bbb151496da3375d53fe45a2aa" candidate_uuid: "4377b46616be4cdfb188eae2fdcbafcd" candidate_term: 1 candidate_status { last_received { term: 0 index: 0 } } ignore_live_leader: false dest_uuid: "d7ebc3e1fcb14ae0b939495b5519c56e"
I20260709 13:16:51.222819 14325 tablet_service.cc:1917] Received RequestConsensusVote() RPC: tablet_id: "179233bbb151496da3375d53fe45a2aa" candidate_uuid: "4377b46616be4cdfb188eae2fdcbafcd" candidate_term: 1 candidate_status { last_received { term: 0 index: 0 } } ignore_live_leader: false dest_uuid: "65bbbe7a17f14d2a82f55cc834b712f8"
I20260709 13:16:51.223572 14399 tablet_service.cc:1917] Received RequestConsensusVote() RPC: tablet_id: "0647b1eaebdf4754ba9fdafece1a0301" candidate_uuid: "4377b46616be4cdfb188eae2fdcbafcd" candidate_term: 1 candidate_status { last_received { term: 0 index: 0 } } ignore_live_leader: false dest_uuid: "d7ebc3e1fcb14ae0b939495b5519c56e"
I20260709 13:16:51.224454 14442 tablet_bootstrap.cc:492] T b3b984b4190f43068ff1d3d2fc6b3797 P 65bbbe7a17f14d2a82f55cc834b712f8: No bootstrap required, opened a new log
I20260709 13:16:51.224901 14442 ts_tablet_manager.cc:1403] T b3b984b4190f43068ff1d3d2fc6b3797 P 65bbbe7a17f14d2a82f55cc834b712f8: Time spent bootstrapping tablet: real 0.078s	user 0.013s	sys 0.002s
W20260709 13:16:51.224963 14213 leader_election.cc:343] T 0647b1eaebdf4754ba9fdafece1a0301 P 4377b46616be4cdfb188eae2fdcbafcd [CANDIDATE]: Term 1 election: Tablet error from VoteRequest() call to peer d7ebc3e1fcb14ae0b939495b5519c56e (127.13.200.195:39115): Illegal state: must be running to vote when last-logged opid is not known
I20260709 13:16:51.220314 14398 raft_consensus.cc:3060] T 179233bbb151496da3375d53fe45a2aa P d7ebc3e1fcb14ae0b939495b5519c56e [term 0 FOLLOWER]: Advancing to term 1
I20260709 13:16:51.227734 14324 raft_consensus.cc:2468] T 0647b1eaebdf4754ba9fdafece1a0301 P 65bbbe7a17f14d2a82f55cc834b712f8 [term 1 FOLLOWER]: Leader election vote request: Granting yes vote for candidate 4377b46616be4cdfb188eae2fdcbafcd in term 1.
I20260709 13:16:51.227955 14447 raft_consensus.cc:515] T 179233bbb151496da3375d53fe45a2aa P 65bbbe7a17f14d2a82f55cc834b712f8 [term 1 FOLLOWER]: Starting leader election with config: opid_index: -1 OBSOLETE_local: false peers { permanent_uuid: "4377b46616be4cdfb188eae2fdcbafcd" member_type: VOTER last_known_addr { host: "127.13.200.193" port: 41283 } } peers { permanent_uuid: "65bbbe7a17f14d2a82f55cc834b712f8" member_type: VOTER last_known_addr { host: "127.13.200.194" port: 44777 } } peers { permanent_uuid: "d7ebc3e1fcb14ae0b939495b5519c56e" member_type: VOTER last_known_addr { host: "127.13.200.195" port: 39115 } }
I20260709 13:16:51.229102 14325 raft_consensus.cc:2393] T 179233bbb151496da3375d53fe45a2aa P 65bbbe7a17f14d2a82f55cc834b712f8 [term 1 FOLLOWER]: Leader election vote request: Denying vote to candidate 4377b46616be4cdfb188eae2fdcbafcd in current term 1: Already voted for candidate 65bbbe7a17f14d2a82f55cc834b712f8 in this term.
I20260709 13:16:51.229426 14214 leader_election.cc:304] T 0647b1eaebdf4754ba9fdafece1a0301 P 4377b46616be4cdfb188eae2fdcbafcd [CANDIDATE]: Term 1 election: Election decided. Result: candidate won. Election summary: received 3 responses out of 3 voters: 2 yes votes; 1 no votes. yes voters: 4377b46616be4cdfb188eae2fdcbafcd, 65bbbe7a17f14d2a82f55cc834b712f8; no voters: d7ebc3e1fcb14ae0b939495b5519c56e
I20260709 13:16:51.221747 14443 consensus_queue.cc:260] T 5c91126a00d642189309c26c95db803c P 4377b46616be4cdfb188eae2fdcbafcd [NON_LEADER]: Queue going to NON_LEADER mode. State: All replicated index: 0, Majority replicated index: 0, Committed index: 0, Last appended: 0.0, Last appended by leader: 0, Current term: 0, Majority size: -1, State: 0, Mode: NON_LEADER, active raft config: opid_index: -1 OBSOLETE_local: false peers { permanent_uuid: "4377b46616be4cdfb188eae2fdcbafcd" member_type: VOTER last_known_addr { host: "127.13.200.193" port: 41283 } } peers { permanent_uuid: "65bbbe7a17f14d2a82f55cc834b712f8" member_type: VOTER last_known_addr { host: "127.13.200.194" port: 44777 } } peers { permanent_uuid: "d7ebc3e1fcb14ae0b939495b5519c56e" member_type: VOTER last_known_addr { host: "127.13.200.195" port: 39115 } }
I20260709 13:16:51.231745 14476 raft_consensus.cc:2804] T 0647b1eaebdf4754ba9fdafece1a0301 P 4377b46616be4cdfb188eae2fdcbafcd [term 1 FOLLOWER]: Leader election won for term 1
I20260709 13:16:51.232244 14476 raft_consensus.cc:697] T 0647b1eaebdf4754ba9fdafece1a0301 P 4377b46616be4cdfb188eae2fdcbafcd [term 1 LEADER]: Becoming Leader. State: Replica: 4377b46616be4cdfb188eae2fdcbafcd, State: Running, Role: LEADER
I20260709 13:16:51.233042 14476 consensus_queue.cc:237] T 0647b1eaebdf4754ba9fdafece1a0301 P 4377b46616be4cdfb188eae2fdcbafcd [LEADER]: Queue going to LEADER mode. State: All replicated index: 0, Majority replicated index: 0, Committed index: 0, Last appended: 0.0, Last appended by leader: 0, Current term: 1, Majority size: 2, State: 0, Mode: LEADER, active raft config: opid_index: -1 OBSOLETE_local: false peers { permanent_uuid: "4377b46616be4cdfb188eae2fdcbafcd" member_type: VOTER last_known_addr { host: "127.13.200.193" port: 41283 } } peers { permanent_uuid: "65bbbe7a17f14d2a82f55cc834b712f8" member_type: VOTER last_known_addr { host: "127.13.200.194" port: 44777 } } peers { permanent_uuid: "d7ebc3e1fcb14ae0b939495b5519c56e" member_type: VOTER last_known_addr { host: "127.13.200.195" port: 39115 } }
I20260709 13:16:51.237032 14398 raft_consensus.cc:2468] T 179233bbb151496da3375d53fe45a2aa P d7ebc3e1fcb14ae0b939495b5519c56e [term 1 FOLLOWER]: Leader election vote request: Granting yes vote for candidate 4377b46616be4cdfb188eae2fdcbafcd in term 1.
I20260709 13:16:51.238144 14443 ts_tablet_manager.cc:1434] T 5c91126a00d642189309c26c95db803c P 4377b46616be4cdfb188eae2fdcbafcd: Time spent starting tablet: real 0.077s	user 0.007s	sys 0.001s
I20260709 13:16:51.241289 14213 leader_election.cc:304] T 179233bbb151496da3375d53fe45a2aa P 4377b46616be4cdfb188eae2fdcbafcd [CANDIDATE]: Term 1 election: Election decided. Result: candidate won. Election summary: received 3 responses out of 3 voters: 2 yes votes; 1 no votes. yes voters: 4377b46616be4cdfb188eae2fdcbafcd, d7ebc3e1fcb14ae0b939495b5519c56e; no voters: 65bbbe7a17f14d2a82f55cc834b712f8
I20260709 13:16:51.241901 14444 ts_tablet_manager.cc:1434] T e256d7e545374dc9a515c90fed022b2c P d7ebc3e1fcb14ae0b939495b5519c56e: Time spent starting tablet: real 0.065s	user 0.004s	sys 0.026s
I20260709 13:16:51.242386 14477 raft_consensus.cc:2804] T 179233bbb151496da3375d53fe45a2aa P 4377b46616be4cdfb188eae2fdcbafcd [term 1 FOLLOWER]: Leader election won for term 1
I20260709 13:16:51.243050 14477 raft_consensus.cc:697] T 179233bbb151496da3375d53fe45a2aa P 4377b46616be4cdfb188eae2fdcbafcd [term 1 LEADER]: Becoming Leader. State: Replica: 4377b46616be4cdfb188eae2fdcbafcd, State: Running, Role: LEADER
I20260709 13:16:51.243499 14444 tablet_bootstrap.cc:492] T e4e979aaa78849c588ea4def5936a1ec P d7ebc3e1fcb14ae0b939495b5519c56e: Bootstrap starting.
I20260709 13:16:51.243956 14477 consensus_queue.cc:237] T 179233bbb151496da3375d53fe45a2aa P 4377b46616be4cdfb188eae2fdcbafcd [LEADER]: Queue going to LEADER mode. State: All replicated index: 0, Majority replicated index: 0, Committed index: 0, Last appended: 0.0, Last appended by leader: 0, Current term: 1, Majority size: 2, State: 0, Mode: LEADER, active raft config: opid_index: -1 OBSOLETE_local: false peers { permanent_uuid: "4377b46616be4cdfb188eae2fdcbafcd" member_type: VOTER last_known_addr { host: "127.13.200.193" port: 41283 } } peers { permanent_uuid: "65bbbe7a17f14d2a82f55cc834b712f8" member_type: VOTER last_known_addr { host: "127.13.200.194" port: 44777 } } peers { permanent_uuid: "d7ebc3e1fcb14ae0b939495b5519c56e" member_type: VOTER last_known_addr { host: "127.13.200.195" port: 39115 } }
I20260709 13:16:51.248621 14442 raft_consensus.cc:359] T b3b984b4190f43068ff1d3d2fc6b3797 P 65bbbe7a17f14d2a82f55cc834b712f8 [term 0 FOLLOWER]: Replica starting. Triggering 0 pending ops. Active config: opid_index: -1 OBSOLETE_local: false peers { permanent_uuid: "4377b46616be4cdfb188eae2fdcbafcd" member_type: VOTER last_known_addr { host: "127.13.200.193" port: 41283 } } peers { permanent_uuid: "65bbbe7a17f14d2a82f55cc834b712f8" member_type: VOTER last_known_addr { host: "127.13.200.194" port: 44777 } } peers { permanent_uuid: "d7ebc3e1fcb14ae0b939495b5519c56e" member_type: VOTER last_known_addr { host: "127.13.200.195" port: 39115 } }
I20260709 13:16:51.249208 14442 raft_consensus.cc:385] T b3b984b4190f43068ff1d3d2fc6b3797 P 65bbbe7a17f14d2a82f55cc834b712f8 [term 0 FOLLOWER]: Consensus starting up: Expiring failure detector timer to make a prompt election more likely
I20260709 13:16:51.249426 14442 raft_consensus.cc:740] T b3b984b4190f43068ff1d3d2fc6b3797 P 65bbbe7a17f14d2a82f55cc834b712f8 [term 0 FOLLOWER]: Becoming Follower/Learner. State: Replica: 65bbbe7a17f14d2a82f55cc834b712f8, State: Initialized, Role: FOLLOWER
I20260709 13:16:51.238698 14450 raft_consensus.cc:493] T e256d7e545374dc9a515c90fed022b2c P d7ebc3e1fcb14ae0b939495b5519c56e [term 0 FOLLOWER]: Starting pre-election (no leader contacted us within the election timeout)
I20260709 13:16:51.250736 14442 consensus_queue.cc:260] T b3b984b4190f43068ff1d3d2fc6b3797 P 65bbbe7a17f14d2a82f55cc834b712f8 [NON_LEADER]: Queue going to NON_LEADER mode. State: All replicated index: 0, Majority replicated index: 0, Committed index: 0, Last appended: 0.0, Last appended by leader: 0, Current term: 0, Majority size: -1, State: 0, Mode: NON_LEADER, active raft config: opid_index: -1 OBSOLETE_local: false peers { permanent_uuid: "4377b46616be4cdfb188eae2fdcbafcd" member_type: VOTER last_known_addr { host: "127.13.200.193" port: 41283 } } peers { permanent_uuid: "65bbbe7a17f14d2a82f55cc834b712f8" member_type: VOTER last_known_addr { host: "127.13.200.194" port: 44777 } } peers { permanent_uuid: "d7ebc3e1fcb14ae0b939495b5519c56e" member_type: VOTER last_known_addr { host: "127.13.200.195" port: 39115 } }
I20260709 13:16:51.252686 14443 tablet_bootstrap.cc:492] T e4e979aaa78849c588ea4def5936a1ec P 4377b46616be4cdfb188eae2fdcbafcd: Bootstrap starting.
I20260709 13:16:51.254850 14442 ts_tablet_manager.cc:1434] T b3b984b4190f43068ff1d3d2fc6b3797 P 65bbbe7a17f14d2a82f55cc834b712f8: Time spent starting tablet: real 0.030s	user 0.008s	sys 0.000s
I20260709 13:16:51.255995 14442 tablet_bootstrap.cc:492] T 5c91126a00d642189309c26c95db803c P 65bbbe7a17f14d2a82f55cc834b712f8: Bootstrap starting.
I20260709 13:16:51.251741 14450 raft_consensus.cc:515] T e256d7e545374dc9a515c90fed022b2c P d7ebc3e1fcb14ae0b939495b5519c56e [term 0 FOLLOWER]: Starting pre-election with config: opid_index: -1 OBSOLETE_local: false peers { permanent_uuid: "65bbbe7a17f14d2a82f55cc834b712f8" member_type: VOTER last_known_addr { host: "127.13.200.194" port: 44777 } } peers { permanent_uuid: "4377b46616be4cdfb188eae2fdcbafcd" member_type: VOTER last_known_addr { host: "127.13.200.193" port: 41283 } } peers { permanent_uuid: "d7ebc3e1fcb14ae0b939495b5519c56e" member_type: VOTER last_known_addr { host: "127.13.200.195" port: 39115 } }
I20260709 13:16:51.258291 14249 tablet_service.cc:1917] Received RequestConsensusVote() RPC: tablet_id: "179233bbb151496da3375d53fe45a2aa" candidate_uuid: "65bbbe7a17f14d2a82f55cc834b712f8" candidate_term: 1 candidate_status { last_received { term: 0 index: 0 } } ignore_live_leader: false dest_uuid: "4377b46616be4cdfb188eae2fdcbafcd"
I20260709 13:16:51.260744 14398 tablet_service.cc:1917] Received RequestConsensusVote() RPC: tablet_id: "179233bbb151496da3375d53fe45a2aa" candidate_uuid: "65bbbe7a17f14d2a82f55cc834b712f8" candidate_term: 1 candidate_status { last_received { term: 0 index: 0 } } ignore_live_leader: false dest_uuid: "d7ebc3e1fcb14ae0b939495b5519c56e"
I20260709 13:16:51.262240 14398 raft_consensus.cc:2393] T 179233bbb151496da3375d53fe45a2aa P d7ebc3e1fcb14ae0b939495b5519c56e [term 1 FOLLOWER]: Leader election vote request: Denying vote to candidate 65bbbe7a17f14d2a82f55cc834b712f8 in current term 1: Already voted for candidate 4377b46616be4cdfb188eae2fdcbafcd in this term.
I20260709 13:16:51.260759 14447 leader_election.cc:290] T 179233bbb151496da3375d53fe45a2aa P 65bbbe7a17f14d2a82f55cc834b712f8 [CANDIDATE]: Term 1 election: Requested vote from peers 4377b46616be4cdfb188eae2fdcbafcd (127.13.200.193:41283), d7ebc3e1fcb14ae0b939495b5519c56e (127.13.200.195:39115)
I20260709 13:16:51.264219 14288 leader_election.cc:304] T 179233bbb151496da3375d53fe45a2aa P 65bbbe7a17f14d2a82f55cc834b712f8 [CANDIDATE]: Term 1 election: Election decided. Result: candidate lost. Election summary: received 3 responses out of 3 voters: 1 yes votes; 2 no votes. yes voters: 65bbbe7a17f14d2a82f55cc834b712f8; no voters: 4377b46616be4cdfb188eae2fdcbafcd, d7ebc3e1fcb14ae0b939495b5519c56e
I20260709 13:16:51.264405 14450 leader_election.cc:290] T e256d7e545374dc9a515c90fed022b2c P d7ebc3e1fcb14ae0b939495b5519c56e [CANDIDATE]: Term 1 pre-election: Requested pre-vote from peers 65bbbe7a17f14d2a82f55cc834b712f8 (127.13.200.194:44777), 4377b46616be4cdfb188eae2fdcbafcd (127.13.200.193:41283)
I20260709 13:16:51.266772 14442 tablet_bootstrap.cc:654] T 5c91126a00d642189309c26c95db803c P 65bbbe7a17f14d2a82f55cc834b712f8: Neither blocks nor log segments found. Creating new log.
I20260709 13:16:51.265749 14447 raft_consensus.cc:2749] T 179233bbb151496da3375d53fe45a2aa P 65bbbe7a17f14d2a82f55cc834b712f8 [term 1 FOLLOWER]: Leader election lost for term 1. Reason: could not achieve majority
I20260709 13:16:51.267876 14444 tablet_bootstrap.cc:654] T e4e979aaa78849c588ea4def5936a1ec P d7ebc3e1fcb14ae0b939495b5519c56e: Neither blocks nor log segments found. Creating new log.
I20260709 13:16:51.268071 14249 tablet_service.cc:1917] Received RequestConsensusVote() RPC: tablet_id: "e256d7e545374dc9a515c90fed022b2c" candidate_uuid: "d7ebc3e1fcb14ae0b939495b5519c56e" candidate_term: 1 candidate_status { last_received { term: 0 index: 0 } } ignore_live_leader: false dest_uuid: "4377b46616be4cdfb188eae2fdcbafcd" is_pre_election: true
I20260709 13:16:51.269968 14324 tablet_service.cc:1917] Received RequestConsensusVote() RPC: tablet_id: "e256d7e545374dc9a515c90fed022b2c" candidate_uuid: "d7ebc3e1fcb14ae0b939495b5519c56e" candidate_term: 1 candidate_status { last_received { term: 0 index: 0 } } ignore_live_leader: false dest_uuid: "65bbbe7a17f14d2a82f55cc834b712f8" is_pre_election: true
I20260709 13:16:51.270711 14324 raft_consensus.cc:2468] T e256d7e545374dc9a515c90fed022b2c P 65bbbe7a17f14d2a82f55cc834b712f8 [term 0 FOLLOWER]: Leader pre-election vote request: Granting yes vote for candidate d7ebc3e1fcb14ae0b939495b5519c56e in term 0.
I20260709 13:16:51.272059 14363 leader_election.cc:304] T e256d7e545374dc9a515c90fed022b2c P d7ebc3e1fcb14ae0b939495b5519c56e [CANDIDATE]: Term 1 pre-election: Election decided. Result: candidate won. Election summary: received 2 responses out of 3 voters: 2 yes votes; 0 no votes. yes voters: 65bbbe7a17f14d2a82f55cc834b712f8, d7ebc3e1fcb14ae0b939495b5519c56e; no voters: 
I20260709 13:16:51.272353 14443 tablet_bootstrap.cc:654] T e4e979aaa78849c588ea4def5936a1ec P 4377b46616be4cdfb188eae2fdcbafcd: Neither blocks nor log segments found. Creating new log.
I20260709 13:16:51.273244 14450 raft_consensus.cc:2804] T e256d7e545374dc9a515c90fed022b2c P d7ebc3e1fcb14ae0b939495b5519c56e [term 0 FOLLOWER]: Leader pre-election won for term 1
I20260709 13:16:51.275669 14450 raft_consensus.cc:493] T e256d7e545374dc9a515c90fed022b2c P d7ebc3e1fcb14ae0b939495b5519c56e [term 0 FOLLOWER]: Starting leader election (no leader contacted us within the election timeout)
W20260709 13:16:51.276517 14362 leader_election.cc:343] T e256d7e545374dc9a515c90fed022b2c P d7ebc3e1fcb14ae0b939495b5519c56e [CANDIDATE]: Term 1 pre-election: Tablet error from VoteRequest() call to peer 4377b46616be4cdfb188eae2fdcbafcd (127.13.200.193:41283): Illegal state: must be running to vote when last-logged opid is not known
I20260709 13:16:51.282582 14450 raft_consensus.cc:3060] T e256d7e545374dc9a515c90fed022b2c P d7ebc3e1fcb14ae0b939495b5519c56e [term 0 FOLLOWER]: Advancing to term 1
I20260709 13:16:51.286525 14447 raft_consensus.cc:493] T b3b984b4190f43068ff1d3d2fc6b3797 P 65bbbe7a17f14d2a82f55cc834b712f8 [term 0 FOLLOWER]: Starting pre-election (no leader contacted us within the election timeout)
I20260709 13:16:51.287395 14447 raft_consensus.cc:515] T b3b984b4190f43068ff1d3d2fc6b3797 P 65bbbe7a17f14d2a82f55cc834b712f8 [term 0 FOLLOWER]: Starting pre-election with config: opid_index: -1 OBSOLETE_local: false peers { permanent_uuid: "4377b46616be4cdfb188eae2fdcbafcd" member_type: VOTER last_known_addr { host: "127.13.200.193" port: 41283 } } peers { permanent_uuid: "65bbbe7a17f14d2a82f55cc834b712f8" member_type: VOTER last_known_addr { host: "127.13.200.194" port: 44777 } } peers { permanent_uuid: "d7ebc3e1fcb14ae0b939495b5519c56e" member_type: VOTER last_known_addr { host: "127.13.200.195" port: 39115 } }
I20260709 13:16:51.307410 14444 tablet_bootstrap.cc:492] T e4e979aaa78849c588ea4def5936a1ec P d7ebc3e1fcb14ae0b939495b5519c56e: No bootstrap required, opened a new log
I20260709 13:16:51.307905 14447 leader_election.cc:290] T b3b984b4190f43068ff1d3d2fc6b3797 P 65bbbe7a17f14d2a82f55cc834b712f8 [CANDIDATE]: Term 1 pre-election: Requested pre-vote from peers 4377b46616be4cdfb188eae2fdcbafcd (127.13.200.193:41283), d7ebc3e1fcb14ae0b939495b5519c56e (127.13.200.195:39115)
I20260709 13:16:51.308092 14444 ts_tablet_manager.cc:1403] T e4e979aaa78849c588ea4def5936a1ec P d7ebc3e1fcb14ae0b939495b5519c56e: Time spent bootstrapping tablet: real 0.065s	user 0.018s	sys 0.021s
I20260709 13:16:51.308015 14398 tablet_service.cc:1917] Received RequestConsensusVote() RPC: tablet_id: "b3b984b4190f43068ff1d3d2fc6b3797" candidate_uuid: "65bbbe7a17f14d2a82f55cc834b712f8" candidate_term: 1 candidate_status { last_received { term: 0 index: 0 } } ignore_live_leader: false dest_uuid: "d7ebc3e1fcb14ae0b939495b5519c56e" is_pre_election: true
I20260709 13:16:51.311511 14444 raft_consensus.cc:359] T e4e979aaa78849c588ea4def5936a1ec P d7ebc3e1fcb14ae0b939495b5519c56e [term 0 FOLLOWER]: Replica starting. Triggering 0 pending ops. Active config: opid_index: -1 OBSOLETE_local: false peers { permanent_uuid: "4377b46616be4cdfb188eae2fdcbafcd" member_type: VOTER last_known_addr { host: "127.13.200.193" port: 41283 } } peers { permanent_uuid: "65bbbe7a17f14d2a82f55cc834b712f8" member_type: VOTER last_known_addr { host: "127.13.200.194" port: 44777 } } peers { permanent_uuid: "d7ebc3e1fcb14ae0b939495b5519c56e" member_type: VOTER last_known_addr { host: "127.13.200.195" port: 39115 } }
I20260709 13:16:51.312501 14444 raft_consensus.cc:385] T e4e979aaa78849c588ea4def5936a1ec P d7ebc3e1fcb14ae0b939495b5519c56e [term 0 FOLLOWER]: Consensus starting up: Expiring failure detector timer to make a prompt election more likely
I20260709 13:16:51.312717 14398 raft_consensus.cc:2393] T b3b984b4190f43068ff1d3d2fc6b3797 P d7ebc3e1fcb14ae0b939495b5519c56e [term 1 FOLLOWER]: Leader pre-election vote request: Denying vote to candidate 65bbbe7a17f14d2a82f55cc834b712f8 in current term 1: Already voted for candidate 4377b46616be4cdfb188eae2fdcbafcd in this term.
I20260709 13:16:51.312901 14444 raft_consensus.cc:740] T e4e979aaa78849c588ea4def5936a1ec P d7ebc3e1fcb14ae0b939495b5519c56e [term 0 FOLLOWER]: Becoming Follower/Learner. State: Replica: d7ebc3e1fcb14ae0b939495b5519c56e, State: Initialized, Role: FOLLOWER
I20260709 13:16:51.313882 14444 consensus_queue.cc:260] T e4e979aaa78849c588ea4def5936a1ec P d7ebc3e1fcb14ae0b939495b5519c56e [NON_LEADER]: Queue going to NON_LEADER mode. State: All replicated index: 0, Majority replicated index: 0, Committed index: 0, Last appended: 0.0, Last appended by leader: 0, Current term: 0, Majority size: -1, State: 0, Mode: NON_LEADER, active raft config: opid_index: -1 OBSOLETE_local: false peers { permanent_uuid: "4377b46616be4cdfb188eae2fdcbafcd" member_type: VOTER last_known_addr { host: "127.13.200.193" port: 41283 } } peers { permanent_uuid: "65bbbe7a17f14d2a82f55cc834b712f8" member_type: VOTER last_known_addr { host: "127.13.200.194" port: 44777 } } peers { permanent_uuid: "d7ebc3e1fcb14ae0b939495b5519c56e" member_type: VOTER last_known_addr { host: "127.13.200.195" port: 39115 } }
I20260709 13:16:51.306794 14249 tablet_service.cc:1917] Received RequestConsensusVote() RPC: tablet_id: "b3b984b4190f43068ff1d3d2fc6b3797" candidate_uuid: "65bbbe7a17f14d2a82f55cc834b712f8" candidate_term: 1 candidate_status { last_received { term: 0 index: 0 } } ignore_live_leader: false dest_uuid: "4377b46616be4cdfb188eae2fdcbafcd" is_pre_election: true
I20260709 13:16:51.315714 14450 raft_consensus.cc:515] T e256d7e545374dc9a515c90fed022b2c P d7ebc3e1fcb14ae0b939495b5519c56e [term 1 FOLLOWER]: Starting leader election with config: opid_index: -1 OBSOLETE_local: false peers { permanent_uuid: "65bbbe7a17f14d2a82f55cc834b712f8" member_type: VOTER last_known_addr { host: "127.13.200.194" port: 44777 } } peers { permanent_uuid: "4377b46616be4cdfb188eae2fdcbafcd" member_type: VOTER last_known_addr { host: "127.13.200.193" port: 41283 } } peers { permanent_uuid: "d7ebc3e1fcb14ae0b939495b5519c56e" member_type: VOTER last_known_addr { host: "127.13.200.195" port: 39115 } }
I20260709 13:16:51.315850 14288 leader_election.cc:304] T b3b984b4190f43068ff1d3d2fc6b3797 P 65bbbe7a17f14d2a82f55cc834b712f8 [CANDIDATE]: Term 1 pre-election: Election decided. Result: candidate lost. Election summary: received 3 responses out of 3 voters: 1 yes votes; 2 no votes. yes voters: 65bbbe7a17f14d2a82f55cc834b712f8; no voters: 4377b46616be4cdfb188eae2fdcbafcd, d7ebc3e1fcb14ae0b939495b5519c56e
I20260709 13:16:51.316378 14444 ts_tablet_manager.cc:1434] T e4e979aaa78849c588ea4def5936a1ec P d7ebc3e1fcb14ae0b939495b5519c56e: Time spent starting tablet: real 0.008s	user 0.006s	sys 0.000s
I20260709 13:16:51.317149 14447 raft_consensus.cc:3060] T b3b984b4190f43068ff1d3d2fc6b3797 P 65bbbe7a17f14d2a82f55cc834b712f8 [term 0 FOLLOWER]: Advancing to term 1
I20260709 13:16:51.317576 14444 tablet_bootstrap.cc:492] T 0647b1eaebdf4754ba9fdafece1a0301 P d7ebc3e1fcb14ae0b939495b5519c56e: Bootstrap starting.
I20260709 13:16:51.325508 14442 tablet_bootstrap.cc:492] T 5c91126a00d642189309c26c95db803c P 65bbbe7a17f14d2a82f55cc834b712f8: No bootstrap required, opened a new log
I20260709 13:16:51.326224 14442 ts_tablet_manager.cc:1403] T 5c91126a00d642189309c26c95db803c P 65bbbe7a17f14d2a82f55cc834b712f8: Time spent bootstrapping tablet: real 0.070s	user 0.013s	sys 0.003s
I20260709 13:16:51.329154 14444 tablet_bootstrap.cc:654] T 0647b1eaebdf4754ba9fdafece1a0301 P d7ebc3e1fcb14ae0b939495b5519c56e: Neither blocks nor log segments found. Creating new log.
I20260709 13:16:51.330489 14442 raft_consensus.cc:359] T 5c91126a00d642189309c26c95db803c P 65bbbe7a17f14d2a82f55cc834b712f8 [term 0 FOLLOWER]: Replica starting. Triggering 0 pending ops. Active config: opid_index: -1 OBSOLETE_local: false peers { permanent_uuid: "4377b46616be4cdfb188eae2fdcbafcd" member_type: VOTER last_known_addr { host: "127.13.200.193" port: 41283 } } peers { permanent_uuid: "65bbbe7a17f14d2a82f55cc834b712f8" member_type: VOTER last_known_addr { host: "127.13.200.194" port: 44777 } } peers { permanent_uuid: "d7ebc3e1fcb14ae0b939495b5519c56e" member_type: VOTER last_known_addr { host: "127.13.200.195" port: 39115 } }
I20260709 13:16:51.331463 14442 raft_consensus.cc:385] T 5c91126a00d642189309c26c95db803c P 65bbbe7a17f14d2a82f55cc834b712f8 [term 0 FOLLOWER]: Consensus starting up: Expiring failure detector timer to make a prompt election more likely
I20260709 13:16:51.331866 14442 raft_consensus.cc:740] T 5c91126a00d642189309c26c95db803c P 65bbbe7a17f14d2a82f55cc834b712f8 [term 0 FOLLOWER]: Becoming Follower/Learner. State: Replica: 65bbbe7a17f14d2a82f55cc834b712f8, State: Initialized, Role: FOLLOWER
I20260709 13:16:51.333053 14442 consensus_queue.cc:260] T 5c91126a00d642189309c26c95db803c P 65bbbe7a17f14d2a82f55cc834b712f8 [NON_LEADER]: Queue going to NON_LEADER mode. State: All replicated index: 0, Majority replicated index: 0, Committed index: 0, Last appended: 0.0, Last appended by leader: 0, Current term: 0, Majority size: -1, State: 0, Mode: NON_LEADER, active raft config: opid_index: -1 OBSOLETE_local: false peers { permanent_uuid: "4377b46616be4cdfb188eae2fdcbafcd" member_type: VOTER last_known_addr { host: "127.13.200.193" port: 41283 } } peers { permanent_uuid: "65bbbe7a17f14d2a82f55cc834b712f8" member_type: VOTER last_known_addr { host: "127.13.200.194" port: 44777 } } peers { permanent_uuid: "d7ebc3e1fcb14ae0b939495b5519c56e" member_type: VOTER last_known_addr { host: "127.13.200.195" port: 39115 } }
I20260709 13:16:51.333885 14324 tablet_service.cc:1917] Received RequestConsensusVote() RPC: tablet_id: "e256d7e545374dc9a515c90fed022b2c" candidate_uuid: "d7ebc3e1fcb14ae0b939495b5519c56e" candidate_term: 1 candidate_status { last_received { term: 0 index: 0 } } ignore_live_leader: false dest_uuid: "65bbbe7a17f14d2a82f55cc834b712f8"
I20260709 13:16:51.334721 14324 raft_consensus.cc:3060] T e256d7e545374dc9a515c90fed022b2c P 65bbbe7a17f14d2a82f55cc834b712f8 [term 0 FOLLOWER]: Advancing to term 1
I20260709 13:16:51.336975 14443 tablet_bootstrap.cc:492] T e4e979aaa78849c588ea4def5936a1ec P 4377b46616be4cdfb188eae2fdcbafcd: No bootstrap required, opened a new log
I20260709 13:16:51.337622 14443 ts_tablet_manager.cc:1403] T e4e979aaa78849c588ea4def5936a1ec P 4377b46616be4cdfb188eae2fdcbafcd: Time spent bootstrapping tablet: real 0.085s	user 0.016s	sys 0.013s
I20260709 13:16:51.340767 14450 leader_election.cc:290] T e256d7e545374dc9a515c90fed022b2c P d7ebc3e1fcb14ae0b939495b5519c56e [CANDIDATE]: Term 1 election: Requested vote from peers 65bbbe7a17f14d2a82f55cc834b712f8 (127.13.200.194:44777), 4377b46616be4cdfb188eae2fdcbafcd (127.13.200.193:41283)
I20260709 13:16:51.342087 14249 tablet_service.cc:1917] Received RequestConsensusVote() RPC: tablet_id: "e256d7e545374dc9a515c90fed022b2c" candidate_uuid: "d7ebc3e1fcb14ae0b939495b5519c56e" candidate_term: 1 candidate_status { last_received { term: 0 index: 0 } } ignore_live_leader: false dest_uuid: "4377b46616be4cdfb188eae2fdcbafcd"
W20260709 13:16:51.344051 14362 leader_election.cc:343] T e256d7e545374dc9a515c90fed022b2c P d7ebc3e1fcb14ae0b939495b5519c56e [CANDIDATE]: Term 1 election: Tablet error from VoteRequest() call to peer 4377b46616be4cdfb188eae2fdcbafcd (127.13.200.193:41283): Illegal state: must be running to vote when last-logged opid is not known
I20260709 13:16:51.345541 14442 ts_tablet_manager.cc:1434] T 5c91126a00d642189309c26c95db803c P 65bbbe7a17f14d2a82f55cc834b712f8: Time spent starting tablet: real 0.019s	user 0.008s	sys 0.003s
I20260709 13:16:51.348124 14443 raft_consensus.cc:359] T e4e979aaa78849c588ea4def5936a1ec P 4377b46616be4cdfb188eae2fdcbafcd [term 0 FOLLOWER]: Replica starting. Triggering 0 pending ops. Active config: opid_index: -1 OBSOLETE_local: false peers { permanent_uuid: "4377b46616be4cdfb188eae2fdcbafcd" member_type: VOTER last_known_addr { host: "127.13.200.193" port: 41283 } } peers { permanent_uuid: "65bbbe7a17f14d2a82f55cc834b712f8" member_type: VOTER last_known_addr { host: "127.13.200.194" port: 44777 } } peers { permanent_uuid: "d7ebc3e1fcb14ae0b939495b5519c56e" member_type: VOTER last_known_addr { host: "127.13.200.195" port: 39115 } }
I20260709 13:16:51.349152 14443 raft_consensus.cc:385] T e4e979aaa78849c588ea4def5936a1ec P 4377b46616be4cdfb188eae2fdcbafcd [term 0 FOLLOWER]: Consensus starting up: Expiring failure detector timer to make a prompt election more likely
I20260709 13:16:51.349537 14443 raft_consensus.cc:740] T e4e979aaa78849c588ea4def5936a1ec P 4377b46616be4cdfb188eae2fdcbafcd [term 0 FOLLOWER]: Becoming Follower/Learner. State: Replica: 4377b46616be4cdfb188eae2fdcbafcd, State: Initialized, Role: FOLLOWER
I20260709 13:16:51.350719 14443 consensus_queue.cc:260] T e4e979aaa78849c588ea4def5936a1ec P 4377b46616be4cdfb188eae2fdcbafcd [NON_LEADER]: Queue going to NON_LEADER mode. State: All replicated index: 0, Majority replicated index: 0, Committed index: 0, Last appended: 0.0, Last appended by leader: 0, Current term: 0, Majority size: -1, State: 0, Mode: NON_LEADER, active raft config: opid_index: -1 OBSOLETE_local: false peers { permanent_uuid: "4377b46616be4cdfb188eae2fdcbafcd" member_type: VOTER last_known_addr { host: "127.13.200.193" port: 41283 } } peers { permanent_uuid: "65bbbe7a17f14d2a82f55cc834b712f8" member_type: VOTER last_known_addr { host: "127.13.200.194" port: 44777 } } peers { permanent_uuid: "d7ebc3e1fcb14ae0b939495b5519c56e" member_type: VOTER last_known_addr { host: "127.13.200.195" port: 39115 } }
I20260709 13:16:51.354156 14443 ts_tablet_manager.cc:1434] T e4e979aaa78849c588ea4def5936a1ec P 4377b46616be4cdfb188eae2fdcbafcd: Time spent starting tablet: real 0.016s	user 0.008s	sys 0.001s
I20260709 13:16:51.355530 14443 tablet_bootstrap.cc:492] T 44956cf815614817a45d9741bc12877a P 4377b46616be4cdfb188eae2fdcbafcd: Bootstrap starting.
I20260709 13:16:51.357046 14324 raft_consensus.cc:2468] T e256d7e545374dc9a515c90fed022b2c P 65bbbe7a17f14d2a82f55cc834b712f8 [term 1 FOLLOWER]: Leader election vote request: Granting yes vote for candidate d7ebc3e1fcb14ae0b939495b5519c56e in term 1.
I20260709 13:16:51.358809 14363 leader_election.cc:304] T e256d7e545374dc9a515c90fed022b2c P d7ebc3e1fcb14ae0b939495b5519c56e [CANDIDATE]: Term 1 election: Election decided. Result: candidate won. Election summary: received 3 responses out of 3 voters: 2 yes votes; 1 no votes. yes voters: 65bbbe7a17f14d2a82f55cc834b712f8, d7ebc3e1fcb14ae0b939495b5519c56e; no voters: 4377b46616be4cdfb188eae2fdcbafcd
I20260709 13:16:51.361055 14450 raft_consensus.cc:2804] T e256d7e545374dc9a515c90fed022b2c P d7ebc3e1fcb14ae0b939495b5519c56e [term 1 FOLLOWER]: Leader election won for term 1
I20260709 13:16:51.362003 14450 raft_consensus.cc:697] T e256d7e545374dc9a515c90fed022b2c P d7ebc3e1fcb14ae0b939495b5519c56e [term 1 LEADER]: Becoming Leader. State: Replica: d7ebc3e1fcb14ae0b939495b5519c56e, State: Running, Role: LEADER
I20260709 13:16:51.363174 14450 consensus_queue.cc:237] T e256d7e545374dc9a515c90fed022b2c P d7ebc3e1fcb14ae0b939495b5519c56e [LEADER]: Queue going to LEADER mode. State: All replicated index: 0, Majority replicated index: 0, Committed index: 0, Last appended: 0.0, Last appended by leader: 0, Current term: 1, Majority size: 2, State: 0, Mode: LEADER, active raft config: opid_index: -1 OBSOLETE_local: false peers { permanent_uuid: "65bbbe7a17f14d2a82f55cc834b712f8" member_type: VOTER last_known_addr { host: "127.13.200.194" port: 44777 } } peers { permanent_uuid: "4377b46616be4cdfb188eae2fdcbafcd" member_type: VOTER last_known_addr { host: "127.13.200.193" port: 41283 } } peers { permanent_uuid: "d7ebc3e1fcb14ae0b939495b5519c56e" member_type: VOTER last_known_addr { host: "127.13.200.195" port: 39115 } }
I20260709 13:16:51.364646 14443 tablet_bootstrap.cc:654] T 44956cf815614817a45d9741bc12877a P 4377b46616be4cdfb188eae2fdcbafcd: Neither blocks nor log segments found. Creating new log.
I20260709 13:16:51.367147 14447 raft_consensus.cc:2749] T b3b984b4190f43068ff1d3d2fc6b3797 P 65bbbe7a17f14d2a82f55cc834b712f8 [term 1 FOLLOWER]: Leader pre-election lost for term 1. Reason: could not achieve majority
W20260709 13:16:51.372591 14195 auto_rebalancer.cc:288] Could not retrieve cluster info: Service unavailable: Tablet not running
I20260709 13:16:51.383893 14444 tablet_bootstrap.cc:492] T 0647b1eaebdf4754ba9fdafece1a0301 P d7ebc3e1fcb14ae0b939495b5519c56e: No bootstrap required, opened a new log
I20260709 13:16:51.384558 14444 ts_tablet_manager.cc:1403] T 0647b1eaebdf4754ba9fdafece1a0301 P d7ebc3e1fcb14ae0b939495b5519c56e: Time spent bootstrapping tablet: real 0.067s	user 0.026s	sys 0.031s
I20260709 13:16:51.385031 14443 tablet_bootstrap.cc:492] T 44956cf815614817a45d9741bc12877a P 4377b46616be4cdfb188eae2fdcbafcd: No bootstrap required, opened a new log
I20260709 13:16:51.385624 14443 ts_tablet_manager.cc:1403] T 44956cf815614817a45d9741bc12877a P 4377b46616be4cdfb188eae2fdcbafcd: Time spent bootstrapping tablet: real 0.030s	user 0.018s	sys 0.008s
I20260709 13:16:51.389883 14443 raft_consensus.cc:359] T 44956cf815614817a45d9741bc12877a P 4377b46616be4cdfb188eae2fdcbafcd [term 0 FOLLOWER]: Replica starting. Triggering 0 pending ops. Active config: opid_index: -1 OBSOLETE_local: false peers { permanent_uuid: "4377b46616be4cdfb188eae2fdcbafcd" member_type: VOTER last_known_addr { host: "127.13.200.193" port: 41283 } } peers { permanent_uuid: "65bbbe7a17f14d2a82f55cc834b712f8" member_type: VOTER last_known_addr { host: "127.13.200.194" port: 44777 } } peers { permanent_uuid: "d7ebc3e1fcb14ae0b939495b5519c56e" member_type: VOTER last_known_addr { host: "127.13.200.195" port: 39115 } }
I20260709 13:16:51.390012 14444 raft_consensus.cc:359] T 0647b1eaebdf4754ba9fdafece1a0301 P d7ebc3e1fcb14ae0b939495b5519c56e [term 0 FOLLOWER]: Replica starting. Triggering 0 pending ops. Active config: opid_index: -1 OBSOLETE_local: false peers { permanent_uuid: "4377b46616be4cdfb188eae2fdcbafcd" member_type: VOTER last_known_addr { host: "127.13.200.193" port: 41283 } } peers { permanent_uuid: "65bbbe7a17f14d2a82f55cc834b712f8" member_type: VOTER last_known_addr { host: "127.13.200.194" port: 44777 } } peers { permanent_uuid: "d7ebc3e1fcb14ae0b939495b5519c56e" member_type: VOTER last_known_addr { host: "127.13.200.195" port: 39115 } }
I20260709 13:16:51.390651 14443 raft_consensus.cc:385] T 44956cf815614817a45d9741bc12877a P 4377b46616be4cdfb188eae2fdcbafcd [term 0 FOLLOWER]: Consensus starting up: Expiring failure detector timer to make a prompt election more likely
I20260709 13:16:51.390841 14444 raft_consensus.cc:385] T 0647b1eaebdf4754ba9fdafece1a0301 P d7ebc3e1fcb14ae0b939495b5519c56e [term 0 FOLLOWER]: Consensus starting up: Expiring failure detector timer to make a prompt election more likely
I20260709 13:16:51.391027 14443 raft_consensus.cc:740] T 44956cf815614817a45d9741bc12877a P 4377b46616be4cdfb188eae2fdcbafcd [term 0 FOLLOWER]: Becoming Follower/Learner. State: Replica: 4377b46616be4cdfb188eae2fdcbafcd, State: Initialized, Role: FOLLOWER
I20260709 13:16:51.391283 14444 raft_consensus.cc:740] T 0647b1eaebdf4754ba9fdafece1a0301 P d7ebc3e1fcb14ae0b939495b5519c56e [term 0 FOLLOWER]: Becoming Follower/Learner. State: Replica: d7ebc3e1fcb14ae0b939495b5519c56e, State: Initialized, Role: FOLLOWER
I20260709 13:16:51.391902 14443 consensus_queue.cc:260] T 44956cf815614817a45d9741bc12877a P 4377b46616be4cdfb188eae2fdcbafcd [NON_LEADER]: Queue going to NON_LEADER mode. State: All replicated index: 0, Majority replicated index: 0, Committed index: 0, Last appended: 0.0, Last appended by leader: 0, Current term: 0, Majority size: -1, State: 0, Mode: NON_LEADER, active raft config: opid_index: -1 OBSOLETE_local: false peers { permanent_uuid: "4377b46616be4cdfb188eae2fdcbafcd" member_type: VOTER last_known_addr { host: "127.13.200.193" port: 41283 } } peers { permanent_uuid: "65bbbe7a17f14d2a82f55cc834b712f8" member_type: VOTER last_known_addr { host: "127.13.200.194" port: 44777 } } peers { permanent_uuid: "d7ebc3e1fcb14ae0b939495b5519c56e" member_type: VOTER last_known_addr { host: "127.13.200.195" port: 39115 } }
I20260709 13:16:51.392244 14444 consensus_queue.cc:260] T 0647b1eaebdf4754ba9fdafece1a0301 P d7ebc3e1fcb14ae0b939495b5519c56e [NON_LEADER]: Queue going to NON_LEADER mode. State: All replicated index: 0, Majority replicated index: 0, Committed index: 0, Last appended: 0.0, Last appended by leader: 0, Current term: 0, Majority size: -1, State: 0, Mode: NON_LEADER, active raft config: opid_index: -1 OBSOLETE_local: false peers { permanent_uuid: "4377b46616be4cdfb188eae2fdcbafcd" member_type: VOTER last_known_addr { host: "127.13.200.193" port: 41283 } } peers { permanent_uuid: "65bbbe7a17f14d2a82f55cc834b712f8" member_type: VOTER last_known_addr { host: "127.13.200.194" port: 44777 } } peers { permanent_uuid: "d7ebc3e1fcb14ae0b939495b5519c56e" member_type: VOTER last_known_addr { host: "127.13.200.195" port: 39115 } }
I20260709 13:16:51.393939 14443 ts_tablet_manager.cc:1434] T 44956cf815614817a45d9741bc12877a P 4377b46616be4cdfb188eae2fdcbafcd: Time spent starting tablet: real 0.008s	user 0.006s	sys 0.000s
I20260709 13:16:51.394546 14444 ts_tablet_manager.cc:1434] T 0647b1eaebdf4754ba9fdafece1a0301 P d7ebc3e1fcb14ae0b939495b5519c56e: Time spent starting tablet: real 0.010s	user 0.004s	sys 0.003s
I20260709 13:16:51.394851 14443 tablet_bootstrap.cc:492] T e256d7e545374dc9a515c90fed022b2c P 4377b46616be4cdfb188eae2fdcbafcd: Bootstrap starting.
I20260709 13:16:51.400874 14147 catalog_manager.cc:5697] T 334fb72afbdf40b9b3bb7d5bc14fa91a P d7ebc3e1fcb14ae0b939495b5519c56e reported cstate change: term changed from 0 to 1, leader changed from <none> to d7ebc3e1fcb14ae0b939495b5519c56e (127.13.200.195). New cstate: current_term: 1 leader_uuid: "d7ebc3e1fcb14ae0b939495b5519c56e" committed_config { opid_index: -1 OBSOLETE_local: false peers { permanent_uuid: "4377b46616be4cdfb188eae2fdcbafcd" member_type: VOTER last_known_addr { host: "127.13.200.193" port: 41283 } health_report { overall_health: UNKNOWN } } peers { permanent_uuid: "65bbbe7a17f14d2a82f55cc834b712f8" member_type: VOTER last_known_addr { host: "127.13.200.194" port: 44777 } health_report { overall_health: UNKNOWN } } peers { permanent_uuid: "d7ebc3e1fcb14ae0b939495b5519c56e" member_type: VOTER last_known_addr { host: "127.13.200.195" port: 39115 } health_report { overall_health: HEALTHY } } }
I20260709 13:16:51.402252 14144 catalog_manager.cc:5697] T 35e45e9327f443ab84a375a0816c7e8d P 65bbbe7a17f14d2a82f55cc834b712f8 reported cstate change: term changed from 0 to 1, leader changed from <none> to 65bbbe7a17f14d2a82f55cc834b712f8 (127.13.200.194). New cstate: current_term: 1 leader_uuid: "65bbbe7a17f14d2a82f55cc834b712f8" committed_config { opid_index: -1 OBSOLETE_local: false peers { permanent_uuid: "4377b46616be4cdfb188eae2fdcbafcd" member_type: VOTER last_known_addr { host: "127.13.200.193" port: 41283 } health_report { overall_health: UNKNOWN } } peers { permanent_uuid: "65bbbe7a17f14d2a82f55cc834b712f8" member_type: VOTER last_known_addr { host: "127.13.200.194" port: 44777 } health_report { overall_health: HEALTHY } } peers { permanent_uuid: "d7ebc3e1fcb14ae0b939495b5519c56e" member_type: VOTER last_known_addr { host: "127.13.200.195" port: 39115 } health_report { overall_health: UNKNOWN } } }
I20260709 13:16:51.408566 14450 raft_consensus.cc:493] T 5c91126a00d642189309c26c95db803c P d7ebc3e1fcb14ae0b939495b5519c56e [term 0 FOLLOWER]: Starting pre-election (no leader contacted us within the election timeout)
I20260709 13:16:51.409158 14450 raft_consensus.cc:515] T 5c91126a00d642189309c26c95db803c P d7ebc3e1fcb14ae0b939495b5519c56e [term 0 FOLLOWER]: Starting pre-election with config: opid_index: -1 OBSOLETE_local: false peers { permanent_uuid: "4377b46616be4cdfb188eae2fdcbafcd" member_type: VOTER last_known_addr { host: "127.13.200.193" port: 41283 } } peers { permanent_uuid: "65bbbe7a17f14d2a82f55cc834b712f8" member_type: VOTER last_known_addr { host: "127.13.200.194" port: 44777 } } peers { permanent_uuid: "d7ebc3e1fcb14ae0b939495b5519c56e" member_type: VOTER last_known_addr { host: "127.13.200.195" port: 39115 } }
I20260709 13:16:51.415174 14249 tablet_service.cc:1917] Received RequestConsensusVote() RPC: tablet_id: "5c91126a00d642189309c26c95db803c" candidate_uuid: "d7ebc3e1fcb14ae0b939495b5519c56e" candidate_term: 1 candidate_status { last_received { term: 0 index: 0 } } ignore_live_leader: false dest_uuid: "4377b46616be4cdfb188eae2fdcbafcd" is_pre_election: true
I20260709 13:16:51.415452 14324 tablet_service.cc:1917] Received RequestConsensusVote() RPC: tablet_id: "5c91126a00d642189309c26c95db803c" candidate_uuid: "d7ebc3e1fcb14ae0b939495b5519c56e" candidate_term: 1 candidate_status { last_received { term: 0 index: 0 } } ignore_live_leader: false dest_uuid: "65bbbe7a17f14d2a82f55cc834b712f8" is_pre_election: true
I20260709 13:16:51.415899 14249 raft_consensus.cc:2468] T 5c91126a00d642189309c26c95db803c P 4377b46616be4cdfb188eae2fdcbafcd [term 0 FOLLOWER]: Leader pre-election vote request: Granting yes vote for candidate d7ebc3e1fcb14ae0b939495b5519c56e in term 0.
