I20260709 13:17:15.908017 10036 raft_consensus.cc:359] T f043087d6fb44046a611acefd91adfb7 P 0032809f8bfd4260a4747e714efc3686 [term 0 FOLLOWER]: Replica starting. Triggering 0 pending ops. Active config: opid_index: -1 OBSOLETE_local: false peers { permanent_uuid: "7664b6f2276747fd9d12b044847ad36d" member_type: VOTER last_known_addr { host: "127.8.128.65" port: 44945 } } peers { permanent_uuid: "0032809f8bfd4260a4747e714efc3686" member_type: VOTER last_known_addr { host: "127.8.128.66" port: 41797 } } peers { permanent_uuid: "7c402503c2194394953a5de053985a0d" member_type: VOTER last_known_addr { host: "127.8.128.67" port: 45189 } }
I20260709 13:17:15.909827 10036 raft_consensus.cc:385] T f043087d6fb44046a611acefd91adfb7 P 0032809f8bfd4260a4747e714efc3686 [term 0 FOLLOWER]: Consensus starting up: Expiring failure detector timer to make a prompt election more likely
I20260709 13:17:15.910475 10036 raft_consensus.cc:740] T f043087d6fb44046a611acefd91adfb7 P 0032809f8bfd4260a4747e714efc3686 [term 0 FOLLOWER]: Becoming Follower/Learner. State: Replica: 0032809f8bfd4260a4747e714efc3686, State: Initialized, Role: FOLLOWER
I20260709 13:17:15.911883 10036 consensus_queue.cc:260] T f043087d6fb44046a611acefd91adfb7 P 0032809f8bfd4260a4747e714efc3686 [NON_LEADER]: Queue going to NON_LEADER mode. State: All replicated index: 0, Majority replicated index: 0, Committed index: 0, Last appended: 0.0, Last appended by leader: 0, Current term: 0, Majority size: -1, State: 0, Mode: NON_LEADER, active raft config: opid_index: -1 OBSOLETE_local: false peers { permanent_uuid: "7664b6f2276747fd9d12b044847ad36d" member_type: VOTER last_known_addr { host: "127.8.128.65" port: 44945 } } peers { permanent_uuid: "0032809f8bfd4260a4747e714efc3686" member_type: VOTER last_known_addr { host: "127.8.128.66" port: 41797 } } peers { permanent_uuid: "7c402503c2194394953a5de053985a0d" member_type: VOTER last_known_addr { host: "127.8.128.67" port: 45189 } }
I20260709 13:17:15.914001  9842 raft_consensus.cc:2468] T 3e248beddbd8421d92147f23c1bf0783 P 7664b6f2276747fd9d12b044847ad36d [term 1 FOLLOWER]: Leader election vote request: Granting yes vote for candidate 0032809f8bfd4260a4747e714efc3686 in term 1.
I20260709 13:17:15.928537  9916 raft_consensus.cc:3060] T 93c831da85c743d080ead823a71295d5 P 0032809f8bfd4260a4747e714efc3686 [term 0 FOLLOWER]: Advancing to term 1
I20260709 13:17:15.938741  9881 leader_election.cc:304] T 3e248beddbd8421d92147f23c1bf0783 P 0032809f8bfd4260a4747e714efc3686 [CANDIDATE]: Term 1 election: Election decided. Result: candidate won. Election summary: received 3 responses out of 3 voters: 2 yes votes; 1 no votes. yes voters: 0032809f8bfd4260a4747e714efc3686, 7664b6f2276747fd9d12b044847ad36d; no voters: 7c402503c2194394953a5de053985a0d
I20260709 13:17:15.940634 10060 raft_consensus.cc:2804] T 3e248beddbd8421d92147f23c1bf0783 P 0032809f8bfd4260a4747e714efc3686 [term 1 FOLLOWER]: Leader election won for term 1
I20260709 13:17:15.941160 10060 raft_consensus.cc:697] T 3e248beddbd8421d92147f23c1bf0783 P 0032809f8bfd4260a4747e714efc3686 [term 1 LEADER]: Becoming Leader. State: Replica: 0032809f8bfd4260a4747e714efc3686, State: Running, Role: LEADER
I20260709 13:17:15.942047 10060 consensus_queue.cc:237] T 3e248beddbd8421d92147f23c1bf0783 P 0032809f8bfd4260a4747e714efc3686 [LEADER]: Queue going to LEADER mode. State: All replicated index: 0, Majority replicated index: 0, Committed index: 0, Last appended: 0.0, Last appended by leader: 0, Current term: 1, Majority size: 2, State: 0, Mode: LEADER, active raft config: opid_index: -1 OBSOLETE_local: false peers { permanent_uuid: "7664b6f2276747fd9d12b044847ad36d" member_type: VOTER last_known_addr { host: "127.8.128.65" port: 44945 } } peers { permanent_uuid: "0032809f8bfd4260a4747e714efc3686" member_type: VOTER last_known_addr { host: "127.8.128.66" port: 41797 } } peers { permanent_uuid: "7c402503c2194394953a5de053985a0d" member_type: VOTER last_known_addr { host: "127.8.128.67" port: 45189 } }
I20260709 13:17:15.948271 10091 consensus_queue.cc:1048] T c83934df93c7455db3d97473f92f618d P 0032809f8bfd4260a4747e714efc3686 [LEADER]: Connected to new peer: Peer: permanent_uuid: "7c402503c2194394953a5de053985a0d" member_type: VOTER last_known_addr { host: "127.8.128.67" port: 45189 }, Status: LMP_MISMATCH, Last received: 0.0, Next index: 1, Last known committed idx: 0, Time since last communication: 0.001s
I20260709 13:17:15.916114 10036 ts_tablet_manager.cc:1434] T f043087d6fb44046a611acefd91adfb7 P 0032809f8bfd4260a4747e714efc3686: Time spent starting tablet: real 0.016s	user 0.006s	sys 0.001s
I20260709 13:17:15.919060 10032 tablet_bootstrap.cc:654] T a5741a951bc84b2ab613ce840848ee2b P 7664b6f2276747fd9d12b044847ad36d: Neither blocks nor log segments found. Creating new log.
I20260709 13:17:15.919474 10089 consensus_queue.cc:1048] T 7dffc28576c44b9a96b49f3e1bd81c0e P 0032809f8bfd4260a4747e714efc3686 [LEADER]: Connected to new peer: Peer: permanent_uuid: "7664b6f2276747fd9d12b044847ad36d" member_type: VOTER last_known_addr { host: "127.8.128.65" port: 44945 }, Status: LMP_MISMATCH, Last received: 0.0, Next index: 1, Last known committed idx: 0, Time since last communication: 0.001s
I20260709 13:17:15.950821 10036 tablet_bootstrap.cc:492] T d988f514445548aa860c891eb663cea6 P 0032809f8bfd4260a4747e714efc3686: Bootstrap starting.
I20260709 13:17:15.919795 10107 consensus_queue.cc:1048] T 92dfd461ebad4137997a121deb95bc23 P 7664b6f2276747fd9d12b044847ad36d [LEADER]: Connected to new peer: Peer: permanent_uuid: "7c402503c2194394953a5de053985a0d" member_type: VOTER last_known_addr { host: "127.8.128.67" port: 45189 }, Status: LMP_MISMATCH, Last received: 0.0, Next index: 1, Last known committed idx: 0, Time since last communication: 0.000s
I20260709 13:17:15.922610  9957 leader_election.cc:304] T 50397cf8c5a148a1a4b24ee9f9f37fa0 P 7c402503c2194394953a5de053985a0d [CANDIDATE]: Term 1 pre-election: Election decided. Result: candidate won. Election summary: received 3 responses out of 3 voters: 2 yes votes; 1 no votes. yes voters: 0032809f8bfd4260a4747e714efc3686, 7c402503c2194394953a5de053985a0d; no voters: 7664b6f2276747fd9d12b044847ad36d
I20260709 13:17:15.926417 10035 raft_consensus.cc:2749] T 64b24bdb2fa0460ea394ff682747f488 P 7c402503c2194394953a5de053985a0d [term 1 FOLLOWER]: Leader pre-election lost for term 1. Reason: could not achieve majority
I20260709 13:17:15.957449 10058 raft_consensus.cc:2804] T 50397cf8c5a148a1a4b24ee9f9f37fa0 P 7c402503c2194394953a5de053985a0d [term 0 FOLLOWER]: Leader pre-election won for term 1
I20260709 13:17:15.958170 10058 raft_consensus.cc:493] T 50397cf8c5a148a1a4b24ee9f9f37fa0 P 7c402503c2194394953a5de053985a0d [term 0 FOLLOWER]: Starting leader election (no leader contacted us within the election timeout)
I20260709 13:17:15.958544 10058 raft_consensus.cc:3060] T 50397cf8c5a148a1a4b24ee9f9f37fa0 P 7c402503c2194394953a5de053985a0d [term 0 FOLLOWER]: Advancing to term 1
I20260709 13:17:15.962630  9880 leader_election.cc:304] T 93c831da85c743d080ead823a71295d5 P 0032809f8bfd4260a4747e714efc3686 [CANDIDATE]: Term 1 pre-election: Election decided. Result: candidate lost. Election summary: received 3 responses out of 3 voters: 1 yes votes; 2 no votes. yes voters: 0032809f8bfd4260a4747e714efc3686; no voters: 7664b6f2276747fd9d12b044847ad36d, 7c402503c2194394953a5de053985a0d
I20260709 13:17:15.980907 10047 raft_consensus.cc:2749] T 93c831da85c743d080ead823a71295d5 P 0032809f8bfd4260a4747e714efc3686 [term 1 FOLLOWER]: Leader pre-election lost for term 1. Reason: could not achieve majority
I20260709 13:17:15.982625 10035 consensus_queue.cc:1048] T 93c831da85c743d080ead823a71295d5 P 7c402503c2194394953a5de053985a0d [LEADER]: Connected to new peer: Peer: permanent_uuid: "0032809f8bfd4260a4747e714efc3686" member_type: VOTER last_known_addr { host: "127.8.128.66" port: 41797 }, Status: LMP_MISMATCH, Last received: 0.0, Next index: 1, Last known committed idx: 0, Time since last communication: 0.018s
I20260709 13:17:15.987704 10036 tablet_bootstrap.cc:654] T d988f514445548aa860c891eb663cea6 P 0032809f8bfd4260a4747e714efc3686: Neither blocks nor log segments found. Creating new log.
I20260709 13:17:15.988620 10031 tablet_bootstrap.cc:492] T b4b9ce89514f42e69e53e222d783f40d P 7c402503c2194394953a5de053985a0d: No bootstrap required, opened a new log
I20260709 13:17:16.002789 10031 ts_tablet_manager.cc:1403] T b4b9ce89514f42e69e53e222d783f40d P 7c402503c2194394953a5de053985a0d: Time spent bootstrapping tablet: real 0.136s	user 0.037s	sys 0.040s
I20260709 13:17:15.979688 10058 raft_consensus.cc:515] T 50397cf8c5a148a1a4b24ee9f9f37fa0 P 7c402503c2194394953a5de053985a0d [term 1 FOLLOWER]: Starting leader election with config: opid_index: -1 OBSOLETE_local: false peers { permanent_uuid: "7664b6f2276747fd9d12b044847ad36d" member_type: VOTER last_known_addr { host: "127.8.128.65" port: 44945 } } peers { permanent_uuid: "0032809f8bfd4260a4747e714efc3686" member_type: VOTER last_known_addr { host: "127.8.128.66" port: 41797 } } peers { permanent_uuid: "7c402503c2194394953a5de053985a0d" member_type: VOTER last_known_addr { host: "127.8.128.67" port: 45189 } }
I20260709 13:17:16.005719 10031 raft_consensus.cc:359] T b4b9ce89514f42e69e53e222d783f40d P 7c402503c2194394953a5de053985a0d [term 0 FOLLOWER]: Replica starting. Triggering 0 pending ops. Active config: opid_index: -1 OBSOLETE_local: false peers { permanent_uuid: "7664b6f2276747fd9d12b044847ad36d" member_type: VOTER last_known_addr { host: "127.8.128.65" port: 44945 } } peers { permanent_uuid: "0032809f8bfd4260a4747e714efc3686" member_type: VOTER last_known_addr { host: "127.8.128.66" port: 41797 } } peers { permanent_uuid: "7c402503c2194394953a5de053985a0d" member_type: VOTER last_known_addr { host: "127.8.128.67" port: 45189 } }
I20260709 13:17:16.006572 10031 raft_consensus.cc:385] T b4b9ce89514f42e69e53e222d783f40d P 7c402503c2194394953a5de053985a0d [term 0 FOLLOWER]: Consensus starting up: Expiring failure detector timer to make a prompt election more likely
I20260709 13:17:16.006892 10031 raft_consensus.cc:740] T b4b9ce89514f42e69e53e222d783f40d P 7c402503c2194394953a5de053985a0d [term 0 FOLLOWER]: Becoming Follower/Learner. State: Replica: 7c402503c2194394953a5de053985a0d, State: Initialized, Role: FOLLOWER
I20260709 13:17:16.007727 10031 consensus_queue.cc:260] T b4b9ce89514f42e69e53e222d783f40d P 7c402503c2194394953a5de053985a0d [NON_LEADER]: Queue going to NON_LEADER mode. State: All replicated index: 0, Majority replicated index: 0, Committed index: 0, Last appended: 0.0, Last appended by leader: 0, Current term: 0, Majority size: -1, State: 0, Mode: NON_LEADER, active raft config: opid_index: -1 OBSOLETE_local: false peers { permanent_uuid: "7664b6f2276747fd9d12b044847ad36d" member_type: VOTER last_known_addr { host: "127.8.128.65" port: 44945 } } peers { permanent_uuid: "0032809f8bfd4260a4747e714efc3686" member_type: VOTER last_known_addr { host: "127.8.128.66" port: 41797 } } peers { permanent_uuid: "7c402503c2194394953a5de053985a0d" member_type: VOTER last_known_addr { host: "127.8.128.67" port: 45189 } }
I20260709 13:17:16.010251 10031 ts_tablet_manager.cc:1434] T b4b9ce89514f42e69e53e222d783f40d P 7c402503c2194394953a5de053985a0d: Time spent starting tablet: real 0.007s	user 0.006s	sys 0.000s
I20260709 13:17:16.010396  9838 tablet_service.cc:1917] Received RequestConsensusVote() RPC: tablet_id: "50397cf8c5a148a1a4b24ee9f9f37fa0" candidate_uuid: "7c402503c2194394953a5de053985a0d" candidate_term: 1 candidate_status { last_received { term: 0 index: 0 } } ignore_live_leader: false dest_uuid: "7664b6f2276747fd9d12b044847ad36d"
I20260709 13:17:16.011302 10031 tablet_bootstrap.cc:492] T 3e248beddbd8421d92147f23c1bf0783 P 7c402503c2194394953a5de053985a0d: Bootstrap starting.
W20260709 13:17:16.012072  9955 leader_election.cc:343] T 50397cf8c5a148a1a4b24ee9f9f37fa0 P 7c402503c2194394953a5de053985a0d [CANDIDATE]: Term 1 election: Tablet error from VoteRequest() call to peer 7664b6f2276747fd9d12b044847ad36d (127.8.128.65:44945): Illegal state: must be running to vote when last-logged opid is not known
I20260709 13:17:16.012176 10058 leader_election.cc:290] T 50397cf8c5a148a1a4b24ee9f9f37fa0 P 7c402503c2194394953a5de053985a0d [CANDIDATE]: Term 1 election: Requested vote from peers 7664b6f2276747fd9d12b044847ad36d (127.8.128.65:44945), 0032809f8bfd4260a4747e714efc3686 (127.8.128.66:41797)
I20260709 13:17:16.014375 10036 tablet_bootstrap.cc:492] T d988f514445548aa860c891eb663cea6 P 0032809f8bfd4260a4747e714efc3686: No bootstrap required, opened a new log
I20260709 13:17:16.014847 10036 ts_tablet_manager.cc:1403] T d988f514445548aa860c891eb663cea6 P 0032809f8bfd4260a4747e714efc3686: Time spent bootstrapping tablet: real 0.064s	user 0.009s	sys 0.004s
I20260709 13:17:16.018170 10036 raft_consensus.cc:359] T d988f514445548aa860c891eb663cea6 P 0032809f8bfd4260a4747e714efc3686 [term 0 FOLLOWER]: Replica starting. Triggering 0 pending ops. Active config: opid_index: -1 OBSOLETE_local: false peers { permanent_uuid: "7664b6f2276747fd9d12b044847ad36d" member_type: VOTER last_known_addr { host: "127.8.128.65" port: 44945 } } peers { permanent_uuid: "0032809f8bfd4260a4747e714efc3686" member_type: VOTER last_known_addr { host: "127.8.128.66" port: 41797 } } peers { permanent_uuid: "7c402503c2194394953a5de053985a0d" member_type: VOTER last_known_addr { host: "127.8.128.67" port: 45189 } }
I20260709 13:17:16.018833 10036 raft_consensus.cc:385] T d988f514445548aa860c891eb663cea6 P 0032809f8bfd4260a4747e714efc3686 [term 0 FOLLOWER]: Consensus starting up: Expiring failure detector timer to make a prompt election more likely
I20260709 13:17:16.019179 10036 raft_consensus.cc:740] T d988f514445548aa860c891eb663cea6 P 0032809f8bfd4260a4747e714efc3686 [term 0 FOLLOWER]: Becoming Follower/Learner. State: Replica: 0032809f8bfd4260a4747e714efc3686, State: Initialized, Role: FOLLOWER
I20260709 13:17:16.019527 10060 consensus_queue.cc:1048] T 7dffc28576c44b9a96b49f3e1bd81c0e P 0032809f8bfd4260a4747e714efc3686 [LEADER]: Connected to new peer: Peer: permanent_uuid: "7c402503c2194394953a5de053985a0d" member_type: VOTER last_known_addr { host: "127.8.128.67" port: 45189 }, Status: LMP_MISMATCH, Last received: 0.0, Next index: 1, Last known committed idx: 0, Time since last communication: 0.000s
I20260709 13:17:16.021919 10032 tablet_bootstrap.cc:492] T a5741a951bc84b2ab613ce840848ee2b P 7664b6f2276747fd9d12b044847ad36d: No bootstrap required, opened a new log
I20260709 13:17:16.022491 10036 consensus_queue.cc:260] T d988f514445548aa860c891eb663cea6 P 0032809f8bfd4260a4747e714efc3686 [NON_LEADER]: Queue going to NON_LEADER mode. State: All replicated index: 0, Majority replicated index: 0, Committed index: 0, Last appended: 0.0, Last appended by leader: 0, Current term: 0, Majority size: -1, State: 0, Mode: NON_LEADER, active raft config: opid_index: -1 OBSOLETE_local: false peers { permanent_uuid: "7664b6f2276747fd9d12b044847ad36d" member_type: VOTER last_known_addr { host: "127.8.128.65" port: 44945 } } peers { permanent_uuid: "0032809f8bfd4260a4747e714efc3686" member_type: VOTER last_known_addr { host: "127.8.128.66" port: 41797 } } peers { permanent_uuid: "7c402503c2194394953a5de053985a0d" member_type: VOTER last_known_addr { host: "127.8.128.67" port: 45189 } }
I20260709 13:17:16.024089 10031 tablet_bootstrap.cc:654] T 3e248beddbd8421d92147f23c1bf0783 P 7c402503c2194394953a5de053985a0d: Neither blocks nor log segments found. Creating new log.
I20260709 13:17:16.024545 10036 ts_tablet_manager.cc:1434] T d988f514445548aa860c891eb663cea6 P 0032809f8bfd4260a4747e714efc3686: Time spent starting tablet: real 0.009s	user 0.007s	sys 0.001s
I20260709 13:17:16.025573 10036 tablet_bootstrap.cc:492] T 3ceb44e1da4045e1bb133ebf8e9a679b P 0032809f8bfd4260a4747e714efc3686: Bootstrap starting.
I20260709 13:17:16.022511 10032 ts_tablet_manager.cc:1403] T a5741a951bc84b2ab613ce840848ee2b P 7664b6f2276747fd9d12b044847ad36d: Time spent bootstrapping tablet: real 0.149s	user 0.009s	sys 0.006s
I20260709 13:17:16.032037 10036 tablet_bootstrap.cc:654] T 3ceb44e1da4045e1bb133ebf8e9a679b P 0032809f8bfd4260a4747e714efc3686: Neither blocks nor log segments found. Creating new log.
I20260709 13:17:16.031370  9740 catalog_manager.cc:5697] T 3e248beddbd8421d92147f23c1bf0783 P 0032809f8bfd4260a4747e714efc3686 reported cstate change: term changed from 0 to 1, leader changed from <none> to 0032809f8bfd4260a4747e714efc3686 (127.8.128.66). New cstate: current_term: 1 leader_uuid: "0032809f8bfd4260a4747e714efc3686" committed_config { opid_index: -1 OBSOLETE_local: false peers { permanent_uuid: "7664b6f2276747fd9d12b044847ad36d" member_type: VOTER last_known_addr { host: "127.8.128.65" port: 44945 } health_report { overall_health: UNKNOWN } } peers { permanent_uuid: "0032809f8bfd4260a4747e714efc3686" member_type: VOTER last_known_addr { host: "127.8.128.66" port: 41797 } health_report { overall_health: HEALTHY } } peers { permanent_uuid: "7c402503c2194394953a5de053985a0d" member_type: VOTER last_known_addr { host: "127.8.128.67" port: 45189 } health_report { overall_health: UNKNOWN } } }
I20260709 13:17:16.032210 10032 raft_consensus.cc:359] T a5741a951bc84b2ab613ce840848ee2b P 7664b6f2276747fd9d12b044847ad36d [term 0 FOLLOWER]: Replica starting. Triggering 0 pending ops. Active config: opid_index: -1 OBSOLETE_local: false peers { permanent_uuid: "7664b6f2276747fd9d12b044847ad36d" member_type: VOTER last_known_addr { host: "127.8.128.65" port: 44945 } } peers { permanent_uuid: "0032809f8bfd4260a4747e714efc3686" member_type: VOTER last_known_addr { host: "127.8.128.66" port: 41797 } } peers { permanent_uuid: "7c402503c2194394953a5de053985a0d" member_type: VOTER last_known_addr { host: "127.8.128.67" port: 45189 } }
I20260709 13:17:16.032989 10032 raft_consensus.cc:385] T a5741a951bc84b2ab613ce840848ee2b P 7664b6f2276747fd9d12b044847ad36d [term 0 FOLLOWER]: Consensus starting up: Expiring failure detector timer to make a prompt election more likely
I20260709 13:17:16.033329 10032 raft_consensus.cc:740] T a5741a951bc84b2ab613ce840848ee2b P 7664b6f2276747fd9d12b044847ad36d [term 0 FOLLOWER]: Becoming Follower/Learner. State: Replica: 7664b6f2276747fd9d12b044847ad36d, State: Initialized, Role: FOLLOWER
I20260709 13:17:16.036886 10032 consensus_queue.cc:260] T a5741a951bc84b2ab613ce840848ee2b P 7664b6f2276747fd9d12b044847ad36d [NON_LEADER]: Queue going to NON_LEADER mode. State: All replicated index: 0, Majority replicated index: 0, Committed index: 0, Last appended: 0.0, Last appended by leader: 0, Current term: 0, Majority size: -1, State: 0, Mode: NON_LEADER, active raft config: opid_index: -1 OBSOLETE_local: false peers { permanent_uuid: "7664b6f2276747fd9d12b044847ad36d" member_type: VOTER last_known_addr { host: "127.8.128.65" port: 44945 } } peers { permanent_uuid: "0032809f8bfd4260a4747e714efc3686" member_type: VOTER last_known_addr { host: "127.8.128.66" port: 41797 } } peers { permanent_uuid: "7c402503c2194394953a5de053985a0d" member_type: VOTER last_known_addr { host: "127.8.128.67" port: 45189 } }
I20260709 13:17:16.037794  9916 tablet_service.cc:1917] Received RequestConsensusVote() RPC: tablet_id: "50397cf8c5a148a1a4b24ee9f9f37fa0" candidate_uuid: "7c402503c2194394953a5de053985a0d" candidate_term: 1 candidate_status { last_received { term: 0 index: 0 } } ignore_live_leader: false dest_uuid: "0032809f8bfd4260a4747e714efc3686"
I20260709 13:17:16.038386  9916 raft_consensus.cc:3060] T 50397cf8c5a148a1a4b24ee9f9f37fa0 P 0032809f8bfd4260a4747e714efc3686 [term 0 FOLLOWER]: Advancing to term 1
I20260709 13:17:16.039024 10036 tablet_bootstrap.cc:492] T 3ceb44e1da4045e1bb133ebf8e9a679b P 0032809f8bfd4260a4747e714efc3686: No bootstrap required, opened a new log
I20260709 13:17:16.039449 10036 ts_tablet_manager.cc:1403] T 3ceb44e1da4045e1bb133ebf8e9a679b P 0032809f8bfd4260a4747e714efc3686: Time spent bootstrapping tablet: real 0.014s	user 0.010s	sys 0.000s
I20260709 13:17:16.039688 10032 ts_tablet_manager.cc:1434] T a5741a951bc84b2ab613ce840848ee2b P 7664b6f2276747fd9d12b044847ad36d: Time spent starting tablet: real 0.013s	user 0.006s	sys 0.001s
I20260709 13:17:16.040875 10032 tablet_bootstrap.cc:492] T 67047d6a1117422d974213bf7bea388e P 7664b6f2276747fd9d12b044847ad36d: Bootstrap starting.
I20260709 13:17:16.042466 10036 raft_consensus.cc:359] T 3ceb44e1da4045e1bb133ebf8e9a679b P 0032809f8bfd4260a4747e714efc3686 [term 0 FOLLOWER]: Replica starting. Triggering 0 pending ops. Active config: opid_index: -1 OBSOLETE_local: false peers { permanent_uuid: "7664b6f2276747fd9d12b044847ad36d" member_type: VOTER last_known_addr { host: "127.8.128.65" port: 44945 } } peers { permanent_uuid: "0032809f8bfd4260a4747e714efc3686" member_type: VOTER last_known_addr { host: "127.8.128.66" port: 41797 } } peers { permanent_uuid: "7c402503c2194394953a5de053985a0d" member_type: VOTER last_known_addr { host: "127.8.128.67" port: 45189 } }
I20260709 13:17:16.043154 10036 raft_consensus.cc:385] T 3ceb44e1da4045e1bb133ebf8e9a679b P 0032809f8bfd4260a4747e714efc3686 [term 0 FOLLOWER]: Consensus starting up: Expiring failure detector timer to make a prompt election more likely
I20260709 13:17:16.043483 10036 raft_consensus.cc:740] T 3ceb44e1da4045e1bb133ebf8e9a679b P 0032809f8bfd4260a4747e714efc3686 [term 0 FOLLOWER]: Becoming Follower/Learner. State: Replica: 0032809f8bfd4260a4747e714efc3686, State: Initialized, Role: FOLLOWER
I20260709 13:17:16.044199 10036 consensus_queue.cc:260] T 3ceb44e1da4045e1bb133ebf8e9a679b P 0032809f8bfd4260a4747e714efc3686 [NON_LEADER]: Queue going to NON_LEADER mode. State: All replicated index: 0, Majority replicated index: 0, Committed index: 0, Last appended: 0.0, Last appended by leader: 0, Current term: 0, Majority size: -1, State: 0, Mode: NON_LEADER, active raft config: opid_index: -1 OBSOLETE_local: false peers { permanent_uuid: "7664b6f2276747fd9d12b044847ad36d" member_type: VOTER last_known_addr { host: "127.8.128.65" port: 44945 } } peers { permanent_uuid: "0032809f8bfd4260a4747e714efc3686" member_type: VOTER last_known_addr { host: "127.8.128.66" port: 41797 } } peers { permanent_uuid: "7c402503c2194394953a5de053985a0d" member_type: VOTER last_known_addr { host: "127.8.128.67" port: 45189 } }
I20260709 13:17:16.046600 10036 ts_tablet_manager.cc:1434] T 3ceb44e1da4045e1bb133ebf8e9a679b P 0032809f8bfd4260a4747e714efc3686: Time spent starting tablet: real 0.007s	user 0.004s	sys 0.003s
I20260709 13:17:16.047582 10036 tablet_bootstrap.cc:492] T b4b9ce89514f42e69e53e222d783f40d P 0032809f8bfd4260a4747e714efc3686: Bootstrap starting.
I20260709 13:17:16.048856 10032 tablet_bootstrap.cc:654] T 67047d6a1117422d974213bf7bea388e P 7664b6f2276747fd9d12b044847ad36d: Neither blocks nor log segments found. Creating new log.
I20260709 13:17:16.053977 10036 tablet_bootstrap.cc:654] T b4b9ce89514f42e69e53e222d783f40d P 0032809f8bfd4260a4747e714efc3686: Neither blocks nor log segments found. Creating new log.
I20260709 13:17:16.058451 10031 tablet_bootstrap.cc:492] T 3e248beddbd8421d92147f23c1bf0783 P 7c402503c2194394953a5de053985a0d: No bootstrap required, opened a new log
I20260709 13:17:16.058908 10031 ts_tablet_manager.cc:1403] T 3e248beddbd8421d92147f23c1bf0783 P 7c402503c2194394953a5de053985a0d: Time spent bootstrapping tablet: real 0.048s	user 0.011s	sys 0.003s
I20260709 13:17:16.059617 10035 raft_consensus.cc:493] T f043087d6fb44046a611acefd91adfb7 P 7c402503c2194394953a5de053985a0d [term 0 FOLLOWER]: Starting pre-election (no leader contacted us within the election timeout)
I20260709 13:17:16.060290 10035 raft_consensus.cc:515] T f043087d6fb44046a611acefd91adfb7 P 7c402503c2194394953a5de053985a0d [term 0 FOLLOWER]: Starting pre-election with config: opid_index: -1 OBSOLETE_local: false peers { permanent_uuid: "7664b6f2276747fd9d12b044847ad36d" member_type: VOTER last_known_addr { host: "127.8.128.65" port: 44945 } } peers { permanent_uuid: "0032809f8bfd4260a4747e714efc3686" member_type: VOTER last_known_addr { host: "127.8.128.66" port: 41797 } } peers { permanent_uuid: "7c402503c2194394953a5de053985a0d" member_type: VOTER last_known_addr { host: "127.8.128.67" port: 45189 } }
I20260709 13:17:16.061519 10031 raft_consensus.cc:359] T 3e248beddbd8421d92147f23c1bf0783 P 7c402503c2194394953a5de053985a0d [term 0 FOLLOWER]: Replica starting. Triggering 0 pending ops. Active config: opid_index: -1 OBSOLETE_local: false peers { permanent_uuid: "7664b6f2276747fd9d12b044847ad36d" member_type: VOTER last_known_addr { host: "127.8.128.65" port: 44945 } } peers { permanent_uuid: "0032809f8bfd4260a4747e714efc3686" member_type: VOTER last_known_addr { host: "127.8.128.66" port: 41797 } } peers { permanent_uuid: "7c402503c2194394953a5de053985a0d" member_type: VOTER last_known_addr { host: "127.8.128.67" port: 45189 } }
I20260709 13:17:16.062156 10031 raft_consensus.cc:385] T 3e248beddbd8421d92147f23c1bf0783 P 7c402503c2194394953a5de053985a0d [term 0 FOLLOWER]: Consensus starting up: Expiring failure detector timer to make a prompt election more likely
I20260709 13:17:16.062420 10031 raft_consensus.cc:740] T 3e248beddbd8421d92147f23c1bf0783 P 7c402503c2194394953a5de053985a0d [term 0 FOLLOWER]: Becoming Follower/Learner. State: Replica: 7c402503c2194394953a5de053985a0d, State: Initialized, Role: FOLLOWER
I20260709 13:17:16.063172 10031 consensus_queue.cc:260] T 3e248beddbd8421d92147f23c1bf0783 P 7c402503c2194394953a5de053985a0d [NON_LEADER]: Queue going to NON_LEADER mode. State: All replicated index: 0, Majority replicated index: 0, Committed index: 0, Last appended: 0.0, Last appended by leader: 0, Current term: 0, Majority size: -1, State: 0, Mode: NON_LEADER, active raft config: opid_index: -1 OBSOLETE_local: false peers { permanent_uuid: "7664b6f2276747fd9d12b044847ad36d" member_type: VOTER last_known_addr { host: "127.8.128.65" port: 44945 } } peers { permanent_uuid: "0032809f8bfd4260a4747e714efc3686" member_type: VOTER last_known_addr { host: "127.8.128.66" port: 41797 } } peers { permanent_uuid: "7c402503c2194394953a5de053985a0d" member_type: VOTER last_known_addr { host: "127.8.128.67" port: 45189 } }
I20260709 13:17:16.064478  9838 tablet_service.cc:1917] Received RequestConsensusVote() RPC: tablet_id: "f043087d6fb44046a611acefd91adfb7" candidate_uuid: "7c402503c2194394953a5de053985a0d" candidate_term: 1 candidate_status { last_received { term: 0 index: 0 } } ignore_live_leader: false dest_uuid: "7664b6f2276747fd9d12b044847ad36d" is_pre_election: true
I20260709 13:17:16.065173 10031 ts_tablet_manager.cc:1434] T 3e248beddbd8421d92147f23c1bf0783 P 7c402503c2194394953a5de053985a0d: Time spent starting tablet: real 0.006s	user 0.007s	sys 0.000s
I20260709 13:17:16.065619  9838 raft_consensus.cc:2468] T f043087d6fb44046a611acefd91adfb7 P 7664b6f2276747fd9d12b044847ad36d [term 0 FOLLOWER]: Leader pre-election vote request: Granting yes vote for candidate 7c402503c2194394953a5de053985a0d in term 0.
I20260709 13:17:16.066344 10031 tablet_bootstrap.cc:492] T 49eef6f4a90746b19ef2e46b36a303de P 7c402503c2194394953a5de053985a0d: Bootstrap starting.
I20260709 13:17:16.059765 10058 raft_consensus.cc:493] T 67047d6a1117422d974213bf7bea388e P 7c402503c2194394953a5de053985a0d [term 0 FOLLOWER]: Starting pre-election (no leader contacted us within the election timeout)
I20260709 13:17:16.068297 10058 raft_consensus.cc:515] T 67047d6a1117422d974213bf7bea388e P 7c402503c2194394953a5de053985a0d [term 0 FOLLOWER]: Starting pre-election with config: opid_index: -1 OBSOLETE_local: false peers { permanent_uuid: "7664b6f2276747fd9d12b044847ad36d" member_type: VOTER last_known_addr { host: "127.8.128.65" port: 44945 } } peers { permanent_uuid: "0032809f8bfd4260a4747e714efc3686" member_type: VOTER last_known_addr { host: "127.8.128.66" port: 41797 } } peers { permanent_uuid: "7c402503c2194394953a5de053985a0d" member_type: VOTER last_known_addr { host: "127.8.128.67" port: 45189 } }
I20260709 13:17:16.069011  9917 tablet_service.cc:1917] Received RequestConsensusVote() RPC: tablet_id: "f043087d6fb44046a611acefd91adfb7" candidate_uuid: "7c402503c2194394953a5de053985a0d" candidate_term: 1 candidate_status { last_received { term: 0 index: 0 } } ignore_live_leader: false dest_uuid: "0032809f8bfd4260a4747e714efc3686" is_pre_election: true
I20260709 13:17:16.069716  9917 raft_consensus.cc:2468] T f043087d6fb44046a611acefd91adfb7 P 0032809f8bfd4260a4747e714efc3686 [term 0 FOLLOWER]: Leader pre-election vote request: Granting yes vote for candidate 7c402503c2194394953a5de053985a0d in term 0.
I20260709 13:17:16.070955 10058 leader_election.cc:290] T 67047d6a1117422d974213bf7bea388e P 7c402503c2194394953a5de053985a0d [CANDIDATE]: Term 1 pre-election: Requested pre-vote from peers 7664b6f2276747fd9d12b044847ad36d (127.8.128.65:44945), 0032809f8bfd4260a4747e714efc3686 (127.8.128.66:41797)
I20260709 13:17:16.073307  9957 leader_election.cc:304] T f043087d6fb44046a611acefd91adfb7 P 7c402503c2194394953a5de053985a0d [CANDIDATE]: Term 1 pre-election: Election decided. Result: candidate won. Election summary: received 2 responses out of 3 voters: 2 yes votes; 0 no votes. yes voters: 0032809f8bfd4260a4747e714efc3686, 7c402503c2194394953a5de053985a0d; no voters: 
I20260709 13:17:16.074931  9838 tablet_service.cc:1917] Received RequestConsensusVote() RPC: tablet_id: "67047d6a1117422d974213bf7bea388e" candidate_uuid: "7c402503c2194394953a5de053985a0d" candidate_term: 1 candidate_status { last_received { term: 0 index: 0 } } ignore_live_leader: false dest_uuid: "7664b6f2276747fd9d12b044847ad36d" is_pre_election: true
I20260709 13:17:16.075820  9916 raft_consensus.cc:2468] T 50397cf8c5a148a1a4b24ee9f9f37fa0 P 0032809f8bfd4260a4747e714efc3686 [term 1 FOLLOWER]: Leader election vote request: Granting yes vote for candidate 7c402503c2194394953a5de053985a0d in term 1.
I20260709 13:17:16.076071 10058 raft_consensus.cc:2804] T f043087d6fb44046a611acefd91adfb7 P 7c402503c2194394953a5de053985a0d [term 0 FOLLOWER]: Leader pre-election won for term 1
I20260709 13:17:16.076674 10031 tablet_bootstrap.cc:654] T 49eef6f4a90746b19ef2e46b36a303de P 7c402503c2194394953a5de053985a0d: Neither blocks nor log segments found. Creating new log.
I20260709 13:17:16.076713 10058 raft_consensus.cc:493] T f043087d6fb44046a611acefd91adfb7 P 7c402503c2194394953a5de053985a0d [term 0 FOLLOWER]: Starting leader election (no leader contacted us within the election timeout)
I20260709 13:17:16.077360 10058 raft_consensus.cc:3060] T f043087d6fb44046a611acefd91adfb7 P 7c402503c2194394953a5de053985a0d [term 0 FOLLOWER]: Advancing to term 1
I20260709 13:17:16.079172 10035 leader_election.cc:290] T f043087d6fb44046a611acefd91adfb7 P 7c402503c2194394953a5de053985a0d [CANDIDATE]: Term 1 pre-election: Requested pre-vote from peers 7664b6f2276747fd9d12b044847ad36d (127.8.128.65:44945), 0032809f8bfd4260a4747e714efc3686 (127.8.128.66:41797)
W20260709 13:17:16.080763  9955 leader_election.cc:343] T 67047d6a1117422d974213bf7bea388e P 7c402503c2194394953a5de053985a0d [CANDIDATE]: Term 1 pre-election: Tablet error from VoteRequest() call to peer 7664b6f2276747fd9d12b044847ad36d (127.8.128.65:44945): Illegal state: must be running to vote when last-logged opid is not known
I20260709 13:17:16.081528 10031 tablet_bootstrap.cc:492] T 49eef6f4a90746b19ef2e46b36a303de P 7c402503c2194394953a5de053985a0d: No bootstrap required, opened a new log
I20260709 13:17:16.082016 10031 ts_tablet_manager.cc:1403] T 49eef6f4a90746b19ef2e46b36a303de P 7c402503c2194394953a5de053985a0d: Time spent bootstrapping tablet: real 0.016s	user 0.010s	sys 0.000s
I20260709 13:17:16.083724 10036 tablet_bootstrap.cc:492] T b4b9ce89514f42e69e53e222d783f40d P 0032809f8bfd4260a4747e714efc3686: No bootstrap required, opened a new log
I20260709 13:17:16.084355 10036 ts_tablet_manager.cc:1403] T b4b9ce89514f42e69e53e222d783f40d P 0032809f8bfd4260a4747e714efc3686: Time spent bootstrapping tablet: real 0.037s	user 0.012s	sys 0.003s
I20260709 13:17:16.084964 10031 raft_consensus.cc:359] T 49eef6f4a90746b19ef2e46b36a303de P 7c402503c2194394953a5de053985a0d [term 0 FOLLOWER]: Replica starting. Triggering 0 pending ops. Active config: opid_index: -1 OBSOLETE_local: false peers { permanent_uuid: "7664b6f2276747fd9d12b044847ad36d" member_type: VOTER last_known_addr { host: "127.8.128.65" port: 44945 } } peers { permanent_uuid: "0032809f8bfd4260a4747e714efc3686" member_type: VOTER last_known_addr { host: "127.8.128.66" port: 41797 } } peers { permanent_uuid: "7c402503c2194394953a5de053985a0d" member_type: VOTER last_known_addr { host: "127.8.128.67" port: 45189 } }
I20260709 13:17:16.085667 10031 raft_consensus.cc:385] T 49eef6f4a90746b19ef2e46b36a303de P 7c402503c2194394953a5de053985a0d [term 0 FOLLOWER]: Consensus starting up: Expiring failure detector timer to make a prompt election more likely
I20260709 13:17:16.085992 10031 raft_consensus.cc:740] T 49eef6f4a90746b19ef2e46b36a303de P 7c402503c2194394953a5de053985a0d [term 0 FOLLOWER]: Becoming Follower/Learner. State: Replica: 7c402503c2194394953a5de053985a0d, State: Initialized, Role: FOLLOWER
I20260709 13:17:16.086786 10031 consensus_queue.cc:260] T 49eef6f4a90746b19ef2e46b36a303de P 7c402503c2194394953a5de053985a0d [NON_LEADER]: Queue going to NON_LEADER mode. State: All replicated index: 0, Majority replicated index: 0, Committed index: 0, Last appended: 0.0, Last appended by leader: 0, Current term: 0, Majority size: -1, State: 0, Mode: NON_LEADER, active raft config: opid_index: -1 OBSOLETE_local: false peers { permanent_uuid: "7664b6f2276747fd9d12b044847ad36d" member_type: VOTER last_known_addr { host: "127.8.128.65" port: 44945 } } peers { permanent_uuid: "0032809f8bfd4260a4747e714efc3686" member_type: VOTER last_known_addr { host: "127.8.128.66" port: 41797 } } peers { permanent_uuid: "7c402503c2194394953a5de053985a0d" member_type: VOTER last_known_addr { host: "127.8.128.67" port: 45189 } }
I20260709 13:17:16.087600 10036 raft_consensus.cc:359] T b4b9ce89514f42e69e53e222d783f40d P 0032809f8bfd4260a4747e714efc3686 [term 0 FOLLOWER]: Replica starting. Triggering 0 pending ops. Active config: opid_index: -1 OBSOLETE_local: false peers { permanent_uuid: "7664b6f2276747fd9d12b044847ad36d" member_type: VOTER last_known_addr { host: "127.8.128.65" port: 44945 } } peers { permanent_uuid: "0032809f8bfd4260a4747e714efc3686" member_type: VOTER last_known_addr { host: "127.8.128.66" port: 41797 } } peers { permanent_uuid: "7c402503c2194394953a5de053985a0d" member_type: VOTER last_known_addr { host: "127.8.128.67" port: 45189 } }
I20260709 13:17:16.088886 10031 ts_tablet_manager.cc:1434] T 49eef6f4a90746b19ef2e46b36a303de P 7c402503c2194394953a5de053985a0d: Time spent starting tablet: real 0.007s	user 0.005s	sys 0.000s
I20260709 13:17:16.089028 10036 raft_consensus.cc:385] T b4b9ce89514f42e69e53e222d783f40d P 0032809f8bfd4260a4747e714efc3686 [term 0 FOLLOWER]: Consensus starting up: Expiring failure detector timer to make a prompt election more likely
I20260709 13:17:16.089475 10036 raft_consensus.cc:740] T b4b9ce89514f42e69e53e222d783f40d P 0032809f8bfd4260a4747e714efc3686 [term 0 FOLLOWER]: Becoming Follower/Learner. State: Replica: 0032809f8bfd4260a4747e714efc3686, State: Initialized, Role: FOLLOWER
I20260709 13:17:16.089881 10031 tablet_bootstrap.cc:492] T 4204b08953054d38a038fb056ff53364 P 7c402503c2194394953a5de053985a0d: Bootstrap starting.
I20260709 13:17:16.090606 10036 consensus_queue.cc:260] T b4b9ce89514f42e69e53e222d783f40d P 0032809f8bfd4260a4747e714efc3686 [NON_LEADER]: Queue going to NON_LEADER mode. State: All replicated index: 0, Majority replicated index: 0, Committed index: 0, Last appended: 0.0, Last appended by leader: 0, Current term: 0, Majority size: -1, State: 0, Mode: NON_LEADER, active raft config: opid_index: -1 OBSOLETE_local: false peers { permanent_uuid: "7664b6f2276747fd9d12b044847ad36d" member_type: VOTER last_known_addr { host: "127.8.128.65" port: 44945 } } peers { permanent_uuid: "0032809f8bfd4260a4747e714efc3686" member_type: VOTER last_known_addr { host: "127.8.128.66" port: 41797 } } peers { permanent_uuid: "7c402503c2194394953a5de053985a0d" member_type: VOTER last_known_addr { host: "127.8.128.67" port: 45189 } }
I20260709 13:17:16.094218 10036 ts_tablet_manager.cc:1434] T b4b9ce89514f42e69e53e222d783f40d P 0032809f8bfd4260a4747e714efc3686: Time spent starting tablet: real 0.010s	user 0.008s	sys 0.000s
I20260709 13:17:16.095151  9957 leader_election.cc:304] T 50397cf8c5a148a1a4b24ee9f9f37fa0 P 7c402503c2194394953a5de053985a0d [CANDIDATE]: Term 1 election: Election decided. Result: candidate won. Election summary: received 3 responses out of 3 voters: 2 yes votes; 1 no votes. yes voters: 0032809f8bfd4260a4747e714efc3686, 7c402503c2194394953a5de053985a0d; no voters: 7664b6f2276747fd9d12b044847ad36d
I20260709 13:17:16.095605 10035 raft_consensus.cc:493] T c7d974d37b2149eab271fb3004e97796 P 7c402503c2194394953a5de053985a0d [term 0 FOLLOWER]: Starting pre-election (no leader contacted us within the election timeout)
I20260709 13:17:16.096308 10090 raft_consensus.cc:2804] T 50397cf8c5a148a1a4b24ee9f9f37fa0 P 7c402503c2194394953a5de053985a0d [term 1 FOLLOWER]: Leader election won for term 1
I20260709 13:17:16.096845 10031 tablet_bootstrap.cc:654] T 4204b08953054d38a038fb056ff53364 P 7c402503c2194394953a5de053985a0d: Neither blocks nor log segments found. Creating new log.
I20260709 13:17:16.096997 10090 raft_consensus.cc:697] T 50397cf8c5a148a1a4b24ee9f9f37fa0 P 7c402503c2194394953a5de053985a0d [term 1 LEADER]: Becoming Leader. State: Replica: 7c402503c2194394953a5de053985a0d, State: Running, Role: LEADER
I20260709 13:17:16.096302 10035 raft_consensus.cc:515] T c7d974d37b2149eab271fb3004e97796 P 7c402503c2194394953a5de053985a0d [term 0 FOLLOWER]: Starting pre-election with config: opid_index: -1 OBSOLETE_local: false peers { permanent_uuid: "7664b6f2276747fd9d12b044847ad36d" member_type: VOTER last_known_addr { host: "127.8.128.65" port: 44945 } } peers { permanent_uuid: "0032809f8bfd4260a4747e714efc3686" member_type: VOTER last_known_addr { host: "127.8.128.66" port: 41797 } } peers { permanent_uuid: "7c402503c2194394953a5de053985a0d" member_type: VOTER last_known_addr { host: "127.8.128.67" port: 45189 } }
I20260709 13:17:16.097875 10090 consensus_queue.cc:237] T 50397cf8c5a148a1a4b24ee9f9f37fa0 P 7c402503c2194394953a5de053985a0d [LEADER]: Queue going to LEADER mode. State: All replicated index: 0, Majority replicated index: 0, Committed index: 0, Last appended: 0.0, Last appended by leader: 0, Current term: 1, Majority size: 2, State: 0, Mode: LEADER, active raft config: opid_index: -1 OBSOLETE_local: false peers { permanent_uuid: "7664b6f2276747fd9d12b044847ad36d" member_type: VOTER last_known_addr { host: "127.8.128.65" port: 44945 } } peers { permanent_uuid: "0032809f8bfd4260a4747e714efc3686" member_type: VOTER last_known_addr { host: "127.8.128.66" port: 41797 } } peers { permanent_uuid: "7c402503c2194394953a5de053985a0d" member_type: VOTER last_known_addr { host: "127.8.128.67" port: 45189 } }
I20260709 13:17:16.101089  9838 tablet_service.cc:1917] Received RequestConsensusVote() RPC: tablet_id: "c7d974d37b2149eab271fb3004e97796" candidate_uuid: "7c402503c2194394953a5de053985a0d" candidate_term: 1 candidate_status { last_received { term: 0 index: 0 } } ignore_live_leader: false dest_uuid: "7664b6f2276747fd9d12b044847ad36d" is_pre_election: true
I20260709 13:17:16.101306 10035 leader_election.cc:290] T c7d974d37b2149eab271fb3004e97796 P 7c402503c2194394953a5de053985a0d [CANDIDATE]: Term 1 pre-election: Requested pre-vote from peers 7664b6f2276747fd9d12b044847ad36d (127.8.128.65:44945), 0032809f8bfd4260a4747e714efc3686 (127.8.128.66:41797)
I20260709 13:17:16.102026  9838 raft_consensus.cc:2468] T c7d974d37b2149eab271fb3004e97796 P 7664b6f2276747fd9d12b044847ad36d [term 0 FOLLOWER]: Leader pre-election vote request: Granting yes vote for candidate 7c402503c2194394953a5de053985a0d in term 0.
I20260709 13:17:16.102936 10036 tablet_bootstrap.cc:492] T 4204b08953054d38a038fb056ff53364 P 0032809f8bfd4260a4747e714efc3686: Bootstrap starting.
I20260709 13:17:16.104305  9955 leader_election.cc:304] T c7d974d37b2149eab271fb3004e97796 P 7c402503c2194394953a5de053985a0d [CANDIDATE]: Term 1 pre-election: Election decided. Result: candidate won. Election summary: received 2 responses out of 3 voters: 2 yes votes; 0 no votes. yes voters: 7664b6f2276747fd9d12b044847ad36d, 7c402503c2194394953a5de053985a0d; no voters: 
I20260709 13:17:16.105320 10035 raft_consensus.cc:2804] T c7d974d37b2149eab271fb3004e97796 P 7c402503c2194394953a5de053985a0d [term 0 FOLLOWER]: Leader pre-election won for term 1
I20260709 13:17:16.105881 10035 raft_consensus.cc:493] T c7d974d37b2149eab271fb3004e97796 P 7c402503c2194394953a5de053985a0d [term 0 FOLLOWER]: Starting leader election (no leader contacted us within the election timeout)
I20260709 13:17:16.106348 10035 raft_consensus.cc:3060] T c7d974d37b2149eab271fb3004e97796 P 7c402503c2194394953a5de053985a0d [term 0 FOLLOWER]: Advancing to term 1
I20260709 13:17:16.122407  9916 tablet_service.cc:1917] Received RequestConsensusVote() RPC: tablet_id: "67047d6a1117422d974213bf7bea388e" candidate_uuid: "7c402503c2194394953a5de053985a0d" candidate_term: 1 candidate_status { last_received { term: 0 index: 0 } } ignore_live_leader: false dest_uuid: "0032809f8bfd4260a4747e714efc3686" is_pre_election: true
I20260709 13:17:16.123391  9916 raft_consensus.cc:2468] T 67047d6a1117422d974213bf7bea388e P 0032809f8bfd4260a4747e714efc3686 [term 0 FOLLOWER]: Leader pre-election vote request: Granting yes vote for candidate 7c402503c2194394953a5de053985a0d in term 0.
I20260709 13:17:16.123294 10035 raft_consensus.cc:515] T c7d974d37b2149eab271fb3004e97796 P 7c402503c2194394953a5de053985a0d [term 1 FOLLOWER]: Starting leader election with config: opid_index: -1 OBSOLETE_local: false peers { permanent_uuid: "7664b6f2276747fd9d12b044847ad36d" member_type: VOTER last_known_addr { host: "127.8.128.65" port: 44945 } } peers { permanent_uuid: "0032809f8bfd4260a4747e714efc3686" member_type: VOTER last_known_addr { host: "127.8.128.66" port: 41797 } } peers { permanent_uuid: "7c402503c2194394953a5de053985a0d" member_type: VOTER last_known_addr { host: "127.8.128.67" port: 45189 } }
I20260709 13:17:16.127375  9838 tablet_service.cc:1917] Received RequestConsensusVote() RPC: tablet_id: "c7d974d37b2149eab271fb3004e97796" candidate_uuid: "7c402503c2194394953a5de053985a0d" candidate_term: 1 candidate_status { last_received { term: 0 index: 0 } } ignore_live_leader: false dest_uuid: "7664b6f2276747fd9d12b044847ad36d"
I20260709 13:17:16.128255  9838 raft_consensus.cc:3060] T c7d974d37b2149eab271fb3004e97796 P 7664b6f2276747fd9d12b044847ad36d [term 0 FOLLOWER]: Advancing to term 1
I20260709 13:17:16.132172  9916 tablet_service.cc:1917] Received RequestConsensusVote() RPC: tablet_id: "c7d974d37b2149eab271fb3004e97796" candidate_uuid: "7c402503c2194394953a5de053985a0d" candidate_term: 1 candidate_status { last_received { term: 0 index: 0 } } ignore_live_leader: false dest_uuid: "0032809f8bfd4260a4747e714efc3686" is_pre_election: true
I20260709 13:17:16.133025  9916 raft_consensus.cc:2468] T c7d974d37b2149eab271fb3004e97796 P 0032809f8bfd4260a4747e714efc3686 [term 0 FOLLOWER]: Leader pre-election vote request: Granting yes vote for candidate 7c402503c2194394953a5de053985a0d in term 0.
I20260709 13:17:16.134521  9957 leader_election.cc:304] T 67047d6a1117422d974213bf7bea388e P 7c402503c2194394953a5de053985a0d [CANDIDATE]: Term 1 pre-election: Election decided. Result: candidate won. Election summary: received 3 responses out of 3 voters: 2 yes votes; 1 no votes. yes voters: 0032809f8bfd4260a4747e714efc3686, 7c402503c2194394953a5de053985a0d; no voters: 7664b6f2276747fd9d12b044847ad36d
I20260709 13:17:16.136134 10132 raft_consensus.cc:2804] T 67047d6a1117422d974213bf7bea388e P 7c402503c2194394953a5de053985a0d [term 0 FOLLOWER]: Leader pre-election won for term 1
I20260709 13:17:16.136628 10132 raft_consensus.cc:493] T 67047d6a1117422d974213bf7bea388e P 7c402503c2194394953a5de053985a0d [term 0 FOLLOWER]: Starting leader election (no leader contacted us within the election timeout)
I20260709 13:17:16.137071 10132 raft_consensus.cc:3060] T 67047d6a1117422d974213bf7bea388e P 7c402503c2194394953a5de053985a0d [term 0 FOLLOWER]: Advancing to term 1
I20260709 13:17:16.137458 10036 tablet_bootstrap.cc:654] T 4204b08953054d38a038fb056ff53364 P 0032809f8bfd4260a4747e714efc3686: Neither blocks nor log segments found. Creating new log.
I20260709 13:17:16.143303 10035 leader_election.cc:290] T c7d974d37b2149eab271fb3004e97796 P 7c402503c2194394953a5de053985a0d [CANDIDATE]: Term 1 election: Requested vote from peers 7664b6f2276747fd9d12b044847ad36d (127.8.128.65:44945), 0032809f8bfd4260a4747e714efc3686 (127.8.128.66:41797)
I20260709 13:17:16.150035  9838 raft_consensus.cc:2468] T c7d974d37b2149eab271fb3004e97796 P 7664b6f2276747fd9d12b044847ad36d [term 1 FOLLOWER]: Leader election vote request: Granting yes vote for candidate 7c402503c2194394953a5de053985a0d in term 1.
I20260709 13:17:16.151877  9955 leader_election.cc:304] T c7d974d37b2149eab271fb3004e97796 P 7c402503c2194394953a5de053985a0d [CANDIDATE]: Term 1 election: Election decided. Result: candidate won. Election summary: received 2 responses out of 3 voters: 2 yes votes; 0 no votes. yes voters: 7664b6f2276747fd9d12b044847ad36d, 7c402503c2194394953a5de053985a0d; no voters: 
I20260709 13:17:16.153169 10035 raft_consensus.cc:2804] T c7d974d37b2149eab271fb3004e97796 P 7c402503c2194394953a5de053985a0d [term 1 FOLLOWER]: Leader election won for term 1
I20260709 13:17:16.153898 10047 raft_consensus.cc:493] T 3ceb44e1da4045e1bb133ebf8e9a679b P 0032809f8bfd4260a4747e714efc3686 [term 0 FOLLOWER]: Starting pre-election (no leader contacted us within the election timeout)
I20260709 13:17:16.154561 10047 raft_consensus.cc:515] T 3ceb44e1da4045e1bb133ebf8e9a679b P 0032809f8bfd4260a4747e714efc3686 [term 0 FOLLOWER]: Starting pre-election with config: opid_index: -1 OBSOLETE_local: false peers { permanent_uuid: "7664b6f2276747fd9d12b044847ad36d" member_type: VOTER last_known_addr { host: "127.8.128.65" port: 44945 } } peers { permanent_uuid: "0032809f8bfd4260a4747e714efc3686" member_type: VOTER last_known_addr { host: "127.8.128.66" port: 41797 } } peers { permanent_uuid: "7c402503c2194394953a5de053985a0d" member_type: VOTER last_known_addr { host: "127.8.128.67" port: 45189 } }
I20260709 13:17:16.158470 10036 tablet_bootstrap.cc:492] T 4204b08953054d38a038fb056ff53364 P 0032809f8bfd4260a4747e714efc3686: No bootstrap required, opened a new log
I20260709 13:17:16.158582  9842 tablet_service.cc:1917] Received RequestConsensusVote() RPC: tablet_id: "3ceb44e1da4045e1bb133ebf8e9a679b" candidate_uuid: "0032809f8bfd4260a4747e714efc3686" candidate_term: 1 candidate_status { last_received { term: 0 index: 0 } } ignore_live_leader: false dest_uuid: "7664b6f2276747fd9d12b044847ad36d" is_pre_election: true
I20260709 13:17:16.159262 10036 ts_tablet_manager.cc:1403] T 4204b08953054d38a038fb056ff53364 P 0032809f8bfd4260a4747e714efc3686: Time spent bootstrapping tablet: real 0.064s	user 0.010s	sys 0.005s
W20260709 13:17:16.160780  9881 leader_election.cc:343] T 3ceb44e1da4045e1bb133ebf8e9a679b P 0032809f8bfd4260a4747e714efc3686 [CANDIDATE]: Term 1 pre-election: Tablet error from VoteRequest() call to peer 7664b6f2276747fd9d12b044847ad36d (127.8.128.65:44945): Illegal state: must be running to vote when last-logged opid is not known
I20260709 13:17:16.163380 10047 leader_election.cc:290] T 3ceb44e1da4045e1bb133ebf8e9a679b P 0032809f8bfd4260a4747e714efc3686 [CANDIDATE]: Term 1 pre-election: Requested pre-vote from peers 7664b6f2276747fd9d12b044847ad36d (127.8.128.65:44945), 7c402503c2194394953a5de053985a0d (127.8.128.67:45189)
I20260709 13:17:16.165293 10035 raft_consensus.cc:697] T c7d974d37b2149eab271fb3004e97796 P 7c402503c2194394953a5de053985a0d [term 1 LEADER]: Becoming Leader. State: Replica: 7c402503c2194394953a5de053985a0d, State: Running, Role: LEADER
I20260709 13:17:16.167495 10060 consensus_queue.cc:1048] T 64b24bdb2fa0460ea394ff682747f488 P 0032809f8bfd4260a4747e714efc3686 [LEADER]: Connected to new peer: Peer: permanent_uuid: "7664b6f2276747fd9d12b044847ad36d" member_type: VOTER last_known_addr { host: "127.8.128.65" port: 44945 }, Status: LMP_MISMATCH, Last received: 0.0, Next index: 1, Last known committed idx: 0, Time since last communication: 0.001s
I20260709 13:17:16.167635 10035 consensus_queue.cc:237] T c7d974d37b2149eab271fb3004e97796 P 7c402503c2194394953a5de053985a0d [LEADER]: Queue going to LEADER mode. State: All replicated index: 0, Majority replicated index: 0, Committed index: 0, Last appended: 0.0, Last appended by leader: 0, Current term: 1, Majority size: 2, State: 0, Mode: LEADER, active raft config: opid_index: -1 OBSOLETE_local: false peers { permanent_uuid: "7664b6f2276747fd9d12b044847ad36d" member_type: VOTER last_known_addr { host: "127.8.128.65" port: 44945 } } peers { permanent_uuid: "0032809f8bfd4260a4747e714efc3686" member_type: VOTER last_known_addr { host: "127.8.128.66" port: 41797 } } peers { permanent_uuid: "7c402503c2194394953a5de053985a0d" member_type: VOTER last_known_addr { host: "127.8.128.67" port: 45189 } }
I20260709 13:17:16.172950 10036 raft_consensus.cc:359] T 4204b08953054d38a038fb056ff53364 P 0032809f8bfd4260a4747e714efc3686 [term 0 FOLLOWER]: Replica starting. Triggering 0 pending ops. Active config: opid_index: -1 OBSOLETE_local: false peers { permanent_uuid: "7664b6f2276747fd9d12b044847ad36d" member_type: VOTER last_known_addr { host: "127.8.128.65" port: 44945 } } peers { permanent_uuid: "0032809f8bfd4260a4747e714efc3686" member_type: VOTER last_known_addr { host: "127.8.128.66" port: 41797 } } peers { permanent_uuid: "7c402503c2194394953a5de053985a0d" member_type: VOTER last_known_addr { host: "127.8.128.67" port: 45189 } }
