I20260709 13:16:50.830035  9129 raft_consensus.cc:697] T 4c815377c2944d2383eff14a4c039bf5 P a25ac2905d1844a8a481119def783b7f [term 2 LEADER]: Becoming Leader. State: Replica: a25ac2905d1844a8a481119def783b7f, State: Running, Role: LEADER
I20260709 13:16:50.830966  9129 consensus_queue.cc:237] T 4c815377c2944d2383eff14a4c039bf5 P a25ac2905d1844a8a481119def783b7f [LEADER]: Queue going to LEADER mode. State: All replicated index: 0, Majority replicated index: 1, Committed index: 1, Last appended: 1.1, Last appended by leader: 1, Current term: 2, Majority size: 2, State: 0, Mode: LEADER, active raft config: opid_index: -1 OBSOLETE_local: false peers { permanent_uuid: "4c8691eea6cc4410abc96f5f388ec3be" member_type: VOTER last_known_addr { host: "127.8.128.67" port: 35217 } } peers { permanent_uuid: "a25ac2905d1844a8a481119def783b7f" member_type: VOTER last_known_addr { host: "127.8.128.65" port: 38349 } } peers { permanent_uuid: "a0738d5ffefa45029d3bfaf6bccac976" member_type: VOTER last_known_addr { host: "127.8.128.66" port: 38541 } }
I20260709 13:16:50.832520  8914 raft_consensus.cc:2468] T 4c815377c2944d2383eff14a4c039bf5 P a0738d5ffefa45029d3bfaf6bccac976 [term 2 FOLLOWER]: Leader election vote request: Granting yes vote for candidate a25ac2905d1844a8a481119def783b7f in term 2.
I20260709 13:16:50.838644  8734 catalog_manager.cc:5697] T 4c815377c2944d2383eff14a4c039bf5 P a25ac2905d1844a8a481119def783b7f reported cstate change: term changed from 1 to 2, leader changed from a0738d5ffefa45029d3bfaf6bccac976 (127.8.128.66) to a25ac2905d1844a8a481119def783b7f (127.8.128.65). New cstate: current_term: 2 leader_uuid: "a25ac2905d1844a8a481119def783b7f" committed_config { opid_index: -1 OBSOLETE_local: false peers { permanent_uuid: "4c8691eea6cc4410abc96f5f388ec3be" member_type: VOTER last_known_addr { host: "127.8.128.67" port: 35217 } health_report { overall_health: UNKNOWN } } peers { permanent_uuid: "a25ac2905d1844a8a481119def783b7f" member_type: VOTER last_known_addr { host: "127.8.128.65" port: 38349 } health_report { overall_health: HEALTHY } } peers { permanent_uuid: "a0738d5ffefa45029d3bfaf6bccac976" member_type: VOTER last_known_addr { host: "127.8.128.66" port: 38541 } health_report { overall_health: UNKNOWN } } }
I20260709 13:16:51.035384  9133 raft_consensus.cc:993] T 26fd2a97a9444141ae1e5704d7c5723b P 4c8691eea6cc4410abc96f5f388ec3be: : Instructing follower a0738d5ffefa45029d3bfaf6bccac976 to start an election
I20260709 13:16:51.035954  9115 raft_consensus.cc:1081] T 26fd2a97a9444141ae1e5704d7c5723b P 4c8691eea6cc4410abc96f5f388ec3be [term 1 LEADER]: Signalling peer a0738d5ffefa45029d3bfaf6bccac976 to start an election
I20260709 13:16:51.037513  8914 tablet_service.cc:2044] Received Run Leader Election RPC: tablet_id: "26fd2a97a9444141ae1e5704d7c5723b"
dest_uuid: "a0738d5ffefa45029d3bfaf6bccac976"
 from {username='slave'} at 127.0.0.1:59610
I20260709 13:16:51.038064  8914 raft_consensus.cc:493] T 26fd2a97a9444141ae1e5704d7c5723b P a0738d5ffefa45029d3bfaf6bccac976 [term 1 FOLLOWER]: Starting forced leader election (received explicit request)
I20260709 13:16:51.038373  8914 raft_consensus.cc:3060] T 26fd2a97a9444141ae1e5704d7c5723b P a0738d5ffefa45029d3bfaf6bccac976 [term 1 FOLLOWER]: Advancing to term 2
I20260709 13:16:51.042725  8914 raft_consensus.cc:515] T 26fd2a97a9444141ae1e5704d7c5723b P a0738d5ffefa45029d3bfaf6bccac976 [term 2 FOLLOWER]: Starting forced leader election with config: opid_index: -1 OBSOLETE_local: false peers { permanent_uuid: "a25ac2905d1844a8a481119def783b7f" member_type: VOTER last_known_addr { host: "127.8.128.65" port: 38349 } } peers { permanent_uuid: "a0738d5ffefa45029d3bfaf6bccac976" member_type: VOTER last_known_addr { host: "127.8.128.66" port: 38541 } } peers { permanent_uuid: "4c8691eea6cc4410abc96f5f388ec3be" member_type: VOTER last_known_addr { host: "127.8.128.67" port: 35217 } }
I20260709 13:16:51.044459  8914 leader_election.cc:290] T 26fd2a97a9444141ae1e5704d7c5723b P a0738d5ffefa45029d3bfaf6bccac976 [CANDIDATE]: Term 2 election: Requested vote from peers a25ac2905d1844a8a481119def783b7f (127.8.128.65:38349), 4c8691eea6cc4410abc96f5f388ec3be (127.8.128.67:35217)
I20260709 13:16:51.045153  8839 tablet_service.cc:1917] Received RequestConsensusVote() RPC: tablet_id: "26fd2a97a9444141ae1e5704d7c5723b" candidate_uuid: "a0738d5ffefa45029d3bfaf6bccac976" candidate_term: 2 candidate_status { last_received { term: 1 index: 1 } } ignore_live_leader: true dest_uuid: "a25ac2905d1844a8a481119def783b7f"
I20260709 13:16:51.045325  8989 tablet_service.cc:1917] Received RequestConsensusVote() RPC: tablet_id: "26fd2a97a9444141ae1e5704d7c5723b" candidate_uuid: "a0738d5ffefa45029d3bfaf6bccac976" candidate_term: 2 candidate_status { last_received { term: 1 index: 1 } } ignore_live_leader: true dest_uuid: "4c8691eea6cc4410abc96f5f388ec3be"
I20260709 13:16:51.045874  8839 raft_consensus.cc:3060] T 26fd2a97a9444141ae1e5704d7c5723b P a25ac2905d1844a8a481119def783b7f [term 1 FOLLOWER]: Advancing to term 2
I20260709 13:16:51.045970  8989 raft_consensus.cc:3055] T 26fd2a97a9444141ae1e5704d7c5723b P 4c8691eea6cc4410abc96f5f388ec3be [term 1 LEADER]: Stepping down as leader of term 1
I20260709 13:16:51.046306  8989 raft_consensus.cc:740] T 26fd2a97a9444141ae1e5704d7c5723b P 4c8691eea6cc4410abc96f5f388ec3be [term 1 LEADER]: Becoming Follower/Learner. State: Replica: 4c8691eea6cc4410abc96f5f388ec3be, State: Running, Role: LEADER
I20260709 13:16:51.047101  8989 consensus_queue.cc:260] T 26fd2a97a9444141ae1e5704d7c5723b P 4c8691eea6cc4410abc96f5f388ec3be [NON_LEADER]: Queue going to NON_LEADER mode. State: All replicated index: 0, Majority replicated index: 1, Committed index: 1, Last appended: 1.1, Last appended by leader: 1, Current term: 1, Majority size: -1, State: 0, Mode: NON_LEADER, active raft config: opid_index: -1 OBSOLETE_local: false peers { permanent_uuid: "a25ac2905d1844a8a481119def783b7f" member_type: VOTER last_known_addr { host: "127.8.128.65" port: 38349 } } peers { permanent_uuid: "a0738d5ffefa45029d3bfaf6bccac976" member_type: VOTER last_known_addr { host: "127.8.128.66" port: 38541 } } peers { permanent_uuid: "4c8691eea6cc4410abc96f5f388ec3be" member_type: VOTER last_known_addr { host: "127.8.128.67" port: 35217 } }
I20260709 13:16:51.048300  8989 raft_consensus.cc:3060] T 26fd2a97a9444141ae1e5704d7c5723b P 4c8691eea6cc4410abc96f5f388ec3be [term 1 FOLLOWER]: Advancing to term 2
I20260709 13:16:51.052587  8839 raft_consensus.cc:2468] T 26fd2a97a9444141ae1e5704d7c5723b P a25ac2905d1844a8a481119def783b7f [term 2 FOLLOWER]: Leader election vote request: Granting yes vote for candidate a0738d5ffefa45029d3bfaf6bccac976 in term 2.
I20260709 13:16:51.053757  8881 leader_election.cc:304] T 26fd2a97a9444141ae1e5704d7c5723b P a0738d5ffefa45029d3bfaf6bccac976 [CANDIDATE]: Term 2 election: Election decided. Result: candidate won. Election summary: received 2 responses out of 3 voters: 2 yes votes; 0 no votes. yes voters: a0738d5ffefa45029d3bfaf6bccac976, a25ac2905d1844a8a481119def783b7f; no voters: 
I20260709 13:16:51.054574  9039 raft_consensus.cc:2804] T 26fd2a97a9444141ae1e5704d7c5723b P a0738d5ffefa45029d3bfaf6bccac976 [term 2 FOLLOWER]: Leader election won for term 2
I20260709 13:16:51.054749  8989 raft_consensus.cc:2468] T 26fd2a97a9444141ae1e5704d7c5723b P 4c8691eea6cc4410abc96f5f388ec3be [term 2 FOLLOWER]: Leader election vote request: Granting yes vote for candidate a0738d5ffefa45029d3bfaf6bccac976 in term 2.
I20260709 13:16:51.055032  9039 raft_consensus.cc:697] T 26fd2a97a9444141ae1e5704d7c5723b P a0738d5ffefa45029d3bfaf6bccac976 [term 2 LEADER]: Becoming Leader. State: Replica: a0738d5ffefa45029d3bfaf6bccac976, State: Running, Role: LEADER
I20260709 13:16:51.055997  9039 consensus_queue.cc:237] T 26fd2a97a9444141ae1e5704d7c5723b P a0738d5ffefa45029d3bfaf6bccac976 [LEADER]: Queue going to LEADER mode. State: All replicated index: 0, Majority replicated index: 1, Committed index: 1, Last appended: 1.1, Last appended by leader: 1, Current term: 2, Majority size: 2, State: 0, Mode: LEADER, active raft config: opid_index: -1 OBSOLETE_local: false peers { permanent_uuid: "a25ac2905d1844a8a481119def783b7f" member_type: VOTER last_known_addr { host: "127.8.128.65" port: 38349 } } peers { permanent_uuid: "a0738d5ffefa45029d3bfaf6bccac976" member_type: VOTER last_known_addr { host: "127.8.128.66" port: 38541 } } peers { permanent_uuid: "4c8691eea6cc4410abc96f5f388ec3be" member_type: VOTER last_known_addr { host: "127.8.128.67" port: 35217 } }
I20260709 13:16:51.062582  8734 catalog_manager.cc:5697] T 26fd2a97a9444141ae1e5704d7c5723b P a0738d5ffefa45029d3bfaf6bccac976 reported cstate change: term changed from 1 to 2, leader changed from 4c8691eea6cc4410abc96f5f388ec3be (127.8.128.67) to a0738d5ffefa45029d3bfaf6bccac976 (127.8.128.66). New cstate: current_term: 2 leader_uuid: "a0738d5ffefa45029d3bfaf6bccac976" committed_config { opid_index: -1 OBSOLETE_local: false peers { permanent_uuid: "a25ac2905d1844a8a481119def783b7f" member_type: VOTER last_known_addr { host: "127.8.128.65" port: 38349 } health_report { overall_health: UNKNOWN } } peers { permanent_uuid: "a0738d5ffefa45029d3bfaf6bccac976" member_type: VOTER last_known_addr { host: "127.8.128.66" port: 38541 } health_report { overall_health: HEALTHY } } peers { permanent_uuid: "4c8691eea6cc4410abc96f5f388ec3be" member_type: VOTER last_known_addr { host: "127.8.128.67" port: 35217 } health_report { overall_health: UNKNOWN } } }
I20260709 13:16:51.167208  8989 raft_consensus.cc:1275] T cfcb22214ee34b09a13c4da58f57d130 P 4c8691eea6cc4410abc96f5f388ec3be [term 2 FOLLOWER]: Refusing update from remote peer a0738d5ffefa45029d3bfaf6bccac976: Log matching property violated. Preceding OpId in replica: term: 1 index: 1. Preceding OpId from leader: term: 2 index: 2. (index mismatch)
I20260709 13:16:51.168545  9039 consensus_queue.cc:1048] T cfcb22214ee34b09a13c4da58f57d130 P a0738d5ffefa45029d3bfaf6bccac976 [LEADER]: Connected to new peer: Peer: permanent_uuid: "4c8691eea6cc4410abc96f5f388ec3be" member_type: VOTER last_known_addr { host: "127.8.128.67" port: 35217 }, Status: LMP_MISMATCH, Last received: 0.0, Next index: 2, Last known committed idx: 1, Time since last communication: 0.000s
I20260709 13:16:51.176891  8839 raft_consensus.cc:1275] T cfcb22214ee34b09a13c4da58f57d130 P a25ac2905d1844a8a481119def783b7f [term 2 FOLLOWER]: Refusing update from remote peer a0738d5ffefa45029d3bfaf6bccac976: Log matching property violated. Preceding OpId in replica: term: 1 index: 1. Preceding OpId from leader: term: 2 index: 2. (index mismatch)
I20260709 13:16:51.178653  9138 consensus_queue.cc:1048] T cfcb22214ee34b09a13c4da58f57d130 P a0738d5ffefa45029d3bfaf6bccac976 [LEADER]: Connected to new peer: Peer: permanent_uuid: "a25ac2905d1844a8a481119def783b7f" member_type: VOTER last_known_addr { host: "127.8.128.65" port: 38349 }, Status: LMP_MISMATCH, Last received: 0.0, Next index: 2, Last known committed idx: 1, Time since last communication: 0.000s
I20260709 13:16:51.232507  8989 raft_consensus.cc:1275] T 4c815377c2944d2383eff14a4c039bf5 P 4c8691eea6cc4410abc96f5f388ec3be [term 2 FOLLOWER]: Refusing update from remote peer a25ac2905d1844a8a481119def783b7f: Log matching property violated. Preceding OpId in replica: term: 1 index: 1. Preceding OpId from leader: term: 2 index: 2. (index mismatch)
I20260709 13:16:51.233758  9129 consensus_queue.cc:1048] T 4c815377c2944d2383eff14a4c039bf5 P a25ac2905d1844a8a481119def783b7f [LEADER]: Connected to new peer: Peer: permanent_uuid: "4c8691eea6cc4410abc96f5f388ec3be" member_type: VOTER last_known_addr { host: "127.8.128.67" port: 35217 }, Status: LMP_MISMATCH, Last received: 0.0, Next index: 2, Last known committed idx: 1, Time since last communication: 0.000s
I20260709 13:16:51.241941  8914 raft_consensus.cc:1275] T 4c815377c2944d2383eff14a4c039bf5 P a0738d5ffefa45029d3bfaf6bccac976 [term 2 FOLLOWER]: Refusing update from remote peer a25ac2905d1844a8a481119def783b7f: Log matching property violated. Preceding OpId in replica: term: 1 index: 1. Preceding OpId from leader: term: 2 index: 2. (index mismatch)
I20260709 13:16:51.243762  9041 consensus_queue.cc:1048] T 4c815377c2944d2383eff14a4c039bf5 P a25ac2905d1844a8a481119def783b7f [LEADER]: Connected to new peer: Peer: permanent_uuid: "a0738d5ffefa45029d3bfaf6bccac976" member_type: VOTER last_known_addr { host: "127.8.128.66" port: 38541 }, Status: LMP_MISMATCH, Last received: 0.0, Next index: 2, Last known committed idx: 1, Time since last communication: 0.000s
I20260709 13:16:51.335232  8839 raft_consensus.cc:1275] T 587883674e2b435c803d3b2eaee64987 P a25ac2905d1844a8a481119def783b7f [term 2 FOLLOWER]: Refusing update from remote peer 4c8691eea6cc4410abc96f5f388ec3be: Log matching property violated. Preceding OpId in replica: term: 1 index: 1. Preceding OpId from leader: term: 2 index: 2. (index mismatch)
I20260709 13:16:51.336417  9115 consensus_queue.cc:1048] T 587883674e2b435c803d3b2eaee64987 P 4c8691eea6cc4410abc96f5f388ec3be [LEADER]: Connected to new peer: Peer: permanent_uuid: "a25ac2905d1844a8a481119def783b7f" member_type: VOTER last_known_addr { host: "127.8.128.65" port: 38349 }, Status: LMP_MISMATCH, Last received: 0.0, Next index: 2, Last known committed idx: 1, Time since last communication: 0.000s
I20260709 13:16:51.344939  8914 raft_consensus.cc:1275] T 587883674e2b435c803d3b2eaee64987 P a0738d5ffefa45029d3bfaf6bccac976 [term 2 FOLLOWER]: Refusing update from remote peer 4c8691eea6cc4410abc96f5f388ec3be: Log matching property violated. Preceding OpId in replica: term: 1 index: 1. Preceding OpId from leader: term: 2 index: 2. (index mismatch)
I20260709 13:16:51.348183  9115 consensus_queue.cc:1048] T 587883674e2b435c803d3b2eaee64987 P 4c8691eea6cc4410abc96f5f388ec3be [LEADER]: Connected to new peer: Peer: permanent_uuid: "a0738d5ffefa45029d3bfaf6bccac976" member_type: VOTER last_known_addr { host: "127.8.128.66" port: 38541 }, Status: LMP_MISMATCH, Last received: 0.0, Next index: 2, Last known committed idx: 1, Time since last communication: 0.000s
I20260709 13:16:51.481921  8989 raft_consensus.cc:1275] T 26fd2a97a9444141ae1e5704d7c5723b P 4c8691eea6cc4410abc96f5f388ec3be [term 2 FOLLOWER]: Refusing update from remote peer a0738d5ffefa45029d3bfaf6bccac976: Log matching property violated. Preceding OpId in replica: term: 1 index: 1. Preceding OpId from leader: term: 2 index: 2. (index mismatch)
I20260709 13:16:51.483152  9138 consensus_queue.cc:1048] T 26fd2a97a9444141ae1e5704d7c5723b P a0738d5ffefa45029d3bfaf6bccac976 [LEADER]: Connected to new peer: Peer: permanent_uuid: "4c8691eea6cc4410abc96f5f388ec3be" member_type: VOTER last_known_addr { host: "127.8.128.67" port: 35217 }, Status: LMP_MISMATCH, Last received: 0.0, Next index: 2, Last known committed idx: 1, Time since last communication: 0.000s
I20260709 13:16:51.491707  8839 raft_consensus.cc:1275] T 26fd2a97a9444141ae1e5704d7c5723b P a25ac2905d1844a8a481119def783b7f [term 2 FOLLOWER]: Refusing update from remote peer a0738d5ffefa45029d3bfaf6bccac976: Log matching property violated. Preceding OpId in replica: term: 1 index: 1. Preceding OpId from leader: term: 2 index: 2. (index mismatch)
I20260709 13:16:51.493026  9039 consensus_queue.cc:1048] T 26fd2a97a9444141ae1e5704d7c5723b P a0738d5ffefa45029d3bfaf6bccac976 [LEADER]: Connected to new peer: Peer: permanent_uuid: "a25ac2905d1844a8a481119def783b7f" member_type: VOTER last_known_addr { host: "127.8.128.65" port: 38349 }, Status: LMP_MISMATCH, Last received: 0.0, Next index: 2, Last known committed idx: 1, Time since last communication: 0.000s
I20260709 13:16:53.658713  8705 auto_leader_rebalancer-test.cc:316] The leader distribution is 
I20260709 13:16:53.659561  8705 auto_leader_rebalancer.cc:141] leader rebalance for table test-workload
I20260709 13:16:53.675014  8914 tablet_service.cc:2072] Received LeaderStepDown RPC: tablet_id: "26fd2a97a9444141ae1e5704d7c5723b"
dest_uuid: "a0738d5ffefa45029d3bfaf6bccac976"
mode: GRACEFUL
new_leader_uuid: "4c8691eea6cc4410abc96f5f388ec3be"
 from {username='slave'} at 127.0.0.1:59424
I20260709 13:16:53.675540  8914 raft_consensus.cc:606] T 26fd2a97a9444141ae1e5704d7c5723b P a0738d5ffefa45029d3bfaf6bccac976 [term 2 LEADER]: Received request to transfer leadership to TS 4c8691eea6cc4410abc96f5f388ec3be
I20260709 13:16:53.685912  8839 tablet_service.cc:2072] Received LeaderStepDown RPC: tablet_id: "4c815377c2944d2383eff14a4c039bf5"
dest_uuid: "a25ac2905d1844a8a481119def783b7f"
mode: GRACEFUL
new_leader_uuid: "4c8691eea6cc4410abc96f5f388ec3be"
 from {username='slave'} at 127.0.0.1:55014
I20260709 13:16:53.686553  8839 raft_consensus.cc:606] T 4c815377c2944d2383eff14a4c039bf5 P a25ac2905d1844a8a481119def783b7f [term 2 LEADER]: Received request to transfer leadership to TS 4c8691eea6cc4410abc96f5f388ec3be
I20260709 13:16:53.687906  8705 auto_leader_rebalancer.cc:452] table: test-workload, leader rebalance finish, leader transfer count: 2
I20260709 13:16:53.688397  8705 auto_leader_rebalancer.cc:527] All tables' leader rebalancing finished this round
I20260709 13:16:54.033552  9153 raft_consensus.cc:993] T 4c815377c2944d2383eff14a4c039bf5 P a25ac2905d1844a8a481119def783b7f: : Instructing follower 4c8691eea6cc4410abc96f5f388ec3be to start an election
I20260709 13:16:54.033993  9148 raft_consensus.cc:1081] T 4c815377c2944d2383eff14a4c039bf5 P a25ac2905d1844a8a481119def783b7f [term 2 LEADER]: Signalling peer 4c8691eea6cc4410abc96f5f388ec3be to start an election
I20260709 13:16:54.035521  8989 tablet_service.cc:2044] Received Run Leader Election RPC: tablet_id: "4c815377c2944d2383eff14a4c039bf5"
dest_uuid: "4c8691eea6cc4410abc96f5f388ec3be"
 from {username='slave'} at 127.0.0.1:52978
I20260709 13:16:54.036060  8989 raft_consensus.cc:493] T 4c815377c2944d2383eff14a4c039bf5 P 4c8691eea6cc4410abc96f5f388ec3be [term 2 FOLLOWER]: Starting forced leader election (received explicit request)
I20260709 13:16:54.036374  8989 raft_consensus.cc:3060] T 4c815377c2944d2383eff14a4c039bf5 P 4c8691eea6cc4410abc96f5f388ec3be [term 2 FOLLOWER]: Advancing to term 3
I20260709 13:16:54.040536  8989 raft_consensus.cc:515] T 4c815377c2944d2383eff14a4c039bf5 P 4c8691eea6cc4410abc96f5f388ec3be [term 3 FOLLOWER]: Starting forced leader election with config: opid_index: -1 OBSOLETE_local: false peers { permanent_uuid: "4c8691eea6cc4410abc96f5f388ec3be" member_type: VOTER last_known_addr { host: "127.8.128.67" port: 35217 } } peers { permanent_uuid: "a25ac2905d1844a8a481119def783b7f" member_type: VOTER last_known_addr { host: "127.8.128.65" port: 38349 } } peers { permanent_uuid: "a0738d5ffefa45029d3bfaf6bccac976" member_type: VOTER last_known_addr { host: "127.8.128.66" port: 38541 } }
I20260709 13:16:54.042207  8989 leader_election.cc:290] T 4c815377c2944d2383eff14a4c039bf5 P 4c8691eea6cc4410abc96f5f388ec3be [CANDIDATE]: Term 3 election: Requested vote from peers a25ac2905d1844a8a481119def783b7f (127.8.128.65:38349), a0738d5ffefa45029d3bfaf6bccac976 (127.8.128.66:38541)
I20260709 13:16:54.043092  8839 tablet_service.cc:1917] Received RequestConsensusVote() RPC: tablet_id: "4c815377c2944d2383eff14a4c039bf5" candidate_uuid: "4c8691eea6cc4410abc96f5f388ec3be" candidate_term: 3 candidate_status { last_received { term: 2 index: 2 } } ignore_live_leader: true dest_uuid: "a25ac2905d1844a8a481119def783b7f"
I20260709 13:16:54.043179  8914 tablet_service.cc:1917] Received RequestConsensusVote() RPC: tablet_id: "4c815377c2944d2383eff14a4c039bf5" candidate_uuid: "4c8691eea6cc4410abc96f5f388ec3be" candidate_term: 3 candidate_status { last_received { term: 2 index: 2 } } ignore_live_leader: true dest_uuid: "a0738d5ffefa45029d3bfaf6bccac976"
I20260709 13:16:54.043902  8839 raft_consensus.cc:3055] T 4c815377c2944d2383eff14a4c039bf5 P a25ac2905d1844a8a481119def783b7f [term 2 LEADER]: Stepping down as leader of term 2
I20260709 13:16:54.043926  8914 raft_consensus.cc:3060] T 4c815377c2944d2383eff14a4c039bf5 P a0738d5ffefa45029d3bfaf6bccac976 [term 2 FOLLOWER]: Advancing to term 3
I20260709 13:16:54.044435  8839 raft_consensus.cc:740] T 4c815377c2944d2383eff14a4c039bf5 P a25ac2905d1844a8a481119def783b7f [term 2 LEADER]: Becoming Follower/Learner. State: Replica: a25ac2905d1844a8a481119def783b7f, State: Running, Role: LEADER
I20260709 13:16:54.045512  8839 consensus_queue.cc:260] T 4c815377c2944d2383eff14a4c039bf5 P a25ac2905d1844a8a481119def783b7f [NON_LEADER]: Queue going to NON_LEADER mode. State: All replicated index: 0, Majority replicated index: 2, Committed index: 2, Last appended: 2.2, Last appended by leader: 2, Current term: 2, Majority size: -1, State: 0, Mode: NON_LEADER, active raft config: opid_index: -1 OBSOLETE_local: false peers { permanent_uuid: "4c8691eea6cc4410abc96f5f388ec3be" member_type: VOTER last_known_addr { host: "127.8.128.67" port: 35217 } } peers { permanent_uuid: "a25ac2905d1844a8a481119def783b7f" member_type: VOTER last_known_addr { host: "127.8.128.65" port: 38349 } } peers { permanent_uuid: "a0738d5ffefa45029d3bfaf6bccac976" member_type: VOTER last_known_addr { host: "127.8.128.66" port: 38541 } }
I20260709 13:16:54.046792  8839 raft_consensus.cc:3060] T 4c815377c2944d2383eff14a4c039bf5 P a25ac2905d1844a8a481119def783b7f [term 2 FOLLOWER]: Advancing to term 3
I20260709 13:16:54.054564  8839 raft_consensus.cc:2468] T 4c815377c2944d2383eff14a4c039bf5 P a25ac2905d1844a8a481119def783b7f [term 3 FOLLOWER]: Leader election vote request: Granting yes vote for candidate 4c8691eea6cc4410abc96f5f388ec3be in term 3.
I20260709 13:16:54.054733  8914 raft_consensus.cc:2468] T 4c815377c2944d2383eff14a4c039bf5 P a0738d5ffefa45029d3bfaf6bccac976 [term 3 FOLLOWER]: Leader election vote request: Granting yes vote for candidate 4c8691eea6cc4410abc96f5f388ec3be in term 3.
I20260709 13:16:54.055920  8955 leader_election.cc:304] T 4c815377c2944d2383eff14a4c039bf5 P 4c8691eea6cc4410abc96f5f388ec3be [CANDIDATE]: Term 3 election: Election decided. Result: candidate won. Election summary: received 2 responses out of 3 voters: 2 yes votes; 0 no votes. yes voters: 4c8691eea6cc4410abc96f5f388ec3be, a25ac2905d1844a8a481119def783b7f; no voters: 
I20260709 13:16:54.056957  9149 raft_consensus.cc:2804] T 4c815377c2944d2383eff14a4c039bf5 P 4c8691eea6cc4410abc96f5f388ec3be [term 3 FOLLOWER]: Leader election won for term 3
I20260709 13:16:54.058317  9149 raft_consensus.cc:697] T 4c815377c2944d2383eff14a4c039bf5 P 4c8691eea6cc4410abc96f5f388ec3be [term 3 LEADER]: Becoming Leader. State: Replica: 4c8691eea6cc4410abc96f5f388ec3be, State: Running, Role: LEADER
I20260709 13:16:54.059317  9149 consensus_queue.cc:237] T 4c815377c2944d2383eff14a4c039bf5 P 4c8691eea6cc4410abc96f5f388ec3be [LEADER]: Queue going to LEADER mode. State: All replicated index: 0, Majority replicated index: 2, Committed index: 2, Last appended: 2.2, Last appended by leader: 2, Current term: 3, Majority size: 2, State: 0, Mode: LEADER, active raft config: opid_index: -1 OBSOLETE_local: false peers { permanent_uuid: "4c8691eea6cc4410abc96f5f388ec3be" member_type: VOTER last_known_addr { host: "127.8.128.67" port: 35217 } } peers { permanent_uuid: "a25ac2905d1844a8a481119def783b7f" member_type: VOTER last_known_addr { host: "127.8.128.65" port: 38349 } } peers { permanent_uuid: "a0738d5ffefa45029d3bfaf6bccac976" member_type: VOTER last_known_addr { host: "127.8.128.66" port: 38541 } }
I20260709 13:16:54.066952  8736 catalog_manager.cc:5697] T 4c815377c2944d2383eff14a4c039bf5 P 4c8691eea6cc4410abc96f5f388ec3be reported cstate change: term changed from 2 to 3, leader changed from a25ac2905d1844a8a481119def783b7f (127.8.128.65) to 4c8691eea6cc4410abc96f5f388ec3be (127.8.128.67). New cstate: current_term: 3 leader_uuid: "4c8691eea6cc4410abc96f5f388ec3be" committed_config { opid_index: -1 OBSOLETE_local: false peers { permanent_uuid: "4c8691eea6cc4410abc96f5f388ec3be" member_type: VOTER last_known_addr { host: "127.8.128.67" port: 35217 } health_report { overall_health: HEALTHY } } peers { permanent_uuid: "a25ac2905d1844a8a481119def783b7f" member_type: VOTER last_known_addr { host: "127.8.128.65" port: 38349 } health_report { overall_health: UNKNOWN } } peers { permanent_uuid: "a0738d5ffefa45029d3bfaf6bccac976" member_type: VOTER last_known_addr { host: "127.8.128.66" port: 38541 } health_report { overall_health: UNKNOWN } } }
I20260709 13:16:54.143657  9039 raft_consensus.cc:993] T 26fd2a97a9444141ae1e5704d7c5723b P a0738d5ffefa45029d3bfaf6bccac976: : Instructing follower 4c8691eea6cc4410abc96f5f388ec3be to start an election
I20260709 13:16:54.144164  9160 raft_consensus.cc:1081] T 26fd2a97a9444141ae1e5704d7c5723b P a0738d5ffefa45029d3bfaf6bccac976 [term 2 LEADER]: Signalling peer 4c8691eea6cc4410abc96f5f388ec3be to start an election
I20260709 13:16:54.147238  8989 tablet_service.cc:2044] Received Run Leader Election RPC: tablet_id: "26fd2a97a9444141ae1e5704d7c5723b"
dest_uuid: "4c8691eea6cc4410abc96f5f388ec3be"
 from {username='slave'} at 127.0.0.1:52990
I20260709 13:16:54.148005  8989 raft_consensus.cc:493] T 26fd2a97a9444141ae1e5704d7c5723b P 4c8691eea6cc4410abc96f5f388ec3be [term 2 FOLLOWER]: Starting forced leader election (received explicit request)
I20260709 13:16:54.148502  8989 raft_consensus.cc:3060] T 26fd2a97a9444141ae1e5704d7c5723b P 4c8691eea6cc4410abc96f5f388ec3be [term 2 FOLLOWER]: Advancing to term 3
I20260709 13:16:54.155602  8989 raft_consensus.cc:515] T 26fd2a97a9444141ae1e5704d7c5723b P 4c8691eea6cc4410abc96f5f388ec3be [term 3 FOLLOWER]: Starting forced leader election with config: opid_index: -1 OBSOLETE_local: false peers { permanent_uuid: "a25ac2905d1844a8a481119def783b7f" member_type: VOTER last_known_addr { host: "127.8.128.65" port: 38349 } } peers { permanent_uuid: "a0738d5ffefa45029d3bfaf6bccac976" member_type: VOTER last_known_addr { host: "127.8.128.66" port: 38541 } } peers { permanent_uuid: "4c8691eea6cc4410abc96f5f388ec3be" member_type: VOTER last_known_addr { host: "127.8.128.67" port: 35217 } }
I20260709 13:16:54.157603  8989 leader_election.cc:290] T 26fd2a97a9444141ae1e5704d7c5723b P 4c8691eea6cc4410abc96f5f388ec3be [CANDIDATE]: Term 3 election: Requested vote from peers a25ac2905d1844a8a481119def783b7f (127.8.128.65:38349), a0738d5ffefa45029d3bfaf6bccac976 (127.8.128.66:38541)
I20260709 13:16:54.158394  8839 tablet_service.cc:1917] Received RequestConsensusVote() RPC: tablet_id: "26fd2a97a9444141ae1e5704d7c5723b" candidate_uuid: "4c8691eea6cc4410abc96f5f388ec3be" candidate_term: 3 candidate_status { last_received { term: 2 index: 2 } } ignore_live_leader: true dest_uuid: "a25ac2905d1844a8a481119def783b7f"
I20260709 13:16:54.158743  8914 tablet_service.cc:1917] Received RequestConsensusVote() RPC: tablet_id: "26fd2a97a9444141ae1e5704d7c5723b" candidate_uuid: "4c8691eea6cc4410abc96f5f388ec3be" candidate_term: 3 candidate_status { last_received { term: 2 index: 2 } } ignore_live_leader: true dest_uuid: "a0738d5ffefa45029d3bfaf6bccac976"
I20260709 13:16:54.158984  8839 raft_consensus.cc:3060] T 26fd2a97a9444141ae1e5704d7c5723b P a25ac2905d1844a8a481119def783b7f [term 2 FOLLOWER]: Advancing to term 3
I20260709 13:16:54.159292  8914 raft_consensus.cc:3055] T 26fd2a97a9444141ae1e5704d7c5723b P a0738d5ffefa45029d3bfaf6bccac976 [term 2 LEADER]: Stepping down as leader of term 2
I20260709 13:16:54.159616  8914 raft_consensus.cc:740] T 26fd2a97a9444141ae1e5704d7c5723b P a0738d5ffefa45029d3bfaf6bccac976 [term 2 LEADER]: Becoming Follower/Learner. State: Replica: a0738d5ffefa45029d3bfaf6bccac976, State: Running, Role: LEADER
I20260709 13:16:54.160408  8914 consensus_queue.cc:260] T 26fd2a97a9444141ae1e5704d7c5723b P a0738d5ffefa45029d3bfaf6bccac976 [NON_LEADER]: Queue going to NON_LEADER mode. State: All replicated index: 0, Majority replicated index: 2, Committed index: 2, Last appended: 2.2, Last appended by leader: 2, Current term: 2, Majority size: -1, State: 0, Mode: NON_LEADER, active raft config: opid_index: -1 OBSOLETE_local: false peers { permanent_uuid: "a25ac2905d1844a8a481119def783b7f" member_type: VOTER last_known_addr { host: "127.8.128.65" port: 38349 } } peers { permanent_uuid: "a0738d5ffefa45029d3bfaf6bccac976" member_type: VOTER last_known_addr { host: "127.8.128.66" port: 38541 } } peers { permanent_uuid: "4c8691eea6cc4410abc96f5f388ec3be" member_type: VOTER last_known_addr { host: "127.8.128.67" port: 35217 } }
I20260709 13:16:54.161592  8914 raft_consensus.cc:3060] T 26fd2a97a9444141ae1e5704d7c5723b P a0738d5ffefa45029d3bfaf6bccac976 [term 2 FOLLOWER]: Advancing to term 3
I20260709 13:16:54.165709  8839 raft_consensus.cc:2468] T 26fd2a97a9444141ae1e5704d7c5723b P a25ac2905d1844a8a481119def783b7f [term 3 FOLLOWER]: Leader election vote request: Granting yes vote for candidate 4c8691eea6cc4410abc96f5f388ec3be in term 3.
I20260709 13:16:54.166924  8955 leader_election.cc:304] T 26fd2a97a9444141ae1e5704d7c5723b P 4c8691eea6cc4410abc96f5f388ec3be [CANDIDATE]: Term 3 election: Election decided. Result: candidate won. Election summary: received 2 responses out of 3 voters: 2 yes votes; 0 no votes. yes voters: 4c8691eea6cc4410abc96f5f388ec3be, a25ac2905d1844a8a481119def783b7f; no voters: 
I20260709 13:16:54.167610  9149 raft_consensus.cc:2804] T 26fd2a97a9444141ae1e5704d7c5723b P 4c8691eea6cc4410abc96f5f388ec3be [term 3 FOLLOWER]: Leader election won for term 3
I20260709 13:16:54.167861  8914 raft_consensus.cc:2468] T 26fd2a97a9444141ae1e5704d7c5723b P a0738d5ffefa45029d3bfaf6bccac976 [term 3 FOLLOWER]: Leader election vote request: Granting yes vote for candidate 4c8691eea6cc4410abc96f5f388ec3be in term 3.
I20260709 13:16:54.168126  9149 raft_consensus.cc:697] T 26fd2a97a9444141ae1e5704d7c5723b P 4c8691eea6cc4410abc96f5f388ec3be [term 3 LEADER]: Becoming Leader. State: Replica: 4c8691eea6cc4410abc96f5f388ec3be, State: Running, Role: LEADER
I20260709 13:16:54.168910  9149 consensus_queue.cc:237] T 26fd2a97a9444141ae1e5704d7c5723b P 4c8691eea6cc4410abc96f5f388ec3be [LEADER]: Queue going to LEADER mode. State: All replicated index: 0, Majority replicated index: 2, Committed index: 2, Last appended: 2.2, Last appended by leader: 2, Current term: 3, Majority size: 2, State: 0, Mode: LEADER, active raft config: opid_index: -1 OBSOLETE_local: false peers { permanent_uuid: "a25ac2905d1844a8a481119def783b7f" member_type: VOTER last_known_addr { host: "127.8.128.65" port: 38349 } } peers { permanent_uuid: "a0738d5ffefa45029d3bfaf6bccac976" member_type: VOTER last_known_addr { host: "127.8.128.66" port: 38541 } } peers { permanent_uuid: "4c8691eea6cc4410abc96f5f388ec3be" member_type: VOTER last_known_addr { host: "127.8.128.67" port: 35217 } }
I20260709 13:16:54.176167  8736 catalog_manager.cc:5697] T 26fd2a97a9444141ae1e5704d7c5723b P 4c8691eea6cc4410abc96f5f388ec3be reported cstate change: term changed from 2 to 3, leader changed from a0738d5ffefa45029d3bfaf6bccac976 (127.8.128.66) to 4c8691eea6cc4410abc96f5f388ec3be (127.8.128.67). New cstate: current_term: 3 leader_uuid: "4c8691eea6cc4410abc96f5f388ec3be" committed_config { opid_index: -1 OBSOLETE_local: false peers { permanent_uuid: "a25ac2905d1844a8a481119def783b7f" member_type: VOTER last_known_addr { host: "127.8.128.65" port: 38349 } health_report { overall_health: UNKNOWN } } peers { permanent_uuid: "a0738d5ffefa45029d3bfaf6bccac976" member_type: VOTER last_known_addr { host: "127.8.128.66" port: 38541 } health_report { overall_health: UNKNOWN } } peers { permanent_uuid: "4c8691eea6cc4410abc96f5f388ec3be" member_type: VOTER last_known_addr { host: "127.8.128.67" port: 35217 } health_report { overall_health: HEALTHY } } }
I20260709 13:16:54.581405  8839 raft_consensus.cc:1275] T 4c815377c2944d2383eff14a4c039bf5 P a25ac2905d1844a8a481119def783b7f [term 3 FOLLOWER]: Refusing update from remote peer 4c8691eea6cc4410abc96f5f388ec3be: Log matching property violated. Preceding OpId in replica: term: 2 index: 2. Preceding OpId from leader: term: 3 index: 3. (index mismatch)
I20260709 13:16:54.582836  9149 consensus_queue.cc:1048] T 4c815377c2944d2383eff14a4c039bf5 P 4c8691eea6cc4410abc96f5f388ec3be [LEADER]: Connected to new peer: Peer: permanent_uuid: "a25ac2905d1844a8a481119def783b7f" member_type: VOTER last_known_addr { host: "127.8.128.65" port: 38349 }, Status: LMP_MISMATCH, Last received: 0.0, Next index: 3, Last known committed idx: 2, Time since last communication: 0.000s
I20260709 13:16:54.592517  8914 raft_consensus.cc:1275] T 4c815377c2944d2383eff14a4c039bf5 P a0738d5ffefa45029d3bfaf6bccac976 [term 3 FOLLOWER]: Refusing update from remote peer 4c8691eea6cc4410abc96f5f388ec3be: Log matching property violated. Preceding OpId in replica: term: 2 index: 2. Preceding OpId from leader: term: 3 index: 3. (index mismatch)
I20260709 13:16:54.594731  9149 consensus_queue.cc:1048] T 4c815377c2944d2383eff14a4c039bf5 P 4c8691eea6cc4410abc96f5f388ec3be [LEADER]: Connected to new peer: Peer: permanent_uuid: "a0738d5ffefa45029d3bfaf6bccac976" member_type: VOTER last_known_addr { host: "127.8.128.66" port: 38541 }, Status: LMP_MISMATCH, Last received: 0.0, Next index: 3, Last known committed idx: 2, Time since last communication: 0.000s
I20260709 13:16:54.689101  8839 raft_consensus.cc:1275] T 26fd2a97a9444141ae1e5704d7c5723b P a25ac2905d1844a8a481119def783b7f [term 3 FOLLOWER]: Refusing update from remote peer 4c8691eea6cc4410abc96f5f388ec3be: Log matching property violated. Preceding OpId in replica: term: 2 index: 2. Preceding OpId from leader: term: 3 index: 3. (index mismatch)
I20260709 13:16:54.689261  8705 auto_leader_rebalancer.cc:141] leader rebalance for table test-workload
I20260709 13:16:54.690621  9149 consensus_queue.cc:1048] T 26fd2a97a9444141ae1e5704d7c5723b P 4c8691eea6cc4410abc96f5f388ec3be [LEADER]: Connected to new peer: Peer: permanent_uuid: "a25ac2905d1844a8a481119def783b7f" member_type: VOTER last_known_addr { host: "127.8.128.65" port: 38349 }, Status: LMP_MISMATCH, Last received: 0.0, Next index: 3, Last known committed idx: 2, Time since last communication: 0.000s
I20260709 13:16:54.699267  8914 raft_consensus.cc:1275] T 26fd2a97a9444141ae1e5704d7c5723b P a0738d5ffefa45029d3bfaf6bccac976 [term 3 FOLLOWER]: Refusing update from remote peer 4c8691eea6cc4410abc96f5f388ec3be: Log matching property violated. Preceding OpId in replica: term: 2 index: 2. Preceding OpId from leader: term: 3 index: 3. (index mismatch)
I20260709 13:16:54.701810  8989 tablet_service.cc:2072] Received LeaderStepDown RPC: tablet_id: "4c815377c2944d2383eff14a4c039bf5"
dest_uuid: "4c8691eea6cc4410abc96f5f388ec3be"
mode: GRACEFUL
new_leader_uuid: "a0738d5ffefa45029d3bfaf6bccac976"
 from {username='slave'} at 127.0.0.1:53002
I20260709 13:16:54.702366  8989 raft_consensus.cc:606] T 4c815377c2944d2383eff14a4c039bf5 P 4c8691eea6cc4410abc96f5f388ec3be [term 3 LEADER]: Received request to transfer leadership to TS a0738d5ffefa45029d3bfaf6bccac976
I20260709 13:16:54.702230  9168 consensus_queue.cc:1048] T 26fd2a97a9444141ae1e5704d7c5723b P 4c8691eea6cc4410abc96f5f388ec3be [LEADER]: Connected to new peer: Peer: permanent_uuid: "a0738d5ffefa45029d3bfaf6bccac976" member_type: VOTER last_known_addr { host: "127.8.128.66" port: 38541 }, Status: LMP_MISMATCH, Last received: 0.0, Next index: 3, Last known committed idx: 2, Time since last communication: 0.000s
I20260709 13:16:54.708576  8839 tablet_service.cc:2072] Received LeaderStepDown RPC: tablet_id: "e54c4e62d13343df92d326f2ddf926e0"
dest_uuid: "a25ac2905d1844a8a481119def783b7f"
mode: GRACEFUL
new_leader_uuid: "a0738d5ffefa45029d3bfaf6bccac976"
 from {username='slave'} at 127.0.0.1:49470
I20260709 13:16:54.709232  8839 raft_consensus.cc:606] T e54c4e62d13343df92d326f2ddf926e0 P a25ac2905d1844a8a481119def783b7f [term 1 LEADER]: Received request to transfer leadership to TS a0738d5ffefa45029d3bfaf6bccac976
I20260709 13:16:54.714411  8839 tablet_service.cc:2072] Received LeaderStepDown RPC: tablet_id: "8c07fbdbf7b441aab279dcf8f624f272"
dest_uuid: "a25ac2905d1844a8a481119def783b7f"
mode: GRACEFUL
new_leader_uuid: "a0738d5ffefa45029d3bfaf6bccac976"
 from {username='slave'} at 127.0.0.1:49470
I20260709 13:16:54.714903  8839 raft_consensus.cc:606] T 8c07fbdbf7b441aab279dcf8f624f272 P a25ac2905d1844a8a481119def783b7f [term 1 LEADER]: Received request to transfer leadership to TS a0738d5ffefa45029d3bfaf6bccac976
I20260709 13:16:54.719501  8839 tablet_service.cc:2072] Received LeaderStepDown RPC: tablet_id: "bc7f8856468f4076b5fed44c683fc700"
dest_uuid: "a25ac2905d1844a8a481119def783b7f"
mode: GRACEFUL
new_leader_uuid: "a0738d5ffefa45029d3bfaf6bccac976"
 from {username='slave'} at 127.0.0.1:49470
I20260709 13:16:54.720005  8839 raft_consensus.cc:606] T bc7f8856468f4076b5fed44c683fc700 P a25ac2905d1844a8a481119def783b7f [term 2 LEADER]: Received request to transfer leadership to TS a0738d5ffefa45029d3bfaf6bccac976
I20260709 13:16:54.726523  8989 tablet_service.cc:2072] Received LeaderStepDown RPC: tablet_id: "26fd2a97a9444141ae1e5704d7c5723b"
dest_uuid: "4c8691eea6cc4410abc96f5f388ec3be"
mode: GRACEFUL
new_leader_uuid: "a0738d5ffefa45029d3bfaf6bccac976"
 from {username='slave'} at 127.0.0.1:53002
I20260709 13:16:54.726989  8989 raft_consensus.cc:606] T 26fd2a97a9444141ae1e5704d7c5723b P 4c8691eea6cc4410abc96f5f388ec3be [term 3 LEADER]: Received request to transfer leadership to TS a0738d5ffefa45029d3bfaf6bccac976
I20260709 13:16:54.772477  9148 raft_consensus.cc:993] T bc7f8856468f4076b5fed44c683fc700 P a25ac2905d1844a8a481119def783b7f: : Instructing follower a0738d5ffefa45029d3bfaf6bccac976 to start an election
I20260709 13:16:54.772979  9170 raft_consensus.cc:1081] T bc7f8856468f4076b5fed44c683fc700 P a25ac2905d1844a8a481119def783b7f [term 2 LEADER]: Signalling peer a0738d5ffefa45029d3bfaf6bccac976 to start an election
I20260709 13:16:54.774621  8914 tablet_service.cc:2044] Received Run Leader Election RPC: tablet_id: "bc7f8856468f4076b5fed44c683fc700"
dest_uuid: "a0738d5ffefa45029d3bfaf6bccac976"
 from {username='slave'} at 127.0.0.1:59604
I20260709 13:16:54.775049  8914 raft_consensus.cc:493] T bc7f8856468f4076b5fed44c683fc700 P a0738d5ffefa45029d3bfaf6bccac976 [term 2 FOLLOWER]: Starting forced leader election (received explicit request)
I20260709 13:16:54.775321  8914 raft_consensus.cc:3060] T bc7f8856468f4076b5fed44c683fc700 P a0738d5ffefa45029d3bfaf6bccac976 [term 2 FOLLOWER]: Advancing to term 3
I20260709 13:16:54.780028  8914 raft_consensus.cc:515] T bc7f8856468f4076b5fed44c683fc700 P a0738d5ffefa45029d3bfaf6bccac976 [term 3 FOLLOWER]: Starting forced leader election with config: opid_index: -1 OBSOLETE_local: false peers { permanent_uuid: "a25ac2905d1844a8a481119def783b7f" member_type: VOTER last_known_addr { host: "127.8.128.65" port: 38349 } } peers { permanent_uuid: "a0738d5ffefa45029d3bfaf6bccac976" member_type: VOTER last_known_addr { host: "127.8.128.66" port: 38541 } } peers { permanent_uuid: "4c8691eea6cc4410abc96f5f388ec3be" member_type: VOTER last_known_addr { host: "127.8.128.67" port: 35217 } }
I20260709 13:16:54.781656  8914 leader_election.cc:290] T bc7f8856468f4076b5fed44c683fc700 P a0738d5ffefa45029d3bfaf6bccac976 [CANDIDATE]: Term 3 election: Requested vote from peers a25ac2905d1844a8a481119def783b7f (127.8.128.65:38349), 4c8691eea6cc4410abc96f5f388ec3be (127.8.128.67:35217)
I20260709 13:16:54.782339  8839 tablet_service.cc:1917] Received RequestConsensusVote() RPC: tablet_id: "bc7f8856468f4076b5fed44c683fc700" candidate_uuid: "a0738d5ffefa45029d3bfaf6bccac976" candidate_term: 3 candidate_status { last_received { term: 2 index: 1 } } ignore_live_leader: true dest_uuid: "a25ac2905d1844a8a481119def783b7f"
I20260709 13:16:54.782588  8989 tablet_service.cc:1917] Received RequestConsensusVote() RPC: tablet_id: "bc7f8856468f4076b5fed44c683fc700" candidate_uuid: "a0738d5ffefa45029d3bfaf6bccac976" candidate_term: 3 candidate_status { last_received { term: 2 index: 1 } } ignore_live_leader: true dest_uuid: "4c8691eea6cc4410abc96f5f388ec3be"
I20260709 13:16:54.782898  8839 raft_consensus.cc:3055] T bc7f8856468f4076b5fed44c683fc700 P a25ac2905d1844a8a481119def783b7f [term 2 LEADER]: Stepping down as leader of term 2
I20260709 13:16:54.783125  8989 raft_consensus.cc:3060] T bc7f8856468f4076b5fed44c683fc700 P 4c8691eea6cc4410abc96f5f388ec3be [term 2 FOLLOWER]: Advancing to term 3
I20260709 13:16:54.783237  8839 raft_consensus.cc:740] T bc7f8856468f4076b5fed44c683fc700 P a25ac2905d1844a8a481119def783b7f [term 2 LEADER]: Becoming Follower/Learner. State: Replica: a25ac2905d1844a8a481119def783b7f, State: Running, Role: LEADER
I20260709 13:16:54.784039  8839 consensus_queue.cc:260] T bc7f8856468f4076b5fed44c683fc700 P a25ac2905d1844a8a481119def783b7f [NON_LEADER]: Queue going to NON_LEADER mode. State: All replicated index: 0, Majority replicated index: 1, Committed index: 1, Last appended: 2.1, Last appended by leader: 1, Current term: 2, Majority size: -1, State: 0, Mode: NON_LEADER, active raft config: opid_index: -1 OBSOLETE_local: false peers { permanent_uuid: "a25ac2905d1844a8a481119def783b7f" member_type: VOTER last_known_addr { host: "127.8.128.65" port: 38349 } } peers { permanent_uuid: "a0738d5ffefa45029d3bfaf6bccac976" member_type: VOTER last_known_addr { host: "127.8.128.66" port: 38541 } } peers { permanent_uuid: "4c8691eea6cc4410abc96f5f388ec3be" member_type: VOTER last_known_addr { host: "127.8.128.67" port: 35217 } }
I20260709 13:16:54.784906  8839 raft_consensus.cc:3060] T bc7f8856468f4076b5fed44c683fc700 P a25ac2905d1844a8a481119def783b7f [term 2 FOLLOWER]: Advancing to term 3
I20260709 13:16:54.787245  8989 raft_consensus.cc:2468] T bc7f8856468f4076b5fed44c683fc700 P 4c8691eea6cc4410abc96f5f388ec3be [term 3 FOLLOWER]: Leader election vote request: Granting yes vote for candidate a0738d5ffefa45029d3bfaf6bccac976 in term 3.
I20260709 13:16:54.788280  8879 leader_election.cc:304] T bc7f8856468f4076b5fed44c683fc700 P a0738d5ffefa45029d3bfaf6bccac976 [CANDIDATE]: Term 3 election: Election decided. Result: candidate won. Election summary: received 2 responses out of 3 voters: 2 yes votes; 0 no votes. yes voters: 4c8691eea6cc4410abc96f5f388ec3be, a0738d5ffefa45029d3bfaf6bccac976; no voters: 
I20260709 13:16:54.788925  9160 raft_consensus.cc:2804] T bc7f8856468f4076b5fed44c683fc700 P a0738d5ffefa45029d3bfaf6bccac976 [term 3 FOLLOWER]: Leader election won for term 3
I20260709 13:16:54.789320  8839 raft_consensus.cc:2468] T bc7f8856468f4076b5fed44c683fc700 P a25ac2905d1844a8a481119def783b7f [term 3 FOLLOWER]: Leader election vote request: Granting yes vote for candidate a0738d5ffefa45029d3bfaf6bccac976 in term 3.
I20260709 13:16:54.790234  9160 raft_consensus.cc:697] T bc7f8856468f4076b5fed44c683fc700 P a0738d5ffefa45029d3bfaf6bccac976 [term 3 LEADER]: Becoming Leader. State: Replica: a0738d5ffefa45029d3bfaf6bccac976, State: Running, Role: LEADER
I20260709 13:16:54.790979  9160 consensus_queue.cc:237] T bc7f8856468f4076b5fed44c683fc700 P a0738d5ffefa45029d3bfaf6bccac976 [LEADER]: Queue going to LEADER mode. State: All replicated index: 0, Majority replicated index: 1, Committed index: 1, Last appended: 2.1, Last appended by leader: 1, Current term: 3, Majority size: 2, State: 0, Mode: LEADER, active raft config: opid_index: -1 OBSOLETE_local: false peers { permanent_uuid: "a25ac2905d1844a8a481119def783b7f" member_type: VOTER last_known_addr { host: "127.8.128.65" port: 38349 } } peers { permanent_uuid: "a0738d5ffefa45029d3bfaf6bccac976" member_type: VOTER last_known_addr { host: "127.8.128.66" port: 38541 } } peers { permanent_uuid: "4c8691eea6cc4410abc96f5f388ec3be" member_type: VOTER last_known_addr { host: "127.8.128.67" port: 35217 } }
I20260709 13:16:54.797788  8734 catalog_manager.cc:5697] T bc7f8856468f4076b5fed44c683fc700 P a0738d5ffefa45029d3bfaf6bccac976 reported cstate change: term changed from 2 to 3, leader changed from a25ac2905d1844a8a481119def783b7f (127.8.128.65) to a0738d5ffefa45029d3bfaf6bccac976 (127.8.128.66). New cstate: current_term: 3 leader_uuid: "a0738d5ffefa45029d3bfaf6bccac976" committed_config { opid_index: -1 OBSOLETE_local: false peers { permanent_uuid: "a25ac2905d1844a8a481119def783b7f" member_type: VOTER last_known_addr { host: "127.8.128.65" port: 38349 } health_report { overall_health: UNKNOWN } } peers { permanent_uuid: "a0738d5ffefa45029d3bfaf6bccac976" member_type: VOTER last_known_addr { host: "127.8.128.66" port: 38541 } health_report { overall_health: HEALTHY } } peers { permanent_uuid: "4c8691eea6cc4410abc96f5f388ec3be" member_type: VOTER last_known_addr { host: "127.8.128.67" port: 35217 } health_report { overall_health: UNKNOWN } } }
I20260709 13:16:54.947958  9148 raft_consensus.cc:993] T 8c07fbdbf7b441aab279dcf8f624f272 P a25ac2905d1844a8a481119def783b7f: : Instructing follower a0738d5ffefa45029d3bfaf6bccac976 to start an election
I20260709 13:16:54.948434  9170 raft_consensus.cc:1081] T 8c07fbdbf7b441aab279dcf8f624f272 P a25ac2905d1844a8a481119def783b7f [term 1 LEADER]: Signalling peer a0738d5ffefa45029d3bfaf6bccac976 to start an election
I20260709 13:16:54.949769  8914 tablet_service.cc:2044] Received Run Leader Election RPC: tablet_id: "8c07fbdbf7b441aab279dcf8f624f272"
dest_uuid: "a0738d5ffefa45029d3bfaf6bccac976"
 from {username='slave'} at 127.0.0.1:59604
I20260709 13:16:54.950150  8914 raft_consensus.cc:493] T 8c07fbdbf7b441aab279dcf8f624f272 P a0738d5ffefa45029d3bfaf6bccac976 [term 1 FOLLOWER]: Starting forced leader election (received explicit request)
I20260709 13:16:54.950366  8914 raft_consensus.cc:3060] T 8c07fbdbf7b441aab279dcf8f624f272 P a0738d5ffefa45029d3bfaf6bccac976 [term 1 FOLLOWER]: Advancing to term 2
I20260709 13:16:54.954223  8914 raft_consensus.cc:515] T 8c07fbdbf7b441aab279dcf8f624f272 P a0738d5ffefa45029d3bfaf6bccac976 [term 2 FOLLOWER]: Starting forced leader election with config: opid_index: -1 OBSOLETE_local: false peers { permanent_uuid: "a25ac2905d1844a8a481119def783b7f" member_type: VOTER last_known_addr { host: "127.8.128.65" port: 38349 } } peers { permanent_uuid: "a0738d5ffefa45029d3bfaf6bccac976" member_type: VOTER last_known_addr { host: "127.8.128.66" port: 38541 } } peers { permanent_uuid: "4c8691eea6cc4410abc96f5f388ec3be" member_type: VOTER last_known_addr { host: "127.8.128.67" port: 35217 } }
I20260709 13:16:54.955716  8914 leader_election.cc:290] T 8c07fbdbf7b441aab279dcf8f624f272 P a0738d5ffefa45029d3bfaf6bccac976 [CANDIDATE]: Term 2 election: Requested vote from peers a25ac2905d1844a8a481119def783b7f (127.8.128.65:38349), 4c8691eea6cc4410abc96f5f388ec3be (127.8.128.67:35217)
I20260709 13:16:54.956610  8839 tablet_service.cc:1917] Received RequestConsensusVote() RPC: tablet_id: "8c07fbdbf7b441aab279dcf8f624f272" candidate_uuid: "a0738d5ffefa45029d3bfaf6bccac976" candidate_term: 2 candidate_status { last_received { term: 1 index: 1 } } ignore_live_leader: true dest_uuid: "a25ac2905d1844a8a481119def783b7f"
I20260709 13:16:54.956795  8989 tablet_service.cc:1917] Received RequestConsensusVote() RPC: tablet_id: "8c07fbdbf7b441aab279dcf8f624f272" candidate_uuid: "a0738d5ffefa45029d3bfaf6bccac976" candidate_term: 2 candidate_status { last_received { term: 1 index: 1 } } ignore_live_leader: true dest_uuid: "4c8691eea6cc4410abc96f5f388ec3be"
I20260709 13:16:54.957135  8839 raft_consensus.cc:3055] T 8c07fbdbf7b441aab279dcf8f624f272 P a25ac2905d1844a8a481119def783b7f [term 1 LEADER]: Stepping down as leader of term 1
I20260709 13:16:54.957371  8989 raft_consensus.cc:3060] T 8c07fbdbf7b441aab279dcf8f624f272 P 4c8691eea6cc4410abc96f5f388ec3be [term 1 FOLLOWER]: Advancing to term 2
I20260709 13:16:54.957508  8839 raft_consensus.cc:740] T 8c07fbdbf7b441aab279dcf8f624f272 P a25ac2905d1844a8a481119def783b7f [term 1 LEADER]: Becoming Follower/Learner. State: Replica: a25ac2905d1844a8a481119def783b7f, State: Running, Role: LEADER
I20260709 13:16:54.958315  8839 consensus_queue.cc:260] T 8c07fbdbf7b441aab279dcf8f624f272 P a25ac2905d1844a8a481119def783b7f [NON_LEADER]: Queue going to NON_LEADER mode. State: All replicated index: 0, Majority replicated index: 1, Committed index: 1, Last appended: 1.1, Last appended by leader: 1, Current term: 1, Majority size: -1, State: 0, Mode: NON_LEADER, active raft config: opid_index: -1 OBSOLETE_local: false peers { permanent_uuid: "a25ac2905d1844a8a481119def783b7f" member_type: VOTER last_known_addr { host: "127.8.128.65" port: 38349 } } peers { permanent_uuid: "a0738d5ffefa45029d3bfaf6bccac976" member_type: VOTER last_known_addr { host: "127.8.128.66" port: 38541 } } peers { permanent_uuid: "4c8691eea6cc4410abc96f5f388ec3be" member_type: VOTER last_known_addr { host: "127.8.128.67" port: 35217 } }
I20260709 13:16:54.959196  8839 raft_consensus.cc:3060] T 8c07fbdbf7b441aab279dcf8f624f272 P a25ac2905d1844a8a481119def783b7f [term 1 FOLLOWER]: Advancing to term 2
I20260709 13:16:54.961599  8989 raft_consensus.cc:2468] T 8c07fbdbf7b441aab279dcf8f624f272 P 4c8691eea6cc4410abc96f5f388ec3be [term 2 FOLLOWER]: Leader election vote request: Granting yes vote for candidate a0738d5ffefa45029d3bfaf6bccac976 in term 2.
I20260709 13:16:54.962568  8879 leader_election.cc:304] T 8c07fbdbf7b441aab279dcf8f624f272 P a0738d5ffefa45029d3bfaf6bccac976 [CANDIDATE]: Term 2 election: Election decided. Result: candidate won. Election summary: received 2 responses out of 3 voters: 2 yes votes; 0 no votes. yes voters: 4c8691eea6cc4410abc96f5f388ec3be, a0738d5ffefa45029d3bfaf6bccac976; no voters: 
I20260709 13:16:54.963235  9160 raft_consensus.cc:2804] T 8c07fbdbf7b441aab279dcf8f624f272 P a0738d5ffefa45029d3bfaf6bccac976 [term 2 FOLLOWER]: Leader election won for term 2
I20260709 13:16:54.963508  8839 raft_consensus.cc:2468] T 8c07fbdbf7b441aab279dcf8f624f272 P a25ac2905d1844a8a481119def783b7f [term 2 FOLLOWER]: Leader election vote request: Granting yes vote for candidate a0738d5ffefa45029d3bfaf6bccac976 in term 2.
I20260709 13:16:54.963678  9160 raft_consensus.cc:697] T 8c07fbdbf7b441aab279dcf8f624f272 P a0738d5ffefa45029d3bfaf6bccac976 [term 2 LEADER]: Becoming Leader. State: Replica: a0738d5ffefa45029d3bfaf6bccac976, State: Running, Role: LEADER
