I20260709 13:16:48.049468 11153 consensus_queue.cc:260] T 6dd74b09fd854c57b5190fe5cae709ca P 5e597284b8784d979656ed062461313d [NON_LEADER]: Queue going to NON_LEADER mode. State: All replicated index: 0, Majority replicated index: 0, Committed index: 0, Last appended: 0.0, Last appended by leader: 0, Current term: 0, Majority size: -1, State: 0, Mode: NON_LEADER, active raft config: opid_index: -1 OBSOLETE_local: false peers { permanent_uuid: "96b84931229e4966ac175ef56945e27c" member_type: VOTER last_known_addr { host: "127.10.145.193" port: 41845 } } peers { permanent_uuid: "5e597284b8784d979656ed062461313d" member_type: VOTER last_known_addr { host: "127.10.145.194" port: 44799 } } peers { permanent_uuid: "6d294431a3ca4a6ea2d8bada5464e4e2" member_type: VOTER last_known_addr { host: "127.10.145.195" port: 43525 } }
I20260709 13:16:48.053960 11152 tablet_bootstrap.cc:654] T 19a5c0e961b84c24a8975fcc2389953d P 96b84931229e4966ac175ef56945e27c: Neither blocks nor log segments found. Creating new log.
I20260709 13:16:48.055682 11153 ts_tablet_manager.cc:1434] T 6dd74b09fd854c57b5190fe5cae709ca P 5e597284b8784d979656ed062461313d: Time spent starting tablet: real 0.025s	user 0.007s	sys 0.000s
I20260709 13:16:48.056789 11153 tablet_bootstrap.cc:492] T 5cbd6f784d5743eeaf6f72c8d2973e13 P 5e597284b8784d979656ed062461313d: Bootstrap starting.
I20260709 13:16:48.070822 11154 raft_consensus.cc:493] T 86fb94eeca3741b8ad7688e2f085efb5 P 6d294431a3ca4a6ea2d8bada5464e4e2 [term 0 FOLLOWER]: Starting pre-election (no leader contacted us within the election timeout)
I20260709 13:16:48.071467 11154 raft_consensus.cc:515] T 86fb94eeca3741b8ad7688e2f085efb5 P 6d294431a3ca4a6ea2d8bada5464e4e2 [term 0 FOLLOWER]: Starting pre-election with config: opid_index: -1 OBSOLETE_local: false peers { permanent_uuid: "96b84931229e4966ac175ef56945e27c" member_type: VOTER last_known_addr { host: "127.10.145.193" port: 41845 } } peers { permanent_uuid: "5e597284b8784d979656ed062461313d" member_type: VOTER last_known_addr { host: "127.10.145.194" port: 44799 } } peers { permanent_uuid: "6d294431a3ca4a6ea2d8bada5464e4e2" member_type: VOTER last_known_addr { host: "127.10.145.195" port: 43525 } }
I20260709 13:16:48.079241 11154 leader_election.cc:290] T 86fb94eeca3741b8ad7688e2f085efb5 P 6d294431a3ca4a6ea2d8bada5464e4e2 [CANDIDATE]: Term 1 pre-election: Requested pre-vote from peers 96b84931229e4966ac175ef56945e27c (127.10.145.193:41845), 5e597284b8784d979656ed062461313d (127.10.145.194:44799)
I20260709 13:16:48.080241 10958 tablet_service.cc:1917] Received RequestConsensusVote() RPC: tablet_id: "86fb94eeca3741b8ad7688e2f085efb5" candidate_uuid: "6d294431a3ca4a6ea2d8bada5464e4e2" candidate_term: 1 candidate_status { last_received { term: 0 index: 0 } } ignore_live_leader: false dest_uuid: "96b84931229e4966ac175ef56945e27c" is_pre_election: true
I20260709 13:16:48.081856 11033 tablet_service.cc:1917] Received RequestConsensusVote() RPC: tablet_id: "86fb94eeca3741b8ad7688e2f085efb5" candidate_uuid: "6d294431a3ca4a6ea2d8bada5464e4e2" candidate_term: 1 candidate_status { last_received { term: 0 index: 0 } } ignore_live_leader: false dest_uuid: "5e597284b8784d979656ed062461313d" is_pre_election: true
I20260709 13:16:48.082552 11033 raft_consensus.cc:2468] T 86fb94eeca3741b8ad7688e2f085efb5 P 5e597284b8784d979656ed062461313d [term 0 FOLLOWER]: Leader pre-election vote request: Granting yes vote for candidate 6d294431a3ca4a6ea2d8bada5464e4e2 in term 0.
I20260709 13:16:48.083842 11073 leader_election.cc:304] T 86fb94eeca3741b8ad7688e2f085efb5 P 6d294431a3ca4a6ea2d8bada5464e4e2 [CANDIDATE]: Term 1 pre-election: Election decided. Result: candidate won. Election summary: received 2 responses out of 3 voters: 2 yes votes; 0 no votes. yes voters: 5e597284b8784d979656ed062461313d, 6d294431a3ca4a6ea2d8bada5464e4e2; no voters: 
W20260709 13:16:48.084597 11071 leader_election.cc:343] T 86fb94eeca3741b8ad7688e2f085efb5 P 6d294431a3ca4a6ea2d8bada5464e4e2 [CANDIDATE]: Term 1 pre-election: Tablet error from VoteRequest() call to peer 96b84931229e4966ac175ef56945e27c (127.10.145.193:41845): Illegal state: must be running to vote when last-logged opid is not known
I20260709 13:16:48.084666 11154 raft_consensus.cc:2804] T 86fb94eeca3741b8ad7688e2f085efb5 P 6d294431a3ca4a6ea2d8bada5464e4e2 [term 0 FOLLOWER]: Leader pre-election won for term 1
I20260709 13:16:48.084893 11153 tablet_bootstrap.cc:654] T 5cbd6f784d5743eeaf6f72c8d2973e13 P 5e597284b8784d979656ed062461313d: Neither blocks nor log segments found. Creating new log.
I20260709 13:16:48.085125 11154 raft_consensus.cc:493] T 86fb94eeca3741b8ad7688e2f085efb5 P 6d294431a3ca4a6ea2d8bada5464e4e2 [term 0 FOLLOWER]: Starting leader election (no leader contacted us within the election timeout)
I20260709 13:16:48.085539 11154 raft_consensus.cc:3060] T 86fb94eeca3741b8ad7688e2f085efb5 P 6d294431a3ca4a6ea2d8bada5464e4e2 [term 0 FOLLOWER]: Advancing to term 1
I20260709 13:16:48.087971 11152 tablet_bootstrap.cc:492] T 19a5c0e961b84c24a8975fcc2389953d P 96b84931229e4966ac175ef56945e27c: No bootstrap required, opened a new log
I20260709 13:16:48.088459 11152 ts_tablet_manager.cc:1403] T 19a5c0e961b84c24a8975fcc2389953d P 96b84931229e4966ac175ef56945e27c: Time spent bootstrapping tablet: real 0.042s	user 0.006s	sys 0.023s
I20260709 13:16:48.089165 11150 tablet_bootstrap.cc:492] T 5cbd6f784d5743eeaf6f72c8d2973e13 P 6d294431a3ca4a6ea2d8bada5464e4e2: No bootstrap required, opened a new log
I20260709 13:16:48.089547 11150 ts_tablet_manager.cc:1403] T 5cbd6f784d5743eeaf6f72c8d2973e13 P 6d294431a3ca4a6ea2d8bada5464e4e2: Time spent bootstrapping tablet: real 0.075s	user 0.008s	sys 0.008s
I20260709 13:16:48.091414 11152 raft_consensus.cc:359] T 19a5c0e961b84c24a8975fcc2389953d P 96b84931229e4966ac175ef56945e27c [term 0 FOLLOWER]: Replica starting. Triggering 0 pending ops. Active config: opid_index: -1 OBSOLETE_local: false peers { permanent_uuid: "96b84931229e4966ac175ef56945e27c" member_type: VOTER last_known_addr { host: "127.10.145.193" port: 41845 } } peers { permanent_uuid: "5e597284b8784d979656ed062461313d" member_type: VOTER last_known_addr { host: "127.10.145.194" port: 44799 } } peers { permanent_uuid: "6d294431a3ca4a6ea2d8bada5464e4e2" member_type: VOTER last_known_addr { host: "127.10.145.195" port: 43525 } }
I20260709 13:16:48.092305 11152 raft_consensus.cc:385] T 19a5c0e961b84c24a8975fcc2389953d P 96b84931229e4966ac175ef56945e27c [term 0 FOLLOWER]: Consensus starting up: Expiring failure detector timer to make a prompt election more likely
I20260709 13:16:48.092254 11158 raft_consensus.cc:493] T 8df1855beb074a3690ee9c0ac6477a84 P 96b84931229e4966ac175ef56945e27c [term 0 FOLLOWER]: Starting pre-election (no leader contacted us within the election timeout)
I20260709 13:16:48.092593 11153 tablet_bootstrap.cc:492] T 5cbd6f784d5743eeaf6f72c8d2973e13 P 5e597284b8784d979656ed062461313d: No bootstrap required, opened a new log
I20260709 13:16:48.092748 11152 raft_consensus.cc:740] T 19a5c0e961b84c24a8975fcc2389953d P 96b84931229e4966ac175ef56945e27c [term 0 FOLLOWER]: Becoming Follower/Learner. State: Replica: 96b84931229e4966ac175ef56945e27c, State: Initialized, Role: FOLLOWER
I20260709 13:16:48.093349 11153 ts_tablet_manager.cc:1403] T 5cbd6f784d5743eeaf6f72c8d2973e13 P 5e597284b8784d979656ed062461313d: Time spent bootstrapping tablet: real 0.037s	user 0.008s	sys 0.004s
I20260709 13:16:48.092916 11158 raft_consensus.cc:515] T 8df1855beb074a3690ee9c0ac6477a84 P 96b84931229e4966ac175ef56945e27c [term 0 FOLLOWER]: Starting pre-election with config: opid_index: -1 OBSOLETE_local: false peers { permanent_uuid: "6d294431a3ca4a6ea2d8bada5464e4e2" member_type: VOTER last_known_addr { host: "127.10.145.195" port: 43525 } } peers { permanent_uuid: "5e597284b8784d979656ed062461313d" member_type: VOTER last_known_addr { host: "127.10.145.194" port: 44799 } } peers { permanent_uuid: "96b84931229e4966ac175ef56945e27c" member_type: VOTER last_known_addr { host: "127.10.145.193" port: 41845 } }
I20260709 13:16:48.094727 11152 consensus_queue.cc:260] T 19a5c0e961b84c24a8975fcc2389953d P 96b84931229e4966ac175ef56945e27c [NON_LEADER]: Queue going to NON_LEADER mode. State: All replicated index: 0, Majority replicated index: 0, Committed index: 0, Last appended: 0.0, Last appended by leader: 0, Current term: 0, Majority size: -1, State: 0, Mode: NON_LEADER, active raft config: opid_index: -1 OBSOLETE_local: false peers { permanent_uuid: "96b84931229e4966ac175ef56945e27c" member_type: VOTER last_known_addr { host: "127.10.145.193" port: 41845 } } peers { permanent_uuid: "5e597284b8784d979656ed062461313d" member_type: VOTER last_known_addr { host: "127.10.145.194" port: 44799 } } peers { permanent_uuid: "6d294431a3ca4a6ea2d8bada5464e4e2" member_type: VOTER last_known_addr { host: "127.10.145.195" port: 43525 } }
I20260709 13:16:48.093958 11154 raft_consensus.cc:515] T 86fb94eeca3741b8ad7688e2f085efb5 P 6d294431a3ca4a6ea2d8bada5464e4e2 [term 1 FOLLOWER]: Starting leader election with config: opid_index: -1 OBSOLETE_local: false peers { permanent_uuid: "96b84931229e4966ac175ef56945e27c" member_type: VOTER last_known_addr { host: "127.10.145.193" port: 41845 } } peers { permanent_uuid: "5e597284b8784d979656ed062461313d" member_type: VOTER last_known_addr { host: "127.10.145.194" port: 44799 } } peers { permanent_uuid: "6d294431a3ca4a6ea2d8bada5464e4e2" member_type: VOTER last_known_addr { host: "127.10.145.195" port: 43525 } }
I20260709 13:16:48.098316 10958 tablet_service.cc:1917] Received RequestConsensusVote() RPC: tablet_id: "86fb94eeca3741b8ad7688e2f085efb5" candidate_uuid: "6d294431a3ca4a6ea2d8bada5464e4e2" candidate_term: 1 candidate_status { last_received { term: 0 index: 0 } } ignore_live_leader: false dest_uuid: "96b84931229e4966ac175ef56945e27c"
W20260709 13:16:48.100420 11071 leader_election.cc:343] T 86fb94eeca3741b8ad7688e2f085efb5 P 6d294431a3ca4a6ea2d8bada5464e4e2 [CANDIDATE]: Term 1 election: Tablet error from VoteRequest() call to peer 96b84931229e4966ac175ef56945e27c (127.10.145.193:41845): Illegal state: must be running to vote when last-logged opid is not known
I20260709 13:16:48.098752 11033 tablet_service.cc:1917] Received RequestConsensusVote() RPC: tablet_id: "86fb94eeca3741b8ad7688e2f085efb5" candidate_uuid: "6d294431a3ca4a6ea2d8bada5464e4e2" candidate_term: 1 candidate_status { last_received { term: 0 index: 0 } } ignore_live_leader: false dest_uuid: "5e597284b8784d979656ed062461313d"
I20260709 13:16:48.101770 11033 raft_consensus.cc:3060] T 86fb94eeca3741b8ad7688e2f085efb5 P 5e597284b8784d979656ed062461313d [term 0 FOLLOWER]: Advancing to term 1
I20260709 13:16:48.106441 11158 leader_election.cc:290] T 8df1855beb074a3690ee9c0ac6477a84 P 96b84931229e4966ac175ef56945e27c [CANDIDATE]: Term 1 pre-election: Requested pre-vote from peers 6d294431a3ca4a6ea2d8bada5464e4e2 (127.10.145.195:43525), 5e597284b8784d979656ed062461313d (127.10.145.194:44799)
I20260709 13:16:48.109284 11033 raft_consensus.cc:2468] T 86fb94eeca3741b8ad7688e2f085efb5 P 5e597284b8784d979656ed062461313d [term 1 FOLLOWER]: Leader election vote request: Granting yes vote for candidate 6d294431a3ca4a6ea2d8bada5464e4e2 in term 1.
I20260709 13:16:48.110817 11073 leader_election.cc:304] T 86fb94eeca3741b8ad7688e2f085efb5 P 6d294431a3ca4a6ea2d8bada5464e4e2 [CANDIDATE]: Term 1 election: Election decided. Result: candidate won. Election summary: received 3 responses out of 3 voters: 2 yes votes; 1 no votes. yes voters: 5e597284b8784d979656ed062461313d, 6d294431a3ca4a6ea2d8bada5464e4e2; no voters: 96b84931229e4966ac175ef56945e27c
I20260709 13:16:48.111925 11169 raft_consensus.cc:2804] T 86fb94eeca3741b8ad7688e2f085efb5 P 6d294431a3ca4a6ea2d8bada5464e4e2 [term 1 FOLLOWER]: Leader election won for term 1
I20260709 13:16:48.112413 11169 raft_consensus.cc:697] T 86fb94eeca3741b8ad7688e2f085efb5 P 6d294431a3ca4a6ea2d8bada5464e4e2 [term 1 LEADER]: Becoming Leader. State: Replica: 6d294431a3ca4a6ea2d8bada5464e4e2, State: Running, Role: LEADER
I20260709 13:16:48.113253 11169 consensus_queue.cc:237] T 86fb94eeca3741b8ad7688e2f085efb5 P 6d294431a3ca4a6ea2d8bada5464e4e2 [LEADER]: Queue going to LEADER mode. State: All replicated index: 0, Majority replicated index: 0, Committed index: 0, Last appended: 0.0, Last appended by leader: 0, Current term: 1, Majority size: 2, State: 0, Mode: LEADER, active raft config: opid_index: -1 OBSOLETE_local: false peers { permanent_uuid: "96b84931229e4966ac175ef56945e27c" member_type: VOTER last_known_addr { host: "127.10.145.193" port: 41845 } } peers { permanent_uuid: "5e597284b8784d979656ed062461313d" member_type: VOTER last_known_addr { host: "127.10.145.194" port: 44799 } } peers { permanent_uuid: "6d294431a3ca4a6ea2d8bada5464e4e2" member_type: VOTER last_known_addr { host: "127.10.145.195" port: 43525 } }
I20260709 13:16:48.114178 11154 leader_election.cc:290] T 86fb94eeca3741b8ad7688e2f085efb5 P 6d294431a3ca4a6ea2d8bada5464e4e2 [CANDIDATE]: Term 1 election: Requested vote from peers 96b84931229e4966ac175ef56945e27c (127.10.145.193:41845), 5e597284b8784d979656ed062461313d (127.10.145.194:44799)
I20260709 13:16:48.113772 11153 raft_consensus.cc:359] T 5cbd6f784d5743eeaf6f72c8d2973e13 P 5e597284b8784d979656ed062461313d [term 0 FOLLOWER]: Replica starting. Triggering 0 pending ops. Active config: opid_index: -1 OBSOLETE_local: false peers { permanent_uuid: "96b84931229e4966ac175ef56945e27c" member_type: VOTER last_known_addr { host: "127.10.145.193" port: 41845 } } peers { permanent_uuid: "5e597284b8784d979656ed062461313d" member_type: VOTER last_known_addr { host: "127.10.145.194" port: 44799 } } peers { permanent_uuid: "6d294431a3ca4a6ea2d8bada5464e4e2" member_type: VOTER last_known_addr { host: "127.10.145.195" port: 43525 } }
I20260709 13:16:48.116299 11153 raft_consensus.cc:385] T 5cbd6f784d5743eeaf6f72c8d2973e13 P 5e597284b8784d979656ed062461313d [term 0 FOLLOWER]: Consensus starting up: Expiring failure detector timer to make a prompt election more likely
I20260709 13:16:48.116729 11153 raft_consensus.cc:740] T 5cbd6f784d5743eeaf6f72c8d2973e13 P 5e597284b8784d979656ed062461313d [term 0 FOLLOWER]: Becoming Follower/Learner. State: Replica: 5e597284b8784d979656ed062461313d, State: Initialized, Role: FOLLOWER
I20260709 13:16:48.117795 11153 consensus_queue.cc:260] T 5cbd6f784d5743eeaf6f72c8d2973e13 P 5e597284b8784d979656ed062461313d [NON_LEADER]: Queue going to NON_LEADER mode. State: All replicated index: 0, Majority replicated index: 0, Committed index: 0, Last appended: 0.0, Last appended by leader: 0, Current term: 0, Majority size: -1, State: 0, Mode: NON_LEADER, active raft config: opid_index: -1 OBSOLETE_local: false peers { permanent_uuid: "96b84931229e4966ac175ef56945e27c" member_type: VOTER last_known_addr { host: "127.10.145.193" port: 41845 } } peers { permanent_uuid: "5e597284b8784d979656ed062461313d" member_type: VOTER last_known_addr { host: "127.10.145.194" port: 44799 } } peers { permanent_uuid: "6d294431a3ca4a6ea2d8bada5464e4e2" member_type: VOTER last_known_addr { host: "127.10.145.195" port: 43525 } }
I20260709 13:16:48.121299 11153 ts_tablet_manager.cc:1434] T 5cbd6f784d5743eeaf6f72c8d2973e13 P 5e597284b8784d979656ed062461313d: Time spent starting tablet: real 0.028s	user 0.003s	sys 0.004s
I20260709 13:16:48.122445 11153 tablet_bootstrap.cc:492] T 55e4beadc4544696b144b897b3470f14 P 5e597284b8784d979656ed062461313d: Bootstrap starting.
I20260709 13:16:48.129983 11153 tablet_bootstrap.cc:654] T 55e4beadc4544696b144b897b3470f14 P 5e597284b8784d979656ed062461313d: Neither blocks nor log segments found. Creating new log.
I20260709 13:16:48.134428 11150 raft_consensus.cc:359] T 5cbd6f784d5743eeaf6f72c8d2973e13 P 6d294431a3ca4a6ea2d8bada5464e4e2 [term 0 FOLLOWER]: Replica starting. Triggering 0 pending ops. Active config: opid_index: -1 OBSOLETE_local: false peers { permanent_uuid: "96b84931229e4966ac175ef56945e27c" member_type: VOTER last_known_addr { host: "127.10.145.193" port: 41845 } } peers { permanent_uuid: "5e597284b8784d979656ed062461313d" member_type: VOTER last_known_addr { host: "127.10.145.194" port: 44799 } } peers { permanent_uuid: "6d294431a3ca4a6ea2d8bada5464e4e2" member_type: VOTER last_known_addr { host: "127.10.145.195" port: 43525 } }
I20260709 13:16:48.133868 10854 catalog_manager.cc:5697] T 86fb94eeca3741b8ad7688e2f085efb5 P 6d294431a3ca4a6ea2d8bada5464e4e2 reported cstate change: term changed from 0 to 1, leader changed from <none> to 6d294431a3ca4a6ea2d8bada5464e4e2 (127.10.145.195). New cstate: current_term: 1 leader_uuid: "6d294431a3ca4a6ea2d8bada5464e4e2" committed_config { opid_index: -1 OBSOLETE_local: false peers { permanent_uuid: "96b84931229e4966ac175ef56945e27c" member_type: VOTER last_known_addr { host: "127.10.145.193" port: 41845 } health_report { overall_health: UNKNOWN } } peers { permanent_uuid: "5e597284b8784d979656ed062461313d" member_type: VOTER last_known_addr { host: "127.10.145.194" port: 44799 } health_report { overall_health: UNKNOWN } } peers { permanent_uuid: "6d294431a3ca4a6ea2d8bada5464e4e2" member_type: VOTER last_known_addr { host: "127.10.145.195" port: 43525 } health_report { overall_health: HEALTHY } } }
I20260709 13:16:48.135169 11150 raft_consensus.cc:385] T 5cbd6f784d5743eeaf6f72c8d2973e13 P 6d294431a3ca4a6ea2d8bada5464e4e2 [term 0 FOLLOWER]: Consensus starting up: Expiring failure detector timer to make a prompt election more likely
I20260709 13:16:48.135488 11150 raft_consensus.cc:740] T 5cbd6f784d5743eeaf6f72c8d2973e13 P 6d294431a3ca4a6ea2d8bada5464e4e2 [term 0 FOLLOWER]: Becoming Follower/Learner. State: Replica: 6d294431a3ca4a6ea2d8bada5464e4e2, State: Initialized, Role: FOLLOWER
I20260709 13:16:48.136272 11150 consensus_queue.cc:260] T 5cbd6f784d5743eeaf6f72c8d2973e13 P 6d294431a3ca4a6ea2d8bada5464e4e2 [NON_LEADER]: Queue going to NON_LEADER mode. State: All replicated index: 0, Majority replicated index: 0, Committed index: 0, Last appended: 0.0, Last appended by leader: 0, Current term: 0, Majority size: -1, State: 0, Mode: NON_LEADER, active raft config: opid_index: -1 OBSOLETE_local: false peers { permanent_uuid: "96b84931229e4966ac175ef56945e27c" member_type: VOTER last_known_addr { host: "127.10.145.193" port: 41845 } } peers { permanent_uuid: "5e597284b8784d979656ed062461313d" member_type: VOTER last_known_addr { host: "127.10.145.194" port: 44799 } } peers { permanent_uuid: "6d294431a3ca4a6ea2d8bada5464e4e2" member_type: VOTER last_known_addr { host: "127.10.145.195" port: 43525 } }
I20260709 13:16:48.154327 11158 raft_consensus.cc:493] T 55e4beadc4544696b144b897b3470f14 P 96b84931229e4966ac175ef56945e27c [term 0 FOLLOWER]: Starting pre-election (no leader contacted us within the election timeout)
I20260709 13:16:48.154999 11158 raft_consensus.cc:515] T 55e4beadc4544696b144b897b3470f14 P 96b84931229e4966ac175ef56945e27c [term 0 FOLLOWER]: Starting pre-election with config: opid_index: -1 OBSOLETE_local: false peers { permanent_uuid: "96b84931229e4966ac175ef56945e27c" member_type: VOTER last_known_addr { host: "127.10.145.193" port: 41845 } } peers { permanent_uuid: "5e597284b8784d979656ed062461313d" member_type: VOTER last_known_addr { host: "127.10.145.194" port: 44799 } } peers { permanent_uuid: "6d294431a3ca4a6ea2d8bada5464e4e2" member_type: VOTER last_known_addr { host: "127.10.145.195" port: 43525 } }
I20260709 13:16:48.157641 11158 leader_election.cc:290] T 55e4beadc4544696b144b897b3470f14 P 96b84931229e4966ac175ef56945e27c [CANDIDATE]: Term 1 pre-election: Requested pre-vote from peers 5e597284b8784d979656ed062461313d (127.10.145.194:44799), 6d294431a3ca4a6ea2d8bada5464e4e2 (127.10.145.195:43525)
I20260709 13:16:48.169186 11150 ts_tablet_manager.cc:1434] T 5cbd6f784d5743eeaf6f72c8d2973e13 P 6d294431a3ca4a6ea2d8bada5464e4e2: Time spent starting tablet: real 0.079s	user 0.007s	sys 0.000s
I20260709 13:16:48.170589 11169 raft_consensus.cc:493] T 55e4beadc4544696b144b897b3470f14 P 6d294431a3ca4a6ea2d8bada5464e4e2 [term 0 FOLLOWER]: Starting pre-election (no leader contacted us within the election timeout)
I20260709 13:16:48.171257 11169 raft_consensus.cc:515] T 55e4beadc4544696b144b897b3470f14 P 6d294431a3ca4a6ea2d8bada5464e4e2 [term 0 FOLLOWER]: Starting pre-election with config: opid_index: -1 OBSOLETE_local: false peers { permanent_uuid: "96b84931229e4966ac175ef56945e27c" member_type: VOTER last_known_addr { host: "127.10.145.193" port: 41845 } } peers { permanent_uuid: "5e597284b8784d979656ed062461313d" member_type: VOTER last_known_addr { host: "127.10.145.194" port: 44799 } } peers { permanent_uuid: "6d294431a3ca4a6ea2d8bada5464e4e2" member_type: VOTER last_known_addr { host: "127.10.145.195" port: 43525 } }
I20260709 13:16:48.174105 11169 leader_election.cc:290] T 55e4beadc4544696b144b897b3470f14 P 6d294431a3ca4a6ea2d8bada5464e4e2 [CANDIDATE]: Term 1 pre-election: Requested pre-vote from peers 96b84931229e4966ac175ef56945e27c (127.10.145.193:41845), 5e597284b8784d979656ed062461313d (127.10.145.194:44799)
I20260709 13:16:48.175200 10958 tablet_service.cc:1917] Received RequestConsensusVote() RPC: tablet_id: "55e4beadc4544696b144b897b3470f14" candidate_uuid: "6d294431a3ca4a6ea2d8bada5464e4e2" candidate_term: 1 candidate_status { last_received { term: 0 index: 0 } } ignore_live_leader: false dest_uuid: "96b84931229e4966ac175ef56945e27c" is_pre_election: true
I20260709 13:16:48.175861 10958 raft_consensus.cc:2468] T 55e4beadc4544696b144b897b3470f14 P 96b84931229e4966ac175ef56945e27c [term 0 FOLLOWER]: Leader pre-election vote request: Granting yes vote for candidate 6d294431a3ca4a6ea2d8bada5464e4e2 in term 0.
I20260709 13:16:48.176885 11033 tablet_service.cc:1917] Received RequestConsensusVote() RPC: tablet_id: "55e4beadc4544696b144b897b3470f14" candidate_uuid: "6d294431a3ca4a6ea2d8bada5464e4e2" candidate_term: 1 candidate_status { last_received { term: 0 index: 0 } } ignore_live_leader: false dest_uuid: "5e597284b8784d979656ed062461313d" is_pre_election: true
I20260709 13:16:48.177736 11158 raft_consensus.cc:493] T 19a5c0e961b84c24a8975fcc2389953d P 96b84931229e4966ac175ef56945e27c [term 0 FOLLOWER]: Starting pre-election (no leader contacted us within the election timeout)
I20260709 13:16:48.178192 11158 raft_consensus.cc:515] T 19a5c0e961b84c24a8975fcc2389953d P 96b84931229e4966ac175ef56945e27c [term 0 FOLLOWER]: Starting pre-election with config: opid_index: -1 OBSOLETE_local: false peers { permanent_uuid: "96b84931229e4966ac175ef56945e27c" member_type: VOTER last_known_addr { host: "127.10.145.193" port: 41845 } } peers { permanent_uuid: "5e597284b8784d979656ed062461313d" member_type: VOTER last_known_addr { host: "127.10.145.194" port: 44799 } } peers { permanent_uuid: "6d294431a3ca4a6ea2d8bada5464e4e2" member_type: VOTER last_known_addr { host: "127.10.145.195" port: 43525 } }
W20260709 13:16:48.178858 11073 leader_election.cc:343] T 55e4beadc4544696b144b897b3470f14 P 6d294431a3ca4a6ea2d8bada5464e4e2 [CANDIDATE]: Term 1 pre-election: Tablet error from VoteRequest() call to peer 5e597284b8784d979656ed062461313d (127.10.145.194:44799): Illegal state: must be running to vote when last-logged opid is not known
I20260709 13:16:48.179651 11071 leader_election.cc:304] T 55e4beadc4544696b144b897b3470f14 P 6d294431a3ca4a6ea2d8bada5464e4e2 [CANDIDATE]: Term 1 pre-election: Election decided. Result: candidate won. Election summary: received 3 responses out of 3 voters: 2 yes votes; 1 no votes. yes voters: 6d294431a3ca4a6ea2d8bada5464e4e2, 96b84931229e4966ac175ef56945e27c; no voters: 5e597284b8784d979656ed062461313d
I20260709 13:16:48.180464 11169 raft_consensus.cc:2804] T 55e4beadc4544696b144b897b3470f14 P 6d294431a3ca4a6ea2d8bada5464e4e2 [term 0 FOLLOWER]: Leader pre-election won for term 1
I20260709 13:16:48.180850 11169 raft_consensus.cc:493] T 55e4beadc4544696b144b897b3470f14 P 6d294431a3ca4a6ea2d8bada5464e4e2 [term 0 FOLLOWER]: Starting leader election (no leader contacted us within the election timeout)
I20260709 13:16:48.181196 11169 raft_consensus.cc:3060] T 55e4beadc4544696b144b897b3470f14 P 6d294431a3ca4a6ea2d8bada5464e4e2 [term 0 FOLLOWER]: Advancing to term 1
I20260709 13:16:48.180203 11158 leader_election.cc:290] T 19a5c0e961b84c24a8975fcc2389953d P 96b84931229e4966ac175ef56945e27c [CANDIDATE]: Term 1 pre-election: Requested pre-vote from peers 5e597284b8784d979656ed062461313d (127.10.145.194:44799), 6d294431a3ca4a6ea2d8bada5464e4e2 (127.10.145.195:43525)
I20260709 13:16:48.198673 11150 tablet_bootstrap.cc:492] T 1745a6ed307342eeace8b8de6dfa9db0 P 6d294431a3ca4a6ea2d8bada5464e4e2: Bootstrap starting.
I20260709 13:16:48.203665 11169 raft_consensus.cc:515] T 55e4beadc4544696b144b897b3470f14 P 6d294431a3ca4a6ea2d8bada5464e4e2 [term 1 FOLLOWER]: Starting leader election with config: opid_index: -1 OBSOLETE_local: false peers { permanent_uuid: "96b84931229e4966ac175ef56945e27c" member_type: VOTER last_known_addr { host: "127.10.145.193" port: 41845 } } peers { permanent_uuid: "5e597284b8784d979656ed062461313d" member_type: VOTER last_known_addr { host: "127.10.145.194" port: 44799 } } peers { permanent_uuid: "6d294431a3ca4a6ea2d8bada5464e4e2" member_type: VOTER last_known_addr { host: "127.10.145.195" port: 43525 } }
I20260709 13:16:48.206313 11169 leader_election.cc:290] T 55e4beadc4544696b144b897b3470f14 P 6d294431a3ca4a6ea2d8bada5464e4e2 [CANDIDATE]: Term 1 election: Requested vote from peers 96b84931229e4966ac175ef56945e27c (127.10.145.193:41845), 5e597284b8784d979656ed062461313d (127.10.145.194:44799)
I20260709 13:16:48.208330 10958 tablet_service.cc:1917] Received RequestConsensusVote() RPC: tablet_id: "55e4beadc4544696b144b897b3470f14" candidate_uuid: "6d294431a3ca4a6ea2d8bada5464e4e2" candidate_term: 1 candidate_status { last_received { term: 0 index: 0 } } ignore_live_leader: false dest_uuid: "96b84931229e4966ac175ef56945e27c"
I20260709 13:16:48.215464 11150 tablet_bootstrap.cc:654] T 1745a6ed307342eeace8b8de6dfa9db0 P 6d294431a3ca4a6ea2d8bada5464e4e2: Neither blocks nor log segments found. Creating new log.
I20260709 13:16:48.209995 11152 ts_tablet_manager.cc:1434] T 19a5c0e961b84c24a8975fcc2389953d P 96b84931229e4966ac175ef56945e27c: Time spent starting tablet: real 0.121s	user 0.032s	sys 0.048s
I20260709 13:16:48.208671 11033 tablet_service.cc:1917] Received RequestConsensusVote() RPC: tablet_id: "55e4beadc4544696b144b897b3470f14" candidate_uuid: "6d294431a3ca4a6ea2d8bada5464e4e2" candidate_term: 1 candidate_status { last_received { term: 0 index: 0 } } ignore_live_leader: false dest_uuid: "5e597284b8784d979656ed062461313d"
I20260709 13:16:48.211753 11153 tablet_bootstrap.cc:492] T 55e4beadc4544696b144b897b3470f14 P 5e597284b8784d979656ed062461313d: No bootstrap required, opened a new log
I20260709 13:16:48.217583 11152 tablet_bootstrap.cc:492] T f3d3707ca2de4fc89fbbf199bd01c122 P 96b84931229e4966ac175ef56945e27c: Bootstrap starting.
W20260709 13:16:48.220170 11073 leader_election.cc:343] T 55e4beadc4544696b144b897b3470f14 P 6d294431a3ca4a6ea2d8bada5464e4e2 [CANDIDATE]: Term 1 election: Tablet error from VoteRequest() call to peer 5e597284b8784d979656ed062461313d (127.10.145.194:44799): Illegal state: must be running to vote when last-logged opid is not known
I20260709 13:16:48.215236 10958 raft_consensus.cc:3060] T 55e4beadc4544696b144b897b3470f14 P 96b84931229e4966ac175ef56945e27c [term 0 FOLLOWER]: Advancing to term 1
I20260709 13:16:48.224356 11152 tablet_bootstrap.cc:654] T f3d3707ca2de4fc89fbbf199bd01c122 P 96b84931229e4966ac175ef56945e27c: Neither blocks nor log segments found. Creating new log.
I20260709 13:16:48.217564 11153 ts_tablet_manager.cc:1403] T 55e4beadc4544696b144b897b3470f14 P 5e597284b8784d979656ed062461313d: Time spent bootstrapping tablet: real 0.095s	user 0.043s	sys 0.026s
I20260709 13:16:48.228621 11107 tablet_service.cc:1917] Received RequestConsensusVote() RPC: tablet_id: "8df1855beb074a3690ee9c0ac6477a84" candidate_uuid: "96b84931229e4966ac175ef56945e27c" candidate_term: 1 candidate_status { last_received { term: 0 index: 0 } } ignore_live_leader: false dest_uuid: "6d294431a3ca4a6ea2d8bada5464e4e2" is_pre_election: true
I20260709 13:16:48.229400 11107 raft_consensus.cc:2468] T 8df1855beb074a3690ee9c0ac6477a84 P 6d294431a3ca4a6ea2d8bada5464e4e2 [term 0 FOLLOWER]: Leader pre-election vote request: Granting yes vote for candidate 96b84931229e4966ac175ef56945e27c in term 0.
I20260709 13:16:48.230779 11106 tablet_service.cc:1917] Received RequestConsensusVote() RPC: tablet_id: "55e4beadc4544696b144b897b3470f14" candidate_uuid: "96b84931229e4966ac175ef56945e27c" candidate_term: 1 candidate_status { last_received { term: 0 index: 0 } } ignore_live_leader: false dest_uuid: "6d294431a3ca4a6ea2d8bada5464e4e2" is_pre_election: true
I20260709 13:16:48.228997 11153 raft_consensus.cc:359] T 55e4beadc4544696b144b897b3470f14 P 5e597284b8784d979656ed062461313d [term 0 FOLLOWER]: Replica starting. Triggering 0 pending ops. Active config: opid_index: -1 OBSOLETE_local: false peers { permanent_uuid: "96b84931229e4966ac175ef56945e27c" member_type: VOTER last_known_addr { host: "127.10.145.193" port: 41845 } } peers { permanent_uuid: "5e597284b8784d979656ed062461313d" member_type: VOTER last_known_addr { host: "127.10.145.194" port: 44799 } } peers { permanent_uuid: "6d294431a3ca4a6ea2d8bada5464e4e2" member_type: VOTER last_known_addr { host: "127.10.145.195" port: 43525 } }
I20260709 13:16:48.232188 11106 raft_consensus.cc:2393] T 55e4beadc4544696b144b897b3470f14 P 6d294431a3ca4a6ea2d8bada5464e4e2 [term 1 FOLLOWER]: Leader pre-election vote request: Denying vote to candidate 96b84931229e4966ac175ef56945e27c in current term 1: Already voted for candidate 6d294431a3ca4a6ea2d8bada5464e4e2 in this term.
I20260709 13:16:48.232375 11153 raft_consensus.cc:385] T 55e4beadc4544696b144b897b3470f14 P 5e597284b8784d979656ed062461313d [term 0 FOLLOWER]: Consensus starting up: Expiring failure detector timer to make a prompt election more likely
I20260709 13:16:48.232774 11153 raft_consensus.cc:740] T 55e4beadc4544696b144b897b3470f14 P 5e597284b8784d979656ed062461313d [term 0 FOLLOWER]: Becoming Follower/Learner. State: Replica: 5e597284b8784d979656ed062461313d, State: Initialized, Role: FOLLOWER
I20260709 13:16:48.232939 11105 tablet_service.cc:1917] Received RequestConsensusVote() RPC: tablet_id: "19a5c0e961b84c24a8975fcc2389953d" candidate_uuid: "96b84931229e4966ac175ef56945e27c" candidate_term: 1 candidate_status { last_received { term: 0 index: 0 } } ignore_live_leader: false dest_uuid: "6d294431a3ca4a6ea2d8bada5464e4e2" is_pre_election: true
I20260709 13:16:48.234148 11105 raft_consensus.cc:2468] T 19a5c0e961b84c24a8975fcc2389953d P 6d294431a3ca4a6ea2d8bada5464e4e2 [term 0 FOLLOWER]: Leader pre-election vote request: Granting yes vote for candidate 96b84931229e4966ac175ef56945e27c in term 0.
I20260709 13:16:48.234342 11153 consensus_queue.cc:260] T 55e4beadc4544696b144b897b3470f14 P 5e597284b8784d979656ed062461313d [NON_LEADER]: Queue going to NON_LEADER mode. State: All replicated index: 0, Majority replicated index: 0, Committed index: 0, Last appended: 0.0, Last appended by leader: 0, Current term: 0, Majority size: -1, State: 0, Mode: NON_LEADER, active raft config: opid_index: -1 OBSOLETE_local: false peers { permanent_uuid: "96b84931229e4966ac175ef56945e27c" member_type: VOTER last_known_addr { host: "127.10.145.193" port: 41845 } } peers { permanent_uuid: "5e597284b8784d979656ed062461313d" member_type: VOTER last_known_addr { host: "127.10.145.194" port: 44799 } } peers { permanent_uuid: "6d294431a3ca4a6ea2d8bada5464e4e2" member_type: VOTER last_known_addr { host: "127.10.145.195" port: 43525 } }
I20260709 13:16:48.233320 11150 tablet_bootstrap.cc:492] T 1745a6ed307342eeace8b8de6dfa9db0 P 6d294431a3ca4a6ea2d8bada5464e4e2: No bootstrap required, opened a new log
I20260709 13:16:48.235543 11150 ts_tablet_manager.cc:1403] T 1745a6ed307342eeace8b8de6dfa9db0 P 6d294431a3ca4a6ea2d8bada5464e4e2: Time spent bootstrapping tablet: real 0.065s	user 0.020s	sys 0.004s
I20260709 13:16:48.235257 10922 leader_election.cc:304] T 8df1855beb074a3690ee9c0ac6477a84 P 96b84931229e4966ac175ef56945e27c [CANDIDATE]: Term 1 pre-election: Election decided. Result: candidate won. Election summary: received 2 responses out of 3 voters: 2 yes votes; 0 no votes. yes voters: 6d294431a3ca4a6ea2d8bada5464e4e2, 96b84931229e4966ac175ef56945e27c; no voters: 
I20260709 13:16:48.236795 11153 ts_tablet_manager.cc:1434] T 55e4beadc4544696b144b897b3470f14 P 5e597284b8784d979656ed062461313d: Time spent starting tablet: real 0.011s	user 0.002s	sys 0.003s
I20260709 13:16:48.237746 11153 tablet_bootstrap.cc:492] T 19a5c0e961b84c24a8975fcc2389953d P 5e597284b8784d979656ed062461313d: Bootstrap starting.
I20260709 13:16:48.238837 11150 raft_consensus.cc:359] T 1745a6ed307342eeace8b8de6dfa9db0 P 6d294431a3ca4a6ea2d8bada5464e4e2 [term 0 FOLLOWER]: Replica starting. Triggering 0 pending ops. Active config: opid_index: -1 OBSOLETE_local: false peers { permanent_uuid: "96b84931229e4966ac175ef56945e27c" member_type: VOTER last_known_addr { host: "127.10.145.193" port: 41845 } } peers { permanent_uuid: "5e597284b8784d979656ed062461313d" member_type: VOTER last_known_addr { host: "127.10.145.194" port: 44799 } } peers { permanent_uuid: "6d294431a3ca4a6ea2d8bada5464e4e2" member_type: VOTER last_known_addr { host: "127.10.145.195" port: 43525 } }
I20260709 13:16:48.239107 10922 leader_election.cc:304] T 19a5c0e961b84c24a8975fcc2389953d P 96b84931229e4966ac175ef56945e27c [CANDIDATE]: Term 1 pre-election: Election decided. Result: candidate won. Election summary: received 2 responses out of 3 voters: 2 yes votes; 0 no votes. yes voters: 6d294431a3ca4a6ea2d8bada5464e4e2, 96b84931229e4966ac175ef56945e27c; no voters: 
I20260709 13:16:48.239665 11150 raft_consensus.cc:385] T 1745a6ed307342eeace8b8de6dfa9db0 P 6d294431a3ca4a6ea2d8bada5464e4e2 [term 0 FOLLOWER]: Consensus starting up: Expiring failure detector timer to make a prompt election more likely
I20260709 13:16:48.240044 11150 raft_consensus.cc:740] T 1745a6ed307342eeace8b8de6dfa9db0 P 6d294431a3ca4a6ea2d8bada5464e4e2 [term 0 FOLLOWER]: Becoming Follower/Learner. State: Replica: 6d294431a3ca4a6ea2d8bada5464e4e2, State: Initialized, Role: FOLLOWER
I20260709 13:16:48.242456 10958 raft_consensus.cc:2468] T 55e4beadc4544696b144b897b3470f14 P 96b84931229e4966ac175ef56945e27c [term 1 FOLLOWER]: Leader election vote request: Granting yes vote for candidate 6d294431a3ca4a6ea2d8bada5464e4e2 in term 1.
I20260709 13:16:48.243661 11071 leader_election.cc:304] T 55e4beadc4544696b144b897b3470f14 P 6d294431a3ca4a6ea2d8bada5464e4e2 [CANDIDATE]: Term 1 election: Election decided. Result: candidate won. Election summary: received 3 responses out of 3 voters: 2 yes votes; 1 no votes. yes voters: 6d294431a3ca4a6ea2d8bada5464e4e2, 96b84931229e4966ac175ef56945e27c; no voters: 5e597284b8784d979656ed062461313d
I20260709 13:16:48.244455 11169 raft_consensus.cc:2804] T 55e4beadc4544696b144b897b3470f14 P 6d294431a3ca4a6ea2d8bada5464e4e2 [term 1 FOLLOWER]: Leader election won for term 1
I20260709 13:16:48.241719 11150 consensus_queue.cc:260] T 1745a6ed307342eeace8b8de6dfa9db0 P 6d294431a3ca4a6ea2d8bada5464e4e2 [NON_LEADER]: Queue going to NON_LEADER mode. State: All replicated index: 0, Majority replicated index: 0, Committed index: 0, Last appended: 0.0, Last appended by leader: 0, Current term: 0, Majority size: -1, State: 0, Mode: NON_LEADER, active raft config: opid_index: -1 OBSOLETE_local: false peers { permanent_uuid: "96b84931229e4966ac175ef56945e27c" member_type: VOTER last_known_addr { host: "127.10.145.193" port: 41845 } } peers { permanent_uuid: "5e597284b8784d979656ed062461313d" member_type: VOTER last_known_addr { host: "127.10.145.194" port: 44799 } } peers { permanent_uuid: "6d294431a3ca4a6ea2d8bada5464e4e2" member_type: VOTER last_known_addr { host: "127.10.145.195" port: 43525 } }
I20260709 13:16:48.244901 11169 raft_consensus.cc:697] T 55e4beadc4544696b144b897b3470f14 P 6d294431a3ca4a6ea2d8bada5464e4e2 [term 1 LEADER]: Becoming Leader. State: Replica: 6d294431a3ca4a6ea2d8bada5464e4e2, State: Running, Role: LEADER
I20260709 13:16:48.245319 11158 raft_consensus.cc:2804] T 8df1855beb074a3690ee9c0ac6477a84 P 96b84931229e4966ac175ef56945e27c [term 0 FOLLOWER]: Leader pre-election won for term 1
I20260709 13:16:48.245725 11158 raft_consensus.cc:493] T 8df1855beb074a3690ee9c0ac6477a84 P 96b84931229e4966ac175ef56945e27c [term 0 FOLLOWER]: Starting leader election (no leader contacted us within the election timeout)
I20260709 13:16:48.246155 11158 raft_consensus.cc:3060] T 8df1855beb074a3690ee9c0ac6477a84 P 96b84931229e4966ac175ef56945e27c [term 0 FOLLOWER]: Advancing to term 1
I20260709 13:16:48.245771 11169 consensus_queue.cc:237] T 55e4beadc4544696b144b897b3470f14 P 6d294431a3ca4a6ea2d8bada5464e4e2 [LEADER]: Queue going to LEADER mode. State: All replicated index: 0, Majority replicated index: 0, Committed index: 0, Last appended: 0.0, Last appended by leader: 0, Current term: 1, Majority size: 2, State: 0, Mode: LEADER, active raft config: opid_index: -1 OBSOLETE_local: false peers { permanent_uuid: "96b84931229e4966ac175ef56945e27c" member_type: VOTER last_known_addr { host: "127.10.145.193" port: 41845 } } peers { permanent_uuid: "5e597284b8784d979656ed062461313d" member_type: VOTER last_known_addr { host: "127.10.145.194" port: 44799 } } peers { permanent_uuid: "6d294431a3ca4a6ea2d8bada5464e4e2" member_type: VOTER last_known_addr { host: "127.10.145.195" port: 43525 } }
I20260709 13:16:48.246789 11150 ts_tablet_manager.cc:1434] T 1745a6ed307342eeace8b8de6dfa9db0 P 6d294431a3ca4a6ea2d8bada5464e4e2: Time spent starting tablet: real 0.011s	user 0.002s	sys 0.005s
I20260709 13:16:48.247785 11150 tablet_bootstrap.cc:492] T 6dd74b09fd854c57b5190fe5cae709ca P 6d294431a3ca4a6ea2d8bada5464e4e2: Bootstrap starting.
I20260709 13:16:48.257009 11183 raft_consensus.cc:2804] T 19a5c0e961b84c24a8975fcc2389953d P 96b84931229e4966ac175ef56945e27c [term 0 FOLLOWER]: Leader pre-election won for term 1
I20260709 13:16:48.257614 11183 raft_consensus.cc:493] T 19a5c0e961b84c24a8975fcc2389953d P 96b84931229e4966ac175ef56945e27c [term 0 FOLLOWER]: Starting leader election (no leader contacted us within the election timeout)
I20260709 13:16:48.258013 11183 raft_consensus.cc:3060] T 19a5c0e961b84c24a8975fcc2389953d P 96b84931229e4966ac175ef56945e27c [term 0 FOLLOWER]: Advancing to term 1
I20260709 13:16:48.264449 11160 raft_consensus.cc:493] T 55e4beadc4544696b144b897b3470f14 P 5e597284b8784d979656ed062461313d [term 0 FOLLOWER]: Starting pre-election (no leader contacted us within the election timeout)
I20260709 13:16:48.265097 11160 raft_consensus.cc:515] T 55e4beadc4544696b144b897b3470f14 P 5e597284b8784d979656ed062461313d [term 0 FOLLOWER]: Starting pre-election with config: opid_index: -1 OBSOLETE_local: false peers { permanent_uuid: "96b84931229e4966ac175ef56945e27c" member_type: VOTER last_known_addr { host: "127.10.145.193" port: 41845 } } peers { permanent_uuid: "5e597284b8784d979656ed062461313d" member_type: VOTER last_known_addr { host: "127.10.145.194" port: 44799 } } peers { permanent_uuid: "6d294431a3ca4a6ea2d8bada5464e4e2" member_type: VOTER last_known_addr { host: "127.10.145.195" port: 43525 } }
I20260709 13:16:48.266438 11150 tablet_bootstrap.cc:654] T 6dd74b09fd854c57b5190fe5cae709ca P 6d294431a3ca4a6ea2d8bada5464e4e2: Neither blocks nor log segments found. Creating new log.
I20260709 13:16:48.267334 11153 tablet_bootstrap.cc:654] T 19a5c0e961b84c24a8975fcc2389953d P 5e597284b8784d979656ed062461313d: Neither blocks nor log segments found. Creating new log.
I20260709 13:16:48.270272 11160 leader_election.cc:290] T 55e4beadc4544696b144b897b3470f14 P 5e597284b8784d979656ed062461313d [CANDIDATE]: Term 1 pre-election: Requested pre-vote from peers 96b84931229e4966ac175ef56945e27c (127.10.145.193:41845), 6d294431a3ca4a6ea2d8bada5464e4e2 (127.10.145.195:43525)
I20260709 13:16:48.281522 11192 raft_consensus.cc:493] T 5cbd6f784d5743eeaf6f72c8d2973e13 P 96b84931229e4966ac175ef56945e27c [term 0 FOLLOWER]: Starting pre-election (no leader contacted us within the election timeout)
I20260709 13:16:48.282269 11192 raft_consensus.cc:515] T 5cbd6f784d5743eeaf6f72c8d2973e13 P 96b84931229e4966ac175ef56945e27c [term 0 FOLLOWER]: Starting pre-election with config: opid_index: -1 OBSOLETE_local: false peers { permanent_uuid: "96b84931229e4966ac175ef56945e27c" member_type: VOTER last_known_addr { host: "127.10.145.193" port: 41845 } } peers { permanent_uuid: "5e597284b8784d979656ed062461313d" member_type: VOTER last_known_addr { host: "127.10.145.194" port: 44799 } } peers { permanent_uuid: "6d294431a3ca4a6ea2d8bada5464e4e2" member_type: VOTER last_known_addr { host: "127.10.145.195" port: 43525 } }
I20260709 13:16:48.284588 11031 tablet_service.cc:1917] Received RequestConsensusVote() RPC: tablet_id: "55e4beadc4544696b144b897b3470f14" candidate_uuid: "96b84931229e4966ac175ef56945e27c" candidate_term: 1 candidate_status { last_received { term: 0 index: 0 } } ignore_live_leader: false dest_uuid: "5e597284b8784d979656ed062461313d" is_pre_election: true
I20260709 13:16:48.285377 11031 raft_consensus.cc:2468] T 55e4beadc4544696b144b897b3470f14 P 5e597284b8784d979656ed062461313d [term 0 FOLLOWER]: Leader pre-election vote request: Granting yes vote for candidate 96b84931229e4966ac175ef56945e27c in term 0.
I20260709 13:16:48.286938 11150 tablet_bootstrap.cc:492] T 6dd74b09fd854c57b5190fe5cae709ca P 6d294431a3ca4a6ea2d8bada5464e4e2: No bootstrap required, opened a new log
I20260709 13:16:48.287392 11150 ts_tablet_manager.cc:1403] T 6dd74b09fd854c57b5190fe5cae709ca P 6d294431a3ca4a6ea2d8bada5464e4e2: Time spent bootstrapping tablet: real 0.040s	user 0.004s	sys 0.009s
I20260709 13:16:48.286657 11032 tablet_service.cc:1917] Received RequestConsensusVote() RPC: tablet_id: "19a5c0e961b84c24a8975fcc2389953d" candidate_uuid: "96b84931229e4966ac175ef56945e27c" candidate_term: 1 candidate_status { last_received { term: 0 index: 0 } } ignore_live_leader: false dest_uuid: "5e597284b8784d979656ed062461313d" is_pre_election: true
I20260709 13:16:48.288627 11033 tablet_service.cc:1917] Received RequestConsensusVote() RPC: tablet_id: "8df1855beb074a3690ee9c0ac6477a84" candidate_uuid: "96b84931229e4966ac175ef56945e27c" candidate_term: 1 candidate_status { last_received { term: 0 index: 0 } } ignore_live_leader: false dest_uuid: "5e597284b8784d979656ed062461313d" is_pre_election: true
I20260709 13:16:48.291235 11196 raft_consensus.cc:493] T 6dd74b09fd854c57b5190fe5cae709ca P 96b84931229e4966ac175ef56945e27c [term 0 FOLLOWER]: Starting pre-election (no leader contacted us within the election timeout)
I20260709 13:16:48.290990 10924 leader_election.cc:304] T 55e4beadc4544696b144b897b3470f14 P 96b84931229e4966ac175ef56945e27c [CANDIDATE]: Term 1 pre-election: Election decided. Result: candidate won. Election summary: received 3 responses out of 3 voters: 2 yes votes; 1 no votes. yes voters: 5e597284b8784d979656ed062461313d, 96b84931229e4966ac175ef56945e27c; no voters: 6d294431a3ca4a6ea2d8bada5464e4e2
I20260709 13:16:48.291556 11192 leader_election.cc:290] T 5cbd6f784d5743eeaf6f72c8d2973e13 P 96b84931229e4966ac175ef56945e27c [CANDIDATE]: Term 1 pre-election: Requested pre-vote from peers 5e597284b8784d979656ed062461313d (127.10.145.194:44799), 6d294431a3ca4a6ea2d8bada5464e4e2 (127.10.145.195:43525)
I20260709 13:16:48.295495 11192 raft_consensus.cc:2764] T 55e4beadc4544696b144b897b3470f14 P 96b84931229e4966ac175ef56945e27c [term 1 FOLLOWER]: Leader pre-election decision vote started in defunct term 0: won
I20260709 13:16:48.289868 11150 raft_consensus.cc:359] T 6dd74b09fd854c57b5190fe5cae709ca P 6d294431a3ca4a6ea2d8bada5464e4e2 [term 0 FOLLOWER]: Replica starting. Triggering 0 pending ops. Active config: opid_index: -1 OBSOLETE_local: false peers { permanent_uuid: "96b84931229e4966ac175ef56945e27c" member_type: VOTER last_known_addr { host: "127.10.145.193" port: 41845 } } peers { permanent_uuid: "5e597284b8784d979656ed062461313d" member_type: VOTER last_known_addr { host: "127.10.145.194" port: 44799 } } peers { permanent_uuid: "6d294431a3ca4a6ea2d8bada5464e4e2" member_type: VOTER last_known_addr { host: "127.10.145.195" port: 43525 } }
I20260709 13:16:48.292750 11105 tablet_service.cc:1917] Received RequestConsensusVote() RPC: tablet_id: "5cbd6f784d5743eeaf6f72c8d2973e13" candidate_uuid: "96b84931229e4966ac175ef56945e27c" candidate_term: 1 candidate_status { last_received { term: 0 index: 0 } } ignore_live_leader: false dest_uuid: "6d294431a3ca4a6ea2d8bada5464e4e2" is_pre_election: true
I20260709 13:16:48.297508 11105 raft_consensus.cc:2468] T 5cbd6f784d5743eeaf6f72c8d2973e13 P 6d294431a3ca4a6ea2d8bada5464e4e2 [term 0 FOLLOWER]: Leader pre-election vote request: Granting yes vote for candidate 96b84931229e4966ac175ef56945e27c in term 0.
I20260709 13:16:48.298323 11150 raft_consensus.cc:385] T 6dd74b09fd854c57b5190fe5cae709ca P 6d294431a3ca4a6ea2d8bada5464e4e2 [term 0 FOLLOWER]: Consensus starting up: Expiring failure detector timer to make a prompt election more likely
I20260709 13:16:48.299860 11150 raft_consensus.cc:740] T 6dd74b09fd854c57b5190fe5cae709ca P 6d294431a3ca4a6ea2d8bada5464e4e2 [term 0 FOLLOWER]: Becoming Follower/Learner. State: Replica: 6d294431a3ca4a6ea2d8bada5464e4e2, State: Initialized, Role: FOLLOWER
I20260709 13:16:48.299786 10922 leader_election.cc:304] T 5cbd6f784d5743eeaf6f72c8d2973e13 P 96b84931229e4966ac175ef56945e27c [CANDIDATE]: Term 1 pre-election: Election decided. Result: candidate won. Election summary: received 2 responses out of 3 voters: 2 yes votes; 0 no votes. yes voters: 6d294431a3ca4a6ea2d8bada5464e4e2, 96b84931229e4966ac175ef56945e27c; no voters: 
I20260709 13:16:48.298797 11196 raft_consensus.cc:515] T 6dd74b09fd854c57b5190fe5cae709ca P 96b84931229e4966ac175ef56945e27c [term 0 FOLLOWER]: Starting pre-election with config: opid_index: -1 OBSOLETE_local: false peers { permanent_uuid: "96b84931229e4966ac175ef56945e27c" member_type: VOTER last_known_addr { host: "127.10.145.193" port: 41845 } } peers { permanent_uuid: "5e597284b8784d979656ed062461313d" member_type: VOTER last_known_addr { host: "127.10.145.194" port: 44799 } } peers { permanent_uuid: "6d294431a3ca4a6ea2d8bada5464e4e2" member_type: VOTER last_known_addr { host: "127.10.145.195" port: 43525 } }
I20260709 13:16:48.293727 11158 raft_consensus.cc:515] T 8df1855beb074a3690ee9c0ac6477a84 P 96b84931229e4966ac175ef56945e27c [term 1 FOLLOWER]: Starting leader election with config: opid_index: -1 OBSOLETE_local: false peers { permanent_uuid: "6d294431a3ca4a6ea2d8bada5464e4e2" member_type: VOTER last_known_addr { host: "127.10.145.195" port: 43525 } } peers { permanent_uuid: "5e597284b8784d979656ed062461313d" member_type: VOTER last_known_addr { host: "127.10.145.194" port: 44799 } } peers { permanent_uuid: "96b84931229e4966ac175ef56945e27c" member_type: VOTER last_known_addr { host: "127.10.145.193" port: 41845 } }
I20260709 13:16:48.302927 11192 raft_consensus.cc:2804] T 5cbd6f784d5743eeaf6f72c8d2973e13 P 96b84931229e4966ac175ef56945e27c [term 0 FOLLOWER]: Leader pre-election won for term 1
I20260709 13:16:48.303669 11192 raft_consensus.cc:493] T 5cbd6f784d5743eeaf6f72c8d2973e13 P 96b84931229e4966ac175ef56945e27c [term 0 FOLLOWER]: Starting leader election (no leader contacted us within the election timeout)
I20260709 13:16:48.304059 11192 raft_consensus.cc:3060] T 5cbd6f784d5743eeaf6f72c8d2973e13 P 96b84931229e4966ac175ef56945e27c [term 0 FOLLOWER]: Advancing to term 1
I20260709 13:16:48.305262 11105 tablet_service.cc:1917] Received RequestConsensusVote() RPC: tablet_id: "8df1855beb074a3690ee9c0ac6477a84" candidate_uuid: "96b84931229e4966ac175ef56945e27c" candidate_term: 1 candidate_status { last_received { term: 0 index: 0 } } ignore_live_leader: false dest_uuid: "6d294431a3ca4a6ea2d8bada5464e4e2"
I20260709 13:16:48.305830 11105 raft_consensus.cc:3060] T 8df1855beb074a3690ee9c0ac6477a84 P 6d294431a3ca4a6ea2d8bada5464e4e2 [term 0 FOLLOWER]: Advancing to term 1
I20260709 13:16:48.310992 11158 leader_election.cc:290] T 8df1855beb074a3690ee9c0ac6477a84 P 96b84931229e4966ac175ef56945e27c [CANDIDATE]: Term 1 election: Requested vote from peers 6d294431a3ca4a6ea2d8bada5464e4e2 (127.10.145.195:43525), 5e597284b8784d979656ed062461313d (127.10.145.194:44799)
I20260709 13:16:48.312783 11105 raft_consensus.cc:2468] T 8df1855beb074a3690ee9c0ac6477a84 P 6d294431a3ca4a6ea2d8bada5464e4e2 [term 1 FOLLOWER]: Leader election vote request: Granting yes vote for candidate 96b84931229e4966ac175ef56945e27c in term 1.
I20260709 13:16:48.313971 10922 leader_election.cc:304] T 8df1855beb074a3690ee9c0ac6477a84 P 96b84931229e4966ac175ef56945e27c [CANDIDATE]: Term 1 election: Election decided. Result: candidate won. Election summary: received 2 responses out of 3 voters: 2 yes votes; 0 no votes. yes voters: 6d294431a3ca4a6ea2d8bada5464e4e2, 96b84931229e4966ac175ef56945e27c; no voters: 
I20260709 13:16:48.316609 11196 leader_election.cc:290] T 6dd74b09fd854c57b5190fe5cae709ca P 96b84931229e4966ac175ef56945e27c [CANDIDATE]: Term 1 pre-election: Requested pre-vote from peers 5e597284b8784d979656ed062461313d (127.10.145.194:44799), 6d294431a3ca4a6ea2d8bada5464e4e2 (127.10.145.195:43525)
I20260709 13:16:48.324292 11196 raft_consensus.cc:2804] T 8df1855beb074a3690ee9c0ac6477a84 P 96b84931229e4966ac175ef56945e27c [term 1 FOLLOWER]: Leader election won for term 1
I20260709 13:16:48.319886 11153 tablet_bootstrap.cc:492] T 19a5c0e961b84c24a8975fcc2389953d P 5e597284b8784d979656ed062461313d: No bootstrap required, opened a new log
