I20260709 13:17:01.177130 17485 tablet_bootstrap.cc:492] T c58d6f583bbe4ce6bfef376158c5ff57 P 296e299c1c2e418a9ec25c98593b413f: No bootstrap required, opened a new log
I20260709 13:17:01.180181 17485 ts_tablet_manager.cc:1403] T c58d6f583bbe4ce6bfef376158c5ff57 P 296e299c1c2e418a9ec25c98593b413f: Time spent bootstrapping tablet: real 0.161s	user 0.016s	sys 0.014s
I20260709 13:17:01.180763 17674 consensus_queue.cc:237] T 06ca9e49212e4c6fb5d7efe3e8fed106 P 296e299c1c2e418a9ec25c98593b413f [LEADER]: Queue going to LEADER mode. State: All replicated index: 0, Majority replicated index: 0, Committed index: 0, Last appended: 0.0, Last appended by leader: 0, Current term: 1, Majority size: 2, State: 0, Mode: LEADER, active raft config: opid_index: -1 OBSOLETE_local: false peers { permanent_uuid: "f31534ab8f834fc090b650ff2876301c" member_type: VOTER last_known_addr { host: "127.15.207.65" port: 37659 } } peers { permanent_uuid: "c3446e6e8ec94a2595a9c560f501d65c" member_type: VOTER last_known_addr { host: "127.15.207.66" port: 38871 } } peers { permanent_uuid: "296e299c1c2e418a9ec25c98593b413f" member_type: VOTER last_known_addr { host: "127.15.207.67" port: 41797 } }
I20260709 13:17:01.182554 17444 tablet_service.cc:1917] Received RequestConsensusVote() RPC: tablet_id: "9cb8e5d1b37f43c5b8aebc1bccc50eff" candidate_uuid: "f31534ab8f834fc090b650ff2876301c" candidate_term: 1 candidate_status { last_received { term: 0 index: 0 } } ignore_live_leader: false dest_uuid: "296e299c1c2e418a9ec25c98593b413f"
I20260709 13:17:01.183106 17444 raft_consensus.cc:3060] T 9cb8e5d1b37f43c5b8aebc1bccc50eff P 296e299c1c2e418a9ec25c98593b413f [term 0 FOLLOWER]: Advancing to term 1
I20260709 13:17:01.185911 17371 raft_consensus.cc:3060] T 9cb8e5d1b37f43c5b8aebc1bccc50eff P c3446e6e8ec94a2595a9c560f501d65c [term 0 FOLLOWER]: Advancing to term 1
I20260709 13:17:01.186820 17673 consensus_queue.cc:1048] T 22de733f6036426faaeb2f40a5842f2c P 296e299c1c2e418a9ec25c98593b413f [LEADER]: Connected to new peer: Peer: permanent_uuid: "c3446e6e8ec94a2595a9c560f501d65c" member_type: VOTER last_known_addr { host: "127.15.207.66" port: 38871 }, Status: LMP_MISMATCH, Last received: 0.0, Next index: 1, Last known committed idx: 0, Time since last communication: 0.001s
I20260709 13:17:01.184188 17485 raft_consensus.cc:359] T c58d6f583bbe4ce6bfef376158c5ff57 P 296e299c1c2e418a9ec25c98593b413f [term 0 FOLLOWER]: Replica starting. Triggering 0 pending ops. Active config: opid_index: -1 OBSOLETE_local: false peers { permanent_uuid: "f31534ab8f834fc090b650ff2876301c" member_type: VOTER last_known_addr { host: "127.15.207.65" port: 37659 } } peers { permanent_uuid: "c3446e6e8ec94a2595a9c560f501d65c" member_type: VOTER last_known_addr { host: "127.15.207.66" port: 38871 } } peers { permanent_uuid: "296e299c1c2e418a9ec25c98593b413f" member_type: VOTER last_known_addr { host: "127.15.207.67" port: 41797 } }
I20260709 13:17:01.197970 17485 raft_consensus.cc:385] T c58d6f583bbe4ce6bfef376158c5ff57 P 296e299c1c2e418a9ec25c98593b413f [term 0 FOLLOWER]: Consensus starting up: Expiring failure detector timer to make a prompt election more likely
I20260709 13:17:01.197559 17720 leader_election.cc:290] T 6b3acf93b95a4e12a89d614980af4439 P f31534ab8f834fc090b650ff2876301c [CANDIDATE]: Term 1 election: Requested vote from peers c3446e6e8ec94a2595a9c560f501d65c (127.15.207.66:38871), 296e299c1c2e418a9ec25c98593b413f (127.15.207.67:41797)
I20260709 13:17:01.198294 17485 raft_consensus.cc:740] T c58d6f583bbe4ce6bfef376158c5ff57 P 296e299c1c2e418a9ec25c98593b413f [term 0 FOLLOWER]: Becoming Follower/Learner. State: Replica: 296e299c1c2e418a9ec25c98593b413f, State: Initialized, Role: FOLLOWER
I20260709 13:17:01.198279 17370 tablet_service.cc:1917] Received RequestConsensusVote() RPC: tablet_id: "6b3acf93b95a4e12a89d614980af4439" candidate_uuid: "f31534ab8f834fc090b650ff2876301c" candidate_term: 1 candidate_status { last_received { term: 0 index: 0 } } ignore_live_leader: false dest_uuid: "c3446e6e8ec94a2595a9c560f501d65c"
I20260709 13:17:01.214694 17371 raft_consensus.cc:2468] T 9cb8e5d1b37f43c5b8aebc1bccc50eff P c3446e6e8ec94a2595a9c560f501d65c [term 1 FOLLOWER]: Leader election vote request: Granting yes vote for candidate f31534ab8f834fc090b650ff2876301c in term 1.
I20260709 13:17:01.251948 17485 consensus_queue.cc:260] T c58d6f583bbe4ce6bfef376158c5ff57 P 296e299c1c2e418a9ec25c98593b413f [NON_LEADER]: Queue going to NON_LEADER mode. State: All replicated index: 0, Majority replicated index: 0, Committed index: 0, Last appended: 0.0, Last appended by leader: 0, Current term: 0, Majority size: -1, State: 0, Mode: NON_LEADER, active raft config: opid_index: -1 OBSOLETE_local: false peers { permanent_uuid: "f31534ab8f834fc090b650ff2876301c" member_type: VOTER last_known_addr { host: "127.15.207.65" port: 37659 } } peers { permanent_uuid: "c3446e6e8ec94a2595a9c560f501d65c" member_type: VOTER last_known_addr { host: "127.15.207.66" port: 38871 } } peers { permanent_uuid: "296e299c1c2e418a9ec25c98593b413f" member_type: VOTER last_known_addr { host: "127.15.207.67" port: 41797 } }
I20260709 13:17:01.254041 17262 leader_election.cc:304] T 9cb8e5d1b37f43c5b8aebc1bccc50eff P f31534ab8f834fc090b650ff2876301c [CANDIDATE]: Term 1 election: Election decided. Result: candidate won. Election summary: received 2 responses out of 3 voters: 2 yes votes; 0 no votes. yes voters: c3446e6e8ec94a2595a9c560f501d65c, f31534ab8f834fc090b650ff2876301c; no voters: 
I20260709 13:17:01.254853 17581 raft_consensus.cc:2804] T 9cb8e5d1b37f43c5b8aebc1bccc50eff P f31534ab8f834fc090b650ff2876301c [term 1 FOLLOWER]: Leader election won for term 1
W20260709 13:17:01.235500 17242 auto_rebalancer.cc:288] Could not retrieve cluster info: Service unavailable: Tablet not running
I20260709 13:17:01.252264 17370 raft_consensus.cc:3060] T 6b3acf93b95a4e12a89d614980af4439 P c3446e6e8ec94a2595a9c560f501d65c [term 0 FOLLOWER]: Advancing to term 1
I20260709 13:17:01.259325 17487 raft_consensus.cc:359] T a658eb66347a496ea2adedcadb2f2448 P f31534ab8f834fc090b650ff2876301c [term 0 FOLLOWER]: Replica starting. Triggering 0 pending ops. Active config: opid_index: -1 OBSOLETE_local: false peers { permanent_uuid: "f31534ab8f834fc090b650ff2876301c" member_type: VOTER last_known_addr { host: "127.15.207.65" port: 37659 } } peers { permanent_uuid: "c3446e6e8ec94a2595a9c560f501d65c" member_type: VOTER last_known_addr { host: "127.15.207.66" port: 38871 } } peers { permanent_uuid: "296e299c1c2e418a9ec25c98593b413f" member_type: VOTER last_known_addr { host: "127.15.207.67" port: 41797 } }
I20260709 13:17:01.260948 17487 raft_consensus.cc:385] T a658eb66347a496ea2adedcadb2f2448 P f31534ab8f834fc090b650ff2876301c [term 0 FOLLOWER]: Consensus starting up: Expiring failure detector timer to make a prompt election more likely
I20260709 13:17:01.261227 17487 raft_consensus.cc:740] T a658eb66347a496ea2adedcadb2f2448 P f31534ab8f834fc090b650ff2876301c [term 0 FOLLOWER]: Becoming Follower/Learner. State: Replica: f31534ab8f834fc090b650ff2876301c, State: Initialized, Role: FOLLOWER
I20260709 13:17:01.261808 17487 consensus_queue.cc:260] T a658eb66347a496ea2adedcadb2f2448 P f31534ab8f834fc090b650ff2876301c [NON_LEADER]: Queue going to NON_LEADER mode. State: All replicated index: 0, Majority replicated index: 0, Committed index: 0, Last appended: 0.0, Last appended by leader: 0, Current term: 0, Majority size: -1, State: 0, Mode: NON_LEADER, active raft config: opid_index: -1 OBSOLETE_local: false peers { permanent_uuid: "f31534ab8f834fc090b650ff2876301c" member_type: VOTER last_known_addr { host: "127.15.207.65" port: 37659 } } peers { permanent_uuid: "c3446e6e8ec94a2595a9c560f501d65c" member_type: VOTER last_known_addr { host: "127.15.207.66" port: 38871 } } peers { permanent_uuid: "296e299c1c2e418a9ec25c98593b413f" member_type: VOTER last_known_addr { host: "127.15.207.67" port: 41797 } }
I20260709 13:17:01.260004 17581 raft_consensus.cc:697] T 9cb8e5d1b37f43c5b8aebc1bccc50eff P f31534ab8f834fc090b650ff2876301c [term 1 LEADER]: Becoming Leader. State: Replica: f31534ab8f834fc090b650ff2876301c, State: Running, Role: LEADER
I20260709 13:17:01.263300 17492 raft_consensus.cc:493] T f66be43640d143478e0afa52b1c3ff25 P c3446e6e8ec94a2595a9c560f501d65c [term 0 FOLLOWER]: Starting pre-election (no leader contacted us within the election timeout)
I20260709 13:17:01.266049 17443 tablet_service.cc:1917] Received RequestConsensusVote() RPC: tablet_id: "6b3acf93b95a4e12a89d614980af4439" candidate_uuid: "f31534ab8f834fc090b650ff2876301c" candidate_term: 1 candidate_status { last_received { term: 0 index: 0 } } ignore_live_leader: false dest_uuid: "296e299c1c2e418a9ec25c98593b413f"
I20260709 13:17:01.266600 17443 raft_consensus.cc:3060] T 6b3acf93b95a4e12a89d614980af4439 P 296e299c1c2e418a9ec25c98593b413f [term 0 FOLLOWER]: Advancing to term 1
I20260709 13:17:01.266860 17370 raft_consensus.cc:2468] T 6b3acf93b95a4e12a89d614980af4439 P c3446e6e8ec94a2595a9c560f501d65c [term 1 FOLLOWER]: Leader election vote request: Granting yes vote for candidate f31534ab8f834fc090b650ff2876301c in term 1.
I20260709 13:17:01.269580 17262 leader_election.cc:304] T 6b3acf93b95a4e12a89d614980af4439 P f31534ab8f834fc090b650ff2876301c [CANDIDATE]: Term 1 election: Election decided. Result: candidate won. Election summary: received 2 responses out of 3 voters: 2 yes votes; 0 no votes. yes voters: c3446e6e8ec94a2595a9c560f501d65c, f31534ab8f834fc090b650ff2876301c; no voters: 
I20260709 13:17:01.270161 17492 raft_consensus.cc:515] T f66be43640d143478e0afa52b1c3ff25 P c3446e6e8ec94a2595a9c560f501d65c [term 0 FOLLOWER]: Starting pre-election with config: opid_index: -1 OBSOLETE_local: false peers { permanent_uuid: "f31534ab8f834fc090b650ff2876301c" member_type: VOTER last_known_addr { host: "127.15.207.65" port: 37659 } } peers { permanent_uuid: "c3446e6e8ec94a2595a9c560f501d65c" member_type: VOTER last_known_addr { host: "127.15.207.66" port: 38871 } } peers { permanent_uuid: "296e299c1c2e418a9ec25c98593b413f" member_type: VOTER last_known_addr { host: "127.15.207.67" port: 41797 } }
I20260709 13:17:01.270744 17535 raft_consensus.cc:2804] T 6b3acf93b95a4e12a89d614980af4439 P f31534ab8f834fc090b650ff2876301c [term 1 FOLLOWER]: Leader election won for term 1
I20260709 13:17:01.271199 17535 raft_consensus.cc:697] T 6b3acf93b95a4e12a89d614980af4439 P f31534ab8f834fc090b650ff2876301c [term 1 LEADER]: Becoming Leader. State: Replica: f31534ab8f834fc090b650ff2876301c, State: Running, Role: LEADER
I20260709 13:17:01.272172 17492 leader_election.cc:290] T f66be43640d143478e0afa52b1c3ff25 P c3446e6e8ec94a2595a9c560f501d65c [CANDIDATE]: Term 1 pre-election: Requested pre-vote from peers f31534ab8f834fc090b650ff2876301c (127.15.207.65:37659), 296e299c1c2e418a9ec25c98593b413f (127.15.207.67:41797)
I20260709 13:17:01.271965 17535 consensus_queue.cc:237] T 6b3acf93b95a4e12a89d614980af4439 P f31534ab8f834fc090b650ff2876301c [LEADER]: Queue going to LEADER mode. State: All replicated index: 0, Majority replicated index: 0, Committed index: 0, Last appended: 0.0, Last appended by leader: 0, Current term: 1, Majority size: 2, State: 0, Mode: LEADER, active raft config: opid_index: -1 OBSOLETE_local: false peers { permanent_uuid: "f31534ab8f834fc090b650ff2876301c" member_type: VOTER last_known_addr { host: "127.15.207.65" port: 37659 } } peers { permanent_uuid: "c3446e6e8ec94a2595a9c560f501d65c" member_type: VOTER last_known_addr { host: "127.15.207.66" port: 38871 } } peers { permanent_uuid: "296e299c1c2e418a9ec25c98593b413f" member_type: VOTER last_known_addr { host: "127.15.207.67" port: 41797 } }
I20260709 13:17:01.273861 17293 tablet_service.cc:1917] Received RequestConsensusVote() RPC: tablet_id: "f66be43640d143478e0afa52b1c3ff25" candidate_uuid: "c3446e6e8ec94a2595a9c560f501d65c" candidate_term: 1 candidate_status { last_received { term: 0 index: 0 } } ignore_live_leader: false dest_uuid: "f31534ab8f834fc090b650ff2876301c" is_pre_election: true
I20260709 13:17:01.274513 17293 raft_consensus.cc:2468] T f66be43640d143478e0afa52b1c3ff25 P f31534ab8f834fc090b650ff2876301c [term 0 FOLLOWER]: Leader pre-election vote request: Granting yes vote for candidate c3446e6e8ec94a2595a9c560f501d65c in term 0.
I20260709 13:17:01.201524 17444 raft_consensus.cc:2468] T 9cb8e5d1b37f43c5b8aebc1bccc50eff P 296e299c1c2e418a9ec25c98593b413f [term 1 FOLLOWER]: Leader election vote request: Granting yes vote for candidate f31534ab8f834fc090b650ff2876301c in term 1.
I20260709 13:17:01.279901 17442 tablet_service.cc:1917] Received RequestConsensusVote() RPC: tablet_id: "f66be43640d143478e0afa52b1c3ff25" candidate_uuid: "c3446e6e8ec94a2595a9c560f501d65c" candidate_term: 1 candidate_status { last_received { term: 0 index: 0 } } ignore_live_leader: false dest_uuid: "296e299c1c2e418a9ec25c98593b413f" is_pre_election: true
I20260709 13:17:01.276130 17336 leader_election.cc:304] T f66be43640d143478e0afa52b1c3ff25 P c3446e6e8ec94a2595a9c560f501d65c [CANDIDATE]: Term 1 pre-election: Election decided. Result: candidate won. Election summary: received 2 responses out of 3 voters: 2 yes votes; 0 no votes. yes voters: c3446e6e8ec94a2595a9c560f501d65c, f31534ab8f834fc090b650ff2876301c; no voters: 
I20260709 13:17:01.280206 17487 ts_tablet_manager.cc:1434] T a658eb66347a496ea2adedcadb2f2448 P f31534ab8f834fc090b650ff2876301c: Time spent starting tablet: real 0.101s	user 0.007s	sys 0.000s
I20260709 13:17:01.285472 17487 tablet_bootstrap.cc:492] T a0a599e5bf494a58b4f0021f36399b2d P f31534ab8f834fc090b650ff2876301c: Bootstrap starting.
I20260709 13:17:01.277971 17443 raft_consensus.cc:2468] T 6b3acf93b95a4e12a89d614980af4439 P 296e299c1c2e418a9ec25c98593b413f [term 1 FOLLOWER]: Leader election vote request: Granting yes vote for candidate f31534ab8f834fc090b650ff2876301c in term 1.
I20260709 13:17:01.260563 17485 ts_tablet_manager.cc:1434] T c58d6f583bbe4ce6bfef376158c5ff57 P 296e299c1c2e418a9ec25c98593b413f: Time spent starting tablet: real 0.080s	user 0.013s	sys 0.006s
I20260709 13:17:01.263209 17581 consensus_queue.cc:237] T 9cb8e5d1b37f43c5b8aebc1bccc50eff P f31534ab8f834fc090b650ff2876301c [LEADER]: Queue going to LEADER mode. State: All replicated index: 0, Majority replicated index: 0, Committed index: 0, Last appended: 0.0, Last appended by leader: 0, Current term: 1, Majority size: 2, State: 0, Mode: LEADER, active raft config: opid_index: -1 OBSOLETE_local: false peers { permanent_uuid: "f31534ab8f834fc090b650ff2876301c" member_type: VOTER last_known_addr { host: "127.15.207.65" port: 37659 } } peers { permanent_uuid: "c3446e6e8ec94a2595a9c560f501d65c" member_type: VOTER last_known_addr { host: "127.15.207.66" port: 38871 } } peers { permanent_uuid: "296e299c1c2e418a9ec25c98593b413f" member_type: VOTER last_known_addr { host: "127.15.207.67" port: 41797 } }
I20260709 13:17:01.289340 17486 tablet_bootstrap.cc:492] T 06ca9e49212e4c6fb5d7efe3e8fed106 P c3446e6e8ec94a2595a9c560f501d65c: No bootstrap required, opened a new log
I20260709 13:17:01.289768 17486 ts_tablet_manager.cc:1403] T 06ca9e49212e4c6fb5d7efe3e8fed106 P c3446e6e8ec94a2595a9c560f501d65c: Time spent bootstrapping tablet: real 0.218s	user 0.017s	sys 0.022s
I20260709 13:17:01.288332 17485 tablet_bootstrap.cc:492] T a0a599e5bf494a58b4f0021f36399b2d P 296e299c1c2e418a9ec25c98593b413f: Bootstrap starting.
I20260709 13:17:01.291113 17194 catalog_manager.cc:5697] T 06ca9e49212e4c6fb5d7efe3e8fed106 P 296e299c1c2e418a9ec25c98593b413f reported cstate change: term changed from 0 to 1, leader changed from <none> to 296e299c1c2e418a9ec25c98593b413f (127.15.207.67). New cstate: current_term: 1 leader_uuid: "296e299c1c2e418a9ec25c98593b413f" committed_config { opid_index: -1 OBSOLETE_local: false peers { permanent_uuid: "f31534ab8f834fc090b650ff2876301c" member_type: VOTER last_known_addr { host: "127.15.207.65" port: 37659 } health_report { overall_health: UNKNOWN } } peers { permanent_uuid: "c3446e6e8ec94a2595a9c560f501d65c" member_type: VOTER last_known_addr { host: "127.15.207.66" port: 38871 } health_report { overall_health: UNKNOWN } } peers { permanent_uuid: "296e299c1c2e418a9ec25c98593b413f" member_type: VOTER last_known_addr { host: "127.15.207.67" port: 41797 } health_report { overall_health: HEALTHY } } }
I20260709 13:17:01.292136 17486 raft_consensus.cc:359] T 06ca9e49212e4c6fb5d7efe3e8fed106 P c3446e6e8ec94a2595a9c560f501d65c [term 0 FOLLOWER]: Replica starting. Triggering 0 pending ops. Active config: opid_index: -1 OBSOLETE_local: false peers { permanent_uuid: "f31534ab8f834fc090b650ff2876301c" member_type: VOTER last_known_addr { host: "127.15.207.65" port: 37659 } } peers { permanent_uuid: "c3446e6e8ec94a2595a9c560f501d65c" member_type: VOTER last_known_addr { host: "127.15.207.66" port: 38871 } } peers { permanent_uuid: "296e299c1c2e418a9ec25c98593b413f" member_type: VOTER last_known_addr { host: "127.15.207.67" port: 41797 } }
I20260709 13:17:01.295029 17486 raft_consensus.cc:385] T 06ca9e49212e4c6fb5d7efe3e8fed106 P c3446e6e8ec94a2595a9c560f501d65c [term 0 FOLLOWER]: Consensus starting up: Expiring failure detector timer to make a prompt election more likely
I20260709 13:17:01.295277 17486 raft_consensus.cc:740] T 06ca9e49212e4c6fb5d7efe3e8fed106 P c3446e6e8ec94a2595a9c560f501d65c [term 0 FOLLOWER]: Becoming Follower/Learner. State: Replica: c3446e6e8ec94a2595a9c560f501d65c, State: Initialized, Role: FOLLOWER
I20260709 13:17:01.295914 17486 consensus_queue.cc:260] T 06ca9e49212e4c6fb5d7efe3e8fed106 P c3446e6e8ec94a2595a9c560f501d65c [NON_LEADER]: Queue going to NON_LEADER mode. State: All replicated index: 0, Majority replicated index: 0, Committed index: 0, Last appended: 0.0, Last appended by leader: 0, Current term: 0, Majority size: -1, State: 0, Mode: NON_LEADER, active raft config: opid_index: -1 OBSOLETE_local: false peers { permanent_uuid: "f31534ab8f834fc090b650ff2876301c" member_type: VOTER last_known_addr { host: "127.15.207.65" port: 37659 } } peers { permanent_uuid: "c3446e6e8ec94a2595a9c560f501d65c" member_type: VOTER last_known_addr { host: "127.15.207.66" port: 38871 } } peers { permanent_uuid: "296e299c1c2e418a9ec25c98593b413f" member_type: VOTER last_known_addr { host: "127.15.207.67" port: 41797 } }
W20260709 13:17:01.297595 17334 leader_election.cc:343] T f66be43640d143478e0afa52b1c3ff25 P c3446e6e8ec94a2595a9c560f501d65c [CANDIDATE]: Term 1 pre-election: Tablet error from VoteRequest() call to peer 296e299c1c2e418a9ec25c98593b413f (127.15.207.67:41797): Illegal state: must be running to vote when last-logged opid is not known
I20260709 13:17:01.284462 17492 raft_consensus.cc:2804] T f66be43640d143478e0afa52b1c3ff25 P c3446e6e8ec94a2595a9c560f501d65c [term 0 FOLLOWER]: Leader pre-election won for term 1
I20260709 13:17:01.300740 17492 raft_consensus.cc:493] T f66be43640d143478e0afa52b1c3ff25 P c3446e6e8ec94a2595a9c560f501d65c [term 0 FOLLOWER]: Starting leader election (no leader contacted us within the election timeout)
I20260709 13:17:01.304121 17492 raft_consensus.cc:3060] T f66be43640d143478e0afa52b1c3ff25 P c3446e6e8ec94a2595a9c560f501d65c [term 0 FOLLOWER]: Advancing to term 1
I20260709 13:17:01.305018 17672 consensus_queue.cc:1048] T b22b3f34d8224dd18af249cc660bfc6c P 296e299c1c2e418a9ec25c98593b413f [LEADER]: Connected to new peer: Peer: permanent_uuid: "f31534ab8f834fc090b650ff2876301c" member_type: VOTER last_known_addr { host: "127.15.207.65" port: 37659 }, Status: LMP_MISMATCH, Last received: 0.0, Next index: 1, Last known committed idx: 0, Time since last communication: 0.000s
I20260709 13:17:01.322459 17486 ts_tablet_manager.cc:1434] T 06ca9e49212e4c6fb5d7efe3e8fed106 P c3446e6e8ec94a2595a9c560f501d65c: Time spent starting tablet: real 0.032s	user 0.008s	sys 0.000s
I20260709 13:17:01.323177 17486 tablet_bootstrap.cc:492] T 5be985d2b48e43cfbb2edc79bf7c4ed1 P c3446e6e8ec94a2595a9c560f501d65c: Bootstrap starting.
I20260709 13:17:01.344969 17192 catalog_manager.cc:5697] T fdc9e92584d9415db113d27ca580562b P f31534ab8f834fc090b650ff2876301c reported cstate change: term changed from 0 to 1, leader changed from <none> to f31534ab8f834fc090b650ff2876301c (127.15.207.65). New cstate: current_term: 1 leader_uuid: "f31534ab8f834fc090b650ff2876301c" committed_config { opid_index: -1 OBSOLETE_local: false peers { permanent_uuid: "f31534ab8f834fc090b650ff2876301c" member_type: VOTER last_known_addr { host: "127.15.207.65" port: 37659 } health_report { overall_health: HEALTHY } } peers { permanent_uuid: "c3446e6e8ec94a2595a9c560f501d65c" member_type: VOTER last_known_addr { host: "127.15.207.66" port: 38871 } health_report { overall_health: UNKNOWN } } peers { permanent_uuid: "296e299c1c2e418a9ec25c98593b413f" member_type: VOTER last_known_addr { host: "127.15.207.67" port: 41797 } health_report { overall_health: UNKNOWN } } }
I20260709 13:17:01.363780 17486 tablet_bootstrap.cc:654] T 5be985d2b48e43cfbb2edc79bf7c4ed1 P c3446e6e8ec94a2595a9c560f501d65c: Neither blocks nor log segments found. Creating new log.
I20260709 13:17:01.367062 17487 tablet_bootstrap.cc:654] T a0a599e5bf494a58b4f0021f36399b2d P f31534ab8f834fc090b650ff2876301c: Neither blocks nor log segments found. Creating new log.
I20260709 13:17:01.374082 17485 tablet_bootstrap.cc:654] T a0a599e5bf494a58b4f0021f36399b2d P 296e299c1c2e418a9ec25c98593b413f: Neither blocks nor log segments found. Creating new log.
I20260709 13:17:01.375869 17672 consensus_queue.cc:1048] T b22b3f34d8224dd18af249cc660bfc6c P 296e299c1c2e418a9ec25c98593b413f [LEADER]: Connected to new peer: Peer: permanent_uuid: "c3446e6e8ec94a2595a9c560f501d65c" member_type: VOTER last_known_addr { host: "127.15.207.66" port: 38871 }, Status: LMP_MISMATCH, Last received: 0.0, Next index: 1, Last known committed idx: 0, Time since last communication: 0.000s
I20260709 13:17:01.383842 17492 raft_consensus.cc:515] T f66be43640d143478e0afa52b1c3ff25 P c3446e6e8ec94a2595a9c560f501d65c [term 1 FOLLOWER]: Starting leader election with config: opid_index: -1 OBSOLETE_local: false peers { permanent_uuid: "f31534ab8f834fc090b650ff2876301c" member_type: VOTER last_known_addr { host: "127.15.207.65" port: 37659 } } peers { permanent_uuid: "c3446e6e8ec94a2595a9c560f501d65c" member_type: VOTER last_known_addr { host: "127.15.207.66" port: 38871 } } peers { permanent_uuid: "296e299c1c2e418a9ec25c98593b413f" member_type: VOTER last_known_addr { host: "127.15.207.67" port: 41797 } }
I20260709 13:17:01.410094 17492 leader_election.cc:290] T f66be43640d143478e0afa52b1c3ff25 P c3446e6e8ec94a2595a9c560f501d65c [CANDIDATE]: Term 1 election: Requested vote from peers f31534ab8f834fc090b650ff2876301c (127.15.207.65:37659), 296e299c1c2e418a9ec25c98593b413f (127.15.207.67:41797)
I20260709 13:17:01.413630 17486 tablet_bootstrap.cc:492] T 5be985d2b48e43cfbb2edc79bf7c4ed1 P c3446e6e8ec94a2595a9c560f501d65c: No bootstrap required, opened a new log
I20260709 13:17:01.413960 17486 ts_tablet_manager.cc:1403] T 5be985d2b48e43cfbb2edc79bf7c4ed1 P c3446e6e8ec94a2595a9c560f501d65c: Time spent bootstrapping tablet: real 0.091s	user 0.021s	sys 0.006s
I20260709 13:17:01.423485 17294 tablet_service.cc:1917] Received RequestConsensusVote() RPC: tablet_id: "f66be43640d143478e0afa52b1c3ff25" candidate_uuid: "c3446e6e8ec94a2595a9c560f501d65c" candidate_term: 1 candidate_status { last_received { term: 0 index: 0 } } ignore_live_leader: false dest_uuid: "f31534ab8f834fc090b650ff2876301c"
I20260709 13:17:01.424060 17294 raft_consensus.cc:3060] T f66be43640d143478e0afa52b1c3ff25 P f31534ab8f834fc090b650ff2876301c [term 0 FOLLOWER]: Advancing to term 1
I20260709 13:17:01.425566 17445 tablet_service.cc:1917] Received RequestConsensusVote() RPC: tablet_id: "f66be43640d143478e0afa52b1c3ff25" candidate_uuid: "c3446e6e8ec94a2595a9c560f501d65c" candidate_term: 1 candidate_status { last_received { term: 0 index: 0 } } ignore_live_leader: false dest_uuid: "296e299c1c2e418a9ec25c98593b413f"
I20260709 13:17:01.426375 17487 tablet_bootstrap.cc:492] T a0a599e5bf494a58b4f0021f36399b2d P f31534ab8f834fc090b650ff2876301c: No bootstrap required, opened a new log
I20260709 13:17:01.426798 17487 ts_tablet_manager.cc:1403] T a0a599e5bf494a58b4f0021f36399b2d P f31534ab8f834fc090b650ff2876301c: Time spent bootstrapping tablet: real 0.142s	user 0.019s	sys 0.011s
W20260709 13:17:01.426851 17334 leader_election.cc:343] T f66be43640d143478e0afa52b1c3ff25 P c3446e6e8ec94a2595a9c560f501d65c [CANDIDATE]: Term 1 election: Tablet error from VoteRequest() call to peer 296e299c1c2e418a9ec25c98593b413f (127.15.207.67:41797): Illegal state: must be running to vote when last-logged opid is not known
I20260709 13:17:01.437390 17194 catalog_manager.cc:5697] T 9cb8e5d1b37f43c5b8aebc1bccc50eff P f31534ab8f834fc090b650ff2876301c reported cstate change: term changed from 0 to 1, leader changed from <none> to f31534ab8f834fc090b650ff2876301c (127.15.207.65). New cstate: current_term: 1 leader_uuid: "f31534ab8f834fc090b650ff2876301c" committed_config { opid_index: -1 OBSOLETE_local: false peers { permanent_uuid: "f31534ab8f834fc090b650ff2876301c" member_type: VOTER last_known_addr { host: "127.15.207.65" port: 37659 } health_report { overall_health: HEALTHY } } peers { permanent_uuid: "c3446e6e8ec94a2595a9c560f501d65c" member_type: VOTER last_known_addr { host: "127.15.207.66" port: 38871 } health_report { overall_health: UNKNOWN } } peers { permanent_uuid: "296e299c1c2e418a9ec25c98593b413f" member_type: VOTER last_known_addr { host: "127.15.207.67" port: 41797 } health_report { overall_health: UNKNOWN } } }
I20260709 13:17:01.433916 17294 raft_consensus.cc:2468] T f66be43640d143478e0afa52b1c3ff25 P f31534ab8f834fc090b650ff2876301c [term 1 FOLLOWER]: Leader election vote request: Granting yes vote for candidate c3446e6e8ec94a2595a9c560f501d65c in term 1.
I20260709 13:17:01.449075 17194 catalog_manager.cc:5697] T 6b3acf93b95a4e12a89d614980af4439 P f31534ab8f834fc090b650ff2876301c reported cstate change: term changed from 0 to 1, leader changed from <none> to f31534ab8f834fc090b650ff2876301c (127.15.207.65). New cstate: current_term: 1 leader_uuid: "f31534ab8f834fc090b650ff2876301c" committed_config { opid_index: -1 OBSOLETE_local: false peers { permanent_uuid: "f31534ab8f834fc090b650ff2876301c" member_type: VOTER last_known_addr { host: "127.15.207.65" port: 37659 } health_report { overall_health: HEALTHY } } peers { permanent_uuid: "c3446e6e8ec94a2595a9c560f501d65c" member_type: VOTER last_known_addr { host: "127.15.207.66" port: 38871 } health_report { overall_health: UNKNOWN } } peers { permanent_uuid: "296e299c1c2e418a9ec25c98593b413f" member_type: VOTER last_known_addr { host: "127.15.207.67" port: 41797 } health_report { overall_health: UNKNOWN } } }
I20260709 13:17:01.454058 17334 leader_election.cc:304] T f66be43640d143478e0afa52b1c3ff25 P c3446e6e8ec94a2595a9c560f501d65c [CANDIDATE]: Term 1 election: Election decided. Result: candidate won. Election summary: received 3 responses out of 3 voters: 2 yes votes; 1 no votes. yes voters: c3446e6e8ec94a2595a9c560f501d65c, f31534ab8f834fc090b650ff2876301c; no voters: 296e299c1c2e418a9ec25c98593b413f
I20260709 13:17:01.456945 17492 raft_consensus.cc:2804] T f66be43640d143478e0afa52b1c3ff25 P c3446e6e8ec94a2595a9c560f501d65c [term 1 FOLLOWER]: Leader election won for term 1
I20260709 13:17:01.457402 17492 raft_consensus.cc:697] T f66be43640d143478e0afa52b1c3ff25 P c3446e6e8ec94a2595a9c560f501d65c [term 1 LEADER]: Becoming Leader. State: Replica: c3446e6e8ec94a2595a9c560f501d65c, State: Running, Role: LEADER
I20260709 13:17:01.458186 17492 consensus_queue.cc:237] T f66be43640d143478e0afa52b1c3ff25 P c3446e6e8ec94a2595a9c560f501d65c [LEADER]: Queue going to LEADER mode. State: All replicated index: 0, Majority replicated index: 0, Committed index: 0, Last appended: 0.0, Last appended by leader: 0, Current term: 1, Majority size: 2, State: 0, Mode: LEADER, active raft config: opid_index: -1 OBSOLETE_local: false peers { permanent_uuid: "f31534ab8f834fc090b650ff2876301c" member_type: VOTER last_known_addr { host: "127.15.207.65" port: 37659 } } peers { permanent_uuid: "c3446e6e8ec94a2595a9c560f501d65c" member_type: VOTER last_known_addr { host: "127.15.207.66" port: 38871 } } peers { permanent_uuid: "296e299c1c2e418a9ec25c98593b413f" member_type: VOTER last_known_addr { host: "127.15.207.67" port: 41797 } }
I20260709 13:17:01.460680 17486 raft_consensus.cc:359] T 5be985d2b48e43cfbb2edc79bf7c4ed1 P c3446e6e8ec94a2595a9c560f501d65c [term 0 FOLLOWER]: Replica starting. Triggering 0 pending ops. Active config: opid_index: -1 OBSOLETE_local: false peers { permanent_uuid: "f31534ab8f834fc090b650ff2876301c" member_type: VOTER last_known_addr { host: "127.15.207.65" port: 37659 } } peers { permanent_uuid: "c3446e6e8ec94a2595a9c560f501d65c" member_type: VOTER last_known_addr { host: "127.15.207.66" port: 38871 } } peers { permanent_uuid: "296e299c1c2e418a9ec25c98593b413f" member_type: VOTER last_known_addr { host: "127.15.207.67" port: 41797 } }
I20260709 13:17:01.461318 17486 raft_consensus.cc:385] T 5be985d2b48e43cfbb2edc79bf7c4ed1 P c3446e6e8ec94a2595a9c560f501d65c [term 0 FOLLOWER]: Consensus starting up: Expiring failure detector timer to make a prompt election more likely
I20260709 13:17:01.461580 17486 raft_consensus.cc:740] T 5be985d2b48e43cfbb2edc79bf7c4ed1 P c3446e6e8ec94a2595a9c560f501d65c [term 0 FOLLOWER]: Becoming Follower/Learner. State: Replica: c3446e6e8ec94a2595a9c560f501d65c, State: Initialized, Role: FOLLOWER
I20260709 13:17:01.463243 17485 tablet_bootstrap.cc:492] T a0a599e5bf494a58b4f0021f36399b2d P 296e299c1c2e418a9ec25c98593b413f: No bootstrap required, opened a new log
I20260709 13:17:01.463095 17486 consensus_queue.cc:260] T 5be985d2b48e43cfbb2edc79bf7c4ed1 P c3446e6e8ec94a2595a9c560f501d65c [NON_LEADER]: Queue going to NON_LEADER mode. State: All replicated index: 0, Majority replicated index: 0, Committed index: 0, Last appended: 0.0, Last appended by leader: 0, Current term: 0, Majority size: -1, State: 0, Mode: NON_LEADER, active raft config: opid_index: -1 OBSOLETE_local: false peers { permanent_uuid: "f31534ab8f834fc090b650ff2876301c" member_type: VOTER last_known_addr { host: "127.15.207.65" port: 37659 } } peers { permanent_uuid: "c3446e6e8ec94a2595a9c560f501d65c" member_type: VOTER last_known_addr { host: "127.15.207.66" port: 38871 } } peers { permanent_uuid: "296e299c1c2e418a9ec25c98593b413f" member_type: VOTER last_known_addr { host: "127.15.207.67" port: 41797 } }
I20260709 13:17:01.463685 17485 ts_tablet_manager.cc:1403] T a0a599e5bf494a58b4f0021f36399b2d P 296e299c1c2e418a9ec25c98593b413f: Time spent bootstrapping tablet: real 0.176s	user 0.011s	sys 0.013s
I20260709 13:17:01.466241 17485 raft_consensus.cc:359] T a0a599e5bf494a58b4f0021f36399b2d P 296e299c1c2e418a9ec25c98593b413f [term 0 FOLLOWER]: Replica starting. Triggering 0 pending ops. Active config: opid_index: -1 OBSOLETE_local: false peers { permanent_uuid: "f31534ab8f834fc090b650ff2876301c" member_type: VOTER last_known_addr { host: "127.15.207.65" port: 37659 } } peers { permanent_uuid: "c3446e6e8ec94a2595a9c560f501d65c" member_type: VOTER last_known_addr { host: "127.15.207.66" port: 38871 } } peers { permanent_uuid: "296e299c1c2e418a9ec25c98593b413f" member_type: VOTER last_known_addr { host: "127.15.207.67" port: 41797 } }
I20260709 13:17:01.466851 17485 raft_consensus.cc:385] T a0a599e5bf494a58b4f0021f36399b2d P 296e299c1c2e418a9ec25c98593b413f [term 0 FOLLOWER]: Consensus starting up: Expiring failure detector timer to make a prompt election more likely
I20260709 13:17:01.467113 17485 raft_consensus.cc:740] T a0a599e5bf494a58b4f0021f36399b2d P 296e299c1c2e418a9ec25c98593b413f [term 0 FOLLOWER]: Becoming Follower/Learner. State: Replica: 296e299c1c2e418a9ec25c98593b413f, State: Initialized, Role: FOLLOWER
I20260709 13:17:01.467907 17486 ts_tablet_manager.cc:1434] T 5be985d2b48e43cfbb2edc79bf7c4ed1 P c3446e6e8ec94a2595a9c560f501d65c: Time spent starting tablet: real 0.054s	user 0.008s	sys 0.000s
I20260709 13:17:01.467738 17485 consensus_queue.cc:260] T a0a599e5bf494a58b4f0021f36399b2d P 296e299c1c2e418a9ec25c98593b413f [NON_LEADER]: Queue going to NON_LEADER mode. State: All replicated index: 0, Majority replicated index: 0, Committed index: 0, Last appended: 0.0, Last appended by leader: 0, Current term: 0, Majority size: -1, State: 0, Mode: NON_LEADER, active raft config: opid_index: -1 OBSOLETE_local: false peers { permanent_uuid: "f31534ab8f834fc090b650ff2876301c" member_type: VOTER last_known_addr { host: "127.15.207.65" port: 37659 } } peers { permanent_uuid: "c3446e6e8ec94a2595a9c560f501d65c" member_type: VOTER last_known_addr { host: "127.15.207.66" port: 38871 } } peers { permanent_uuid: "296e299c1c2e418a9ec25c98593b413f" member_type: VOTER last_known_addr { host: "127.15.207.67" port: 41797 } }
I20260709 13:17:01.468729 17486 tablet_bootstrap.cc:492] T c58d6f583bbe4ce6bfef376158c5ff57 P c3446e6e8ec94a2595a9c560f501d65c: Bootstrap starting.
I20260709 13:17:01.469616 17485 ts_tablet_manager.cc:1434] T a0a599e5bf494a58b4f0021f36399b2d P 296e299c1c2e418a9ec25c98593b413f: Time spent starting tablet: real 0.006s	user 0.003s	sys 0.001s
I20260709 13:17:01.470463 17485 tablet_bootstrap.cc:492] T f66be43640d143478e0afa52b1c3ff25 P 296e299c1c2e418a9ec25c98593b413f: Bootstrap starting.
I20260709 13:17:01.473575 17487 raft_consensus.cc:359] T a0a599e5bf494a58b4f0021f36399b2d P f31534ab8f834fc090b650ff2876301c [term 0 FOLLOWER]: Replica starting. Triggering 0 pending ops. Active config: opid_index: -1 OBSOLETE_local: false peers { permanent_uuid: "f31534ab8f834fc090b650ff2876301c" member_type: VOTER last_known_addr { host: "127.15.207.65" port: 37659 } } peers { permanent_uuid: "c3446e6e8ec94a2595a9c560f501d65c" member_type: VOTER last_known_addr { host: "127.15.207.66" port: 38871 } } peers { permanent_uuid: "296e299c1c2e418a9ec25c98593b413f" member_type: VOTER last_known_addr { host: "127.15.207.67" port: 41797 } }
I20260709 13:17:01.474244 17487 raft_consensus.cc:385] T a0a599e5bf494a58b4f0021f36399b2d P f31534ab8f834fc090b650ff2876301c [term 0 FOLLOWER]: Consensus starting up: Expiring failure detector timer to make a prompt election more likely
I20260709 13:17:01.474498 17487 raft_consensus.cc:740] T a0a599e5bf494a58b4f0021f36399b2d P f31534ab8f834fc090b650ff2876301c [term 0 FOLLOWER]: Becoming Follower/Learner. State: Replica: f31534ab8f834fc090b650ff2876301c, State: Initialized, Role: FOLLOWER
I20260709 13:17:01.475627 17485 tablet_bootstrap.cc:654] T f66be43640d143478e0afa52b1c3ff25 P 296e299c1c2e418a9ec25c98593b413f: Neither blocks nor log segments found. Creating new log.
I20260709 13:17:01.479303 17672 raft_consensus.cc:493] T a0a599e5bf494a58b4f0021f36399b2d P 296e299c1c2e418a9ec25c98593b413f [term 0 FOLLOWER]: Starting pre-election (no leader contacted us within the election timeout)
I20260709 13:17:01.481639 17672 raft_consensus.cc:515] T a0a599e5bf494a58b4f0021f36399b2d P 296e299c1c2e418a9ec25c98593b413f [term 0 FOLLOWER]: Starting pre-election with config: opid_index: -1 OBSOLETE_local: false peers { permanent_uuid: "f31534ab8f834fc090b650ff2876301c" member_type: VOTER last_known_addr { host: "127.15.207.65" port: 37659 } } peers { permanent_uuid: "c3446e6e8ec94a2595a9c560f501d65c" member_type: VOTER last_known_addr { host: "127.15.207.66" port: 38871 } } peers { permanent_uuid: "296e299c1c2e418a9ec25c98593b413f" member_type: VOTER last_known_addr { host: "127.15.207.67" port: 41797 } }
I20260709 13:17:01.484589 17294 tablet_service.cc:1917] Received RequestConsensusVote() RPC: tablet_id: "a0a599e5bf494a58b4f0021f36399b2d" candidate_uuid: "296e299c1c2e418a9ec25c98593b413f" candidate_term: 1 candidate_status { last_received { term: 0 index: 0 } } ignore_live_leader: false dest_uuid: "f31534ab8f834fc090b650ff2876301c" is_pre_election: true
I20260709 13:17:01.484910 17672 leader_election.cc:290] T a0a599e5bf494a58b4f0021f36399b2d P 296e299c1c2e418a9ec25c98593b413f [CANDIDATE]: Term 1 pre-election: Requested pre-vote from peers f31534ab8f834fc090b650ff2876301c (127.15.207.65:37659), c3446e6e8ec94a2595a9c560f501d65c (127.15.207.66:38871)
I20260709 13:17:01.485957 17369 tablet_service.cc:1917] Received RequestConsensusVote() RPC: tablet_id: "a0a599e5bf494a58b4f0021f36399b2d" candidate_uuid: "296e299c1c2e418a9ec25c98593b413f" candidate_term: 1 candidate_status { last_received { term: 0 index: 0 } } ignore_live_leader: false dest_uuid: "c3446e6e8ec94a2595a9c560f501d65c" is_pre_election: true
W20260709 13:17:01.487031 17411 leader_election.cc:343] T a0a599e5bf494a58b4f0021f36399b2d P 296e299c1c2e418a9ec25c98593b413f [CANDIDATE]: Term 1 pre-election: Tablet error from VoteRequest() call to peer c3446e6e8ec94a2595a9c560f501d65c (127.15.207.66:38871): Illegal state: must be running to vote when last-logged opid is not known
I20260709 13:17:01.487075 17487 consensus_queue.cc:260] T a0a599e5bf494a58b4f0021f36399b2d P f31534ab8f834fc090b650ff2876301c [NON_LEADER]: Queue going to NON_LEADER mode. State: All replicated index: 0, Majority replicated index: 0, Committed index: 0, Last appended: 0.0, Last appended by leader: 0, Current term: 0, Majority size: -1, State: 0, Mode: NON_LEADER, active raft config: opid_index: -1 OBSOLETE_local: false peers { permanent_uuid: "f31534ab8f834fc090b650ff2876301c" member_type: VOTER last_known_addr { host: "127.15.207.65" port: 37659 } } peers { permanent_uuid: "c3446e6e8ec94a2595a9c560f501d65c" member_type: VOTER last_known_addr { host: "127.15.207.66" port: 38871 } } peers { permanent_uuid: "296e299c1c2e418a9ec25c98593b413f" member_type: VOTER last_known_addr { host: "127.15.207.67" port: 41797 } }
I20260709 13:17:01.488068 17294 raft_consensus.cc:2468] T a0a599e5bf494a58b4f0021f36399b2d P f31534ab8f834fc090b650ff2876301c [term 0 FOLLOWER]: Leader pre-election vote request: Granting yes vote for candidate 296e299c1c2e418a9ec25c98593b413f in term 0.
I20260709 13:17:01.488976 17487 ts_tablet_manager.cc:1434] T a0a599e5bf494a58b4f0021f36399b2d P f31534ab8f834fc090b650ff2876301c: Time spent starting tablet: real 0.043s	user 0.005s	sys 0.000s
I20260709 13:17:01.489671 17487 tablet_bootstrap.cc:492] T c58d6f583bbe4ce6bfef376158c5ff57 P f31534ab8f834fc090b650ff2876301c: Bootstrap starting.
I20260709 13:17:01.490540 17410 leader_election.cc:304] T a0a599e5bf494a58b4f0021f36399b2d P 296e299c1c2e418a9ec25c98593b413f [CANDIDATE]: Term 1 pre-election: Election decided. Result: candidate won. Election summary: received 3 responses out of 3 voters: 2 yes votes; 1 no votes. yes voters: 296e299c1c2e418a9ec25c98593b413f, f31534ab8f834fc090b650ff2876301c; no voters: c3446e6e8ec94a2595a9c560f501d65c
I20260709 13:17:01.491312 17672 raft_consensus.cc:2804] T a0a599e5bf494a58b4f0021f36399b2d P 296e299c1c2e418a9ec25c98593b413f [term 0 FOLLOWER]: Leader pre-election won for term 1
I20260709 13:17:01.491750 17672 raft_consensus.cc:493] T a0a599e5bf494a58b4f0021f36399b2d P 296e299c1c2e418a9ec25c98593b413f [term 0 FOLLOWER]: Starting leader election (no leader contacted us within the election timeout)
I20260709 13:17:01.492173 17672 raft_consensus.cc:3060] T a0a599e5bf494a58b4f0021f36399b2d P 296e299c1c2e418a9ec25c98593b413f [term 0 FOLLOWER]: Advancing to term 1
I20260709 13:17:01.496414 17487 tablet_bootstrap.cc:654] T c58d6f583bbe4ce6bfef376158c5ff57 P f31534ab8f834fc090b650ff2876301c: Neither blocks nor log segments found. Creating new log.
I20260709 13:17:01.499262 17486 tablet_bootstrap.cc:654] T c58d6f583bbe4ce6bfef376158c5ff57 P c3446e6e8ec94a2595a9c560f501d65c: Neither blocks nor log segments found. Creating new log.
I20260709 13:17:01.499171 17672 raft_consensus.cc:515] T a0a599e5bf494a58b4f0021f36399b2d P 296e299c1c2e418a9ec25c98593b413f [term 1 FOLLOWER]: Starting leader election with config: opid_index: -1 OBSOLETE_local: false peers { permanent_uuid: "f31534ab8f834fc090b650ff2876301c" member_type: VOTER last_known_addr { host: "127.15.207.65" port: 37659 } } peers { permanent_uuid: "c3446e6e8ec94a2595a9c560f501d65c" member_type: VOTER last_known_addr { host: "127.15.207.66" port: 38871 } } peers { permanent_uuid: "296e299c1c2e418a9ec25c98593b413f" member_type: VOTER last_known_addr { host: "127.15.207.67" port: 41797 } }
I20260709 13:17:01.503458 17193 catalog_manager.cc:5697] T f66be43640d143478e0afa52b1c3ff25 P c3446e6e8ec94a2595a9c560f501d65c reported cstate change: term changed from 0 to 1, leader changed from <none> to c3446e6e8ec94a2595a9c560f501d65c (127.15.207.66). New cstate: current_term: 1 leader_uuid: "c3446e6e8ec94a2595a9c560f501d65c" committed_config { opid_index: -1 OBSOLETE_local: false peers { permanent_uuid: "f31534ab8f834fc090b650ff2876301c" member_type: VOTER last_known_addr { host: "127.15.207.65" port: 37659 } health_report { overall_health: UNKNOWN } } peers { permanent_uuid: "c3446e6e8ec94a2595a9c560f501d65c" member_type: VOTER last_known_addr { host: "127.15.207.66" port: 38871 } health_report { overall_health: HEALTHY } } peers { permanent_uuid: "296e299c1c2e418a9ec25c98593b413f" member_type: VOTER last_known_addr { host: "127.15.207.67" port: 41797 } health_report { overall_health: UNKNOWN } } }
I20260709 13:17:01.506480 17485 tablet_bootstrap.cc:492] T f66be43640d143478e0afa52b1c3ff25 P 296e299c1c2e418a9ec25c98593b413f: No bootstrap required, opened a new log
I20260709 13:17:01.506899 17485 ts_tablet_manager.cc:1403] T f66be43640d143478e0afa52b1c3ff25 P 296e299c1c2e418a9ec25c98593b413f: Time spent bootstrapping tablet: real 0.037s	user 0.011s	sys 0.000s
I20260709 13:17:01.508489 17672 leader_election.cc:290] T a0a599e5bf494a58b4f0021f36399b2d P 296e299c1c2e418a9ec25c98593b413f [CANDIDATE]: Term 1 election: Requested vote from peers f31534ab8f834fc090b650ff2876301c (127.15.207.65:37659), c3446e6e8ec94a2595a9c560f501d65c (127.15.207.66:38871)
I20260709 13:17:01.509383 17369 tablet_service.cc:1917] Received RequestConsensusVote() RPC: tablet_id: "a0a599e5bf494a58b4f0021f36399b2d" candidate_uuid: "296e299c1c2e418a9ec25c98593b413f" candidate_term: 1 candidate_status { last_received { term: 0 index: 0 } } ignore_live_leader: false dest_uuid: "c3446e6e8ec94a2595a9c560f501d65c"
I20260709 13:17:01.509704 17294 tablet_service.cc:1917] Received RequestConsensusVote() RPC: tablet_id: "a0a599e5bf494a58b4f0021f36399b2d" candidate_uuid: "296e299c1c2e418a9ec25c98593b413f" candidate_term: 1 candidate_status { last_received { term: 0 index: 0 } } ignore_live_leader: false dest_uuid: "f31534ab8f834fc090b650ff2876301c"
I20260709 13:17:01.510345 17294 raft_consensus.cc:3060] T a0a599e5bf494a58b4f0021f36399b2d P f31534ab8f834fc090b650ff2876301c [term 0 FOLLOWER]: Advancing to term 1
W20260709 13:17:01.510494 17411 leader_election.cc:343] T a0a599e5bf494a58b4f0021f36399b2d P 296e299c1c2e418a9ec25c98593b413f [CANDIDATE]: Term 1 election: Tablet error from VoteRequest() call to peer c3446e6e8ec94a2595a9c560f501d65c (127.15.207.66:38871): Illegal state: must be running to vote when last-logged opid is not known
I20260709 13:17:01.511049 17485 raft_consensus.cc:359] T f66be43640d143478e0afa52b1c3ff25 P 296e299c1c2e418a9ec25c98593b413f [term 0 FOLLOWER]: Replica starting. Triggering 0 pending ops. Active config: opid_index: -1 OBSOLETE_local: false peers { permanent_uuid: "f31534ab8f834fc090b650ff2876301c" member_type: VOTER last_known_addr { host: "127.15.207.65" port: 37659 } } peers { permanent_uuid: "c3446e6e8ec94a2595a9c560f501d65c" member_type: VOTER last_known_addr { host: "127.15.207.66" port: 38871 } } peers { permanent_uuid: "296e299c1c2e418a9ec25c98593b413f" member_type: VOTER last_known_addr { host: "127.15.207.67" port: 41797 } }
I20260709 13:17:01.511523 17485 raft_consensus.cc:385] T f66be43640d143478e0afa52b1c3ff25 P 296e299c1c2e418a9ec25c98593b413f [term 0 FOLLOWER]: Consensus starting up: Expiring failure detector timer to make a prompt election more likely
I20260709 13:17:01.511749 17485 raft_consensus.cc:740] T f66be43640d143478e0afa52b1c3ff25 P 296e299c1c2e418a9ec25c98593b413f [term 0 FOLLOWER]: Becoming Follower/Learner. State: Replica: 296e299c1c2e418a9ec25c98593b413f, State: Initialized, Role: FOLLOWER
I20260709 13:17:01.512347 17485 consensus_queue.cc:260] T f66be43640d143478e0afa52b1c3ff25 P 296e299c1c2e418a9ec25c98593b413f [NON_LEADER]: Queue going to NON_LEADER mode. State: All replicated index: 0, Majority replicated index: 0, Committed index: 0, Last appended: 0.0, Last appended by leader: 0, Current term: 0, Majority size: -1, State: 0, Mode: NON_LEADER, active raft config: opid_index: -1 OBSOLETE_local: false peers { permanent_uuid: "f31534ab8f834fc090b650ff2876301c" member_type: VOTER last_known_addr { host: "127.15.207.65" port: 37659 } } peers { permanent_uuid: "c3446e6e8ec94a2595a9c560f501d65c" member_type: VOTER last_known_addr { host: "127.15.207.66" port: 38871 } } peers { permanent_uuid: "296e299c1c2e418a9ec25c98593b413f" member_type: VOTER last_known_addr { host: "127.15.207.67" port: 41797 } }
I20260709 13:17:01.513927 17485 ts_tablet_manager.cc:1434] T f66be43640d143478e0afa52b1c3ff25 P 296e299c1c2e418a9ec25c98593b413f: Time spent starting tablet: real 0.007s	user 0.005s	sys 0.000s
I20260709 13:17:01.514700 17485 tablet_bootstrap.cc:492] T a658eb66347a496ea2adedcadb2f2448 P 296e299c1c2e418a9ec25c98593b413f: Bootstrap starting.
I20260709 13:17:01.516472 17294 raft_consensus.cc:2468] T a0a599e5bf494a58b4f0021f36399b2d P f31534ab8f834fc090b650ff2876301c [term 1 FOLLOWER]: Leader election vote request: Granting yes vote for candidate 296e299c1c2e418a9ec25c98593b413f in term 1.
I20260709 13:17:01.517588 17410 leader_election.cc:304] T a0a599e5bf494a58b4f0021f36399b2d P 296e299c1c2e418a9ec25c98593b413f [CANDIDATE]: Term 1 election: Election decided. Result: candidate won. Election summary: received 3 responses out of 3 voters: 2 yes votes; 1 no votes. yes voters: 296e299c1c2e418a9ec25c98593b413f, f31534ab8f834fc090b650ff2876301c; no voters: c3446e6e8ec94a2595a9c560f501d65c
I20260709 13:17:01.518325 17672 raft_consensus.cc:2804] T a0a599e5bf494a58b4f0021f36399b2d P 296e299c1c2e418a9ec25c98593b413f [term 1 FOLLOWER]: Leader election won for term 1
I20260709 13:17:01.518682 17485 tablet_bootstrap.cc:654] T a658eb66347a496ea2adedcadb2f2448 P 296e299c1c2e418a9ec25c98593b413f: Neither blocks nor log segments found. Creating new log.
I20260709 13:17:01.518805 17672 raft_consensus.cc:697] T a0a599e5bf494a58b4f0021f36399b2d P 296e299c1c2e418a9ec25c98593b413f [term 1 LEADER]: Becoming Leader. State: Replica: 296e299c1c2e418a9ec25c98593b413f, State: Running, Role: LEADER
I20260709 13:17:01.519578 17672 consensus_queue.cc:237] T a0a599e5bf494a58b4f0021f36399b2d P 296e299c1c2e418a9ec25c98593b413f [LEADER]: Queue going to LEADER mode. State: All replicated index: 0, Majority replicated index: 0, Committed index: 0, Last appended: 0.0, Last appended by leader: 0, Current term: 1, Majority size: 2, State: 0, Mode: LEADER, active raft config: opid_index: -1 OBSOLETE_local: false peers { permanent_uuid: "f31534ab8f834fc090b650ff2876301c" member_type: VOTER last_known_addr { host: "127.15.207.65" port: 37659 } } peers { permanent_uuid: "c3446e6e8ec94a2595a9c560f501d65c" member_type: VOTER last_known_addr { host: "127.15.207.66" port: 38871 } } peers { permanent_uuid: "296e299c1c2e418a9ec25c98593b413f" member_type: VOTER last_known_addr { host: "127.15.207.67" port: 41797 } }
I20260709 13:17:01.521891 17486 tablet_bootstrap.cc:492] T c58d6f583bbe4ce6bfef376158c5ff57 P c3446e6e8ec94a2595a9c560f501d65c: No bootstrap required, opened a new log
I20260709 13:17:01.522068 17673 raft_consensus.cc:493] T c58d6f583bbe4ce6bfef376158c5ff57 P 296e299c1c2e418a9ec25c98593b413f [term 0 FOLLOWER]: Starting pre-election (no leader contacted us within the election timeout)
I20260709 13:17:01.522303 17486 ts_tablet_manager.cc:1403] T c58d6f583bbe4ce6bfef376158c5ff57 P c3446e6e8ec94a2595a9c560f501d65c: Time spent bootstrapping tablet: real 0.054s	user 0.006s	sys 0.003s
I20260709 13:17:01.522490 17673 raft_consensus.cc:515] T c58d6f583bbe4ce6bfef376158c5ff57 P 296e299c1c2e418a9ec25c98593b413f [term 0 FOLLOWER]: Starting pre-election with config: opid_index: -1 OBSOLETE_local: false peers { permanent_uuid: "f31534ab8f834fc090b650ff2876301c" member_type: VOTER last_known_addr { host: "127.15.207.65" port: 37659 } } peers { permanent_uuid: "c3446e6e8ec94a2595a9c560f501d65c" member_type: VOTER last_known_addr { host: "127.15.207.66" port: 38871 } } peers { permanent_uuid: "296e299c1c2e418a9ec25c98593b413f" member_type: VOTER last_known_addr { host: "127.15.207.67" port: 41797 } }
I20260709 13:17:01.524509 17673 leader_election.cc:290] T c58d6f583bbe4ce6bfef376158c5ff57 P 296e299c1c2e418a9ec25c98593b413f [CANDIDATE]: Term 1 pre-election: Requested pre-vote from peers f31534ab8f834fc090b650ff2876301c (127.15.207.65:37659), c3446e6e8ec94a2595a9c560f501d65c (127.15.207.66:38871)
I20260709 13:17:01.525630 17486 raft_consensus.cc:359] T c58d6f583bbe4ce6bfef376158c5ff57 P c3446e6e8ec94a2595a9c560f501d65c [term 0 FOLLOWER]: Replica starting. Triggering 0 pending ops. Active config: opid_index: -1 OBSOLETE_local: false peers { permanent_uuid: "f31534ab8f834fc090b650ff2876301c" member_type: VOTER last_known_addr { host: "127.15.207.65" port: 37659 } } peers { permanent_uuid: "c3446e6e8ec94a2595a9c560f501d65c" member_type: VOTER last_known_addr { host: "127.15.207.66" port: 38871 } } peers { permanent_uuid: "296e299c1c2e418a9ec25c98593b413f" member_type: VOTER last_known_addr { host: "127.15.207.67" port: 41797 } }
I20260709 13:17:01.525862 17734 consensus_queue.cc:1048] T 8b0243794a7a495893edc99cb3c98cfe P f31534ab8f834fc090b650ff2876301c [LEADER]: Connected to new peer: Peer: permanent_uuid: "296e299c1c2e418a9ec25c98593b413f" member_type: VOTER last_known_addr { host: "127.15.207.67" port: 41797 }, Status: LMP_MISMATCH, Last received: 0.0, Next index: 1, Last known committed idx: 0, Time since last communication: 0.000s
