I20260709 13:16:59.365509 16723 raft_consensus.cc:385] T 7e05587bd18f46d49b37eb060c82bfbc P 22d0d88caf7243dcba4b32ec5a3bb39a [term 0 FOLLOWER]: Consensus starting up: Expiring failure detector timer to make a prompt election more likely
I20260709 13:16:59.365773 16723 raft_consensus.cc:740] T 7e05587bd18f46d49b37eb060c82bfbc P 22d0d88caf7243dcba4b32ec5a3bb39a [term 0 FOLLOWER]: Becoming Follower/Learner. State: Replica: 22d0d88caf7243dcba4b32ec5a3bb39a, State: Initialized, Role: FOLLOWER
I20260709 13:16:59.366209 16430 catalog_manager.cc:5697] T 7e05587bd18f46d49b37eb060c82bfbc P 56949a0f02e44b798ac4b3702df6c71e reported cstate change: term changed from 0 to 1, leader changed from <none> to 56949a0f02e44b798ac4b3702df6c71e (127.15.14.3). New cstate: current_term: 1 leader_uuid: "56949a0f02e44b798ac4b3702df6c71e" committed_config { opid_index: -1 OBSOLETE_local: false peers { permanent_uuid: "22d0d88caf7243dcba4b32ec5a3bb39a" member_type: VOTER last_known_addr { host: "127.15.14.1" port: 38683 } health_report { overall_health: UNKNOWN } } peers { permanent_uuid: "51cea5f814e44f89820ec9e7a23576af" member_type: VOTER last_known_addr { host: "127.15.14.2" port: 36711 } health_report { overall_health: UNKNOWN } } peers { permanent_uuid: "56949a0f02e44b798ac4b3702df6c71e" member_type: VOTER last_known_addr { host: "127.15.14.3" port: 37131 } health_report { overall_health: HEALTHY } } }
I20260709 13:16:59.366354 16723 consensus_queue.cc:260] T 7e05587bd18f46d49b37eb060c82bfbc P 22d0d88caf7243dcba4b32ec5a3bb39a [NON_LEADER]: Queue going to NON_LEADER mode. State: All replicated index: 0, Majority replicated index: 0, Committed index: 0, Last appended: 0.0, Last appended by leader: 0, Current term: 0, Majority size: -1, State: 0, Mode: NON_LEADER, active raft config: opid_index: -1 OBSOLETE_local: false peers { permanent_uuid: "22d0d88caf7243dcba4b32ec5a3bb39a" member_type: VOTER last_known_addr { host: "127.15.14.1" port: 38683 } } peers { permanent_uuid: "51cea5f814e44f89820ec9e7a23576af" member_type: VOTER last_known_addr { host: "127.15.14.2" port: 36711 } } peers { permanent_uuid: "56949a0f02e44b798ac4b3702df6c71e" member_type: VOTER last_known_addr { host: "127.15.14.3" port: 37131 } }
I20260709 13:16:59.370975 16722 tablet_bootstrap.cc:492] T 4bec7d014e424d1186c85c8469f79e5a P 51cea5f814e44f89820ec9e7a23576af: No bootstrap required, opened a new log
I20260709 13:16:59.371310 16723 ts_tablet_manager.cc:1434] T 7e05587bd18f46d49b37eb060c82bfbc P 22d0d88caf7243dcba4b32ec5a3bb39a: Time spent starting tablet: real 0.009s	user 0.007s	sys 0.000s
I20260709 13:16:59.371531 16722 ts_tablet_manager.cc:1403] T 4bec7d014e424d1186c85c8469f79e5a P 51cea5f814e44f89820ec9e7a23576af: Time spent bootstrapping tablet: real 0.071s	user 0.007s	sys 0.003s
I20260709 13:16:59.372336 16723 tablet_bootstrap.cc:492] T 9c0d8a7cb5a1461bb84ccb98884fddfd P 22d0d88caf7243dcba4b32ec5a3bb39a: Bootstrap starting.
I20260709 13:16:59.375173 16722 raft_consensus.cc:359] T 4bec7d014e424d1186c85c8469f79e5a P 51cea5f814e44f89820ec9e7a23576af [term 0 FOLLOWER]: Replica starting. Triggering 0 pending ops. Active config: opid_index: -1 OBSOLETE_local: false peers { permanent_uuid: "22d0d88caf7243dcba4b32ec5a3bb39a" member_type: VOTER last_known_addr { host: "127.15.14.1" port: 38683 } } peers { permanent_uuid: "51cea5f814e44f89820ec9e7a23576af" member_type: VOTER last_known_addr { host: "127.15.14.2" port: 36711 } } peers { permanent_uuid: "56949a0f02e44b798ac4b3702df6c71e" member_type: VOTER last_known_addr { host: "127.15.14.3" port: 37131 } }
I20260709 13:16:59.379679 16722 raft_consensus.cc:385] T 4bec7d014e424d1186c85c8469f79e5a P 51cea5f814e44f89820ec9e7a23576af [term 0 FOLLOWER]: Consensus starting up: Expiring failure detector timer to make a prompt election more likely
I20260709 13:16:59.380295 16431 catalog_manager.cc:5697] T 30db25b18caf410195d28a16ab378721 P 51cea5f814e44f89820ec9e7a23576af reported cstate change: term changed from 0 to 1, leader changed from <none> to 51cea5f814e44f89820ec9e7a23576af (127.15.14.2). New cstate: current_term: 1 leader_uuid: "51cea5f814e44f89820ec9e7a23576af" committed_config { opid_index: -1 OBSOLETE_local: false peers { permanent_uuid: "22d0d88caf7243dcba4b32ec5a3bb39a" member_type: VOTER last_known_addr { host: "127.15.14.1" port: 38683 } health_report { overall_health: UNKNOWN } } peers { permanent_uuid: "51cea5f814e44f89820ec9e7a23576af" member_type: VOTER last_known_addr { host: "127.15.14.2" port: 36711 } health_report { overall_health: HEALTHY } } peers { permanent_uuid: "56949a0f02e44b798ac4b3702df6c71e" member_type: VOTER last_known_addr { host: "127.15.14.3" port: 37131 } health_report { overall_health: UNKNOWN } } }
I20260709 13:16:59.380966 16722 raft_consensus.cc:740] T 4bec7d014e424d1186c85c8469f79e5a P 51cea5f814e44f89820ec9e7a23576af [term 0 FOLLOWER]: Becoming Follower/Learner. State: Replica: 51cea5f814e44f89820ec9e7a23576af, State: Initialized, Role: FOLLOWER
I20260709 13:16:59.382637 16722 consensus_queue.cc:260] T 4bec7d014e424d1186c85c8469f79e5a P 51cea5f814e44f89820ec9e7a23576af [NON_LEADER]: Queue going to NON_LEADER mode. State: All replicated index: 0, Majority replicated index: 0, Committed index: 0, Last appended: 0.0, Last appended by leader: 0, Current term: 0, Majority size: -1, State: 0, Mode: NON_LEADER, active raft config: opid_index: -1 OBSOLETE_local: false peers { permanent_uuid: "22d0d88caf7243dcba4b32ec5a3bb39a" member_type: VOTER last_known_addr { host: "127.15.14.1" port: 38683 } } peers { permanent_uuid: "51cea5f814e44f89820ec9e7a23576af" member_type: VOTER last_known_addr { host: "127.15.14.2" port: 36711 } } peers { permanent_uuid: "56949a0f02e44b798ac4b3702df6c71e" member_type: VOTER last_known_addr { host: "127.15.14.3" port: 37131 } }
I20260709 13:16:59.386302 16722 ts_tablet_manager.cc:1434] T 4bec7d014e424d1186c85c8469f79e5a P 51cea5f814e44f89820ec9e7a23576af: Time spent starting tablet: real 0.014s	user 0.008s	sys 0.001s
I20260709 13:16:59.386457 16723 tablet_bootstrap.cc:654] T 9c0d8a7cb5a1461bb84ccb98884fddfd P 22d0d88caf7243dcba4b32ec5a3bb39a: Neither blocks nor log segments found. Creating new log.
I20260709 13:16:59.387286 16722 tablet_bootstrap.cc:492] T a081f1f40f5d4658a09e6ddb3dd6aa1b P 51cea5f814e44f89820ec9e7a23576af: Bootstrap starting.
I20260709 13:16:59.387743 16727 tablet_bootstrap.cc:492] T 9c0d8a7cb5a1461bb84ccb98884fddfd P 56949a0f02e44b798ac4b3702df6c71e: No bootstrap required, opened a new log
I20260709 13:16:59.389289 16727 ts_tablet_manager.cc:1403] T 9c0d8a7cb5a1461bb84ccb98884fddfd P 56949a0f02e44b798ac4b3702df6c71e: Time spent bootstrapping tablet: real 0.042s	user 0.019s	sys 0.013s
I20260709 13:16:59.384815 16431 catalog_manager.cc:5697] T 4644fb990e574e8c8116fa0c4285d93d P 51cea5f814e44f89820ec9e7a23576af reported cstate change: term changed from 0 to 1, leader changed from <none> to 51cea5f814e44f89820ec9e7a23576af (127.15.14.2). New cstate: current_term: 1 leader_uuid: "51cea5f814e44f89820ec9e7a23576af" committed_config { opid_index: -1 OBSOLETE_local: false peers { permanent_uuid: "22d0d88caf7243dcba4b32ec5a3bb39a" member_type: VOTER last_known_addr { host: "127.15.14.1" port: 38683 } health_report { overall_health: UNKNOWN } } peers { permanent_uuid: "51cea5f814e44f89820ec9e7a23576af" member_type: VOTER last_known_addr { host: "127.15.14.2" port: 36711 } health_report { overall_health: HEALTHY } } peers { permanent_uuid: "56949a0f02e44b798ac4b3702df6c71e" member_type: VOTER last_known_addr { host: "127.15.14.3" port: 37131 } health_report { overall_health: UNKNOWN } } }
I20260709 13:16:59.391866 16727 raft_consensus.cc:359] T 9c0d8a7cb5a1461bb84ccb98884fddfd P 56949a0f02e44b798ac4b3702df6c71e [term 0 FOLLOWER]: Replica starting. Triggering 0 pending ops. Active config: opid_index: -1 OBSOLETE_local: false peers { permanent_uuid: "22d0d88caf7243dcba4b32ec5a3bb39a" member_type: VOTER last_known_addr { host: "127.15.14.1" port: 38683 } } peers { permanent_uuid: "51cea5f814e44f89820ec9e7a23576af" member_type: VOTER last_known_addr { host: "127.15.14.2" port: 36711 } } peers { permanent_uuid: "56949a0f02e44b798ac4b3702df6c71e" member_type: VOTER last_known_addr { host: "127.15.14.3" port: 37131 } }
I20260709 13:16:59.392485 16727 raft_consensus.cc:385] T 9c0d8a7cb5a1461bb84ccb98884fddfd P 56949a0f02e44b798ac4b3702df6c71e [term 0 FOLLOWER]: Consensus starting up: Expiring failure detector timer to make a prompt election more likely
I20260709 13:16:59.392740 16727 raft_consensus.cc:740] T 9c0d8a7cb5a1461bb84ccb98884fddfd P 56949a0f02e44b798ac4b3702df6c71e [term 0 FOLLOWER]: Becoming Follower/Learner. State: Replica: 56949a0f02e44b798ac4b3702df6c71e, State: Initialized, Role: FOLLOWER
I20260709 13:16:59.393399 16727 consensus_queue.cc:260] T 9c0d8a7cb5a1461bb84ccb98884fddfd P 56949a0f02e44b798ac4b3702df6c71e [NON_LEADER]: Queue going to NON_LEADER mode. State: All replicated index: 0, Majority replicated index: 0, Committed index: 0, Last appended: 0.0, Last appended by leader: 0, Current term: 0, Majority size: -1, State: 0, Mode: NON_LEADER, active raft config: opid_index: -1 OBSOLETE_local: false peers { permanent_uuid: "22d0d88caf7243dcba4b32ec5a3bb39a" member_type: VOTER last_known_addr { host: "127.15.14.1" port: 38683 } } peers { permanent_uuid: "51cea5f814e44f89820ec9e7a23576af" member_type: VOTER last_known_addr { host: "127.15.14.2" port: 36711 } } peers { permanent_uuid: "56949a0f02e44b798ac4b3702df6c71e" member_type: VOTER last_known_addr { host: "127.15.14.3" port: 37131 } }
I20260709 13:16:59.391739 16431 catalog_manager.cc:5697] T 409d5482c68f400587d5fe50d0034694 P 51cea5f814e44f89820ec9e7a23576af reported cstate change: term changed from 0 to 1, leader changed from <none> to 51cea5f814e44f89820ec9e7a23576af (127.15.14.2). New cstate: current_term: 1 leader_uuid: "51cea5f814e44f89820ec9e7a23576af" committed_config { opid_index: -1 OBSOLETE_local: false peers { permanent_uuid: "22d0d88caf7243dcba4b32ec5a3bb39a" member_type: VOTER last_known_addr { host: "127.15.14.1" port: 38683 } health_report { overall_health: UNKNOWN } } peers { permanent_uuid: "51cea5f814e44f89820ec9e7a23576af" member_type: VOTER last_known_addr { host: "127.15.14.2" port: 36711 } health_report { overall_health: HEALTHY } } peers { permanent_uuid: "56949a0f02e44b798ac4b3702df6c71e" member_type: VOTER last_known_addr { host: "127.15.14.3" port: 37131 } health_report { overall_health: UNKNOWN } } }
I20260709 13:16:59.399740 16727 ts_tablet_manager.cc:1434] T 9c0d8a7cb5a1461bb84ccb98884fddfd P 56949a0f02e44b798ac4b3702df6c71e: Time spent starting tablet: real 0.010s	user 0.005s	sys 0.000s
I20260709 13:16:59.400621 16727 tablet_bootstrap.cc:492] T d5ccba93a5c74e3e93ea14dc722df5d3 P 56949a0f02e44b798ac4b3702df6c71e: Bootstrap starting.
I20260709 13:16:59.406332 16835 consensus_queue.cc:1048] T 409d5482c68f400587d5fe50d0034694 P 51cea5f814e44f89820ec9e7a23576af [LEADER]: Connected to new peer: Peer: permanent_uuid: "22d0d88caf7243dcba4b32ec5a3bb39a" member_type: VOTER last_known_addr { host: "127.15.14.1" port: 38683 }, Status: LMP_MISMATCH, Last received: 0.0, Next index: 1, Last known committed idx: 0, Time since last communication: 0.001s
I20260709 13:16:59.407994 16727 tablet_bootstrap.cc:654] T d5ccba93a5c74e3e93ea14dc722df5d3 P 56949a0f02e44b798ac4b3702df6c71e: Neither blocks nor log segments found. Creating new log.
I20260709 13:16:59.434975 16727 tablet_bootstrap.cc:492] T d5ccba93a5c74e3e93ea14dc722df5d3 P 56949a0f02e44b798ac4b3702df6c71e: No bootstrap required, opened a new log
I20260709 13:16:59.435567 16727 ts_tablet_manager.cc:1403] T d5ccba93a5c74e3e93ea14dc722df5d3 P 56949a0f02e44b798ac4b3702df6c71e: Time spent bootstrapping tablet: real 0.035s	user 0.016s	sys 0.013s
I20260709 13:16:59.439162 16727 raft_consensus.cc:359] T d5ccba93a5c74e3e93ea14dc722df5d3 P 56949a0f02e44b798ac4b3702df6c71e [term 0 FOLLOWER]: Replica starting. Triggering 0 pending ops. Active config: opid_index: -1 OBSOLETE_local: false peers { permanent_uuid: "22d0d88caf7243dcba4b32ec5a3bb39a" member_type: VOTER last_known_addr { host: "127.15.14.1" port: 38683 } } peers { permanent_uuid: "51cea5f814e44f89820ec9e7a23576af" member_type: VOTER last_known_addr { host: "127.15.14.2" port: 36711 } } peers { permanent_uuid: "56949a0f02e44b798ac4b3702df6c71e" member_type: VOTER last_known_addr { host: "127.15.14.3" port: 37131 } }
I20260709 13:16:59.442274 16727 raft_consensus.cc:385] T d5ccba93a5c74e3e93ea14dc722df5d3 P 56949a0f02e44b798ac4b3702df6c71e [term 0 FOLLOWER]: Consensus starting up: Expiring failure detector timer to make a prompt election more likely
I20260709 13:16:59.442549 16727 raft_consensus.cc:740] T d5ccba93a5c74e3e93ea14dc722df5d3 P 56949a0f02e44b798ac4b3702df6c71e [term 0 FOLLOWER]: Becoming Follower/Learner. State: Replica: 56949a0f02e44b798ac4b3702df6c71e, State: Initialized, Role: FOLLOWER
I20260709 13:16:59.443233 16727 consensus_queue.cc:260] T d5ccba93a5c74e3e93ea14dc722df5d3 P 56949a0f02e44b798ac4b3702df6c71e [NON_LEADER]: Queue going to NON_LEADER mode. State: All replicated index: 0, Majority replicated index: 0, Committed index: 0, Last appended: 0.0, Last appended by leader: 0, Current term: 0, Majority size: -1, State: 0, Mode: NON_LEADER, active raft config: opid_index: -1 OBSOLETE_local: false peers { permanent_uuid: "22d0d88caf7243dcba4b32ec5a3bb39a" member_type: VOTER last_known_addr { host: "127.15.14.1" port: 38683 } } peers { permanent_uuid: "51cea5f814e44f89820ec9e7a23576af" member_type: VOTER last_known_addr { host: "127.15.14.2" port: 36711 } } peers { permanent_uuid: "56949a0f02e44b798ac4b3702df6c71e" member_type: VOTER last_known_addr { host: "127.15.14.3" port: 37131 } }
I20260709 13:16:59.444557 16722 tablet_bootstrap.cc:654] T a081f1f40f5d4658a09e6ddb3dd6aa1b P 51cea5f814e44f89820ec9e7a23576af: Neither blocks nor log segments found. Creating new log.
I20260709 13:16:59.445473 16727 ts_tablet_manager.cc:1434] T d5ccba93a5c74e3e93ea14dc722df5d3 P 56949a0f02e44b798ac4b3702df6c71e: Time spent starting tablet: real 0.010s	user 0.007s	sys 0.000s
I20260709 13:16:59.447781 16727 tablet_bootstrap.cc:492] T b48df9fedfb7414499c573fabfab114e P 56949a0f02e44b798ac4b3702df6c71e: Bootstrap starting.
I20260709 13:16:59.453140 16727 tablet_bootstrap.cc:654] T b48df9fedfb7414499c573fabfab114e P 56949a0f02e44b798ac4b3702df6c71e: Neither blocks nor log segments found. Creating new log.
I20260709 13:16:59.466344 16723 tablet_bootstrap.cc:492] T 9c0d8a7cb5a1461bb84ccb98884fddfd P 22d0d88caf7243dcba4b32ec5a3bb39a: No bootstrap required, opened a new log
I20260709 13:16:59.466802 16723 ts_tablet_manager.cc:1403] T 9c0d8a7cb5a1461bb84ccb98884fddfd P 22d0d88caf7243dcba4b32ec5a3bb39a: Time spent bootstrapping tablet: real 0.095s	user 0.043s	sys 0.031s
I20260709 13:16:59.466929 16727 tablet_bootstrap.cc:492] T b48df9fedfb7414499c573fabfab114e P 56949a0f02e44b798ac4b3702df6c71e: No bootstrap required, opened a new log
I20260709 13:16:59.467483 16727 ts_tablet_manager.cc:1403] T b48df9fedfb7414499c573fabfab114e P 56949a0f02e44b798ac4b3702df6c71e: Time spent bootstrapping tablet: real 0.020s	user 0.008s	sys 0.008s
I20260709 13:16:59.467643 16722 tablet_bootstrap.cc:492] T a081f1f40f5d4658a09e6ddb3dd6aa1b P 51cea5f814e44f89820ec9e7a23576af: No bootstrap required, opened a new log
I20260709 13:16:59.468101 16722 ts_tablet_manager.cc:1403] T a081f1f40f5d4658a09e6ddb3dd6aa1b P 51cea5f814e44f89820ec9e7a23576af: Time spent bootstrapping tablet: real 0.081s	user 0.011s	sys 0.000s
I20260709 13:16:59.470155 16727 raft_consensus.cc:359] T b48df9fedfb7414499c573fabfab114e P 56949a0f02e44b798ac4b3702df6c71e [term 0 FOLLOWER]: Replica starting. Triggering 0 pending ops. Active config: opid_index: -1 OBSOLETE_local: false peers { permanent_uuid: "22d0d88caf7243dcba4b32ec5a3bb39a" member_type: VOTER last_known_addr { host: "127.15.14.1" port: 38683 } } peers { permanent_uuid: "51cea5f814e44f89820ec9e7a23576af" member_type: VOTER last_known_addr { host: "127.15.14.2" port: 36711 } } peers { permanent_uuid: "56949a0f02e44b798ac4b3702df6c71e" member_type: VOTER last_known_addr { host: "127.15.14.3" port: 37131 } }
I20260709 13:16:59.470520 16722 raft_consensus.cc:359] T a081f1f40f5d4658a09e6ddb3dd6aa1b P 51cea5f814e44f89820ec9e7a23576af [term 0 FOLLOWER]: Replica starting. Triggering 0 pending ops. Active config: opid_index: -1 OBSOLETE_local: false peers { permanent_uuid: "22d0d88caf7243dcba4b32ec5a3bb39a" member_type: VOTER last_known_addr { host: "127.15.14.1" port: 38683 } } peers { permanent_uuid: "51cea5f814e44f89820ec9e7a23576af" member_type: VOTER last_known_addr { host: "127.15.14.2" port: 36711 } } peers { permanent_uuid: "56949a0f02e44b798ac4b3702df6c71e" member_type: VOTER last_known_addr { host: "127.15.14.3" port: 37131 } }
I20260709 13:16:59.470952 16727 raft_consensus.cc:385] T b48df9fedfb7414499c573fabfab114e P 56949a0f02e44b798ac4b3702df6c71e [term 0 FOLLOWER]: Consensus starting up: Expiring failure detector timer to make a prompt election more likely
I20260709 13:16:59.471186 16722 raft_consensus.cc:385] T a081f1f40f5d4658a09e6ddb3dd6aa1b P 51cea5f814e44f89820ec9e7a23576af [term 0 FOLLOWER]: Consensus starting up: Expiring failure detector timer to make a prompt election more likely
I20260709 13:16:59.471489 16727 raft_consensus.cc:740] T b48df9fedfb7414499c573fabfab114e P 56949a0f02e44b798ac4b3702df6c71e [term 0 FOLLOWER]: Becoming Follower/Learner. State: Replica: 56949a0f02e44b798ac4b3702df6c71e, State: Initialized, Role: FOLLOWER
I20260709 13:16:59.472301 16727 consensus_queue.cc:260] T b48df9fedfb7414499c573fabfab114e P 56949a0f02e44b798ac4b3702df6c71e [NON_LEADER]: Queue going to NON_LEADER mode. State: All replicated index: 0, Majority replicated index: 0, Committed index: 0, Last appended: 0.0, Last appended by leader: 0, Current term: 0, Majority size: -1, State: 0, Mode: NON_LEADER, active raft config: opid_index: -1 OBSOLETE_local: false peers { permanent_uuid: "22d0d88caf7243dcba4b32ec5a3bb39a" member_type: VOTER last_known_addr { host: "127.15.14.1" port: 38683 } } peers { permanent_uuid: "51cea5f814e44f89820ec9e7a23576af" member_type: VOTER last_known_addr { host: "127.15.14.2" port: 36711 } } peers { permanent_uuid: "56949a0f02e44b798ac4b3702df6c71e" member_type: VOTER last_known_addr { host: "127.15.14.3" port: 37131 } }
I20260709 13:16:59.471505 16722 raft_consensus.cc:740] T a081f1f40f5d4658a09e6ddb3dd6aa1b P 51cea5f814e44f89820ec9e7a23576af [term 0 FOLLOWER]: Becoming Follower/Learner. State: Replica: 51cea5f814e44f89820ec9e7a23576af, State: Initialized, Role: FOLLOWER
I20260709 13:16:59.474686 16727 ts_tablet_manager.cc:1434] T b48df9fedfb7414499c573fabfab114e P 56949a0f02e44b798ac4b3702df6c71e: Time spent starting tablet: real 0.007s	user 0.005s	sys 0.000s
I20260709 13:16:59.475666 16727 tablet_bootstrap.cc:492] T 4bec7d014e424d1186c85c8469f79e5a P 56949a0f02e44b798ac4b3702df6c71e: Bootstrap starting.
I20260709 13:16:59.476465 16723 raft_consensus.cc:359] T 9c0d8a7cb5a1461bb84ccb98884fddfd P 22d0d88caf7243dcba4b32ec5a3bb39a [term 0 FOLLOWER]: Replica starting. Triggering 0 pending ops. Active config: opid_index: -1 OBSOLETE_local: false peers { permanent_uuid: "22d0d88caf7243dcba4b32ec5a3bb39a" member_type: VOTER last_known_addr { host: "127.15.14.1" port: 38683 } } peers { permanent_uuid: "51cea5f814e44f89820ec9e7a23576af" member_type: VOTER last_known_addr { host: "127.15.14.2" port: 36711 } } peers { permanent_uuid: "56949a0f02e44b798ac4b3702df6c71e" member_type: VOTER last_known_addr { host: "127.15.14.3" port: 37131 } }
I20260709 13:16:59.477111 16723 raft_consensus.cc:385] T 9c0d8a7cb5a1461bb84ccb98884fddfd P 22d0d88caf7243dcba4b32ec5a3bb39a [term 0 FOLLOWER]: Consensus starting up: Expiring failure detector timer to make a prompt election more likely
I20260709 13:16:59.477380 16723 raft_consensus.cc:740] T 9c0d8a7cb5a1461bb84ccb98884fddfd P 22d0d88caf7243dcba4b32ec5a3bb39a [term 0 FOLLOWER]: Becoming Follower/Learner. State: Replica: 22d0d88caf7243dcba4b32ec5a3bb39a, State: Initialized, Role: FOLLOWER
I20260709 13:16:59.477999 16723 consensus_queue.cc:260] T 9c0d8a7cb5a1461bb84ccb98884fddfd P 22d0d88caf7243dcba4b32ec5a3bb39a [NON_LEADER]: Queue going to NON_LEADER mode. State: All replicated index: 0, Majority replicated index: 0, Committed index: 0, Last appended: 0.0, Last appended by leader: 0, Current term: 0, Majority size: -1, State: 0, Mode: NON_LEADER, active raft config: opid_index: -1 OBSOLETE_local: false peers { permanent_uuid: "22d0d88caf7243dcba4b32ec5a3bb39a" member_type: VOTER last_known_addr { host: "127.15.14.1" port: 38683 } } peers { permanent_uuid: "51cea5f814e44f89820ec9e7a23576af" member_type: VOTER last_known_addr { host: "127.15.14.2" port: 36711 } } peers { permanent_uuid: "56949a0f02e44b798ac4b3702df6c71e" member_type: VOTER last_known_addr { host: "127.15.14.3" port: 37131 } }
I20260709 13:16:59.474396 16722 consensus_queue.cc:260] T a081f1f40f5d4658a09e6ddb3dd6aa1b P 51cea5f814e44f89820ec9e7a23576af [NON_LEADER]: Queue going to NON_LEADER mode. State: All replicated index: 0, Majority replicated index: 0, Committed index: 0, Last appended: 0.0, Last appended by leader: 0, Current term: 0, Majority size: -1, State: 0, Mode: NON_LEADER, active raft config: opid_index: -1 OBSOLETE_local: false peers { permanent_uuid: "22d0d88caf7243dcba4b32ec5a3bb39a" member_type: VOTER last_known_addr { host: "127.15.14.1" port: 38683 } } peers { permanent_uuid: "51cea5f814e44f89820ec9e7a23576af" member_type: VOTER last_known_addr { host: "127.15.14.2" port: 36711 } } peers { permanent_uuid: "56949a0f02e44b798ac4b3702df6c71e" member_type: VOTER last_known_addr { host: "127.15.14.3" port: 37131 } }
I20260709 13:16:59.481492 16802 raft_consensus.cc:493] T a081f1f40f5d4658a09e6ddb3dd6aa1b P 51cea5f814e44f89820ec9e7a23576af [term 0 FOLLOWER]: Starting pre-election (no leader contacted us within the election timeout)
I20260709 13:16:59.482098 16722 ts_tablet_manager.cc:1434] T a081f1f40f5d4658a09e6ddb3dd6aa1b P 51cea5f814e44f89820ec9e7a23576af: Time spent starting tablet: real 0.014s	user 0.005s	sys 0.001s
I20260709 13:16:59.483011 16722 tablet_bootstrap.cc:492] T 93d4a25e9f1043459349845ec778c0d8 P 51cea5f814e44f89820ec9e7a23576af: Bootstrap starting.
I20260709 13:16:59.484417 16727 tablet_bootstrap.cc:654] T 4bec7d014e424d1186c85c8469f79e5a P 56949a0f02e44b798ac4b3702df6c71e: Neither blocks nor log segments found. Creating new log.
I20260709 13:16:59.486732 16723 ts_tablet_manager.cc:1434] T 9c0d8a7cb5a1461bb84ccb98884fddfd P 22d0d88caf7243dcba4b32ec5a3bb39a: Time spent starting tablet: real 0.020s	user 0.005s	sys 0.000s
I20260709 13:16:59.487866 16723 tablet_bootstrap.cc:492] T 0234c0c672d244cc93978e8c71cedff1 P 22d0d88caf7243dcba4b32ec5a3bb39a: Bootstrap starting.
I20260709 13:16:59.490650 16860 raft_consensus.cc:493] T 0234c0c672d244cc93978e8c71cedff1 P 56949a0f02e44b798ac4b3702df6c71e [term 0 FOLLOWER]: Starting pre-election (no leader contacted us within the election timeout)
I20260709 13:16:59.491129 16860 raft_consensus.cc:515] T 0234c0c672d244cc93978e8c71cedff1 P 56949a0f02e44b798ac4b3702df6c71e [term 0 FOLLOWER]: Starting pre-election with config: opid_index: -1 OBSOLETE_local: false peers { permanent_uuid: "22d0d88caf7243dcba4b32ec5a3bb39a" member_type: VOTER last_known_addr { host: "127.15.14.1" port: 38683 } } peers { permanent_uuid: "51cea5f814e44f89820ec9e7a23576af" member_type: VOTER last_known_addr { host: "127.15.14.2" port: 36711 } } peers { permanent_uuid: "56949a0f02e44b798ac4b3702df6c71e" member_type: VOTER last_known_addr { host: "127.15.14.3" port: 37131 } }
I20260709 13:16:59.494254 16860 leader_election.cc:290] T 0234c0c672d244cc93978e8c71cedff1 P 56949a0f02e44b798ac4b3702df6c71e [CANDIDATE]: Term 1 pre-election: Requested pre-vote from peers 22d0d88caf7243dcba4b32ec5a3bb39a (127.15.14.1:38683), 51cea5f814e44f89820ec9e7a23576af (127.15.14.2:36711)
I20260709 13:16:59.497128 16607 tablet_service.cc:1917] Received RequestConsensusVote() RPC: tablet_id: "0234c0c672d244cc93978e8c71cedff1" candidate_uuid: "56949a0f02e44b798ac4b3702df6c71e" candidate_term: 1 candidate_status { last_received { term: 0 index: 0 } } ignore_live_leader: false dest_uuid: "51cea5f814e44f89820ec9e7a23576af" is_pre_election: true
I20260709 13:16:59.497782 16607 raft_consensus.cc:2468] T 0234c0c672d244cc93978e8c71cedff1 P 51cea5f814e44f89820ec9e7a23576af [term 0 FOLLOWER]: Leader pre-election vote request: Granting yes vote for candidate 56949a0f02e44b798ac4b3702df6c71e in term 0.
I20260709 13:16:59.499215 16534 tablet_service.cc:1917] Received RequestConsensusVote() RPC: tablet_id: "0234c0c672d244cc93978e8c71cedff1" candidate_uuid: "56949a0f02e44b798ac4b3702df6c71e" candidate_term: 1 candidate_status { last_received { term: 0 index: 0 } } ignore_live_leader: false dest_uuid: "22d0d88caf7243dcba4b32ec5a3bb39a" is_pre_election: true
I20260709 13:16:59.499428 16722 tablet_bootstrap.cc:654] T 93d4a25e9f1043459349845ec778c0d8 P 51cea5f814e44f89820ec9e7a23576af: Neither blocks nor log segments found. Creating new log.
W20260709 13:16:59.500553 16646 leader_election.cc:343] T 0234c0c672d244cc93978e8c71cedff1 P 56949a0f02e44b798ac4b3702df6c71e [CANDIDATE]: Term 1 pre-election: Tablet error from VoteRequest() call to peer 22d0d88caf7243dcba4b32ec5a3bb39a (127.15.14.1:38683): Illegal state: must be running to vote when last-logged opid is not known
I20260709 13:16:59.501359 16976 raft_consensus.cc:493] T b48df9fedfb7414499c573fabfab114e P 56949a0f02e44b798ac4b3702df6c71e [term 0 FOLLOWER]: Starting pre-election (no leader contacted us within the election timeout)
I20260709 13:16:59.501849 16976 raft_consensus.cc:515] T b48df9fedfb7414499c573fabfab114e P 56949a0f02e44b798ac4b3702df6c71e [term 0 FOLLOWER]: Starting pre-election with config: opid_index: -1 OBSOLETE_local: false peers { permanent_uuid: "22d0d88caf7243dcba4b32ec5a3bb39a" member_type: VOTER last_known_addr { host: "127.15.14.1" port: 38683 } } peers { permanent_uuid: "51cea5f814e44f89820ec9e7a23576af" member_type: VOTER last_known_addr { host: "127.15.14.2" port: 36711 } } peers { permanent_uuid: "56949a0f02e44b798ac4b3702df6c71e" member_type: VOTER last_known_addr { host: "127.15.14.3" port: 37131 } }
I20260709 13:16:59.503500 16723 tablet_bootstrap.cc:654] T 0234c0c672d244cc93978e8c71cedff1 P 22d0d88caf7243dcba4b32ec5a3bb39a: Neither blocks nor log segments found. Creating new log.
I20260709 13:16:59.504045 16976 leader_election.cc:290] T b48df9fedfb7414499c573fabfab114e P 56949a0f02e44b798ac4b3702df6c71e [CANDIDATE]: Term 1 pre-election: Requested pre-vote from peers 22d0d88caf7243dcba4b32ec5a3bb39a (127.15.14.1:38683), 51cea5f814e44f89820ec9e7a23576af (127.15.14.2:36711)
I20260709 13:16:59.507016 16649 leader_election.cc:304] T 0234c0c672d244cc93978e8c71cedff1 P 56949a0f02e44b798ac4b3702df6c71e [CANDIDATE]: Term 1 pre-election: Election decided. Result: candidate won. Election summary: received 3 responses out of 3 voters: 2 yes votes; 1 no votes. yes voters: 51cea5f814e44f89820ec9e7a23576af, 56949a0f02e44b798ac4b3702df6c71e; no voters: 22d0d88caf7243dcba4b32ec5a3bb39a
I20260709 13:16:59.509074 16534 tablet_service.cc:1917] Received RequestConsensusVote() RPC: tablet_id: "b48df9fedfb7414499c573fabfab114e" candidate_uuid: "56949a0f02e44b798ac4b3702df6c71e" candidate_term: 1 candidate_status { last_received { term: 0 index: 0 } } ignore_live_leader: false dest_uuid: "22d0d88caf7243dcba4b32ec5a3bb39a" is_pre_election: true
W20260709 13:16:59.510310 16646 leader_election.cc:343] T b48df9fedfb7414499c573fabfab114e P 56949a0f02e44b798ac4b3702df6c71e [CANDIDATE]: Term 1 pre-election: Tablet error from VoteRequest() call to peer 22d0d88caf7243dcba4b32ec5a3bb39a (127.15.14.1:38683): Illegal state: must be running to vote when last-logged opid is not known
I20260709 13:16:59.511993 16607 tablet_service.cc:1917] Received RequestConsensusVote() RPC: tablet_id: "b48df9fedfb7414499c573fabfab114e" candidate_uuid: "56949a0f02e44b798ac4b3702df6c71e" candidate_term: 1 candidate_status { last_received { term: 0 index: 0 } } ignore_live_leader: false dest_uuid: "51cea5f814e44f89820ec9e7a23576af" is_pre_election: true
I20260709 13:16:59.512598 16607 raft_consensus.cc:2468] T b48df9fedfb7414499c573fabfab114e P 51cea5f814e44f89820ec9e7a23576af [term 0 FOLLOWER]: Leader pre-election vote request: Granting yes vote for candidate 56949a0f02e44b798ac4b3702df6c71e in term 0.
I20260709 13:16:59.481930 16802 raft_consensus.cc:515] T a081f1f40f5d4658a09e6ddb3dd6aa1b P 51cea5f814e44f89820ec9e7a23576af [term 0 FOLLOWER]: Starting pre-election with config: opid_index: -1 OBSOLETE_local: false peers { permanent_uuid: "22d0d88caf7243dcba4b32ec5a3bb39a" member_type: VOTER last_known_addr { host: "127.15.14.1" port: 38683 } } peers { permanent_uuid: "51cea5f814e44f89820ec9e7a23576af" member_type: VOTER last_known_addr { host: "127.15.14.2" port: 36711 } } peers { permanent_uuid: "56949a0f02e44b798ac4b3702df6c71e" member_type: VOTER last_known_addr { host: "127.15.14.3" port: 37131 } }
I20260709 13:16:59.515098 16802 leader_election.cc:290] T a081f1f40f5d4658a09e6ddb3dd6aa1b P 51cea5f814e44f89820ec9e7a23576af [CANDIDATE]: Term 1 pre-election: Requested pre-vote from peers 22d0d88caf7243dcba4b32ec5a3bb39a (127.15.14.1:38683), 56949a0f02e44b798ac4b3702df6c71e (127.15.14.3:37131)
I20260709 13:16:59.518199 16533 tablet_service.cc:1917] Received RequestConsensusVote() RPC: tablet_id: "a081f1f40f5d4658a09e6ddb3dd6aa1b" candidate_uuid: "51cea5f814e44f89820ec9e7a23576af" candidate_term: 1 candidate_status { last_received { term: 0 index: 0 } } ignore_live_leader: false dest_uuid: "22d0d88caf7243dcba4b32ec5a3bb39a" is_pre_election: true
I20260709 13:16:59.518306 16649 leader_election.cc:304] T b48df9fedfb7414499c573fabfab114e P 56949a0f02e44b798ac4b3702df6c71e [CANDIDATE]: Term 1 pre-election: Election decided. Result: candidate won. Election summary: received 3 responses out of 3 voters: 2 yes votes; 1 no votes. yes voters: 51cea5f814e44f89820ec9e7a23576af, 56949a0f02e44b798ac4b3702df6c71e; no voters: 22d0d88caf7243dcba4b32ec5a3bb39a
I20260709 13:16:59.519035 16962 raft_consensus.cc:2804] T 0234c0c672d244cc93978e8c71cedff1 P 56949a0f02e44b798ac4b3702df6c71e [term 0 FOLLOWER]: Leader pre-election won for term 1
I20260709 13:16:59.519405 16962 raft_consensus.cc:493] T 0234c0c672d244cc93978e8c71cedff1 P 56949a0f02e44b798ac4b3702df6c71e [term 0 FOLLOWER]: Starting leader election (no leader contacted us within the election timeout)
I20260709 13:16:59.519586 16860 raft_consensus.cc:493] T 9c0d8a7cb5a1461bb84ccb98884fddfd P 56949a0f02e44b798ac4b3702df6c71e [term 0 FOLLOWER]: Starting pre-election (no leader contacted us within the election timeout)
I20260709 13:16:59.519757 16962 raft_consensus.cc:3060] T 0234c0c672d244cc93978e8c71cedff1 P 56949a0f02e44b798ac4b3702df6c71e [term 0 FOLLOWER]: Advancing to term 1
I20260709 13:16:59.520049 16860 raft_consensus.cc:515] T 9c0d8a7cb5a1461bb84ccb98884fddfd P 56949a0f02e44b798ac4b3702df6c71e [term 0 FOLLOWER]: Starting pre-election with config: opid_index: -1 OBSOLETE_local: false peers { permanent_uuid: "22d0d88caf7243dcba4b32ec5a3bb39a" member_type: VOTER last_known_addr { host: "127.15.14.1" port: 38683 } } peers { permanent_uuid: "51cea5f814e44f89820ec9e7a23576af" member_type: VOTER last_known_addr { host: "127.15.14.2" port: 36711 } } peers { permanent_uuid: "56949a0f02e44b798ac4b3702df6c71e" member_type: VOTER last_known_addr { host: "127.15.14.3" port: 37131 } }
I20260709 13:16:59.523959 16860 leader_election.cc:290] T 9c0d8a7cb5a1461bb84ccb98884fddfd P 56949a0f02e44b798ac4b3702df6c71e [CANDIDATE]: Term 1 pre-election: Requested pre-vote from peers 22d0d88caf7243dcba4b32ec5a3bb39a (127.15.14.1:38683), 51cea5f814e44f89820ec9e7a23576af (127.15.14.2:36711)
I20260709 13:16:59.524472 16860 raft_consensus.cc:2804] T b48df9fedfb7414499c573fabfab114e P 56949a0f02e44b798ac4b3702df6c71e [term 0 FOLLOWER]: Leader pre-election won for term 1
I20260709 13:16:59.524820 16860 raft_consensus.cc:493] T b48df9fedfb7414499c573fabfab114e P 56949a0f02e44b798ac4b3702df6c71e [term 0 FOLLOWER]: Starting leader election (no leader contacted us within the election timeout)
I20260709 13:16:59.525171 16860 raft_consensus.cc:3060] T b48df9fedfb7414499c573fabfab114e P 56949a0f02e44b798ac4b3702df6c71e [term 0 FOLLOWER]: Advancing to term 1
I20260709 13:16:59.522744 16533 tablet_service.cc:1917] Received RequestConsensusVote() RPC: tablet_id: "9c0d8a7cb5a1461bb84ccb98884fddfd" candidate_uuid: "56949a0f02e44b798ac4b3702df6c71e" candidate_term: 1 candidate_status { last_received { term: 0 index: 0 } } ignore_live_leader: false dest_uuid: "22d0d88caf7243dcba4b32ec5a3bb39a" is_pre_election: true
I20260709 13:16:59.525931 16533 raft_consensus.cc:2468] T 9c0d8a7cb5a1461bb84ccb98884fddfd P 22d0d88caf7243dcba4b32ec5a3bb39a [term 0 FOLLOWER]: Leader pre-election vote request: Granting yes vote for candidate 56949a0f02e44b798ac4b3702df6c71e in term 0.
I20260709 13:16:59.527033 16677 tablet_service.cc:1917] Received RequestConsensusVote() RPC: tablet_id: "a081f1f40f5d4658a09e6ddb3dd6aa1b" candidate_uuid: "51cea5f814e44f89820ec9e7a23576af" candidate_term: 1 candidate_status { last_received { term: 0 index: 0 } } ignore_live_leader: false dest_uuid: "56949a0f02e44b798ac4b3702df6c71e" is_pre_election: true
W20260709 13:16:59.532191 16572 leader_election.cc:343] T a081f1f40f5d4658a09e6ddb3dd6aa1b P 51cea5f814e44f89820ec9e7a23576af [CANDIDATE]: Term 1 pre-election: Tablet error from VoteRequest() call to peer 22d0d88caf7243dcba4b32ec5a3bb39a (127.15.14.1:38683): Illegal state: must be running to vote when last-logged opid is not known
I20260709 13:16:59.534904 16607 tablet_service.cc:1917] Received RequestConsensusVote() RPC: tablet_id: "9c0d8a7cb5a1461bb84ccb98884fddfd" candidate_uuid: "56949a0f02e44b798ac4b3702df6c71e" candidate_term: 1 candidate_status { last_received { term: 0 index: 0 } } ignore_live_leader: false dest_uuid: "51cea5f814e44f89820ec9e7a23576af" is_pre_election: true
I20260709 13:16:59.535955 16951 consensus_queue.cc:1048] T 30db25b18caf410195d28a16ab378721 P 51cea5f814e44f89820ec9e7a23576af [LEADER]: Connected to new peer: Peer: permanent_uuid: "22d0d88caf7243dcba4b32ec5a3bb39a" member_type: VOTER last_known_addr { host: "127.15.14.1" port: 38683 }, Status: LMP_MISMATCH, Last received: 0.0, Next index: 1, Last known committed idx: 0, Time since last communication: 0.000s
I20260709 13:16:59.537900 16607 raft_consensus.cc:2468] T 9c0d8a7cb5a1461bb84ccb98884fddfd P 51cea5f814e44f89820ec9e7a23576af [term 0 FOLLOWER]: Leader pre-election vote request: Granting yes vote for candidate 56949a0f02e44b798ac4b3702df6c71e in term 0.
I20260709 13:16:59.542469 16972 raft_consensus.cc:493] T 4bec7d014e424d1186c85c8469f79e5a P 51cea5f814e44f89820ec9e7a23576af [term 0 FOLLOWER]: Starting pre-election (no leader contacted us within the election timeout)
I20260709 13:16:59.551537 16646 leader_election.cc:304] T 9c0d8a7cb5a1461bb84ccb98884fddfd P 56949a0f02e44b798ac4b3702df6c71e [CANDIDATE]: Term 1 pre-election: Election decided. Result: candidate won. Election summary: received 2 responses out of 3 voters: 2 yes votes; 0 no votes. yes voters: 22d0d88caf7243dcba4b32ec5a3bb39a, 56949a0f02e44b798ac4b3702df6c71e; no voters: 
I20260709 13:16:59.553452 16964 raft_consensus.cc:2804] T 9c0d8a7cb5a1461bb84ccb98884fddfd P 56949a0f02e44b798ac4b3702df6c71e [term 0 FOLLOWER]: Leader pre-election won for term 1
I20260709 13:16:59.553915 16964 raft_consensus.cc:493] T 9c0d8a7cb5a1461bb84ccb98884fddfd P 56949a0f02e44b798ac4b3702df6c71e [term 0 FOLLOWER]: Starting leader election (no leader contacted us within the election timeout)
I20260709 13:16:59.554301 16964 raft_consensus.cc:3060] T 9c0d8a7cb5a1461bb84ccb98884fddfd P 56949a0f02e44b798ac4b3702df6c71e [term 0 FOLLOWER]: Advancing to term 1
W20260709 13:16:59.557657 16572 leader_election.cc:343] T a081f1f40f5d4658a09e6ddb3dd6aa1b P 51cea5f814e44f89820ec9e7a23576af [CANDIDATE]: Term 1 pre-election: Tablet error from VoteRequest() call to peer 56949a0f02e44b798ac4b3702df6c71e (127.15.14.3:37131): Illegal state: must be running to vote when last-logged opid is not known
I20260709 13:16:59.558192 16572 leader_election.cc:304] T a081f1f40f5d4658a09e6ddb3dd6aa1b P 51cea5f814e44f89820ec9e7a23576af [CANDIDATE]: Term 1 pre-election: Election decided. Result: candidate lost. Election summary: received 3 responses out of 3 voters: 1 yes votes; 2 no votes. yes voters: 51cea5f814e44f89820ec9e7a23576af; no voters: 22d0d88caf7243dcba4b32ec5a3bb39a, 56949a0f02e44b798ac4b3702df6c71e
I20260709 13:16:59.558957 16835 raft_consensus.cc:2749] T a081f1f40f5d4658a09e6ddb3dd6aa1b P 51cea5f814e44f89820ec9e7a23576af [term 0 FOLLOWER]: Leader pre-election lost for term 1. Reason: could not achieve majority
I20260709 13:16:59.543062 16972 raft_consensus.cc:515] T 4bec7d014e424d1186c85c8469f79e5a P 51cea5f814e44f89820ec9e7a23576af [term 0 FOLLOWER]: Starting pre-election with config: opid_index: -1 OBSOLETE_local: false peers { permanent_uuid: "22d0d88caf7243dcba4b32ec5a3bb39a" member_type: VOTER last_known_addr { host: "127.15.14.1" port: 38683 } } peers { permanent_uuid: "51cea5f814e44f89820ec9e7a23576af" member_type: VOTER last_known_addr { host: "127.15.14.2" port: 36711 } } peers { permanent_uuid: "56949a0f02e44b798ac4b3702df6c71e" member_type: VOTER last_known_addr { host: "127.15.14.3" port: 37131 } }
I20260709 13:16:59.564163 16972 leader_election.cc:290] T 4bec7d014e424d1186c85c8469f79e5a P 51cea5f814e44f89820ec9e7a23576af [CANDIDATE]: Term 1 pre-election: Requested pre-vote from peers 22d0d88caf7243dcba4b32ec5a3bb39a (127.15.14.1:38683), 56949a0f02e44b798ac4b3702df6c71e (127.15.14.3:37131)
I20260709 13:16:59.567524 16964 raft_consensus.cc:515] T 9c0d8a7cb5a1461bb84ccb98884fddfd P 56949a0f02e44b798ac4b3702df6c71e [term 1 FOLLOWER]: Starting leader election with config: opid_index: -1 OBSOLETE_local: false peers { permanent_uuid: "22d0d88caf7243dcba4b32ec5a3bb39a" member_type: VOTER last_known_addr { host: "127.15.14.1" port: 38683 } } peers { permanent_uuid: "51cea5f814e44f89820ec9e7a23576af" member_type: VOTER last_known_addr { host: "127.15.14.2" port: 36711 } } peers { permanent_uuid: "56949a0f02e44b798ac4b3702df6c71e" member_type: VOTER last_known_addr { host: "127.15.14.3" port: 37131 } }
I20260709 13:16:59.569569 16750 raft_consensus.cc:493] T 7e05587bd18f46d49b37eb060c82bfbc P 22d0d88caf7243dcba4b32ec5a3bb39a [term 0 FOLLOWER]: Starting pre-election (no leader contacted us within the election timeout)
I20260709 13:16:59.581779 16750 raft_consensus.cc:515] T 7e05587bd18f46d49b37eb060c82bfbc P 22d0d88caf7243dcba4b32ec5a3bb39a [term 0 FOLLOWER]: Starting pre-election with config: opid_index: -1 OBSOLETE_local: false peers { permanent_uuid: "22d0d88caf7243dcba4b32ec5a3bb39a" member_type: VOTER last_known_addr { host: "127.15.14.1" port: 38683 } } peers { permanent_uuid: "51cea5f814e44f89820ec9e7a23576af" member_type: VOTER last_known_addr { host: "127.15.14.2" port: 36711 } } peers { permanent_uuid: "56949a0f02e44b798ac4b3702df6c71e" member_type: VOTER last_known_addr { host: "127.15.14.3" port: 37131 } }
I20260709 13:16:59.583811 16750 leader_election.cc:290] T 7e05587bd18f46d49b37eb060c82bfbc P 22d0d88caf7243dcba4b32ec5a3bb39a [CANDIDATE]: Term 1 pre-election: Requested pre-vote from peers 51cea5f814e44f89820ec9e7a23576af (127.15.14.2:36711), 56949a0f02e44b798ac4b3702df6c71e (127.15.14.3:37131)
I20260709 13:16:59.587380 16534 tablet_service.cc:1917] Received RequestConsensusVote() RPC: tablet_id: "9c0d8a7cb5a1461bb84ccb98884fddfd" candidate_uuid: "56949a0f02e44b798ac4b3702df6c71e" candidate_term: 1 candidate_status { last_received { term: 0 index: 0 } } ignore_live_leader: false dest_uuid: "22d0d88caf7243dcba4b32ec5a3bb39a"
I20260709 13:16:59.588011 16976 raft_consensus.cc:493] T d5ccba93a5c74e3e93ea14dc722df5d3 P 56949a0f02e44b798ac4b3702df6c71e [term 0 FOLLOWER]: Starting pre-election (no leader contacted us within the election timeout)
I20260709 13:16:59.588562 16976 raft_consensus.cc:515] T d5ccba93a5c74e3e93ea14dc722df5d3 P 56949a0f02e44b798ac4b3702df6c71e [term 0 FOLLOWER]: Starting pre-election with config: opid_index: -1 OBSOLETE_local: false peers { permanent_uuid: "22d0d88caf7243dcba4b32ec5a3bb39a" member_type: VOTER last_known_addr { host: "127.15.14.1" port: 38683 } } peers { permanent_uuid: "51cea5f814e44f89820ec9e7a23576af" member_type: VOTER last_known_addr { host: "127.15.14.2" port: 36711 } } peers { permanent_uuid: "56949a0f02e44b798ac4b3702df6c71e" member_type: VOTER last_known_addr { host: "127.15.14.3" port: 37131 } }
I20260709 13:16:59.590415 16976 leader_election.cc:290] T d5ccba93a5c74e3e93ea14dc722df5d3 P 56949a0f02e44b798ac4b3702df6c71e [CANDIDATE]: Term 1 pre-election: Requested pre-vote from peers 22d0d88caf7243dcba4b32ec5a3bb39a (127.15.14.1:38683), 51cea5f814e44f89820ec9e7a23576af (127.15.14.2:36711)
I20260709 13:16:59.587584 16607 tablet_service.cc:1917] Received RequestConsensusVote() RPC: tablet_id: "7e05587bd18f46d49b37eb060c82bfbc" candidate_uuid: "22d0d88caf7243dcba4b32ec5a3bb39a" candidate_term: 1 candidate_status { last_received { term: 0 index: 0 } } ignore_live_leader: false dest_uuid: "51cea5f814e44f89820ec9e7a23576af" is_pre_election: true
I20260709 13:16:59.588074 16534 raft_consensus.cc:3060] T 9c0d8a7cb5a1461bb84ccb98884fddfd P 22d0d88caf7243dcba4b32ec5a3bb39a [term 0 FOLLOWER]: Advancing to term 1
I20260709 13:16:59.595618 16607 raft_consensus.cc:2393] T 7e05587bd18f46d49b37eb060c82bfbc P 51cea5f814e44f89820ec9e7a23576af [term 1 FOLLOWER]: Leader pre-election vote request: Denying vote to candidate 22d0d88caf7243dcba4b32ec5a3bb39a in current term 1: Already voted for candidate 56949a0f02e44b798ac4b3702df6c71e in this term.
I20260709 13:16:59.597440 16679 tablet_service.cc:1917] Received RequestConsensusVote() RPC: tablet_id: "4bec7d014e424d1186c85c8469f79e5a" candidate_uuid: "51cea5f814e44f89820ec9e7a23576af" candidate_term: 1 candidate_status { last_received { term: 0 index: 0 } } ignore_live_leader: false dest_uuid: "56949a0f02e44b798ac4b3702df6c71e" is_pre_election: true
I20260709 13:16:59.601570 16534 raft_consensus.cc:2468] T 9c0d8a7cb5a1461bb84ccb98884fddfd P 22d0d88caf7243dcba4b32ec5a3bb39a [term 1 FOLLOWER]: Leader election vote request: Granting yes vote for candidate 56949a0f02e44b798ac4b3702df6c71e in term 1.
I20260709 13:16:59.591733 16532 tablet_service.cc:1917] Received RequestConsensusVote() RPC: tablet_id: "d5ccba93a5c74e3e93ea14dc722df5d3" candidate_uuid: "56949a0f02e44b798ac4b3702df6c71e" candidate_term: 1 candidate_status { last_received { term: 0 index: 0 } } ignore_live_leader: false dest_uuid: "22d0d88caf7243dcba4b32ec5a3bb39a" is_pre_election: true
I20260709 13:16:59.616709 16532 raft_consensus.cc:2393] T d5ccba93a5c74e3e93ea14dc722df5d3 P 22d0d88caf7243dcba4b32ec5a3bb39a [term 1 FOLLOWER]: Leader pre-election vote request: Denying vote to candidate 56949a0f02e44b798ac4b3702df6c71e in current term 1: Already voted for candidate 51cea5f814e44f89820ec9e7a23576af in this term.
I20260709 13:16:59.594183 16530 tablet_service.cc:1917] Received RequestConsensusVote() RPC: tablet_id: "4bec7d014e424d1186c85c8469f79e5a" candidate_uuid: "51cea5f814e44f89820ec9e7a23576af" candidate_term: 1 candidate_status { last_received { term: 0 index: 0 } } ignore_live_leader: false dest_uuid: "22d0d88caf7243dcba4b32ec5a3bb39a" is_pre_election: true
I20260709 13:16:59.594297 16677 tablet_service.cc:1917] Received RequestConsensusVote() RPC: tablet_id: "7e05587bd18f46d49b37eb060c82bfbc" candidate_uuid: "22d0d88caf7243dcba4b32ec5a3bb39a" candidate_term: 1 candidate_status { last_received { term: 0 index: 0 } } ignore_live_leader: false dest_uuid: "56949a0f02e44b798ac4b3702df6c71e" is_pre_election: true
I20260709 13:16:59.618849 16727 tablet_bootstrap.cc:492] T 4bec7d014e424d1186c85c8469f79e5a P 56949a0f02e44b798ac4b3702df6c71e: No bootstrap required, opened a new log
I20260709 13:16:59.619292 16727 ts_tablet_manager.cc:1403] T 4bec7d014e424d1186c85c8469f79e5a P 56949a0f02e44b798ac4b3702df6c71e: Time spent bootstrapping tablet: real 0.144s	user 0.059s	sys 0.076s
I20260709 13:16:59.620790 16431 catalog_manager.cc:5697] T d5ccba93a5c74e3e93ea14dc722df5d3 P 51cea5f814e44f89820ec9e7a23576af reported cstate change: term changed from 0 to 1, leader changed from <none> to 51cea5f814e44f89820ec9e7a23576af (127.15.14.2). New cstate: current_term: 1 leader_uuid: "51cea5f814e44f89820ec9e7a23576af" committed_config { opid_index: -1 OBSOLETE_local: false peers { permanent_uuid: "22d0d88caf7243dcba4b32ec5a3bb39a" member_type: VOTER last_known_addr { host: "127.15.14.1" port: 38683 } health_report { overall_health: UNKNOWN } } peers { permanent_uuid: "51cea5f814e44f89820ec9e7a23576af" member_type: VOTER last_known_addr { host: "127.15.14.2" port: 36711 } health_report { overall_health: HEALTHY } } peers { permanent_uuid: "56949a0f02e44b798ac4b3702df6c71e" member_type: VOTER last_known_addr { host: "127.15.14.3" port: 37131 } health_report { overall_health: UNKNOWN } } }
I20260709 13:16:59.622185 16727 raft_consensus.cc:359] T 4bec7d014e424d1186c85c8469f79e5a P 56949a0f02e44b798ac4b3702df6c71e [term 0 FOLLOWER]: Replica starting. Triggering 0 pending ops. Active config: opid_index: -1 OBSOLETE_local: false peers { permanent_uuid: "22d0d88caf7243dcba4b32ec5a3bb39a" member_type: VOTER last_known_addr { host: "127.15.14.1" port: 38683 } } peers { permanent_uuid: "51cea5f814e44f89820ec9e7a23576af" member_type: VOTER last_known_addr { host: "127.15.14.2" port: 36711 } } peers { permanent_uuid: "56949a0f02e44b798ac4b3702df6c71e" member_type: VOTER last_known_addr { host: "127.15.14.3" port: 37131 } }
I20260709 13:16:59.622851 16727 raft_consensus.cc:385] T 4bec7d014e424d1186c85c8469f79e5a P 56949a0f02e44b798ac4b3702df6c71e [term 0 FOLLOWER]: Consensus starting up: Expiring failure detector timer to make a prompt election more likely
I20260709 13:16:59.623093 16727 raft_consensus.cc:740] T 4bec7d014e424d1186c85c8469f79e5a P 56949a0f02e44b798ac4b3702df6c71e [term 0 FOLLOWER]: Becoming Follower/Learner. State: Replica: 56949a0f02e44b798ac4b3702df6c71e, State: Initialized, Role: FOLLOWER
I20260709 13:16:59.623490 16497 leader_election.cc:304] T 7e05587bd18f46d49b37eb060c82bfbc P 22d0d88caf7243dcba4b32ec5a3bb39a [CANDIDATE]: Term 1 pre-election: Election decided. Result: candidate lost. Election summary: received 3 responses out of 3 voters: 1 yes votes; 2 no votes. yes voters: 22d0d88caf7243dcba4b32ec5a3bb39a; no voters: 51cea5f814e44f89820ec9e7a23576af, 56949a0f02e44b798ac4b3702df6c71e
I20260709 13:16:59.624104 16722 tablet_bootstrap.cc:492] T 93d4a25e9f1043459349845ec778c0d8 P 51cea5f814e44f89820ec9e7a23576af: No bootstrap required, opened a new log
I20260709 13:16:59.624564 16722 ts_tablet_manager.cc:1403] T 93d4a25e9f1043459349845ec778c0d8 P 51cea5f814e44f89820ec9e7a23576af: Time spent bootstrapping tablet: real 0.142s	user 0.030s	sys 0.034s
I20260709 13:16:59.624208 16727 consensus_queue.cc:260] T 4bec7d014e424d1186c85c8469f79e5a P 56949a0f02e44b798ac4b3702df6c71e [NON_LEADER]: Queue going to NON_LEADER mode. State: All replicated index: 0, Majority replicated index: 0, Committed index: 0, Last appended: 0.0, Last appended by leader: 0, Current term: 0, Majority size: -1, State: 0, Mode: NON_LEADER, active raft config: opid_index: -1 OBSOLETE_local: false peers { permanent_uuid: "22d0d88caf7243dcba4b32ec5a3bb39a" member_type: VOTER last_known_addr { host: "127.15.14.1" port: 38683 } } peers { permanent_uuid: "51cea5f814e44f89820ec9e7a23576af" member_type: VOTER last_known_addr { host: "127.15.14.2" port: 36711 } } peers { permanent_uuid: "56949a0f02e44b798ac4b3702df6c71e" member_type: VOTER last_known_addr { host: "127.15.14.3" port: 37131 } }
I20260709 13:16:59.625116 16750 raft_consensus.cc:3060] T 7e05587bd18f46d49b37eb060c82bfbc P 22d0d88caf7243dcba4b32ec5a3bb39a [term 0 FOLLOWER]: Advancing to term 1
I20260709 13:16:59.626541 16727 ts_tablet_manager.cc:1434] T 4bec7d014e424d1186c85c8469f79e5a P 56949a0f02e44b798ac4b3702df6c71e: Time spent starting tablet: real 0.007s	user 0.006s	sys 0.000s
I20260709 13:16:59.627453 16727 tablet_bootstrap.cc:492] T a081f1f40f5d4658a09e6ddb3dd6aa1b P 56949a0f02e44b798ac4b3702df6c71e: Bootstrap starting.
I20260709 13:16:59.627996 16646 leader_election.cc:304] T 9c0d8a7cb5a1461bb84ccb98884fddfd P 56949a0f02e44b798ac4b3702df6c71e [CANDIDATE]: Term 1 election: Election decided. Result: candidate won. Election summary: received 2 responses out of 3 voters: 2 yes votes; 0 no votes. yes voters: 22d0d88caf7243dcba4b32ec5a3bb39a, 56949a0f02e44b798ac4b3702df6c71e; no voters: 
I20260709 13:16:59.628752 16976 raft_consensus.cc:2804] T 9c0d8a7cb5a1461bb84ccb98884fddfd P 56949a0f02e44b798ac4b3702df6c71e [term 1 FOLLOWER]: Leader election won for term 1
I20260709 13:16:59.629201 16976 raft_consensus.cc:697] T 9c0d8a7cb5a1461bb84ccb98884fddfd P 56949a0f02e44b798ac4b3702df6c71e [term 1 LEADER]: Becoming Leader. State: Replica: 56949a0f02e44b798ac4b3702df6c71e, State: Running, Role: LEADER
I20260709 13:16:59.586002 16964 leader_election.cc:290] T 9c0d8a7cb5a1461bb84ccb98884fddfd P 56949a0f02e44b798ac4b3702df6c71e [CANDIDATE]: Term 1 election: Requested vote from peers 22d0d88caf7243dcba4b32ec5a3bb39a (127.15.14.1:38683), 51cea5f814e44f89820ec9e7a23576af (127.15.14.2:36711)
