I20260709 13:16:32.901026 15486 raft_consensus.cc:3060] T 9829f24c2b9e4e0bbcd13aa139fdf10a P d6ccfa3d59194497bcb23c688adfe140 [term 0 FOLLOWER]: Advancing to term 1
I20260709 13:16:32.903841 15316 tablet_service.cc:1917] Received RequestConsensusVote() RPC: tablet_id: "b3d8b6dac0e04f4da235e0b7d15a03d3" candidate_uuid: "d6ccfa3d59194497bcb23c688adfe140" candidate_term: 1 candidate_status { last_received { term: 0 index: 0 } } ignore_live_leader: false dest_uuid: "c272e9a82242472f9e78b60b1e5f65dc"
I20260709 13:16:32.905396 15437 leader_election.cc:290] T 7e60ab73dec7417eab756fccf9ad3623 P c272e9a82242472f9e78b60b1e5f65dc [CANDIDATE]: Term 1 pre-election: Requested pre-vote from peers cb8a28b141134030b185982554d97263 (127.14.192.129:45715), d6ccfa3d59194497bcb23c688adfe140 (127.14.192.131:39513)
I20260709 13:16:32.907490 15314 raft_consensus.cc:2468] T ac0b4a3d28f045d8a2c2a4e7503cc6b9 P c272e9a82242472f9e78b60b1e5f65dc [term 1 FOLLOWER]: Leader election vote request: Granting yes vote for candidate cb8a28b141134030b185982554d97263 in term 1.
I20260709 13:16:32.907825 15240 raft_consensus.cc:2468] T b3d8b6dac0e04f4da235e0b7d15a03d3 P cb8a28b141134030b185982554d97263 [term 1 FOLLOWER]: Leader election vote request: Granting yes vote for candidate d6ccfa3d59194497bcb23c688adfe140 in term 1.
I20260709 13:16:32.904641 15443 raft_consensus.cc:697] T 0117fddb45244450a80130e2e0224832 P cb8a28b141134030b185982554d97263 [term 1 LEADER]: Becoming Leader. State: Replica: cb8a28b141134030b185982554d97263, State: Running, Role: LEADER
I20260709 13:16:32.908267 15390 tablet_service.cc:1917] Received RequestConsensusVote() RPC: tablet_id: "7e60ab73dec7417eab756fccf9ad3623" candidate_uuid: "c272e9a82242472f9e78b60b1e5f65dc" candidate_term: 1 candidate_status { last_received { term: 0 index: 0 } } ignore_live_leader: false dest_uuid: "d6ccfa3d59194497bcb23c688adfe140" is_pre_election: true
I20260709 13:16:32.910980 15353 leader_election.cc:304] T b3d8b6dac0e04f4da235e0b7d15a03d3 P d6ccfa3d59194497bcb23c688adfe140 [CANDIDATE]: Term 1 election: Election decided. Result: candidate won. Election summary: received 2 responses out of 3 voters: 2 yes votes; 0 no votes. yes voters: cb8a28b141134030b185982554d97263, d6ccfa3d59194497bcb23c688adfe140; no voters: 
I20260709 13:16:32.911072 15205 leader_election.cc:304] T ac0b4a3d28f045d8a2c2a4e7503cc6b9 P cb8a28b141134030b185982554d97263 [CANDIDATE]: Term 1 election: Election decided. Result: candidate won. Election summary: received 3 responses out of 3 voters: 2 yes votes; 1 no votes. yes voters: c272e9a82242472f9e78b60b1e5f65dc, cb8a28b141134030b185982554d97263; no voters: d6ccfa3d59194497bcb23c688adfe140
I20260709 13:16:32.911237 15443 consensus_queue.cc:237] T 0117fddb45244450a80130e2e0224832 P cb8a28b141134030b185982554d97263 [LEADER]: Queue going to LEADER mode. State: All replicated index: 0, Majority replicated index: 0, Committed index: 0, Last appended: 0.0, Last appended by leader: 0, Current term: 1, Majority size: 2, State: 0, Mode: LEADER, active raft config: opid_index: -1 OBSOLETE_local: false peers { permanent_uuid: "cb8a28b141134030b185982554d97263" member_type: VOTER last_known_addr { host: "127.14.192.129" port: 45715 } } peers { permanent_uuid: "c272e9a82242472f9e78b60b1e5f65dc" member_type: VOTER last_known_addr { host: "127.14.192.130" port: 44009 } } peers { permanent_uuid: "d6ccfa3d59194497bcb23c688adfe140" member_type: VOTER last_known_addr { host: "127.14.192.131" port: 39513 } }
I20260709 13:16:32.912063 15476 raft_consensus.cc:2804] T b3d8b6dac0e04f4da235e0b7d15a03d3 P d6ccfa3d59194497bcb23c688adfe140 [term 1 FOLLOWER]: Leader election won for term 1
I20260709 13:16:32.912586 15476 raft_consensus.cc:697] T b3d8b6dac0e04f4da235e0b7d15a03d3 P d6ccfa3d59194497bcb23c688adfe140 [term 1 LEADER]: Becoming Leader. State: Replica: d6ccfa3d59194497bcb23c688adfe140, State: Running, Role: LEADER
I20260709 13:16:32.914089 15476 consensus_queue.cc:237] T b3d8b6dac0e04f4da235e0b7d15a03d3 P d6ccfa3d59194497bcb23c688adfe140 [LEADER]: Queue going to LEADER mode. State: All replicated index: 0, Majority replicated index: 0, Committed index: 0, Last appended: 0.0, Last appended by leader: 0, Current term: 1, Majority size: 2, State: 0, Mode: LEADER, active raft config: opid_index: -1 OBSOLETE_local: false peers { permanent_uuid: "cb8a28b141134030b185982554d97263" member_type: VOTER last_known_addr { host: "127.14.192.129" port: 45715 } } peers { permanent_uuid: "c272e9a82242472f9e78b60b1e5f65dc" member_type: VOTER last_known_addr { host: "127.14.192.130" port: 44009 } } peers { permanent_uuid: "d6ccfa3d59194497bcb23c688adfe140" member_type: VOTER last_known_addr { host: "127.14.192.131" port: 39513 } }
W20260709 13:16:32.915864 15354 leader_election.cc:343] T b3d8b6dac0e04f4da235e0b7d15a03d3 P d6ccfa3d59194497bcb23c688adfe140 [CANDIDATE]: Term 1 election: Tablet error from VoteRequest() call to peer c272e9a82242472f9e78b60b1e5f65dc (127.14.192.130:44009): Illegal state: must be running to vote when last-logged opid is not known
I20260709 13:16:32.916823 15282 leader_election.cc:304] T 7e60ab73dec7417eab756fccf9ad3623 P c272e9a82242472f9e78b60b1e5f65dc [CANDIDATE]: Term 1 pre-election: Election decided. Result: candidate lost. Election summary: received 3 responses out of 3 voters: 1 yes votes; 2 no votes. yes voters: c272e9a82242472f9e78b60b1e5f65dc; no voters: cb8a28b141134030b185982554d97263, d6ccfa3d59194497bcb23c688adfe140
I20260709 13:16:32.919052 15488 raft_consensus.cc:2804] T ac0b4a3d28f045d8a2c2a4e7503cc6b9 P cb8a28b141134030b185982554d97263 [term 1 FOLLOWER]: Leader election won for term 1
I20260709 13:16:32.917572 15437 raft_consensus.cc:3060] T 7e60ab73dec7417eab756fccf9ad3623 P c272e9a82242472f9e78b60b1e5f65dc [term 0 FOLLOWER]: Advancing to term 1
I20260709 13:16:32.918063 15458 leader_election.cc:290] T ac0b4a3d28f045d8a2c2a4e7503cc6b9 P d6ccfa3d59194497bcb23c688adfe140 [CANDIDATE]: Term 1 election: Requested vote from peers cb8a28b141134030b185982554d97263 (127.14.192.129:45715), c272e9a82242472f9e78b60b1e5f65dc (127.14.192.130:44009)
I20260709 13:16:32.919636 15488 raft_consensus.cc:697] T ac0b4a3d28f045d8a2c2a4e7503cc6b9 P cb8a28b141134030b185982554d97263 [term 1 LEADER]: Becoming Leader. State: Replica: cb8a28b141134030b185982554d97263, State: Running, Role: LEADER
I20260709 13:16:32.920694 15240 tablet_service.cc:1917] Received RequestConsensusVote() RPC: tablet_id: "ac0b4a3d28f045d8a2c2a4e7503cc6b9" candidate_uuid: "d6ccfa3d59194497bcb23c688adfe140" candidate_term: 1 candidate_status { last_received { term: 0 index: 0 } } ignore_live_leader: false dest_uuid: "cb8a28b141134030b185982554d97263"
I20260709 13:16:32.926151 15314 tablet_service.cc:1917] Received RequestConsensusVote() RPC: tablet_id: "ac0b4a3d28f045d8a2c2a4e7503cc6b9" candidate_uuid: "d6ccfa3d59194497bcb23c688adfe140" candidate_term: 1 candidate_status { last_received { term: 0 index: 0 } } ignore_live_leader: false dest_uuid: "c272e9a82242472f9e78b60b1e5f65dc"
W20260709 13:16:32.927461 15185 auto_rebalancer.cc:288] Could not retrieve cluster info: Service unavailable: Tablet not running
I20260709 13:16:32.928020 15314 raft_consensus.cc:2393] T ac0b4a3d28f045d8a2c2a4e7503cc6b9 P c272e9a82242472f9e78b60b1e5f65dc [term 1 FOLLOWER]: Leader election vote request: Denying vote to candidate d6ccfa3d59194497bcb23c688adfe140 in current term 1: Already voted for candidate cb8a28b141134030b185982554d97263 in this term.
I20260709 13:16:32.930949 15354 leader_election.cc:304] T ac0b4a3d28f045d8a2c2a4e7503cc6b9 P d6ccfa3d59194497bcb23c688adfe140 [CANDIDATE]: Term 1 election: Election decided. Result: candidate lost. Election summary: received 3 responses out of 3 voters: 1 yes votes; 2 no votes. yes voters: d6ccfa3d59194497bcb23c688adfe140; no voters: c272e9a82242472f9e78b60b1e5f65dc, cb8a28b141134030b185982554d97263
I20260709 13:16:32.932994 15479 raft_consensus.cc:2749] T ac0b4a3d28f045d8a2c2a4e7503cc6b9 P d6ccfa3d59194497bcb23c688adfe140 [term 1 FOLLOWER]: Leader election lost for term 1. Reason: could not achieve majority
I20260709 13:16:32.928584 15488 consensus_queue.cc:237] T ac0b4a3d28f045d8a2c2a4e7503cc6b9 P cb8a28b141134030b185982554d97263 [LEADER]: Queue going to LEADER mode. State: All replicated index: 0, Majority replicated index: 0, Committed index: 0, Last appended: 0.0, Last appended by leader: 0, Current term: 1, Majority size: 2, State: 0, Mode: LEADER, active raft config: opid_index: -1 OBSOLETE_local: false peers { permanent_uuid: "cb8a28b141134030b185982554d97263" member_type: VOTER last_known_addr { host: "127.14.192.129" port: 45715 } } peers { permanent_uuid: "c272e9a82242472f9e78b60b1e5f65dc" member_type: VOTER last_known_addr { host: "127.14.192.130" port: 44009 } } peers { permanent_uuid: "d6ccfa3d59194497bcb23c688adfe140" member_type: VOTER last_known_addr { host: "127.14.192.131" port: 39513 } }
I20260709 13:16:32.940945 15434 tablet_bootstrap.cc:654] T b3d8b6dac0e04f4da235e0b7d15a03d3 P c272e9a82242472f9e78b60b1e5f65dc: Neither blocks nor log segments found. Creating new log.
I20260709 13:16:32.938722 15135 catalog_manager.cc:5697] T 0117fddb45244450a80130e2e0224832 P cb8a28b141134030b185982554d97263 reported cstate change: term changed from 0 to 1, leader changed from <none> to cb8a28b141134030b185982554d97263 (127.14.192.129). New cstate: current_term: 1 leader_uuid: "cb8a28b141134030b185982554d97263" committed_config { opid_index: -1 OBSOLETE_local: false peers { permanent_uuid: "cb8a28b141134030b185982554d97263" member_type: VOTER last_known_addr { host: "127.14.192.129" port: 45715 } health_report { overall_health: HEALTHY } } peers { permanent_uuid: "c272e9a82242472f9e78b60b1e5f65dc" member_type: VOTER last_known_addr { host: "127.14.192.130" port: 44009 } health_report { overall_health: UNKNOWN } } peers { permanent_uuid: "d6ccfa3d59194497bcb23c688adfe140" member_type: VOTER last_known_addr { host: "127.14.192.131" port: 39513 } health_report { overall_health: UNKNOWN } } }
I20260709 13:16:32.942328 15476 consensus_queue.cc:1048] T 7e60ab73dec7417eab756fccf9ad3623 P d6ccfa3d59194497bcb23c688adfe140 [LEADER]: Connected to new peer: Peer: permanent_uuid: "cb8a28b141134030b185982554d97263" member_type: VOTER last_known_addr { host: "127.14.192.129" port: 45715 }, Status: LMP_MISMATCH, Last received: 0.0, Next index: 1, Last known committed idx: 0, Time since last communication: 0.005s
I20260709 13:16:32.948463 15134 catalog_manager.cc:5697] T d94ecb16085c4863ba000ea6803ec31d P d6ccfa3d59194497bcb23c688adfe140 reported cstate change: term changed from 0 to 1, leader changed from <none> to d6ccfa3d59194497bcb23c688adfe140 (127.14.192.131). New cstate: current_term: 1 leader_uuid: "d6ccfa3d59194497bcb23c688adfe140" committed_config { opid_index: -1 OBSOLETE_local: false peers { permanent_uuid: "cb8a28b141134030b185982554d97263" member_type: VOTER last_known_addr { host: "127.14.192.129" port: 45715 } health_report { overall_health: UNKNOWN } } peers { permanent_uuid: "c272e9a82242472f9e78b60b1e5f65dc" member_type: VOTER last_known_addr { host: "127.14.192.130" port: 44009 } health_report { overall_health: UNKNOWN } } peers { permanent_uuid: "d6ccfa3d59194497bcb23c688adfe140" member_type: VOTER last_known_addr { host: "127.14.192.131" port: 39513 } health_report { overall_health: HEALTHY } } }
I20260709 13:16:32.955567 15134 catalog_manager.cc:5697] T 01fe7017c02b40128dba39438a85aa22 P d6ccfa3d59194497bcb23c688adfe140 reported cstate change: term changed from 0 to 1, leader changed from <none> to d6ccfa3d59194497bcb23c688adfe140 (127.14.192.131). New cstate: current_term: 1 leader_uuid: "d6ccfa3d59194497bcb23c688adfe140" committed_config { opid_index: -1 OBSOLETE_local: false peers { permanent_uuid: "cb8a28b141134030b185982554d97263" member_type: VOTER last_known_addr { host: "127.14.192.129" port: 45715 } health_report { overall_health: UNKNOWN } } peers { permanent_uuid: "c272e9a82242472f9e78b60b1e5f65dc" member_type: VOTER last_known_addr { host: "127.14.192.130" port: 44009 } health_report { overall_health: UNKNOWN } } peers { permanent_uuid: "d6ccfa3d59194497bcb23c688adfe140" member_type: VOTER last_known_addr { host: "127.14.192.131" port: 39513 } health_report { overall_health: HEALTHY } } }
I20260709 13:16:32.967139 15479 consensus_queue.cc:1048] T 3f787e9fcafc424b8a64353662822345 P d6ccfa3d59194497bcb23c688adfe140 [LEADER]: Connected to new peer: Peer: permanent_uuid: "c272e9a82242472f9e78b60b1e5f65dc" member_type: VOTER last_known_addr { host: "127.14.192.130" port: 44009 }, Status: LMP_MISMATCH, Last received: 0.0, Next index: 1, Last known committed idx: 0, Time since last communication: 0.001s
I20260709 13:16:32.970651 15434 tablet_bootstrap.cc:492] T b3d8b6dac0e04f4da235e0b7d15a03d3 P c272e9a82242472f9e78b60b1e5f65dc: No bootstrap required, opened a new log
I20260709 13:16:32.971123 15434 ts_tablet_manager.cc:1403] T b3d8b6dac0e04f4da235e0b7d15a03d3 P c272e9a82242472f9e78b60b1e5f65dc: Time spent bootstrapping tablet: real 0.115s	user 0.017s	sys 0.007s
I20260709 13:16:32.973337 15437 raft_consensus.cc:2749] T 7e60ab73dec7417eab756fccf9ad3623 P c272e9a82242472f9e78b60b1e5f65dc [term 1 FOLLOWER]: Leader pre-election lost for term 1. Reason: could not achieve majority
I20260709 13:16:32.971784 15486 raft_consensus.cc:515] T 9829f24c2b9e4e0bbcd13aa139fdf10a P d6ccfa3d59194497bcb23c688adfe140 [term 1 FOLLOWER]: Starting leader election with config: opid_index: -1 OBSOLETE_local: false peers { permanent_uuid: "cb8a28b141134030b185982554d97263" member_type: VOTER last_known_addr { host: "127.14.192.129" port: 45715 } } peers { permanent_uuid: "c272e9a82242472f9e78b60b1e5f65dc" member_type: VOTER last_known_addr { host: "127.14.192.130" port: 44009 } } peers { permanent_uuid: "d6ccfa3d59194497bcb23c688adfe140" member_type: VOTER last_known_addr { host: "127.14.192.131" port: 39513 } }
I20260709 13:16:32.981976 15434 raft_consensus.cc:359] T b3d8b6dac0e04f4da235e0b7d15a03d3 P c272e9a82242472f9e78b60b1e5f65dc [term 0 FOLLOWER]: Replica starting. Triggering 0 pending ops. Active config: opid_index: -1 OBSOLETE_local: false peers { permanent_uuid: "cb8a28b141134030b185982554d97263" member_type: VOTER last_known_addr { host: "127.14.192.129" port: 45715 } } peers { permanent_uuid: "c272e9a82242472f9e78b60b1e5f65dc" member_type: VOTER last_known_addr { host: "127.14.192.130" port: 44009 } } peers { permanent_uuid: "d6ccfa3d59194497bcb23c688adfe140" member_type: VOTER last_known_addr { host: "127.14.192.131" port: 39513 } }
I20260709 13:16:32.982481 15434 raft_consensus.cc:385] T b3d8b6dac0e04f4da235e0b7d15a03d3 P c272e9a82242472f9e78b60b1e5f65dc [term 0 FOLLOWER]: Consensus starting up: Expiring failure detector timer to make a prompt election more likely
I20260709 13:16:32.982692 15434 raft_consensus.cc:740] T b3d8b6dac0e04f4da235e0b7d15a03d3 P c272e9a82242472f9e78b60b1e5f65dc [term 0 FOLLOWER]: Becoming Follower/Learner. State: Replica: c272e9a82242472f9e78b60b1e5f65dc, State: Initialized, Role: FOLLOWER
I20260709 13:16:32.983606 15434 consensus_queue.cc:260] T b3d8b6dac0e04f4da235e0b7d15a03d3 P c272e9a82242472f9e78b60b1e5f65dc [NON_LEADER]: Queue going to NON_LEADER mode. State: All replicated index: 0, Majority replicated index: 0, Committed index: 0, Last appended: 0.0, Last appended by leader: 0, Current term: 0, Majority size: -1, State: 0, Mode: NON_LEADER, active raft config: opid_index: -1 OBSOLETE_local: false peers { permanent_uuid: "cb8a28b141134030b185982554d97263" member_type: VOTER last_known_addr { host: "127.14.192.129" port: 45715 } } peers { permanent_uuid: "c272e9a82242472f9e78b60b1e5f65dc" member_type: VOTER last_known_addr { host: "127.14.192.130" port: 44009 } } peers { permanent_uuid: "d6ccfa3d59194497bcb23c688adfe140" member_type: VOTER last_known_addr { host: "127.14.192.131" port: 39513 } }
I20260709 13:16:32.987362 15434 ts_tablet_manager.cc:1434] T b3d8b6dac0e04f4da235e0b7d15a03d3 P c272e9a82242472f9e78b60b1e5f65dc: Time spent starting tablet: real 0.016s	user 0.003s	sys 0.004s
I20260709 13:16:32.988247 15434 tablet_bootstrap.cc:492] T 9829f24c2b9e4e0bbcd13aa139fdf10a P c272e9a82242472f9e78b60b1e5f65dc: Bootstrap starting.
I20260709 13:16:32.995533 15486 leader_election.cc:290] T 9829f24c2b9e4e0bbcd13aa139fdf10a P d6ccfa3d59194497bcb23c688adfe140 [CANDIDATE]: Term 1 election: Requested vote from peers cb8a28b141134030b185982554d97263 (127.14.192.129:45715), c272e9a82242472f9e78b60b1e5f65dc (127.14.192.130:44009)
I20260709 13:16:32.997318 15238 tablet_service.cc:1917] Received RequestConsensusVote() RPC: tablet_id: "9829f24c2b9e4e0bbcd13aa139fdf10a" candidate_uuid: "d6ccfa3d59194497bcb23c688adfe140" candidate_term: 1 candidate_status { last_received { term: 0 index: 0 } } ignore_live_leader: false dest_uuid: "cb8a28b141134030b185982554d97263"
I20260709 13:16:32.998587 15313 tablet_service.cc:1917] Received RequestConsensusVote() RPC: tablet_id: "9829f24c2b9e4e0bbcd13aa139fdf10a" candidate_uuid: "d6ccfa3d59194497bcb23c688adfe140" candidate_term: 1 candidate_status { last_received { term: 0 index: 0 } } ignore_live_leader: false dest_uuid: "c272e9a82242472f9e78b60b1e5f65dc"
I20260709 13:16:33.000541 15238 raft_consensus.cc:3060] T 9829f24c2b9e4e0bbcd13aa139fdf10a P cb8a28b141134030b185982554d97263 [term 0 FOLLOWER]: Advancing to term 1
W20260709 13:16:33.001878 15354 leader_election.cc:343] T 9829f24c2b9e4e0bbcd13aa139fdf10a P d6ccfa3d59194497bcb23c688adfe140 [CANDIDATE]: Term 1 election: Tablet error from VoteRequest() call to peer c272e9a82242472f9e78b60b1e5f65dc (127.14.192.130:44009): Illegal state: must be running to vote when last-logged opid is not known
I20260709 13:16:33.004832 15479 consensus_queue.cc:1048] T 7e60ab73dec7417eab756fccf9ad3623 P d6ccfa3d59194497bcb23c688adfe140 [LEADER]: Connected to new peer: Peer: permanent_uuid: "c272e9a82242472f9e78b60b1e5f65dc" member_type: VOTER last_known_addr { host: "127.14.192.130" port: 44009 }, Status: LMP_MISMATCH, Last received: 0.0, Next index: 1, Last known committed idx: 0, Time since last communication: 0.000s
I20260709 13:16:33.008251 15434 tablet_bootstrap.cc:654] T 9829f24c2b9e4e0bbcd13aa139fdf10a P c272e9a82242472f9e78b60b1e5f65dc: Neither blocks nor log segments found. Creating new log.
I20260709 13:16:33.014935 15135 catalog_manager.cc:5697] T ac0b4a3d28f045d8a2c2a4e7503cc6b9 P cb8a28b141134030b185982554d97263 reported cstate change: term changed from 0 to 1, leader changed from <none> to cb8a28b141134030b185982554d97263 (127.14.192.129). New cstate: current_term: 1 leader_uuid: "cb8a28b141134030b185982554d97263" committed_config { opid_index: -1 OBSOLETE_local: false peers { permanent_uuid: "cb8a28b141134030b185982554d97263" member_type: VOTER last_known_addr { host: "127.14.192.129" port: 45715 } health_report { overall_health: HEALTHY } } peers { permanent_uuid: "c272e9a82242472f9e78b60b1e5f65dc" member_type: VOTER last_known_addr { host: "127.14.192.130" port: 44009 } health_report { overall_health: UNKNOWN } } peers { permanent_uuid: "d6ccfa3d59194497bcb23c688adfe140" member_type: VOTER last_known_addr { host: "127.14.192.131" port: 39513 } health_report { overall_health: UNKNOWN } } }
I20260709 13:16:33.016301 15476 consensus_queue.cc:1048] T 3f787e9fcafc424b8a64353662822345 P d6ccfa3d59194497bcb23c688adfe140 [LEADER]: Connected to new peer: Peer: permanent_uuid: "cb8a28b141134030b185982554d97263" member_type: VOTER last_known_addr { host: "127.14.192.129" port: 45715 }, Status: LMP_MISMATCH, Last received: 0.0, Next index: 1, Last known committed idx: 0, Time since last communication: 0.000s
I20260709 13:16:33.029510 15136 catalog_manager.cc:5697] T b3d8b6dac0e04f4da235e0b7d15a03d3 P d6ccfa3d59194497bcb23c688adfe140 reported cstate change: term changed from 0 to 1, leader changed from <none> to d6ccfa3d59194497bcb23c688adfe140 (127.14.192.131). New cstate: current_term: 1 leader_uuid: "d6ccfa3d59194497bcb23c688adfe140" committed_config { opid_index: -1 OBSOLETE_local: false peers { permanent_uuid: "cb8a28b141134030b185982554d97263" member_type: VOTER last_known_addr { host: "127.14.192.129" port: 45715 } health_report { overall_health: UNKNOWN } } peers { permanent_uuid: "c272e9a82242472f9e78b60b1e5f65dc" member_type: VOTER last_known_addr { host: "127.14.192.130" port: 44009 } health_report { overall_health: UNKNOWN } } peers { permanent_uuid: "d6ccfa3d59194497bcb23c688adfe140" member_type: VOTER last_known_addr { host: "127.14.192.131" port: 39513 } health_report { overall_health: HEALTHY } } }
I20260709 13:16:33.045532 15238 raft_consensus.cc:2468] T 9829f24c2b9e4e0bbcd13aa139fdf10a P cb8a28b141134030b185982554d97263 [term 1 FOLLOWER]: Leader election vote request: Granting yes vote for candidate d6ccfa3d59194497bcb23c688adfe140 in term 1.
I20260709 13:16:33.046999 15353 leader_election.cc:304] T 9829f24c2b9e4e0bbcd13aa139fdf10a P d6ccfa3d59194497bcb23c688adfe140 [CANDIDATE]: Term 1 election: Election decided. Result: candidate won. Election summary: received 3 responses out of 3 voters: 2 yes votes; 1 no votes. yes voters: cb8a28b141134030b185982554d97263, d6ccfa3d59194497bcb23c688adfe140; no voters: c272e9a82242472f9e78b60b1e5f65dc
I20260709 13:16:33.047868 15486 raft_consensus.cc:2804] T 9829f24c2b9e4e0bbcd13aa139fdf10a P d6ccfa3d59194497bcb23c688adfe140 [term 1 FOLLOWER]: Leader election won for term 1
I20260709 13:16:33.048416 15486 raft_consensus.cc:697] T 9829f24c2b9e4e0bbcd13aa139fdf10a P d6ccfa3d59194497bcb23c688adfe140 [term 1 LEADER]: Becoming Leader. State: Replica: d6ccfa3d59194497bcb23c688adfe140, State: Running, Role: LEADER
I20260709 13:16:33.045835 15434 tablet_bootstrap.cc:492] T 9829f24c2b9e4e0bbcd13aa139fdf10a P c272e9a82242472f9e78b60b1e5f65dc: No bootstrap required, opened a new log
I20260709 13:16:33.049681 15434 ts_tablet_manager.cc:1403] T 9829f24c2b9e4e0bbcd13aa139fdf10a P c272e9a82242472f9e78b60b1e5f65dc: Time spent bootstrapping tablet: real 0.062s	user 0.012s	sys 0.005s
I20260709 13:16:33.049252 15486 consensus_queue.cc:237] T 9829f24c2b9e4e0bbcd13aa139fdf10a P d6ccfa3d59194497bcb23c688adfe140 [LEADER]: Queue going to LEADER mode. State: All replicated index: 0, Majority replicated index: 0, Committed index: 0, Last appended: 0.0, Last appended by leader: 0, Current term: 1, Majority size: 2, State: 0, Mode: LEADER, active raft config: opid_index: -1 OBSOLETE_local: false peers { permanent_uuid: "cb8a28b141134030b185982554d97263" member_type: VOTER last_known_addr { host: "127.14.192.129" port: 45715 } } peers { permanent_uuid: "c272e9a82242472f9e78b60b1e5f65dc" member_type: VOTER last_known_addr { host: "127.14.192.130" port: 44009 } } peers { permanent_uuid: "d6ccfa3d59194497bcb23c688adfe140" member_type: VOTER last_known_addr { host: "127.14.192.131" port: 39513 } }
I20260709 13:16:33.052237 15434 raft_consensus.cc:359] T 9829f24c2b9e4e0bbcd13aa139fdf10a P c272e9a82242472f9e78b60b1e5f65dc [term 0 FOLLOWER]: Replica starting. Triggering 0 pending ops. Active config: opid_index: -1 OBSOLETE_local: false peers { permanent_uuid: "cb8a28b141134030b185982554d97263" member_type: VOTER last_known_addr { host: "127.14.192.129" port: 45715 } } peers { permanent_uuid: "c272e9a82242472f9e78b60b1e5f65dc" member_type: VOTER last_known_addr { host: "127.14.192.130" port: 44009 } } peers { permanent_uuid: "d6ccfa3d59194497bcb23c688adfe140" member_type: VOTER last_known_addr { host: "127.14.192.131" port: 39513 } }
I20260709 13:16:33.052892 15434 raft_consensus.cc:385] T 9829f24c2b9e4e0bbcd13aa139fdf10a P c272e9a82242472f9e78b60b1e5f65dc [term 0 FOLLOWER]: Consensus starting up: Expiring failure detector timer to make a prompt election more likely
I20260709 13:16:33.053205 15434 raft_consensus.cc:740] T 9829f24c2b9e4e0bbcd13aa139fdf10a P c272e9a82242472f9e78b60b1e5f65dc [term 0 FOLLOWER]: Becoming Follower/Learner. State: Replica: c272e9a82242472f9e78b60b1e5f65dc, State: Initialized, Role: FOLLOWER
I20260709 13:16:33.053912 15434 consensus_queue.cc:260] T 9829f24c2b9e4e0bbcd13aa139fdf10a P c272e9a82242472f9e78b60b1e5f65dc [NON_LEADER]: Queue going to NON_LEADER mode. State: All replicated index: 0, Majority replicated index: 0, Committed index: 0, Last appended: 0.0, Last appended by leader: 0, Current term: 0, Majority size: -1, State: 0, Mode: NON_LEADER, active raft config: opid_index: -1 OBSOLETE_local: false peers { permanent_uuid: "cb8a28b141134030b185982554d97263" member_type: VOTER last_known_addr { host: "127.14.192.129" port: 45715 } } peers { permanent_uuid: "c272e9a82242472f9e78b60b1e5f65dc" member_type: VOTER last_known_addr { host: "127.14.192.130" port: 44009 } } peers { permanent_uuid: "d6ccfa3d59194497bcb23c688adfe140" member_type: VOTER last_known_addr { host: "127.14.192.131" port: 39513 } }
I20260709 13:16:33.056108 15434 ts_tablet_manager.cc:1434] T 9829f24c2b9e4e0bbcd13aa139fdf10a P c272e9a82242472f9e78b60b1e5f65dc: Time spent starting tablet: real 0.006s	user 0.005s	sys 0.001s
I20260709 13:16:33.068683 15135 catalog_manager.cc:5697] T 9829f24c2b9e4e0bbcd13aa139fdf10a P d6ccfa3d59194497bcb23c688adfe140 reported cstate change: term changed from 0 to 1, leader changed from <none> to d6ccfa3d59194497bcb23c688adfe140 (127.14.192.131). New cstate: current_term: 1 leader_uuid: "d6ccfa3d59194497bcb23c688adfe140" committed_config { opid_index: -1 OBSOLETE_local: false peers { permanent_uuid: "cb8a28b141134030b185982554d97263" member_type: VOTER last_known_addr { host: "127.14.192.129" port: 45715 } health_report { overall_health: UNKNOWN } } peers { permanent_uuid: "c272e9a82242472f9e78b60b1e5f65dc" member_type: VOTER last_known_addr { host: "127.14.192.130" port: 44009 } health_report { overall_health: UNKNOWN } } peers { permanent_uuid: "d6ccfa3d59194497bcb23c688adfe140" member_type: VOTER last_known_addr { host: "127.14.192.131" port: 39513 } health_report { overall_health: HEALTHY } } }
I20260709 13:16:33.130290 15437 raft_consensus.cc:493] T 9829f24c2b9e4e0bbcd13aa139fdf10a P c272e9a82242472f9e78b60b1e5f65dc [term 0 FOLLOWER]: Starting pre-election (no leader contacted us within the election timeout)
I20260709 13:16:33.130872 15437 raft_consensus.cc:515] T 9829f24c2b9e4e0bbcd13aa139fdf10a P c272e9a82242472f9e78b60b1e5f65dc [term 0 FOLLOWER]: Starting pre-election with config: opid_index: -1 OBSOLETE_local: false peers { permanent_uuid: "cb8a28b141134030b185982554d97263" member_type: VOTER last_known_addr { host: "127.14.192.129" port: 45715 } } peers { permanent_uuid: "c272e9a82242472f9e78b60b1e5f65dc" member_type: VOTER last_known_addr { host: "127.14.192.130" port: 44009 } } peers { permanent_uuid: "d6ccfa3d59194497bcb23c688adfe140" member_type: VOTER last_known_addr { host: "127.14.192.131" port: 39513 } }
I20260709 13:16:33.133090 15437 leader_election.cc:290] T 9829f24c2b9e4e0bbcd13aa139fdf10a P c272e9a82242472f9e78b60b1e5f65dc [CANDIDATE]: Term 1 pre-election: Requested pre-vote from peers cb8a28b141134030b185982554d97263 (127.14.192.129:45715), d6ccfa3d59194497bcb23c688adfe140 (127.14.192.131:39513)
I20260709 13:16:33.133942 15238 tablet_service.cc:1917] Received RequestConsensusVote() RPC: tablet_id: "9829f24c2b9e4e0bbcd13aa139fdf10a" candidate_uuid: "c272e9a82242472f9e78b60b1e5f65dc" candidate_term: 1 candidate_status { last_received { term: 0 index: 0 } } ignore_live_leader: false dest_uuid: "cb8a28b141134030b185982554d97263" is_pre_election: true
I20260709 13:16:33.134264 15390 tablet_service.cc:1917] Received RequestConsensusVote() RPC: tablet_id: "9829f24c2b9e4e0bbcd13aa139fdf10a" candidate_uuid: "c272e9a82242472f9e78b60b1e5f65dc" candidate_term: 1 candidate_status { last_received { term: 0 index: 0 } } ignore_live_leader: false dest_uuid: "d6ccfa3d59194497bcb23c688adfe140" is_pre_election: true
I20260709 13:16:33.134724 15238 raft_consensus.cc:2393] T 9829f24c2b9e4e0bbcd13aa139fdf10a P cb8a28b141134030b185982554d97263 [term 1 FOLLOWER]: Leader pre-election vote request: Denying vote to candidate c272e9a82242472f9e78b60b1e5f65dc in current term 1: Already voted for candidate d6ccfa3d59194497bcb23c688adfe140 in this term.
I20260709 13:16:33.136026 15282 leader_election.cc:304] T 9829f24c2b9e4e0bbcd13aa139fdf10a P c272e9a82242472f9e78b60b1e5f65dc [CANDIDATE]: Term 1 pre-election: Election decided. Result: candidate lost. Election summary: received 3 responses out of 3 voters: 1 yes votes; 2 no votes. yes voters: c272e9a82242472f9e78b60b1e5f65dc; no voters: cb8a28b141134030b185982554d97263, d6ccfa3d59194497bcb23c688adfe140
I20260709 13:16:33.136801 15437 raft_consensus.cc:3060] T 9829f24c2b9e4e0bbcd13aa139fdf10a P c272e9a82242472f9e78b60b1e5f65dc [term 0 FOLLOWER]: Advancing to term 1
I20260709 13:16:33.141381 15483 raft_consensus.cc:493] T 59d481b9abe4441d8986dc35a6f0f99a P c272e9a82242472f9e78b60b1e5f65dc [term 0 FOLLOWER]: Starting pre-election (no leader contacted us within the election timeout)
I20260709 13:16:33.141654 15437 raft_consensus.cc:2749] T 9829f24c2b9e4e0bbcd13aa139fdf10a P c272e9a82242472f9e78b60b1e5f65dc [term 1 FOLLOWER]: Leader pre-election lost for term 1. Reason: could not achieve majority
I20260709 13:16:33.141961 15483 raft_consensus.cc:515] T 59d481b9abe4441d8986dc35a6f0f99a P c272e9a82242472f9e78b60b1e5f65dc [term 0 FOLLOWER]: Starting pre-election with config: opid_index: -1 OBSOLETE_local: false peers { permanent_uuid: "cb8a28b141134030b185982554d97263" member_type: VOTER last_known_addr { host: "127.14.192.129" port: 45715 } } peers { permanent_uuid: "c272e9a82242472f9e78b60b1e5f65dc" member_type: VOTER last_known_addr { host: "127.14.192.130" port: 44009 } } peers { permanent_uuid: "d6ccfa3d59194497bcb23c688adfe140" member_type: VOTER last_known_addr { host: "127.14.192.131" port: 39513 } }
I20260709 13:16:33.144073 15483 leader_election.cc:290] T 59d481b9abe4441d8986dc35a6f0f99a P c272e9a82242472f9e78b60b1e5f65dc [CANDIDATE]: Term 1 pre-election: Requested pre-vote from peers cb8a28b141134030b185982554d97263 (127.14.192.129:45715), d6ccfa3d59194497bcb23c688adfe140 (127.14.192.131:39513)
I20260709 13:16:33.144907 15238 tablet_service.cc:1917] Received RequestConsensusVote() RPC: tablet_id: "59d481b9abe4441d8986dc35a6f0f99a" candidate_uuid: "c272e9a82242472f9e78b60b1e5f65dc" candidate_term: 1 candidate_status { last_received { term: 0 index: 0 } } ignore_live_leader: false dest_uuid: "cb8a28b141134030b185982554d97263" is_pre_election: true
I20260709 13:16:33.145207 15390 tablet_service.cc:1917] Received RequestConsensusVote() RPC: tablet_id: "59d481b9abe4441d8986dc35a6f0f99a" candidate_uuid: "c272e9a82242472f9e78b60b1e5f65dc" candidate_term: 1 candidate_status { last_received { term: 0 index: 0 } } ignore_live_leader: false dest_uuid: "d6ccfa3d59194497bcb23c688adfe140" is_pre_election: true
I20260709 13:16:33.145696 15238 raft_consensus.cc:2393] T 59d481b9abe4441d8986dc35a6f0f99a P cb8a28b141134030b185982554d97263 [term 1 FOLLOWER]: Leader pre-election vote request: Denying vote to candidate c272e9a82242472f9e78b60b1e5f65dc in current term 1: Already voted for candidate d6ccfa3d59194497bcb23c688adfe140 in this term.
I20260709 13:16:33.146759 15279 leader_election.cc:304] T 59d481b9abe4441d8986dc35a6f0f99a P c272e9a82242472f9e78b60b1e5f65dc [CANDIDATE]: Term 1 pre-election: Election decided. Result: candidate lost. Election summary: received 3 responses out of 3 voters: 1 yes votes; 2 no votes. yes voters: c272e9a82242472f9e78b60b1e5f65dc; no voters: cb8a28b141134030b185982554d97263, d6ccfa3d59194497bcb23c688adfe140
I20260709 13:16:33.147500 15483 raft_consensus.cc:3060] T 59d481b9abe4441d8986dc35a6f0f99a P c272e9a82242472f9e78b60b1e5f65dc [term 0 FOLLOWER]: Advancing to term 1
I20260709 13:16:33.154284 15483 raft_consensus.cc:2749] T 59d481b9abe4441d8986dc35a6f0f99a P c272e9a82242472f9e78b60b1e5f65dc [term 1 FOLLOWER]: Leader pre-election lost for term 1. Reason: could not achieve majority
I20260709 13:16:33.221153 15390 tablet_service.cc:2072] Received LeaderStepDown RPC: tablet_id: "7e60ab73dec7417eab756fccf9ad3623"
dest_uuid: "d6ccfa3d59194497bcb23c688adfe140"
mode: GRACEFUL
new_leader_uuid: "cb8a28b141134030b185982554d97263"
 from {username='slave'} at 127.0.0.1:57916
I20260709 13:16:33.221738 15390 raft_consensus.cc:606] T 7e60ab73dec7417eab756fccf9ad3623 P d6ccfa3d59194497bcb23c688adfe140 [term 1 LEADER]: Received request to transfer leadership to TS cb8a28b141134030b185982554d97263
I20260709 13:16:33.228973 15486 consensus_queue.cc:1048] T 59d481b9abe4441d8986dc35a6f0f99a P d6ccfa3d59194497bcb23c688adfe140 [LEADER]: Connected to new peer: Peer: permanent_uuid: "cb8a28b141134030b185982554d97263" member_type: VOTER last_known_addr { host: "127.14.192.129" port: 45715 }, Status: LMP_MISMATCH, Last received: 0.0, Next index: 1, Last known committed idx: 0, Time since last communication: 0.000s
I20260709 13:16:33.229871 15390 tablet_service.cc:2072] Received LeaderStepDown RPC: tablet_id: "d94ecb16085c4863ba000ea6803ec31d"
dest_uuid: "d6ccfa3d59194497bcb23c688adfe140"
mode: GRACEFUL
new_leader_uuid: "cb8a28b141134030b185982554d97263"
 from {username='slave'} at 127.0.0.1:57916
I20260709 13:16:33.230455 15390 raft_consensus.cc:606] T d94ecb16085c4863ba000ea6803ec31d P d6ccfa3d59194497bcb23c688adfe140 [term 1 LEADER]: Received request to transfer leadership to TS cb8a28b141134030b185982554d97263
I20260709 13:16:33.243141 15486 consensus_queue.cc:1048] T 59d481b9abe4441d8986dc35a6f0f99a P d6ccfa3d59194497bcb23c688adfe140 [LEADER]: Connected to new peer: Peer: permanent_uuid: "c272e9a82242472f9e78b60b1e5f65dc" member_type: VOTER last_known_addr { host: "127.14.192.130" port: 44009 }, Status: LMP_MISMATCH, Last received: 0.0, Next index: 1, Last known committed idx: 0, Time since last communication: 0.000s
I20260709 13:16:33.248518 15390 tablet_service.cc:2072] Received LeaderStepDown RPC: tablet_id: "59d481b9abe4441d8986dc35a6f0f99a"
dest_uuid: "d6ccfa3d59194497bcb23c688adfe140"
mode: GRACEFUL
new_leader_uuid: "cb8a28b141134030b185982554d97263"
 from {username='slave'} at 127.0.0.1:57916
I20260709 13:16:33.249209 15390 raft_consensus.cc:606] T 59d481b9abe4441d8986dc35a6f0f99a P d6ccfa3d59194497bcb23c688adfe140 [term 1 LEADER]: Received request to transfer leadership to TS cb8a28b141134030b185982554d97263
I20260709 13:16:33.255640 15390 tablet_service.cc:2072] Received LeaderStepDown RPC: tablet_id: "3f787e9fcafc424b8a64353662822345"
dest_uuid: "d6ccfa3d59194497bcb23c688adfe140"
mode: GRACEFUL
new_leader_uuid: "c272e9a82242472f9e78b60b1e5f65dc"
 from {username='slave'} at 127.0.0.1:57916
I20260709 13:16:33.256481 15390 raft_consensus.cc:606] T 3f787e9fcafc424b8a64353662822345 P d6ccfa3d59194497bcb23c688adfe140 [term 1 LEADER]: Received request to transfer leadership to TS c272e9a82242472f9e78b60b1e5f65dc
I20260709 13:16:33.262300 15390 tablet_service.cc:2072] Received LeaderStepDown RPC: tablet_id: "9829f24c2b9e4e0bbcd13aa139fdf10a"
dest_uuid: "d6ccfa3d59194497bcb23c688adfe140"
mode: GRACEFUL
new_leader_uuid: "c272e9a82242472f9e78b60b1e5f65dc"
 from {username='slave'} at 127.0.0.1:57916
I20260709 13:16:33.262794 15390 raft_consensus.cc:606] T 9829f24c2b9e4e0bbcd13aa139fdf10a P d6ccfa3d59194497bcb23c688adfe140 [term 1 LEADER]: Received request to transfer leadership to TS c272e9a82242472f9e78b60b1e5f65dc
I20260709 13:16:33.271687 15390 tablet_service.cc:2072] Received LeaderStepDown RPC: tablet_id: "01fe7017c02b40128dba39438a85aa22"
dest_uuid: "d6ccfa3d59194497bcb23c688adfe140"
mode: GRACEFUL
new_leader_uuid: "c272e9a82242472f9e78b60b1e5f65dc"
 from {username='slave'} at 127.0.0.1:57916
I20260709 13:16:33.272177 15390 raft_consensus.cc:606] T 01fe7017c02b40128dba39438a85aa22 P d6ccfa3d59194497bcb23c688adfe140 [term 1 LEADER]: Received request to transfer leadership to TS c272e9a82242472f9e78b60b1e5f65dc
I20260709 13:16:33.287731 15238 tablet_service.cc:2072] Received LeaderStepDown RPC: tablet_id: "ac0b4a3d28f045d8a2c2a4e7503cc6b9"
dest_uuid: "cb8a28b141134030b185982554d97263"
mode: GRACEFUL
new_leader_uuid: "c272e9a82242472f9e78b60b1e5f65dc"
 from {username='slave'} at 127.0.0.1:58240
I20260709 13:16:33.288398 15238 raft_consensus.cc:606] T ac0b4a3d28f045d8a2c2a4e7503cc6b9 P cb8a28b141134030b185982554d97263 [term 1 LEADER]: Received request to transfer leadership to TS c272e9a82242472f9e78b60b1e5f65dc
I20260709 13:16:33.289909 15458 consensus_queue.cc:1048] T 01fe7017c02b40128dba39438a85aa22 P d6ccfa3d59194497bcb23c688adfe140 [LEADER]: Connected to new peer: Peer: permanent_uuid: "c272e9a82242472f9e78b60b1e5f65dc" member_type: VOTER last_known_addr { host: "127.14.192.130" port: 44009 }, Status: LMP_MISMATCH, Last received: 0.0, Next index: 1, Last known committed idx: 0, Time since last communication: 0.000s
I20260709 13:16:33.297367 15486 raft_consensus.cc:993] T 01fe7017c02b40128dba39438a85aa22 P d6ccfa3d59194497bcb23c688adfe140: : Instructing follower c272e9a82242472f9e78b60b1e5f65dc to start an election
I20260709 13:16:33.297809 15486 raft_consensus.cc:1081] T 01fe7017c02b40128dba39438a85aa22 P d6ccfa3d59194497bcb23c688adfe140 [term 1 LEADER]: Signalling peer c272e9a82242472f9e78b60b1e5f65dc to start an election
I20260709 13:16:33.301035 15313 tablet_service.cc:2044] Received Run Leader Election RPC: tablet_id: "01fe7017c02b40128dba39438a85aa22"
dest_uuid: "c272e9a82242472f9e78b60b1e5f65dc"
 from {username='slave'} at 127.0.0.1:45332
I20260709 13:16:33.302184 15313 raft_consensus.cc:493] T 01fe7017c02b40128dba39438a85aa22 P c272e9a82242472f9e78b60b1e5f65dc [term 1 FOLLOWER]: Starting forced leader election (received explicit request)
I20260709 13:16:33.302541 15313 raft_consensus.cc:3060] T 01fe7017c02b40128dba39438a85aa22 P c272e9a82242472f9e78b60b1e5f65dc [term 1 FOLLOWER]: Advancing to term 2
I20260709 13:16:33.305351 15458 consensus_queue.cc:1048] T d94ecb16085c4863ba000ea6803ec31d P d6ccfa3d59194497bcb23c688adfe140 [LEADER]: Connected to new peer: Peer: permanent_uuid: "c272e9a82242472f9e78b60b1e5f65dc" member_type: VOTER last_known_addr { host: "127.14.192.130" port: 44009 }, Status: LMP_MISMATCH, Last received: 0.0, Next index: 1, Last known committed idx: 0, Time since last communication: 0.000s
I20260709 13:16:33.307226 15483 raft_consensus.cc:493] T b3d8b6dac0e04f4da235e0b7d15a03d3 P c272e9a82242472f9e78b60b1e5f65dc [term 0 FOLLOWER]: Starting pre-election (no leader contacted us within the election timeout)
I20260709 13:16:33.307657 15483 raft_consensus.cc:515] T b3d8b6dac0e04f4da235e0b7d15a03d3 P c272e9a82242472f9e78b60b1e5f65dc [term 0 FOLLOWER]: Starting pre-election with config: opid_index: -1 OBSOLETE_local: false peers { permanent_uuid: "cb8a28b141134030b185982554d97263" member_type: VOTER last_known_addr { host: "127.14.192.129" port: 45715 } } peers { permanent_uuid: "c272e9a82242472f9e78b60b1e5f65dc" member_type: VOTER last_known_addr { host: "127.14.192.130" port: 44009 } } peers { permanent_uuid: "d6ccfa3d59194497bcb23c688adfe140" member_type: VOTER last_known_addr { host: "127.14.192.131" port: 39513 } }
I20260709 13:16:33.309264 15313 raft_consensus.cc:515] T 01fe7017c02b40128dba39438a85aa22 P c272e9a82242472f9e78b60b1e5f65dc [term 2 FOLLOWER]: Starting forced leader election with config: opid_index: -1 OBSOLETE_local: false peers { permanent_uuid: "cb8a28b141134030b185982554d97263" member_type: VOTER last_known_addr { host: "127.14.192.129" port: 45715 } } peers { permanent_uuid: "c272e9a82242472f9e78b60b1e5f65dc" member_type: VOTER last_known_addr { host: "127.14.192.130" port: 44009 } } peers { permanent_uuid: "d6ccfa3d59194497bcb23c688adfe140" member_type: VOTER last_known_addr { host: "127.14.192.131" port: 39513 } }
I20260709 13:16:33.310433 15238 tablet_service.cc:1917] Received RequestConsensusVote() RPC: tablet_id: "b3d8b6dac0e04f4da235e0b7d15a03d3" candidate_uuid: "c272e9a82242472f9e78b60b1e5f65dc" candidate_term: 1 candidate_status { last_received { term: 0 index: 0 } } ignore_live_leader: false dest_uuid: "cb8a28b141134030b185982554d97263" is_pre_election: true
I20260709 13:16:33.311234 15238 raft_consensus.cc:2393] T b3d8b6dac0e04f4da235e0b7d15a03d3 P cb8a28b141134030b185982554d97263 [term 1 FOLLOWER]: Leader pre-election vote request: Denying vote to candidate c272e9a82242472f9e78b60b1e5f65dc in current term 1: Already voted for candidate d6ccfa3d59194497bcb23c688adfe140 in this term.
I20260709 13:16:33.313448 15238 tablet_service.cc:1917] Received RequestConsensusVote() RPC: tablet_id: "01fe7017c02b40128dba39438a85aa22" candidate_uuid: "c272e9a82242472f9e78b60b1e5f65dc" candidate_term: 2 candidate_status { last_received { term: 1 index: 1 } } ignore_live_leader: true dest_uuid: "cb8a28b141134030b185982554d97263"
I20260709 13:16:33.314042 15238 raft_consensus.cc:3060] T 01fe7017c02b40128dba39438a85aa22 P cb8a28b141134030b185982554d97263 [term 1 FOLLOWER]: Advancing to term 2
I20260709 13:16:33.306613 15458 consensus_queue.cc:1048] T 01fe7017c02b40128dba39438a85aa22 P d6ccfa3d59194497bcb23c688adfe140 [LEADER]: Connected to new peer: Peer: permanent_uuid: "cb8a28b141134030b185982554d97263" member_type: VOTER last_known_addr { host: "127.14.192.129" port: 45715 }, Status: LMP_MISMATCH, Last received: 0.0, Next index: 1, Last known committed idx: 0, Time since last communication: 0.008s
I20260709 13:16:33.316316 15483 leader_election.cc:290] T b3d8b6dac0e04f4da235e0b7d15a03d3 P c272e9a82242472f9e78b60b1e5f65dc [CANDIDATE]: Term 1 pre-election: Requested pre-vote from peers cb8a28b141134030b185982554d97263 (127.14.192.129:45715), d6ccfa3d59194497bcb23c688adfe140 (127.14.192.131:39513)
I20260709 13:16:33.318758 15390 tablet_service.cc:1917] Received RequestConsensusVote() RPC: tablet_id: "b3d8b6dac0e04f4da235e0b7d15a03d3" candidate_uuid: "c272e9a82242472f9e78b60b1e5f65dc" candidate_term: 1 candidate_status { last_received { term: 0 index: 0 } } ignore_live_leader: false dest_uuid: "d6ccfa3d59194497bcb23c688adfe140" is_pre_election: true
I20260709 13:16:33.320165 15282 leader_election.cc:304] T b3d8b6dac0e04f4da235e0b7d15a03d3 P c272e9a82242472f9e78b60b1e5f65dc [CANDIDATE]: Term 1 pre-election: Election decided. Result: candidate lost. Election summary: received 3 responses out of 3 voters: 1 yes votes; 2 no votes. yes voters: c272e9a82242472f9e78b60b1e5f65dc; no voters: cb8a28b141134030b185982554d97263, d6ccfa3d59194497bcb23c688adfe140
I20260709 13:16:33.321045 15483 raft_consensus.cc:3060] T b3d8b6dac0e04f4da235e0b7d15a03d3 P c272e9a82242472f9e78b60b1e5f65dc [term 0 FOLLOWER]: Advancing to term 1
I20260709 13:16:33.323019 15313 leader_election.cc:290] T 01fe7017c02b40128dba39438a85aa22 P c272e9a82242472f9e78b60b1e5f65dc [CANDIDATE]: Term 2 election: Requested vote from peers cb8a28b141134030b185982554d97263 (127.14.192.129:45715), d6ccfa3d59194497bcb23c688adfe140 (127.14.192.131:39513)
I20260709 13:16:33.324101 15390 tablet_service.cc:1917] Received RequestConsensusVote() RPC: tablet_id: "01fe7017c02b40128dba39438a85aa22" candidate_uuid: "c272e9a82242472f9e78b60b1e5f65dc" candidate_term: 2 candidate_status { last_received { term: 1 index: 1 } } ignore_live_leader: true dest_uuid: "d6ccfa3d59194497bcb23c688adfe140"
I20260709 13:16:33.324429 15238 raft_consensus.cc:2468] T 01fe7017c02b40128dba39438a85aa22 P cb8a28b141134030b185982554d97263 [term 2 FOLLOWER]: Leader election vote request: Granting yes vote for candidate c272e9a82242472f9e78b60b1e5f65dc in term 2.
I20260709 13:16:33.324687 15390 raft_consensus.cc:3055] T 01fe7017c02b40128dba39438a85aa22 P d6ccfa3d59194497bcb23c688adfe140 [term 1 LEADER]: Stepping down as leader of term 1
I20260709 13:16:33.325022 15390 raft_consensus.cc:740] T 01fe7017c02b40128dba39438a85aa22 P d6ccfa3d59194497bcb23c688adfe140 [term 1 LEADER]: Becoming Follower/Learner. State: Replica: d6ccfa3d59194497bcb23c688adfe140, State: Running, Role: LEADER
I20260709 13:16:33.325218 15241 raft_consensus.cc:1240] T 01fe7017c02b40128dba39438a85aa22 P cb8a28b141134030b185982554d97263 [term 2 FOLLOWER]: Rejecting Update request from peer d6ccfa3d59194497bcb23c688adfe140 for earlier term 1. Current term is 2. Ops: [1.1-1.1]
I20260709 13:16:33.325870 15390 consensus_queue.cc:260] T 01fe7017c02b40128dba39438a85aa22 P d6ccfa3d59194497bcb23c688adfe140 [NON_LEADER]: Queue going to NON_LEADER mode. State: All replicated index: 0, Majority replicated index: 1, Committed index: 1, Last appended: 1.1, Last appended by leader: 1, Current term: 1, Majority size: -1, State: 0, Mode: NON_LEADER, active raft config: opid_index: -1 OBSOLETE_local: false peers { permanent_uuid: "cb8a28b141134030b185982554d97263" member_type: VOTER last_known_addr { host: "127.14.192.129" port: 45715 } } peers { permanent_uuid: "c272e9a82242472f9e78b60b1e5f65dc" member_type: VOTER last_known_addr { host: "127.14.192.130" port: 44009 } } peers { permanent_uuid: "d6ccfa3d59194497bcb23c688adfe140" member_type: VOTER last_known_addr { host: "127.14.192.131" port: 39513 } }
I20260709 13:16:33.327901 15279 leader_election.cc:304] T 01fe7017c02b40128dba39438a85aa22 P c272e9a82242472f9e78b60b1e5f65dc [CANDIDATE]: Term 2 election: Election decided. Result: candidate won. Election summary: received 2 responses out of 3 voters: 2 yes votes; 0 no votes. yes voters: c272e9a82242472f9e78b60b1e5f65dc, cb8a28b141134030b185982554d97263; no voters: 
I20260709 13:16:33.326886 15390 raft_consensus.cc:3060] T 01fe7017c02b40128dba39438a85aa22 P d6ccfa3d59194497bcb23c688adfe140 [term 1 FOLLOWER]: Advancing to term 2
I20260709 13:16:33.328589 15437 raft_consensus.cc:2804] T 01fe7017c02b40128dba39438a85aa22 P c272e9a82242472f9e78b60b1e5f65dc [term 2 FOLLOWER]: Leader election won for term 2
I20260709 13:16:33.329869 15483 raft_consensus.cc:2749] T b3d8b6dac0e04f4da235e0b7d15a03d3 P c272e9a82242472f9e78b60b1e5f65dc [term 1 FOLLOWER]: Leader pre-election lost for term 1. Reason: could not achieve majority
I20260709 13:16:33.342832 15476 consensus_queue.cc:1048] T d94ecb16085c4863ba000ea6803ec31d P d6ccfa3d59194497bcb23c688adfe140 [LEADER]: Connected to new peer: Peer: permanent_uuid: "cb8a28b141134030b185982554d97263" member_type: VOTER last_known_addr { host: "127.14.192.129" port: 45715 }, Status: LMP_MISMATCH, Last received: 0.0, Next index: 1, Last known committed idx: 0, Time since last communication: 0.000s
I20260709 13:16:33.350348 15458 raft_consensus.cc:993] T d94ecb16085c4863ba000ea6803ec31d P d6ccfa3d59194497bcb23c688adfe140: : Instructing follower cb8a28b141134030b185982554d97263 to start an election
I20260709 13:16:33.350768 15458 raft_consensus.cc:1081] T d94ecb16085c4863ba000ea6803ec31d P d6ccfa3d59194497bcb23c688adfe140 [term 1 LEADER]: Signalling peer cb8a28b141134030b185982554d97263 to start an election
I20260709 13:16:33.352705 15238 tablet_service.cc:2044] Received Run Leader Election RPC: tablet_id: "d94ecb16085c4863ba000ea6803ec31d"
dest_uuid: "cb8a28b141134030b185982554d97263"
 from {username='slave'} at 127.0.0.1:58210
I20260709 13:16:33.353341 15238 raft_consensus.cc:493] T d94ecb16085c4863ba000ea6803ec31d P cb8a28b141134030b185982554d97263 [term 1 FOLLOWER]: Starting forced leader election (received explicit request)
I20260709 13:16:33.353775 15238 raft_consensus.cc:3060] T d94ecb16085c4863ba000ea6803ec31d P cb8a28b141134030b185982554d97263 [term 1 FOLLOWER]: Advancing to term 2
I20260709 13:16:33.357069 15390 raft_consensus.cc:2468] T 01fe7017c02b40128dba39438a85aa22 P d6ccfa3d59194497bcb23c688adfe140 [term 2 FOLLOWER]: Leader election vote request: Granting yes vote for candidate c272e9a82242472f9e78b60b1e5f65dc in term 2.
I20260709 13:16:33.359797 15437 raft_consensus.cc:697] T 01fe7017c02b40128dba39438a85aa22 P c272e9a82242472f9e78b60b1e5f65dc [term 2 LEADER]: Becoming Leader. State: Replica: c272e9a82242472f9e78b60b1e5f65dc, State: Running, Role: LEADER
I20260709 13:16:33.360649 15238 raft_consensus.cc:515] T d94ecb16085c4863ba000ea6803ec31d P cb8a28b141134030b185982554d97263 [term 2 FOLLOWER]: Starting forced leader election with config: opid_index: -1 OBSOLETE_local: false peers { permanent_uuid: "cb8a28b141134030b185982554d97263" member_type: VOTER last_known_addr { host: "127.14.192.129" port: 45715 } } peers { permanent_uuid: "c272e9a82242472f9e78b60b1e5f65dc" member_type: VOTER last_known_addr { host: "127.14.192.130" port: 44009 } } peers { permanent_uuid: "d6ccfa3d59194497bcb23c688adfe140" member_type: VOTER last_known_addr { host: "127.14.192.131" port: 39513 } }
I20260709 13:16:33.360664 15437 consensus_queue.cc:237] T 01fe7017c02b40128dba39438a85aa22 P c272e9a82242472f9e78b60b1e5f65dc [LEADER]: Queue going to LEADER mode. State: All replicated index: 0, Majority replicated index: 1, Committed index: 1, Last appended: 1.1, Last appended by leader: 1, Current term: 2, Majority size: 2, State: 0, Mode: LEADER, active raft config: opid_index: -1 OBSOLETE_local: false peers { permanent_uuid: "cb8a28b141134030b185982554d97263" member_type: VOTER last_known_addr { host: "127.14.192.129" port: 45715 } } peers { permanent_uuid: "c272e9a82242472f9e78b60b1e5f65dc" member_type: VOTER last_known_addr { host: "127.14.192.130" port: 44009 } } peers { permanent_uuid: "d6ccfa3d59194497bcb23c688adfe140" member_type: VOTER last_known_addr { host: "127.14.192.131" port: 39513 } }
I20260709 13:16:33.363547 15314 tablet_service.cc:1917] Received RequestConsensusVote() RPC: tablet_id: "d94ecb16085c4863ba000ea6803ec31d" candidate_uuid: "cb8a28b141134030b185982554d97263" candidate_term: 2 candidate_status { last_received { term: 1 index: 1 } } ignore_live_leader: true dest_uuid: "c272e9a82242472f9e78b60b1e5f65dc"
I20260709 13:16:33.364156 15314 raft_consensus.cc:3060] T d94ecb16085c4863ba000ea6803ec31d P c272e9a82242472f9e78b60b1e5f65dc [term 1 FOLLOWER]: Advancing to term 2
I20260709 13:16:33.368062 15238 leader_election.cc:290] T d94ecb16085c4863ba000ea6803ec31d P cb8a28b141134030b185982554d97263 [CANDIDATE]: Term 2 election: Requested vote from peers c272e9a82242472f9e78b60b1e5f65dc (127.14.192.130:44009), d6ccfa3d59194497bcb23c688adfe140 (127.14.192.131:39513)
