I20260709 12:58:43.609987  1816 raft_consensus.cc:515] T 0a2fd2a54179494aa235be9b5c7a57b5 P b9c0cad5df7642ba9a1795c5bf5d687f [term 0 FOLLOWER]: Starting pre-election with config: opid_index: -1 OBSOLETE_local: false peers { permanent_uuid: "b9c0cad5df7642ba9a1795c5bf5d687f" member_type: VOTER last_known_addr { host: "127.0.107.193" port: 41133 } } peers { permanent_uuid: "d7cca878403c48058d3a29f24f925f44" member_type: VOTER last_known_addr { host: "127.0.107.194" port: 40289 } } peers { permanent_uuid: "309571cf11b64a8e9f65ff9bc812fca3" member_type: VOTER last_known_addr { host: "127.0.107.195" port: 41265 } }
I20260709 12:58:43.610837  1818 leader_election.cc:290] T 3cd1554806814c5b90eb58dac090ef4c P 309571cf11b64a8e9f65ff9bc812fca3 [CANDIDATE]: Term 1 election: Requested vote from peers b9c0cad5df7642ba9a1795c5bf5d687f (127.0.107.193:41133), d7cca878403c48058d3a29f24f925f44 (127.0.107.194:40289)
I20260709 12:58:43.612124  1818 raft_consensus.cc:2804] T 3cd1554806814c5b90eb58dac090ef4c P 309571cf11b64a8e9f65ff9bc812fca3 [term 1 FOLLOWER]: Leader election won for term 1
I20260709 12:58:43.612530  1818 raft_consensus.cc:697] T 3cd1554806814c5b90eb58dac090ef4c P 309571cf11b64a8e9f65ff9bc812fca3 [term 1 LEADER]: Becoming Leader. State: Replica: 309571cf11b64a8e9f65ff9bc812fca3, State: Running, Role: LEADER
I20260709 12:58:43.613449  1816 leader_election.cc:290] T 0a2fd2a54179494aa235be9b5c7a57b5 P b9c0cad5df7642ba9a1795c5bf5d687f [CANDIDATE]: Term 1 pre-election: Requested pre-vote from peers d7cca878403c48058d3a29f24f925f44 (127.0.107.194:40289), 309571cf11b64a8e9f65ff9bc812fca3 (127.0.107.195:41265)
I20260709 12:58:43.613314  1818 consensus_queue.cc:237] T 3cd1554806814c5b90eb58dac090ef4c P 309571cf11b64a8e9f65ff9bc812fca3 [LEADER]: Queue going to LEADER mode. State: All replicated index: 0, Majority replicated index: 0, Committed index: 0, Last appended: 0.0, Last appended by leader: 0, Current term: 1, Majority size: 2, State: 0, Mode: LEADER, active raft config: opid_index: -1 OBSOLETE_local: false peers { permanent_uuid: "b9c0cad5df7642ba9a1795c5bf5d687f" member_type: VOTER last_known_addr { host: "127.0.107.193" port: 41133 } } peers { permanent_uuid: "d7cca878403c48058d3a29f24f925f44" member_type: VOTER last_known_addr { host: "127.0.107.194" port: 40289 } } peers { permanent_uuid: "309571cf11b64a8e9f65ff9bc812fca3" member_type: VOTER last_known_addr { host: "127.0.107.195" port: 41265 } }
I20260709 12:58:43.615058  1713 tablet_service.cc:1917] Received RequestConsensusVote() RPC: tablet_id: "0a2fd2a54179494aa235be9b5c7a57b5" candidate_uuid: "b9c0cad5df7642ba9a1795c5bf5d687f" candidate_term: 1 candidate_status { last_received { term: 0 index: 0 } } ignore_live_leader: false dest_uuid: "309571cf11b64a8e9f65ff9bc812fca3" is_pre_election: true
I20260709 12:58:43.615720  1713 raft_consensus.cc:2468] T 0a2fd2a54179494aa235be9b5c7a57b5 P 309571cf11b64a8e9f65ff9bc812fca3 [term 0 FOLLOWER]: Leader pre-election vote request: Granting yes vote for candidate b9c0cad5df7642ba9a1795c5bf5d687f in term 0.
I20260709 12:58:43.617285  1756 tablet_bootstrap.cc:492] T 6536453cd43b4a388b0a49e1de079048 P b9c0cad5df7642ba9a1795c5bf5d687f: No bootstrap required, opened a new log
I20260709 12:58:43.617411  1640 tablet_service.cc:1917] Received RequestConsensusVote() RPC: tablet_id: "0a2fd2a54179494aa235be9b5c7a57b5" candidate_uuid: "b9c0cad5df7642ba9a1795c5bf5d687f" candidate_term: 1 candidate_status { last_received { term: 0 index: 0 } } ignore_live_leader: false dest_uuid: "d7cca878403c48058d3a29f24f925f44" is_pre_election: true
I20260709 12:58:43.617702  1756 ts_tablet_manager.cc:1403] T 6536453cd43b4a388b0a49e1de079048 P b9c0cad5df7642ba9a1795c5bf5d687f: Time spent bootstrapping tablet: real 0.077s	user 0.033s	sys 0.034s
I20260709 12:58:43.620795  1529 leader_election.cc:304] T 0a2fd2a54179494aa235be9b5c7a57b5 P b9c0cad5df7642ba9a1795c5bf5d687f [CANDIDATE]: Term 1 pre-election: Election decided. Result: candidate won. Election summary: received 2 responses out of 3 voters: 2 yes votes; 0 no votes. yes voters: 309571cf11b64a8e9f65ff9bc812fca3, b9c0cad5df7642ba9a1795c5bf5d687f; no voters: 
I20260709 12:58:43.623663  1762 raft_consensus.cc:2804] T 0a2fd2a54179494aa235be9b5c7a57b5 P b9c0cad5df7642ba9a1795c5bf5d687f [term 0 FOLLOWER]: Leader pre-election won for term 1
I20260709 12:58:43.624008  1762 raft_consensus.cc:493] T 0a2fd2a54179494aa235be9b5c7a57b5 P b9c0cad5df7642ba9a1795c5bf5d687f [term 0 FOLLOWER]: Starting leader election (no leader contacted us within the election timeout)
I20260709 12:58:43.624333  1762 raft_consensus.cc:3060] T 0a2fd2a54179494aa235be9b5c7a57b5 P b9c0cad5df7642ba9a1795c5bf5d687f [term 0 FOLLOWER]: Advancing to term 1
W20260709 12:58:43.624372  1532 leader_election.cc:343] T 0a2fd2a54179494aa235be9b5c7a57b5 P b9c0cad5df7642ba9a1795c5bf5d687f [CANDIDATE]: Term 1 pre-election: Tablet error from VoteRequest() call to peer d7cca878403c48058d3a29f24f925f44 (127.0.107.194:40289): Illegal state: must be running to vote when last-logged opid is not known
I20260709 12:58:43.624593  1463 catalog_manager.cc:5697] T 32a3ce8e9d9b40cd8cacab6c05e33a20 P b9c0cad5df7642ba9a1795c5bf5d687f reported cstate change: term changed from 0 to 1, leader changed from <none> to b9c0cad5df7642ba9a1795c5bf5d687f (127.0.107.193). New cstate: current_term: 1 leader_uuid: "b9c0cad5df7642ba9a1795c5bf5d687f" committed_config { opid_index: -1 OBSOLETE_local: false peers { permanent_uuid: "b9c0cad5df7642ba9a1795c5bf5d687f" member_type: VOTER last_known_addr { host: "127.0.107.193" port: 41133 } health_report { overall_health: HEALTHY } } peers { permanent_uuid: "d7cca878403c48058d3a29f24f925f44" member_type: VOTER last_known_addr { host: "127.0.107.194" port: 40289 } health_report { overall_health: UNKNOWN } } peers { permanent_uuid: "309571cf11b64a8e9f65ff9bc812fca3" member_type: VOTER last_known_addr { host: "127.0.107.195" port: 41265 } health_report { overall_health: UNKNOWN } } }
I20260709 12:58:43.625849  1756 raft_consensus.cc:359] T 6536453cd43b4a388b0a49e1de079048 P b9c0cad5df7642ba9a1795c5bf5d687f [term 0 FOLLOWER]: Replica starting. Triggering 0 pending ops. Active config: opid_index: -1 OBSOLETE_local: false peers { permanent_uuid: "b9c0cad5df7642ba9a1795c5bf5d687f" member_type: VOTER last_known_addr { host: "127.0.107.193" port: 41133 } } peers { permanent_uuid: "d7cca878403c48058d3a29f24f925f44" member_type: VOTER last_known_addr { host: "127.0.107.194" port: 40289 } } peers { permanent_uuid: "309571cf11b64a8e9f65ff9bc812fca3" member_type: VOTER last_known_addr { host: "127.0.107.195" port: 41265 } }
I20260709 12:58:43.626525  1756 raft_consensus.cc:385] T 6536453cd43b4a388b0a49e1de079048 P b9c0cad5df7642ba9a1795c5bf5d687f [term 0 FOLLOWER]: Consensus starting up: Expiring failure detector timer to make a prompt election more likely
I20260709 12:58:43.626843  1756 raft_consensus.cc:740] T 6536453cd43b4a388b0a49e1de079048 P b9c0cad5df7642ba9a1795c5bf5d687f [term 0 FOLLOWER]: Becoming Follower/Learner. State: Replica: b9c0cad5df7642ba9a1795c5bf5d687f, State: Initialized, Role: FOLLOWER
I20260709 12:58:43.627430  1756 consensus_queue.cc:260] T 6536453cd43b4a388b0a49e1de079048 P b9c0cad5df7642ba9a1795c5bf5d687f [NON_LEADER]: Queue going to NON_LEADER mode. State: All replicated index: 0, Majority replicated index: 0, Committed index: 0, Last appended: 0.0, Last appended by leader: 0, Current term: 0, Majority size: -1, State: 0, Mode: NON_LEADER, active raft config: opid_index: -1 OBSOLETE_local: false peers { permanent_uuid: "b9c0cad5df7642ba9a1795c5bf5d687f" member_type: VOTER last_known_addr { host: "127.0.107.193" port: 41133 } } peers { permanent_uuid: "d7cca878403c48058d3a29f24f925f44" member_type: VOTER last_known_addr { host: "127.0.107.194" port: 40289 } } peers { permanent_uuid: "309571cf11b64a8e9f65ff9bc812fca3" member_type: VOTER last_known_addr { host: "127.0.107.195" port: 41265 } }
I20260709 12:58:43.634202  1756 ts_tablet_manager.cc:1434] T 6536453cd43b4a388b0a49e1de079048 P b9c0cad5df7642ba9a1795c5bf5d687f: Time spent starting tablet: real 0.011s	user 0.009s	sys 0.001s
I20260709 12:58:43.634272  1758 tablet_bootstrap.cc:654] T 2f66cbfc1e7b4b0f879e854713c72c38 P 309571cf11b64a8e9f65ff9bc812fca3: Neither blocks nor log segments found. Creating new log.
I20260709 12:58:43.635004  1756 tablet_bootstrap.cc:492] T 63b9c834cba64d6e9dd1034a0623b56a P b9c0cad5df7642ba9a1795c5bf5d687f: Bootstrap starting.
I20260709 12:58:43.636358  1866 consensus_queue.cc:1048] T 7aa1a9505fa8459cbc8f1a41e10106ba P b9c0cad5df7642ba9a1795c5bf5d687f [LEADER]: Connected to new peer: Peer: permanent_uuid: "d7cca878403c48058d3a29f24f925f44" member_type: VOTER last_known_addr { host: "127.0.107.194" port: 40289 }, Status: LMP_MISMATCH, Last received: 0.0, Next index: 1, Last known committed idx: 0, Time since last communication: 0.001s
I20260709 12:58:43.637087  1844 consensus_queue.cc:1048] T b686422a14134fd38cc05cdf6338a8a1 P d7cca878403c48058d3a29f24f925f44 [LEADER]: Connected to new peer: Peer: permanent_uuid: "b9c0cad5df7642ba9a1795c5bf5d687f" member_type: VOTER last_known_addr { host: "127.0.107.193" port: 41133 }, Status: LMP_MISMATCH, Last received: 0.0, Next index: 1, Last known committed idx: 0, Time since last communication: 0.000s
I20260709 12:58:43.640688  1755 tablet_bootstrap.cc:492] T 0a2fd2a54179494aa235be9b5c7a57b5 P d7cca878403c48058d3a29f24f925f44: No bootstrap required, opened a new log
I20260709 12:58:43.641115  1755 ts_tablet_manager.cc:1403] T 0a2fd2a54179494aa235be9b5c7a57b5 P d7cca878403c48058d3a29f24f925f44: Time spent bootstrapping tablet: real 0.066s	user 0.017s	sys 0.007s
I20260709 12:58:43.648578  1756 tablet_bootstrap.cc:654] T 63b9c834cba64d6e9dd1034a0623b56a P b9c0cad5df7642ba9a1795c5bf5d687f: Neither blocks nor log segments found. Creating new log.
I20260709 12:58:43.649266  1755 raft_consensus.cc:359] T 0a2fd2a54179494aa235be9b5c7a57b5 P d7cca878403c48058d3a29f24f925f44 [term 0 FOLLOWER]: Replica starting. Triggering 0 pending ops. Active config: opid_index: -1 OBSOLETE_local: false peers { permanent_uuid: "b9c0cad5df7642ba9a1795c5bf5d687f" member_type: VOTER last_known_addr { host: "127.0.107.193" port: 41133 } } peers { permanent_uuid: "d7cca878403c48058d3a29f24f925f44" member_type: VOTER last_known_addr { host: "127.0.107.194" port: 40289 } } peers { permanent_uuid: "309571cf11b64a8e9f65ff9bc812fca3" member_type: VOTER last_known_addr { host: "127.0.107.195" port: 41265 } }
I20260709 12:58:43.649834  1755 raft_consensus.cc:385] T 0a2fd2a54179494aa235be9b5c7a57b5 P d7cca878403c48058d3a29f24f925f44 [term 0 FOLLOWER]: Consensus starting up: Expiring failure detector timer to make a prompt election more likely
I20260709 12:58:43.650002  1755 raft_consensus.cc:740] T 0a2fd2a54179494aa235be9b5c7a57b5 P d7cca878403c48058d3a29f24f925f44 [term 0 FOLLOWER]: Becoming Follower/Learner. State: Replica: d7cca878403c48058d3a29f24f925f44, State: Initialized, Role: FOLLOWER
I20260709 12:58:43.650578  1755 consensus_queue.cc:260] T 0a2fd2a54179494aa235be9b5c7a57b5 P d7cca878403c48058d3a29f24f925f44 [NON_LEADER]: Queue going to NON_LEADER mode. State: All replicated index: 0, Majority replicated index: 0, Committed index: 0, Last appended: 0.0, Last appended by leader: 0, Current term: 0, Majority size: -1, State: 0, Mode: NON_LEADER, active raft config: opid_index: -1 OBSOLETE_local: false peers { permanent_uuid: "b9c0cad5df7642ba9a1795c5bf5d687f" member_type: VOTER last_known_addr { host: "127.0.107.193" port: 41133 } } peers { permanent_uuid: "d7cca878403c48058d3a29f24f925f44" member_type: VOTER last_known_addr { host: "127.0.107.194" port: 40289 } } peers { permanent_uuid: "309571cf11b64a8e9f65ff9bc812fca3" member_type: VOTER last_known_addr { host: "127.0.107.195" port: 41265 } }
I20260709 12:58:43.642856  1844 consensus_queue.cc:1048] T 8866f9e1f9024105b5a755e47a97bf68 P d7cca878403c48058d3a29f24f925f44 [LEADER]: Connected to new peer: Peer: permanent_uuid: "b9c0cad5df7642ba9a1795c5bf5d687f" member_type: VOTER last_known_addr { host: "127.0.107.193" port: 41133 }, Status: LMP_MISMATCH, Last received: 0.0, Next index: 1, Last known committed idx: 0, Time since last communication: 0.006s
I20260709 12:58:43.656410  1755 ts_tablet_manager.cc:1434] T 0a2fd2a54179494aa235be9b5c7a57b5 P d7cca878403c48058d3a29f24f925f44: Time spent starting tablet: real 0.015s	user 0.006s	sys 0.002s
I20260709 12:58:43.657092  1755 tablet_bootstrap.cc:492] T 63b9c834cba64d6e9dd1034a0623b56a P d7cca878403c48058d3a29f24f925f44: Bootstrap starting.
I20260709 12:58:43.662242  1866 raft_consensus.cc:493] T 32564259b42744ac8e75190f8ad75fe8 P b9c0cad5df7642ba9a1795c5bf5d687f [term 0 FOLLOWER]: Starting pre-election (no leader contacted us within the election timeout)
I20260709 12:58:43.662690  1866 raft_consensus.cc:515] T 32564259b42744ac8e75190f8ad75fe8 P b9c0cad5df7642ba9a1795c5bf5d687f [term 0 FOLLOWER]: Starting pre-election with config: opid_index: -1 OBSOLETE_local: false peers { permanent_uuid: "b9c0cad5df7642ba9a1795c5bf5d687f" member_type: VOTER last_known_addr { host: "127.0.107.193" port: 41133 } } peers { permanent_uuid: "d7cca878403c48058d3a29f24f925f44" member_type: VOTER last_known_addr { host: "127.0.107.194" port: 40289 } } peers { permanent_uuid: "309571cf11b64a8e9f65ff9bc812fca3" member_type: VOTER last_known_addr { host: "127.0.107.195" port: 41265 } }
I20260709 12:58:43.665235  1866 leader_election.cc:290] T 32564259b42744ac8e75190f8ad75fe8 P b9c0cad5df7642ba9a1795c5bf5d687f [CANDIDATE]: Term 1 pre-election: Requested pre-vote from peers d7cca878403c48058d3a29f24f925f44 (127.0.107.194:40289), 309571cf11b64a8e9f65ff9bc812fca3 (127.0.107.195:41265)
I20260709 12:58:43.667171  1713 tablet_service.cc:1917] Received RequestConsensusVote() RPC: tablet_id: "32564259b42744ac8e75190f8ad75fe8" candidate_uuid: "b9c0cad5df7642ba9a1795c5bf5d687f" candidate_term: 1 candidate_status { last_received { term: 0 index: 0 } } ignore_live_leader: false dest_uuid: "309571cf11b64a8e9f65ff9bc812fca3" is_pre_election: true
I20260709 12:58:43.669191  1713 raft_consensus.cc:2468] T 32564259b42744ac8e75190f8ad75fe8 P 309571cf11b64a8e9f65ff9bc812fca3 [term 0 FOLLOWER]: Leader pre-election vote request: Granting yes vote for candidate b9c0cad5df7642ba9a1795c5bf5d687f in term 0.
I20260709 12:58:43.676393  1529 leader_election.cc:304] T 32564259b42744ac8e75190f8ad75fe8 P b9c0cad5df7642ba9a1795c5bf5d687f [CANDIDATE]: Term 1 pre-election: Election decided. Result: candidate won. Election summary: received 2 responses out of 3 voters: 2 yes votes; 0 no votes. yes voters: 309571cf11b64a8e9f65ff9bc812fca3, b9c0cad5df7642ba9a1795c5bf5d687f; no voters: 
I20260709 12:58:43.677595  1816 raft_consensus.cc:2804] T 32564259b42744ac8e75190f8ad75fe8 P b9c0cad5df7642ba9a1795c5bf5d687f [term 0 FOLLOWER]: Leader pre-election won for term 1
I20260709 12:58:43.677971  1816 raft_consensus.cc:493] T 32564259b42744ac8e75190f8ad75fe8 P b9c0cad5df7642ba9a1795c5bf5d687f [term 0 FOLLOWER]: Starting leader election (no leader contacted us within the election timeout)
I20260709 12:58:43.678292  1816 raft_consensus.cc:3060] T 32564259b42744ac8e75190f8ad75fe8 P b9c0cad5df7642ba9a1795c5bf5d687f [term 0 FOLLOWER]: Advancing to term 1
I20260709 12:58:43.683502  1640 tablet_service.cc:1917] Received RequestConsensusVote() RPC: tablet_id: "32564259b42744ac8e75190f8ad75fe8" candidate_uuid: "b9c0cad5df7642ba9a1795c5bf5d687f" candidate_term: 1 candidate_status { last_received { term: 0 index: 0 } } ignore_live_leader: false dest_uuid: "d7cca878403c48058d3a29f24f925f44" is_pre_election: true
I20260709 12:58:43.684206  1640 raft_consensus.cc:2468] T 32564259b42744ac8e75190f8ad75fe8 P d7cca878403c48058d3a29f24f925f44 [term 0 FOLLOWER]: Leader pre-election vote request: Granting yes vote for candidate b9c0cad5df7642ba9a1795c5bf5d687f in term 0.
I20260709 12:58:43.718281  1755 tablet_bootstrap.cc:654] T 63b9c834cba64d6e9dd1034a0623b56a P d7cca878403c48058d3a29f24f925f44: Neither blocks nor log segments found. Creating new log.
I20260709 12:58:43.718621  1463 catalog_manager.cc:5697] T 3cd1554806814c5b90eb58dac090ef4c P 309571cf11b64a8e9f65ff9bc812fca3 reported cstate change: term changed from 0 to 1, leader changed from <none> to 309571cf11b64a8e9f65ff9bc812fca3 (127.0.107.195). New cstate: current_term: 1 leader_uuid: "309571cf11b64a8e9f65ff9bc812fca3" committed_config { opid_index: -1 OBSOLETE_local: false peers { permanent_uuid: "b9c0cad5df7642ba9a1795c5bf5d687f" member_type: VOTER last_known_addr { host: "127.0.107.193" port: 41133 } health_report { overall_health: UNKNOWN } } peers { permanent_uuid: "d7cca878403c48058d3a29f24f925f44" member_type: VOTER last_known_addr { host: "127.0.107.194" port: 40289 } health_report { overall_health: UNKNOWN } } peers { permanent_uuid: "309571cf11b64a8e9f65ff9bc812fca3" member_type: VOTER last_known_addr { host: "127.0.107.195" port: 41265 } health_report { overall_health: HEALTHY } } }
I20260709 12:58:43.726810  1762 raft_consensus.cc:515] T 0a2fd2a54179494aa235be9b5c7a57b5 P b9c0cad5df7642ba9a1795c5bf5d687f [term 1 FOLLOWER]: Starting leader election with config: opid_index: -1 OBSOLETE_local: false peers { permanent_uuid: "b9c0cad5df7642ba9a1795c5bf5d687f" member_type: VOTER last_known_addr { host: "127.0.107.193" port: 41133 } } peers { permanent_uuid: "d7cca878403c48058d3a29f24f925f44" member_type: VOTER last_known_addr { host: "127.0.107.194" port: 40289 } } peers { permanent_uuid: "309571cf11b64a8e9f65ff9bc812fca3" member_type: VOTER last_known_addr { host: "127.0.107.195" port: 41265 } }
I20260709 12:58:43.735247  1758 tablet_bootstrap.cc:492] T 2f66cbfc1e7b4b0f879e854713c72c38 P 309571cf11b64a8e9f65ff9bc812fca3: No bootstrap required, opened a new log
I20260709 12:58:43.735638  1758 ts_tablet_manager.cc:1403] T 2f66cbfc1e7b4b0f879e854713c72c38 P 309571cf11b64a8e9f65ff9bc812fca3: Time spent bootstrapping tablet: real 0.129s	user 0.014s	sys 0.002s
I20260709 12:58:43.743280  1818 raft_consensus.cc:493] T 63b9c834cba64d6e9dd1034a0623b56a P 309571cf11b64a8e9f65ff9bc812fca3 [term 0 FOLLOWER]: Starting pre-election (no leader contacted us within the election timeout)
I20260709 12:58:43.745453  1818 raft_consensus.cc:515] T 63b9c834cba64d6e9dd1034a0623b56a P 309571cf11b64a8e9f65ff9bc812fca3 [term 0 FOLLOWER]: Starting pre-election with config: opid_index: -1 OBSOLETE_local: false peers { permanent_uuid: "b9c0cad5df7642ba9a1795c5bf5d687f" member_type: VOTER last_known_addr { host: "127.0.107.193" port: 41133 } } peers { permanent_uuid: "d7cca878403c48058d3a29f24f925f44" member_type: VOTER last_known_addr { host: "127.0.107.194" port: 40289 } } peers { permanent_uuid: "309571cf11b64a8e9f65ff9bc812fca3" member_type: VOTER last_known_addr { host: "127.0.107.195" port: 41265 } }
I20260709 12:58:43.745996  1762 leader_election.cc:290] T 0a2fd2a54179494aa235be9b5c7a57b5 P b9c0cad5df7642ba9a1795c5bf5d687f [CANDIDATE]: Term 1 election: Requested vote from peers d7cca878403c48058d3a29f24f925f44 (127.0.107.194:40289), 309571cf11b64a8e9f65ff9bc812fca3 (127.0.107.195:41265)
I20260709 12:58:43.749235  1638 tablet_service.cc:1917] Received RequestConsensusVote() RPC: tablet_id: "0a2fd2a54179494aa235be9b5c7a57b5" candidate_uuid: "b9c0cad5df7642ba9a1795c5bf5d687f" candidate_term: 1 candidate_status { last_received { term: 0 index: 0 } } ignore_live_leader: false dest_uuid: "d7cca878403c48058d3a29f24f925f44"
I20260709 12:58:43.749771  1638 raft_consensus.cc:3060] T 0a2fd2a54179494aa235be9b5c7a57b5 P d7cca878403c48058d3a29f24f925f44 [term 0 FOLLOWER]: Advancing to term 1
I20260709 12:58:43.751102  1640 raft_consensus.cc:3060] T a508b397ee2049f19b6f2e318a22c562 P d7cca878403c48058d3a29f24f925f44 [term 0 FOLLOWER]: Advancing to term 1
I20260709 12:58:43.751286  1818 leader_election.cc:290] T 63b9c834cba64d6e9dd1034a0623b56a P 309571cf11b64a8e9f65ff9bc812fca3 [CANDIDATE]: Term 1 pre-election: Requested pre-vote from peers b9c0cad5df7642ba9a1795c5bf5d687f (127.0.107.193:41133), d7cca878403c48058d3a29f24f925f44 (127.0.107.194:40289)
I20260709 12:58:43.748836  1836 raft_consensus.cc:493] T 6536453cd43b4a388b0a49e1de079048 P b9c0cad5df7642ba9a1795c5bf5d687f [term 0 FOLLOWER]: Starting pre-election (no leader contacted us within the election timeout)
I20260709 12:58:43.752867  1836 raft_consensus.cc:515] T 6536453cd43b4a388b0a49e1de079048 P b9c0cad5df7642ba9a1795c5bf5d687f [term 0 FOLLOWER]: Starting pre-election with config: opid_index: -1 OBSOLETE_local: false peers { permanent_uuid: "b9c0cad5df7642ba9a1795c5bf5d687f" member_type: VOTER last_known_addr { host: "127.0.107.193" port: 41133 } } peers { permanent_uuid: "d7cca878403c48058d3a29f24f925f44" member_type: VOTER last_known_addr { host: "127.0.107.194" port: 40289 } } peers { permanent_uuid: "309571cf11b64a8e9f65ff9bc812fca3" member_type: VOTER last_known_addr { host: "127.0.107.195" port: 41265 } }
I20260709 12:58:43.755290  1816 raft_consensus.cc:515] T 32564259b42744ac8e75190f8ad75fe8 P b9c0cad5df7642ba9a1795c5bf5d687f [term 1 FOLLOWER]: Starting leader election with config: opid_index: -1 OBSOLETE_local: false peers { permanent_uuid: "b9c0cad5df7642ba9a1795c5bf5d687f" member_type: VOTER last_known_addr { host: "127.0.107.193" port: 41133 } } peers { permanent_uuid: "d7cca878403c48058d3a29f24f925f44" member_type: VOTER last_known_addr { host: "127.0.107.194" port: 40289 } } peers { permanent_uuid: "309571cf11b64a8e9f65ff9bc812fca3" member_type: VOTER last_known_addr { host: "127.0.107.195" port: 41265 } }
I20260709 12:58:43.756672  1638 raft_consensus.cc:2468] T 0a2fd2a54179494aa235be9b5c7a57b5 P d7cca878403c48058d3a29f24f925f44 [term 1 FOLLOWER]: Leader election vote request: Granting yes vote for candidate b9c0cad5df7642ba9a1795c5bf5d687f in term 1.
I20260709 12:58:43.757144  1816 leader_election.cc:290] T 32564259b42744ac8e75190f8ad75fe8 P b9c0cad5df7642ba9a1795c5bf5d687f [CANDIDATE]: Term 1 election: Requested vote from peers d7cca878403c48058d3a29f24f925f44 (127.0.107.194:40289), 309571cf11b64a8e9f65ff9bc812fca3 (127.0.107.195:41265)
I20260709 12:58:43.761854  1638 tablet_service.cc:1917] Received RequestConsensusVote() RPC: tablet_id: "63b9c834cba64d6e9dd1034a0623b56a" candidate_uuid: "309571cf11b64a8e9f65ff9bc812fca3" candidate_term: 1 candidate_status { last_received { term: 0 index: 0 } } ignore_live_leader: false dest_uuid: "d7cca878403c48058d3a29f24f925f44" is_pre_election: true
I20260709 12:58:43.767529  1712 tablet_service.cc:1917] Received RequestConsensusVote() RPC: tablet_id: "6536453cd43b4a388b0a49e1de079048" candidate_uuid: "b9c0cad5df7642ba9a1795c5bf5d687f" candidate_term: 1 candidate_status { last_received { term: 0 index: 0 } } ignore_live_leader: false dest_uuid: "309571cf11b64a8e9f65ff9bc812fca3" is_pre_election: true
I20260709 12:58:43.769150  1714 tablet_service.cc:1917] Received RequestConsensusVote() RPC: tablet_id: "32564259b42744ac8e75190f8ad75fe8" candidate_uuid: "b9c0cad5df7642ba9a1795c5bf5d687f" candidate_term: 1 candidate_status { last_received { term: 0 index: 0 } } ignore_live_leader: false dest_uuid: "309571cf11b64a8e9f65ff9bc812fca3"
I20260709 12:58:43.769706  1714 raft_consensus.cc:3060] T 32564259b42744ac8e75190f8ad75fe8 P 309571cf11b64a8e9f65ff9bc812fca3 [term 0 FOLLOWER]: Advancing to term 1
I20260709 12:58:43.770797  1758 raft_consensus.cc:359] T 2f66cbfc1e7b4b0f879e854713c72c38 P 309571cf11b64a8e9f65ff9bc812fca3 [term 0 FOLLOWER]: Replica starting. Triggering 0 pending ops. Active config: opid_index: -1 OBSOLETE_local: false peers { permanent_uuid: "b9c0cad5df7642ba9a1795c5bf5d687f" member_type: VOTER last_known_addr { host: "127.0.107.193" port: 41133 } } peers { permanent_uuid: "d7cca878403c48058d3a29f24f925f44" member_type: VOTER last_known_addr { host: "127.0.107.194" port: 40289 } } peers { permanent_uuid: "309571cf11b64a8e9f65ff9bc812fca3" member_type: VOTER last_known_addr { host: "127.0.107.195" port: 41265 } }
I20260709 12:58:43.771435  1758 raft_consensus.cc:385] T 2f66cbfc1e7b4b0f879e854713c72c38 P 309571cf11b64a8e9f65ff9bc812fca3 [term 0 FOLLOWER]: Consensus starting up: Expiring failure detector timer to make a prompt election more likely
I20260709 12:58:43.771695  1758 raft_consensus.cc:740] T 2f66cbfc1e7b4b0f879e854713c72c38 P 309571cf11b64a8e9f65ff9bc812fca3 [term 0 FOLLOWER]: Becoming Follower/Learner. State: Replica: 309571cf11b64a8e9f65ff9bc812fca3, State: Initialized, Role: FOLLOWER
I20260709 12:58:43.772251  1758 consensus_queue.cc:260] T 2f66cbfc1e7b4b0f879e854713c72c38 P 309571cf11b64a8e9f65ff9bc812fca3 [NON_LEADER]: Queue going to NON_LEADER mode. State: All replicated index: 0, Majority replicated index: 0, Committed index: 0, Last appended: 0.0, Last appended by leader: 0, Current term: 0, Majority size: -1, State: 0, Mode: NON_LEADER, active raft config: opid_index: -1 OBSOLETE_local: false peers { permanent_uuid: "b9c0cad5df7642ba9a1795c5bf5d687f" member_type: VOTER last_known_addr { host: "127.0.107.193" port: 41133 } } peers { permanent_uuid: "d7cca878403c48058d3a29f24f925f44" member_type: VOTER last_known_addr { host: "127.0.107.194" port: 40289 } } peers { permanent_uuid: "309571cf11b64a8e9f65ff9bc812fca3" member_type: VOTER last_known_addr { host: "127.0.107.195" port: 41265 } }
I20260709 12:58:43.774137  1758 ts_tablet_manager.cc:1434] T 2f66cbfc1e7b4b0f879e854713c72c38 P 309571cf11b64a8e9f65ff9bc812fca3: Time spent starting tablet: real 0.038s	user 0.002s	sys 0.001s
W20260709 12:58:43.775595  1681 leader_election.cc:343] T 63b9c834cba64d6e9dd1034a0623b56a P 309571cf11b64a8e9f65ff9bc812fca3 [CANDIDATE]: Term 1 pre-election: Tablet error from VoteRequest() call to peer d7cca878403c48058d3a29f24f925f44 (127.0.107.194:40289): Illegal state: must be running to vote when last-logged opid is not known
I20260709 12:58:43.754730  1836 leader_election.cc:290] T 6536453cd43b4a388b0a49e1de079048 P b9c0cad5df7642ba9a1795c5bf5d687f [CANDIDATE]: Term 1 pre-election: Requested pre-vote from peers d7cca878403c48058d3a29f24f925f44 (127.0.107.194:40289), 309571cf11b64a8e9f65ff9bc812fca3 (127.0.107.195:41265)
I20260709 12:58:43.780036  1565 tablet_service.cc:1917] Received RequestConsensusVote() RPC: tablet_id: "63b9c834cba64d6e9dd1034a0623b56a" candidate_uuid: "309571cf11b64a8e9f65ff9bc812fca3" candidate_term: 1 candidate_status { last_received { term: 0 index: 0 } } ignore_live_leader: false dest_uuid: "b9c0cad5df7642ba9a1795c5bf5d687f" is_pre_election: true
I20260709 12:58:43.780437  1532 leader_election.cc:304] T 0a2fd2a54179494aa235be9b5c7a57b5 P b9c0cad5df7642ba9a1795c5bf5d687f [CANDIDATE]: Term 1 election: Election decided. Result: candidate won. Election summary: received 2 responses out of 3 voters: 2 yes votes; 0 no votes. yes voters: b9c0cad5df7642ba9a1795c5bf5d687f, d7cca878403c48058d3a29f24f925f44; no voters: 
I20260709 12:58:43.781200  1836 raft_consensus.cc:2804] T 0a2fd2a54179494aa235be9b5c7a57b5 P b9c0cad5df7642ba9a1795c5bf5d687f [term 1 FOLLOWER]: Leader election won for term 1
W20260709 12:58:43.781432  1678 leader_election.cc:343] T 63b9c834cba64d6e9dd1034a0623b56a P 309571cf11b64a8e9f65ff9bc812fca3 [CANDIDATE]: Term 1 pre-election: Tablet error from VoteRequest() call to peer b9c0cad5df7642ba9a1795c5bf5d687f (127.0.107.193:41133): Illegal state: must be running to vote when last-logged opid is not known
I20260709 12:58:43.783840  1678 leader_election.cc:304] T 63b9c834cba64d6e9dd1034a0623b56a P 309571cf11b64a8e9f65ff9bc812fca3 [CANDIDATE]: Term 1 pre-election: Election decided. Result: candidate lost. Election summary: received 3 responses out of 3 voters: 1 yes votes; 2 no votes. yes voters: 309571cf11b64a8e9f65ff9bc812fca3; no voters: b9c0cad5df7642ba9a1795c5bf5d687f, d7cca878403c48058d3a29f24f925f44
W20260709 12:58:43.780095  1529 leader_election.cc:343] T 6536453cd43b4a388b0a49e1de079048 P b9c0cad5df7642ba9a1795c5bf5d687f [CANDIDATE]: Term 1 pre-election: Tablet error from VoteRequest() call to peer 309571cf11b64a8e9f65ff9bc812fca3 (127.0.107.195:41265): Illegal state: must be running to vote when last-logged opid is not known
I20260709 12:58:43.781634  1836 raft_consensus.cc:697] T 0a2fd2a54179494aa235be9b5c7a57b5 P b9c0cad5df7642ba9a1795c5bf5d687f [term 1 LEADER]: Becoming Leader. State: Replica: b9c0cad5df7642ba9a1795c5bf5d687f, State: Running, Role: LEADER
W20260709 12:58:43.786162  1529 consensus_peers.cc:597] T 7aa1a9505fa8459cbc8f1a41e10106ba P b9c0cad5df7642ba9a1795c5bf5d687f -> Peer 309571cf11b64a8e9f65ff9bc812fca3 (127.0.107.195:41265): Couldn't send request to peer 309571cf11b64a8e9f65ff9bc812fca3. Error code: TABLET_NOT_RUNNING (12). Status: Illegal state: Tablet not RUNNING: INITIALIZED. This is attempt 1: this message will repeat every 5th retry.
I20260709 12:58:43.788460  1755 tablet_bootstrap.cc:492] T 63b9c834cba64d6e9dd1034a0623b56a P d7cca878403c48058d3a29f24f925f44: No bootstrap required, opened a new log
I20260709 12:58:43.791612  1755 ts_tablet_manager.cc:1403] T 63b9c834cba64d6e9dd1034a0623b56a P d7cca878403c48058d3a29f24f925f44: Time spent bootstrapping tablet: real 0.135s	user 0.013s	sys 0.005s
I20260709 12:58:43.791966  1758 tablet_bootstrap.cc:492] T 7aa1a9505fa8459cbc8f1a41e10106ba P 309571cf11b64a8e9f65ff9bc812fca3: Bootstrap starting.
I20260709 12:58:43.786859  1818 raft_consensus.cc:2749] T 63b9c834cba64d6e9dd1034a0623b56a P 309571cf11b64a8e9f65ff9bc812fca3 [term 0 FOLLOWER]: Leader pre-election lost for term 1. Reason: could not achieve majority
I20260709 12:58:43.789163  1639 tablet_service.cc:1917] Received RequestConsensusVote() RPC: tablet_id: "32564259b42744ac8e75190f8ad75fe8" candidate_uuid: "b9c0cad5df7642ba9a1795c5bf5d687f" candidate_term: 1 candidate_status { last_received { term: 0 index: 0 } } ignore_live_leader: false dest_uuid: "d7cca878403c48058d3a29f24f925f44"
I20260709 12:58:43.794327  1639 raft_consensus.cc:3060] T 32564259b42744ac8e75190f8ad75fe8 P d7cca878403c48058d3a29f24f925f44 [term 0 FOLLOWER]: Advancing to term 1
I20260709 12:58:43.796337  1638 tablet_service.cc:1917] Received RequestConsensusVote() RPC: tablet_id: "6536453cd43b4a388b0a49e1de079048" candidate_uuid: "b9c0cad5df7642ba9a1795c5bf5d687f" candidate_term: 1 candidate_status { last_received { term: 0 index: 0 } } ignore_live_leader: false dest_uuid: "d7cca878403c48058d3a29f24f925f44" is_pre_election: true
I20260709 12:58:43.799763  1844 consensus_queue.cc:1048] T 8866f9e1f9024105b5a755e47a97bf68 P d7cca878403c48058d3a29f24f925f44 [LEADER]: Connected to new peer: Peer: permanent_uuid: "309571cf11b64a8e9f65ff9bc812fca3" member_type: VOTER last_known_addr { host: "127.0.107.195" port: 41265 }, Status: LMP_MISMATCH, Last received: 0.0, Next index: 1, Last known committed idx: 0, Time since last communication: 0.000s
W20260709 12:58:43.800360  1532 leader_election.cc:343] T 6536453cd43b4a388b0a49e1de079048 P b9c0cad5df7642ba9a1795c5bf5d687f [CANDIDATE]: Term 1 pre-election: Tablet error from VoteRequest() call to peer d7cca878403c48058d3a29f24f925f44 (127.0.107.194:40289): Illegal state: must be running to vote when last-logged opid is not known
I20260709 12:58:43.800908  1532 leader_election.cc:304] T 6536453cd43b4a388b0a49e1de079048 P b9c0cad5df7642ba9a1795c5bf5d687f [CANDIDATE]: Term 1 pre-election: Election decided. Result: candidate lost. Election summary: received 3 responses out of 3 voters: 1 yes votes; 2 no votes. yes voters: b9c0cad5df7642ba9a1795c5bf5d687f; no voters: 309571cf11b64a8e9f65ff9bc812fca3, d7cca878403c48058d3a29f24f925f44
I20260709 12:58:43.801599  1866 raft_consensus.cc:2749] T 6536453cd43b4a388b0a49e1de079048 P b9c0cad5df7642ba9a1795c5bf5d687f [term 0 FOLLOWER]: Leader pre-election lost for term 1. Reason: could not achieve majority
I20260709 12:58:43.803056  1710 tablet_service.cc:1917] Received RequestConsensusVote() RPC: tablet_id: "0a2fd2a54179494aa235be9b5c7a57b5" candidate_uuid: "b9c0cad5df7642ba9a1795c5bf5d687f" candidate_term: 1 candidate_status { last_received { term: 0 index: 0 } } ignore_live_leader: false dest_uuid: "309571cf11b64a8e9f65ff9bc812fca3"
I20260709 12:58:43.803282  1639 raft_consensus.cc:2468] T 32564259b42744ac8e75190f8ad75fe8 P d7cca878403c48058d3a29f24f925f44 [term 1 FOLLOWER]: Leader election vote request: Granting yes vote for candidate b9c0cad5df7642ba9a1795c5bf5d687f in term 1.
I20260709 12:58:43.803591  1710 raft_consensus.cc:3060] T 0a2fd2a54179494aa235be9b5c7a57b5 P 309571cf11b64a8e9f65ff9bc812fca3 [term 0 FOLLOWER]: Advancing to term 1
I20260709 12:58:43.806041  1762 raft_consensus.cc:493] T f0d33ce2ecd544159d9a939257305b3a P b9c0cad5df7642ba9a1795c5bf5d687f [term 0 FOLLOWER]: Starting pre-election (no leader contacted us within the election timeout)
I20260709 12:58:43.806478  1762 raft_consensus.cc:515] T f0d33ce2ecd544159d9a939257305b3a P b9c0cad5df7642ba9a1795c5bf5d687f [term 0 FOLLOWER]: Starting pre-election with config: opid_index: -1 OBSOLETE_local: false peers { permanent_uuid: "b9c0cad5df7642ba9a1795c5bf5d687f" member_type: VOTER last_known_addr { host: "127.0.107.193" port: 41133 } } peers { permanent_uuid: "d7cca878403c48058d3a29f24f925f44" member_type: VOTER last_known_addr { host: "127.0.107.194" port: 40289 } } peers { permanent_uuid: "309571cf11b64a8e9f65ff9bc812fca3" member_type: VOTER last_known_addr { host: "127.0.107.195" port: 41265 } }
I20260709 12:58:43.787017  1836 consensus_queue.cc:237] T 0a2fd2a54179494aa235be9b5c7a57b5 P b9c0cad5df7642ba9a1795c5bf5d687f [LEADER]: Queue going to LEADER mode. State: All replicated index: 0, Majority replicated index: 0, Committed index: 0, Last appended: 0.0, Last appended by leader: 0, Current term: 1, Majority size: 2, State: 0, Mode: LEADER, active raft config: opid_index: -1 OBSOLETE_local: false peers { permanent_uuid: "b9c0cad5df7642ba9a1795c5bf5d687f" member_type: VOTER last_known_addr { host: "127.0.107.193" port: 41133 } } peers { permanent_uuid: "d7cca878403c48058d3a29f24f925f44" member_type: VOTER last_known_addr { host: "127.0.107.194" port: 40289 } } peers { permanent_uuid: "309571cf11b64a8e9f65ff9bc812fca3" member_type: VOTER last_known_addr { host: "127.0.107.195" port: 41265 } }
I20260709 12:58:43.810869  1532 leader_election.cc:304] T 32564259b42744ac8e75190f8ad75fe8 P b9c0cad5df7642ba9a1795c5bf5d687f [CANDIDATE]: Term 1 election: Election decided. Result: candidate won. Election summary: received 2 responses out of 3 voters: 2 yes votes; 0 no votes. yes voters: b9c0cad5df7642ba9a1795c5bf5d687f, d7cca878403c48058d3a29f24f925f44; no voters: 
I20260709 12:58:43.811580  1866 raft_consensus.cc:2804] T 32564259b42744ac8e75190f8ad75fe8 P b9c0cad5df7642ba9a1795c5bf5d687f [term 1 FOLLOWER]: Leader election won for term 1
I20260709 12:58:43.812024  1866 raft_consensus.cc:697] T 32564259b42744ac8e75190f8ad75fe8 P b9c0cad5df7642ba9a1795c5bf5d687f [term 1 LEADER]: Becoming Leader. State: Replica: b9c0cad5df7642ba9a1795c5bf5d687f, State: Running, Role: LEADER
I20260709 12:58:43.809104  1762 leader_election.cc:290] T f0d33ce2ecd544159d9a939257305b3a P b9c0cad5df7642ba9a1795c5bf5d687f [CANDIDATE]: Term 1 pre-election: Requested pre-vote from peers d7cca878403c48058d3a29f24f925f44 (127.0.107.194:40289), 309571cf11b64a8e9f65ff9bc812fca3 (127.0.107.195:41265)
I20260709 12:58:43.813122  1715 tablet_service.cc:1917] Received RequestConsensusVote() RPC: tablet_id: "f0d33ce2ecd544159d9a939257305b3a" candidate_uuid: "b9c0cad5df7642ba9a1795c5bf5d687f" candidate_term: 1 candidate_status { last_received { term: 0 index: 0 } } ignore_live_leader: false dest_uuid: "309571cf11b64a8e9f65ff9bc812fca3" is_pre_election: true
I20260709 12:58:43.813717  1866 consensus_queue.cc:237] T 32564259b42744ac8e75190f8ad75fe8 P b9c0cad5df7642ba9a1795c5bf5d687f [LEADER]: Queue going to LEADER mode. State: All replicated index: 0, Majority replicated index: 0, Committed index: 0, Last appended: 0.0, Last appended by leader: 0, Current term: 1, Majority size: 2, State: 0, Mode: LEADER, active raft config: opid_index: -1 OBSOLETE_local: false peers { permanent_uuid: "b9c0cad5df7642ba9a1795c5bf5d687f" member_type: VOTER last_known_addr { host: "127.0.107.193" port: 41133 } } peers { permanent_uuid: "d7cca878403c48058d3a29f24f925f44" member_type: VOTER last_known_addr { host: "127.0.107.194" port: 40289 } } peers { permanent_uuid: "309571cf11b64a8e9f65ff9bc812fca3" member_type: VOTER last_known_addr { host: "127.0.107.195" port: 41265 } }
W20260709 12:58:43.814845  1529 leader_election.cc:343] T f0d33ce2ecd544159d9a939257305b3a P b9c0cad5df7642ba9a1795c5bf5d687f [CANDIDATE]: Term 1 pre-election: Tablet error from VoteRequest() call to peer 309571cf11b64a8e9f65ff9bc812fca3 (127.0.107.195:41265): Illegal state: must be running to vote when last-logged opid is not known
I20260709 12:58:43.815609  1798 consensus_queue.cc:1048] T ff67b989ac6d4c10895ba0faadc1bc83 P d7cca878403c48058d3a29f24f925f44 [LEADER]: Connected to new peer: Peer: permanent_uuid: "b9c0cad5df7642ba9a1795c5bf5d687f" member_type: VOTER last_known_addr { host: "127.0.107.193" port: 41133 }, Status: LMP_MISMATCH, Last received: 0.0, Next index: 1, Last known committed idx: 0, Time since last communication: 0.000s
I20260709 12:58:43.817252  1639 tablet_service.cc:1917] Received RequestConsensusVote() RPC: tablet_id: "f0d33ce2ecd544159d9a939257305b3a" candidate_uuid: "b9c0cad5df7642ba9a1795c5bf5d687f" candidate_term: 1 candidate_status { last_received { term: 0 index: 0 } } ignore_live_leader: false dest_uuid: "d7cca878403c48058d3a29f24f925f44" is_pre_election: true
I20260709 12:58:43.817423  1714 raft_consensus.cc:2468] T 32564259b42744ac8e75190f8ad75fe8 P 309571cf11b64a8e9f65ff9bc812fca3 [term 1 FOLLOWER]: Leader election vote request: Granting yes vote for candidate b9c0cad5df7642ba9a1795c5bf5d687f in term 1.
I20260709 12:58:43.819278  1818 consensus_queue.cc:1048] T a508b397ee2049f19b6f2e318a22c562 P 309571cf11b64a8e9f65ff9bc812fca3 [LEADER]: Connected to new peer: Peer: permanent_uuid: "d7cca878403c48058d3a29f24f925f44" member_type: VOTER last_known_addr { host: "127.0.107.194" port: 40289 }, Status: LMP_MISMATCH, Last received: 0.0, Next index: 1, Last known committed idx: 0, Time since last communication: 0.000s
W20260709 12:58:43.819859  1532 leader_election.cc:343] T f0d33ce2ecd544159d9a939257305b3a P b9c0cad5df7642ba9a1795c5bf5d687f [CANDIDATE]: Term 1 pre-election: Tablet error from VoteRequest() call to peer d7cca878403c48058d3a29f24f925f44 (127.0.107.194:40289): Illegal state: must be running to vote when last-logged opid is not known
I20260709 12:58:43.831897  1756 tablet_bootstrap.cc:492] T 63b9c834cba64d6e9dd1034a0623b56a P b9c0cad5df7642ba9a1795c5bf5d687f: No bootstrap required, opened a new log
I20260709 12:58:43.834579  1532 leader_election.cc:304] T f0d33ce2ecd544159d9a939257305b3a P b9c0cad5df7642ba9a1795c5bf5d687f [CANDIDATE]: Term 1 pre-election: Election decided. Result: candidate lost. Election summary: received 3 responses out of 3 voters: 1 yes votes; 2 no votes. yes voters: b9c0cad5df7642ba9a1795c5bf5d687f; no voters: 309571cf11b64a8e9f65ff9bc812fca3, d7cca878403c48058d3a29f24f925f44
I20260709 12:58:43.835057  1756 ts_tablet_manager.cc:1403] T 63b9c834cba64d6e9dd1034a0623b56a P b9c0cad5df7642ba9a1795c5bf5d687f: Time spent bootstrapping tablet: real 0.200s	user 0.017s	sys 0.007s
I20260709 12:58:43.835502  1816 raft_consensus.cc:2749] T f0d33ce2ecd544159d9a939257305b3a P b9c0cad5df7642ba9a1795c5bf5d687f [term 0 FOLLOWER]: Leader pre-election lost for term 1. Reason: could not achieve majority
I20260709 12:58:43.837601  1756 raft_consensus.cc:359] T 63b9c834cba64d6e9dd1034a0623b56a P b9c0cad5df7642ba9a1795c5bf5d687f [term 0 FOLLOWER]: Replica starting. Triggering 0 pending ops. Active config: opid_index: -1 OBSOLETE_local: false peers { permanent_uuid: "b9c0cad5df7642ba9a1795c5bf5d687f" member_type: VOTER last_known_addr { host: "127.0.107.193" port: 41133 } } peers { permanent_uuid: "d7cca878403c48058d3a29f24f925f44" member_type: VOTER last_known_addr { host: "127.0.107.194" port: 40289 } } peers { permanent_uuid: "309571cf11b64a8e9f65ff9bc812fca3" member_type: VOTER last_known_addr { host: "127.0.107.195" port: 41265 } }
I20260709 12:58:43.838274  1756 raft_consensus.cc:385] T 63b9c834cba64d6e9dd1034a0623b56a P b9c0cad5df7642ba9a1795c5bf5d687f [term 0 FOLLOWER]: Consensus starting up: Expiring failure detector timer to make a prompt election more likely
I20260709 12:58:43.839284  1756 raft_consensus.cc:740] T 63b9c834cba64d6e9dd1034a0623b56a P b9c0cad5df7642ba9a1795c5bf5d687f [term 0 FOLLOWER]: Becoming Follower/Learner. State: Replica: b9c0cad5df7642ba9a1795c5bf5d687f, State: Initialized, Role: FOLLOWER
I20260709 12:58:43.962658  1756 consensus_queue.cc:260] T 63b9c834cba64d6e9dd1034a0623b56a P b9c0cad5df7642ba9a1795c5bf5d687f [NON_LEADER]: Queue going to NON_LEADER mode. State: All replicated index: 0, Majority replicated index: 0, Committed index: 0, Last appended: 0.0, Last appended by leader: 0, Current term: 0, Majority size: -1, State: 0, Mode: NON_LEADER, active raft config: opid_index: -1 OBSOLETE_local: false peers { permanent_uuid: "b9c0cad5df7642ba9a1795c5bf5d687f" member_type: VOTER last_known_addr { host: "127.0.107.193" port: 41133 } } peers { permanent_uuid: "d7cca878403c48058d3a29f24f925f44" member_type: VOTER last_known_addr { host: "127.0.107.194" port: 40289 } } peers { permanent_uuid: "309571cf11b64a8e9f65ff9bc812fca3" member_type: VOTER last_known_addr { host: "127.0.107.195" port: 41265 } }
I20260709 12:58:43.963794  1900 raft_consensus.cc:493] T ff67b989ac6d4c10895ba0faadc1bc83 P 309571cf11b64a8e9f65ff9bc812fca3 [term 0 FOLLOWER]: Starting pre-election (no leader contacted us within the election timeout)
I20260709 12:58:43.964282  1900 raft_consensus.cc:515] T ff67b989ac6d4c10895ba0faadc1bc83 P 309571cf11b64a8e9f65ff9bc812fca3 [term 0 FOLLOWER]: Starting pre-election with config: opid_index: -1 OBSOLETE_local: false peers { permanent_uuid: "b9c0cad5df7642ba9a1795c5bf5d687f" member_type: VOTER last_known_addr { host: "127.0.107.193" port: 41133 } } peers { permanent_uuid: "d7cca878403c48058d3a29f24f925f44" member_type: VOTER last_known_addr { host: "127.0.107.194" port: 40289 } } peers { permanent_uuid: "309571cf11b64a8e9f65ff9bc812fca3" member_type: VOTER last_known_addr { host: "127.0.107.195" port: 41265 } }
I20260709 12:58:43.966406  1900 leader_election.cc:290] T ff67b989ac6d4c10895ba0faadc1bc83 P 309571cf11b64a8e9f65ff9bc812fca3 [CANDIDATE]: Term 1 pre-election: Requested pre-vote from peers b9c0cad5df7642ba9a1795c5bf5d687f (127.0.107.193:41133), d7cca878403c48058d3a29f24f925f44 (127.0.107.194:40289)
I20260709 12:58:43.969514  1898 consensus_queue.cc:1048] T a508b397ee2049f19b6f2e318a22c562 P 309571cf11b64a8e9f65ff9bc812fca3 [LEADER]: Connected to new peer: Peer: permanent_uuid: "b9c0cad5df7642ba9a1795c5bf5d687f" member_type: VOTER last_known_addr { host: "127.0.107.193" port: 41133 }, Status: LMP_MISMATCH, Last received: 0.0, Next index: 1, Last known committed idx: 0, Time since last communication: 0.002s
I20260709 12:58:43.968788  1762 raft_consensus.cc:493] T 63b9c834cba64d6e9dd1034a0623b56a P b9c0cad5df7642ba9a1795c5bf5d687f [term 0 FOLLOWER]: Starting pre-election (no leader contacted us within the election timeout)
I20260709 12:58:43.974943  1762 raft_consensus.cc:515] T 63b9c834cba64d6e9dd1034a0623b56a P b9c0cad5df7642ba9a1795c5bf5d687f [term 0 FOLLOWER]: Starting pre-election with config: opid_index: -1 OBSOLETE_local: false peers { permanent_uuid: "b9c0cad5df7642ba9a1795c5bf5d687f" member_type: VOTER last_known_addr { host: "127.0.107.193" port: 41133 } } peers { permanent_uuid: "d7cca878403c48058d3a29f24f925f44" member_type: VOTER last_known_addr { host: "127.0.107.194" port: 40289 } } peers { permanent_uuid: "309571cf11b64a8e9f65ff9bc812fca3" member_type: VOTER last_known_addr { host: "127.0.107.195" port: 41265 } }
I20260709 12:58:43.976900  1762 leader_election.cc:290] T 63b9c834cba64d6e9dd1034a0623b56a P b9c0cad5df7642ba9a1795c5bf5d687f [CANDIDATE]: Term 1 pre-election: Requested pre-vote from peers d7cca878403c48058d3a29f24f925f44 (127.0.107.194:40289), 309571cf11b64a8e9f65ff9bc812fca3 (127.0.107.195:41265)
I20260709 12:58:43.978466  1640 tablet_service.cc:1917] Received RequestConsensusVote() RPC: tablet_id: "63b9c834cba64d6e9dd1034a0623b56a" candidate_uuid: "b9c0cad5df7642ba9a1795c5bf5d687f" candidate_term: 1 candidate_status { last_received { term: 0 index: 0 } } ignore_live_leader: false dest_uuid: "d7cca878403c48058d3a29f24f925f44" is_pre_election: true
I20260709 12:58:43.979627  1714 tablet_service.cc:1917] Received RequestConsensusVote() RPC: tablet_id: "63b9c834cba64d6e9dd1034a0623b56a" candidate_uuid: "b9c0cad5df7642ba9a1795c5bf5d687f" candidate_term: 1 candidate_status { last_received { term: 0 index: 0 } } ignore_live_leader: false dest_uuid: "309571cf11b64a8e9f65ff9bc812fca3" is_pre_election: true
I20260709 12:58:43.980288  1714 raft_consensus.cc:2468] T 63b9c834cba64d6e9dd1034a0623b56a P 309571cf11b64a8e9f65ff9bc812fca3 [term 0 FOLLOWER]: Leader pre-election vote request: Granting yes vote for candidate b9c0cad5df7642ba9a1795c5bf5d687f in term 0.
I20260709 12:58:43.859671  1818 raft_consensus.cc:493] T 2f66cbfc1e7b4b0f879e854713c72c38 P 309571cf11b64a8e9f65ff9bc812fca3 [term 0 FOLLOWER]: Starting pre-election (no leader contacted us within the election timeout)
I20260709 12:58:43.981189  1818 raft_consensus.cc:515] T 2f66cbfc1e7b4b0f879e854713c72c38 P 309571cf11b64a8e9f65ff9bc812fca3 [term 0 FOLLOWER]: Starting pre-election with config: opid_index: -1 OBSOLETE_local: false peers { permanent_uuid: "b9c0cad5df7642ba9a1795c5bf5d687f" member_type: VOTER last_known_addr { host: "127.0.107.193" port: 41133 } } peers { permanent_uuid: "d7cca878403c48058d3a29f24f925f44" member_type: VOTER last_known_addr { host: "127.0.107.194" port: 40289 } } peers { permanent_uuid: "309571cf11b64a8e9f65ff9bc812fca3" member_type: VOTER last_known_addr { host: "127.0.107.195" port: 41265 } }
I20260709 12:58:43.981580  1529 leader_election.cc:304] T 63b9c834cba64d6e9dd1034a0623b56a P b9c0cad5df7642ba9a1795c5bf5d687f [CANDIDATE]: Term 1 pre-election: Election decided. Result: candidate won. Election summary: received 2 responses out of 3 voters: 2 yes votes; 0 no votes. yes voters: 309571cf11b64a8e9f65ff9bc812fca3, b9c0cad5df7642ba9a1795c5bf5d687f; no voters: 
I20260709 12:58:43.982435  1762 raft_consensus.cc:2804] T 63b9c834cba64d6e9dd1034a0623b56a P b9c0cad5df7642ba9a1795c5bf5d687f [term 0 FOLLOWER]: Leader pre-election won for term 1
I20260709 12:58:43.983032  1762 raft_consensus.cc:493] T 63b9c834cba64d6e9dd1034a0623b56a P b9c0cad5df7642ba9a1795c5bf5d687f [term 0 FOLLOWER]: Starting leader election (no leader contacted us within the election timeout)
I20260709 12:58:43.983363  1762 raft_consensus.cc:3060] T 63b9c834cba64d6e9dd1034a0623b56a P b9c0cad5df7642ba9a1795c5bf5d687f [term 0 FOLLOWER]: Advancing to term 1
I20260709 12:58:43.983611  1818 leader_election.cc:290] T 2f66cbfc1e7b4b0f879e854713c72c38 P 309571cf11b64a8e9f65ff9bc812fca3 [CANDIDATE]: Term 1 pre-election: Requested pre-vote from peers b9c0cad5df7642ba9a1795c5bf5d687f (127.0.107.193:41133), d7cca878403c48058d3a29f24f925f44 (127.0.107.194:40289)
I20260709 12:58:43.985970  1712 raft_consensus.cc:3060] T ff67b989ac6d4c10895ba0faadc1bc83 P 309571cf11b64a8e9f65ff9bc812fca3 [term 0 FOLLOWER]: Advancing to term 1
W20260709 12:58:43.990926  1532 leader_election.cc:343] T 63b9c834cba64d6e9dd1034a0623b56a P b9c0cad5df7642ba9a1795c5bf5d687f [CANDIDATE]: Term 1 pre-election: Tablet error from VoteRequest() call to peer d7cca878403c48058d3a29f24f925f44 (127.0.107.194:40289): Illegal state: must be running to vote when last-logged opid is not known
I20260709 12:58:43.996179  1756 ts_tablet_manager.cc:1434] T 63b9c834cba64d6e9dd1034a0623b56a P b9c0cad5df7642ba9a1795c5bf5d687f: Time spent starting tablet: real 0.161s	user 0.000s	sys 0.006s
I20260709 12:58:43.997148  1756 tablet_bootstrap.cc:492] T fd34cd0660174a86b0655df0649636b2 P b9c0cad5df7642ba9a1795c5bf5d687f: Bootstrap starting.
I20260709 12:58:43.999831  1755 raft_consensus.cc:359] T 63b9c834cba64d6e9dd1034a0623b56a P d7cca878403c48058d3a29f24f925f44 [term 0 FOLLOWER]: Replica starting. Triggering 0 pending ops. Active config: opid_index: -1 OBSOLETE_local: false peers { permanent_uuid: "b9c0cad5df7642ba9a1795c5bf5d687f" member_type: VOTER last_known_addr { host: "127.0.107.193" port: 41133 } } peers { permanent_uuid: "d7cca878403c48058d3a29f24f925f44" member_type: VOTER last_known_addr { host: "127.0.107.194" port: 40289 } } peers { permanent_uuid: "309571cf11b64a8e9f65ff9bc812fca3" member_type: VOTER last_known_addr { host: "127.0.107.195" port: 41265 } }
I20260709 12:58:44.000496  1755 raft_consensus.cc:385] T 63b9c834cba64d6e9dd1034a0623b56a P d7cca878403c48058d3a29f24f925f44 [term 0 FOLLOWER]: Consensus starting up: Expiring failure detector timer to make a prompt election more likely
I20260709 12:58:44.000756  1755 raft_consensus.cc:740] T 63b9c834cba64d6e9dd1034a0623b56a P d7cca878403c48058d3a29f24f925f44 [term 0 FOLLOWER]: Becoming Follower/Learner. State: Replica: d7cca878403c48058d3a29f24f925f44, State: Initialized, Role: FOLLOWER
I20260709 12:58:44.001479  1755 consensus_queue.cc:260] T 63b9c834cba64d6e9dd1034a0623b56a P d7cca878403c48058d3a29f24f925f44 [NON_LEADER]: Queue going to NON_LEADER mode. State: All replicated index: 0, Majority replicated index: 0, Committed index: 0, Last appended: 0.0, Last appended by leader: 0, Current term: 0, Majority size: -1, State: 0, Mode: NON_LEADER, active raft config: opid_index: -1 OBSOLETE_local: false peers { permanent_uuid: "b9c0cad5df7642ba9a1795c5bf5d687f" member_type: VOTER last_known_addr { host: "127.0.107.193" port: 41133 } } peers { permanent_uuid: "d7cca878403c48058d3a29f24f925f44" member_type: VOTER last_known_addr { host: "127.0.107.194" port: 40289 } } peers { permanent_uuid: "309571cf11b64a8e9f65ff9bc812fca3" member_type: VOTER last_known_addr { host: "127.0.107.195" port: 41265 } }
