I20260709 13:16:37.262215 12855 leader_election.cc:290] T 973b47733445414594f1893c654ebd7d P 2a29c3a2825e4438b7d2392036fdecee [CANDIDATE]: Term 1 election: Requested vote from peers 6e5fa9a4cbe8447790de8bc9e0aee827 (127.11.186.66:36207), 6b16e2cb13fc42739c52f5442a5af4a7 (127.11.186.67:45041)
I20260709 13:16:37.269346 12855 raft_consensus.cc:493] T b2ac10905e9b403f9a7e60a39b57c640 P 2a29c3a2825e4438b7d2392036fdecee [term 0 FOLLOWER]: Starting pre-election (no leader contacted us within the election timeout)
I20260709 13:16:37.269361 12828 consensus_queue.cc:260] T da3ff51431d3469a8349447c61fa8ebb P 2a29c3a2825e4438b7d2392036fdecee [NON_LEADER]: Queue going to NON_LEADER mode. State: All replicated index: 0, Majority replicated index: 0, Committed index: 0, Last appended: 0.0, Last appended by leader: 0, Current term: 0, Majority size: -1, State: 0, Mode: NON_LEADER, active raft config: opid_index: -1 OBSOLETE_local: false peers { permanent_uuid: "2a29c3a2825e4438b7d2392036fdecee" member_type: VOTER last_known_addr { host: "127.11.186.65" port: 45361 } } peers { permanent_uuid: "6e5fa9a4cbe8447790de8bc9e0aee827" member_type: VOTER last_known_addr { host: "127.11.186.66" port: 36207 } } peers { permanent_uuid: "6b16e2cb13fc42739c52f5442a5af4a7" member_type: VOTER last_known_addr { host: "127.11.186.67" port: 45041 } }
I20260709 13:16:37.267644 12829 leader_election.cc:290] T 3373622d70f446bfb2de1db992a05db8 P 6b16e2cb13fc42739c52f5442a5af4a7 [CANDIDATE]: Term 1 election: Requested vote from peers 2a29c3a2825e4438b7d2392036fdecee (127.11.186.65:45361), 6e5fa9a4cbe8447790de8bc9e0aee827 (127.11.186.66:36207)
I20260709 13:16:37.268558 12832 tablet_bootstrap.cc:492] T b2ac10905e9b403f9a7e60a39b57c640 P 6e5fa9a4cbe8447790de8bc9e0aee827: No bootstrap required, opened a new log
I20260709 13:16:37.268697 12710 tablet_service.cc:1917] Received RequestConsensusVote() RPC: tablet_id: "3373622d70f446bfb2de1db992a05db8" candidate_uuid: "6b16e2cb13fc42739c52f5442a5af4a7" candidate_term: 1 candidate_status { last_received { term: 0 index: 0 } } ignore_live_leader: false dest_uuid: "6e5fa9a4cbe8447790de8bc9e0aee827"
I20260709 13:16:37.270629 12829 raft_consensus.cc:493] T b2ac10905e9b403f9a7e60a39b57c640 P 6b16e2cb13fc42739c52f5442a5af4a7 [term 0 FOLLOWER]: Starting pre-election (no leader contacted us within the election timeout)
I20260709 13:16:37.270985 12710 raft_consensus.cc:3060] T 3373622d70f446bfb2de1db992a05db8 P 6e5fa9a4cbe8447790de8bc9e0aee827 [term 0 FOLLOWER]: Advancing to term 1
I20260709 13:16:37.271530 12828 ts_tablet_manager.cc:1434] T da3ff51431d3469a8349447c61fa8ebb P 2a29c3a2825e4438b7d2392036fdecee: Time spent starting tablet: real 0.011s	user 0.005s	sys 0.000s
I20260709 13:16:37.271204 12829 raft_consensus.cc:515] T b2ac10905e9b403f9a7e60a39b57c640 P 6b16e2cb13fc42739c52f5442a5af4a7 [term 0 FOLLOWER]: Starting pre-election with config: opid_index: -1 OBSOLETE_local: false peers { permanent_uuid: "2a29c3a2825e4438b7d2392036fdecee" member_type: VOTER last_known_addr { host: "127.11.186.65" port: 45361 } } peers { permanent_uuid: "6e5fa9a4cbe8447790de8bc9e0aee827" member_type: VOTER last_known_addr { host: "127.11.186.66" port: 36207 } } peers { permanent_uuid: "6b16e2cb13fc42739c52f5442a5af4a7" member_type: VOTER last_known_addr { host: "127.11.186.67" port: 45041 } }
I20260709 13:16:37.272375 12637 raft_consensus.cc:2468] T 3373622d70f446bfb2de1db992a05db8 P 2a29c3a2825e4438b7d2392036fdecee [term 1 FOLLOWER]: Leader election vote request: Granting yes vote for candidate 6b16e2cb13fc42739c52f5442a5af4a7 in term 1.
I20260709 13:16:37.270689 12832 ts_tablet_manager.cc:1403] T b2ac10905e9b403f9a7e60a39b57c640 P 6e5fa9a4cbe8447790de8bc9e0aee827: Time spent bootstrapping tablet: real 0.035s	user 0.006s	sys 0.004s
I20260709 13:16:37.273864 12750 leader_election.cc:304] T 3373622d70f446bfb2de1db992a05db8 P 6b16e2cb13fc42739c52f5442a5af4a7 [CANDIDATE]: Term 1 election: Election decided. Result: candidate won. Election summary: received 2 responses out of 3 voters: 2 yes votes; 0 no votes. yes voters: 2a29c3a2825e4438b7d2392036fdecee, 6b16e2cb13fc42739c52f5442a5af4a7; no voters: 
I20260709 13:16:37.274569 12712 tablet_service.cc:1917] Received RequestConsensusVote() RPC: tablet_id: "b2ac10905e9b403f9a7e60a39b57c640" candidate_uuid: "6b16e2cb13fc42739c52f5442a5af4a7" candidate_term: 1 candidate_status { last_received { term: 0 index: 0 } } ignore_live_leader: false dest_uuid: "6e5fa9a4cbe8447790de8bc9e0aee827" is_pre_election: true
I20260709 13:16:37.275326 12636 tablet_service.cc:1917] Received RequestConsensusVote() RPC: tablet_id: "b2ac10905e9b403f9a7e60a39b57c640" candidate_uuid: "6b16e2cb13fc42739c52f5442a5af4a7" candidate_term: 1 candidate_status { last_received { term: 0 index: 0 } } ignore_live_leader: false dest_uuid: "2a29c3a2825e4438b7d2392036fdecee" is_pre_election: true
I20260709 13:16:37.275439 12832 raft_consensus.cc:359] T b2ac10905e9b403f9a7e60a39b57c640 P 6e5fa9a4cbe8447790de8bc9e0aee827 [term 0 FOLLOWER]: Replica starting. Triggering 0 pending ops. Active config: opid_index: -1 OBSOLETE_local: false peers { permanent_uuid: "2a29c3a2825e4438b7d2392036fdecee" member_type: VOTER last_known_addr { host: "127.11.186.65" port: 45361 } } peers { permanent_uuid: "6e5fa9a4cbe8447790de8bc9e0aee827" member_type: VOTER last_known_addr { host: "127.11.186.66" port: 36207 } } peers { permanent_uuid: "6b16e2cb13fc42739c52f5442a5af4a7" member_type: VOTER last_known_addr { host: "127.11.186.67" port: 45041 } }
W20260709 13:16:37.275967 12751 leader_election.cc:343] T b2ac10905e9b403f9a7e60a39b57c640 P 6b16e2cb13fc42739c52f5442a5af4a7 [CANDIDATE]: Term 1 pre-election: Tablet error from VoteRequest() call to peer 6e5fa9a4cbe8447790de8bc9e0aee827 (127.11.186.66:36207): Illegal state: must be running to vote when last-logged opid is not known
I20260709 13:16:37.276108 12832 raft_consensus.cc:385] T b2ac10905e9b403f9a7e60a39b57c640 P 6e5fa9a4cbe8447790de8bc9e0aee827 [term 0 FOLLOWER]: Consensus starting up: Expiring failure detector timer to make a prompt election more likely
I20260709 13:16:37.276400 12832 raft_consensus.cc:740] T b2ac10905e9b403f9a7e60a39b57c640 P 6e5fa9a4cbe8447790de8bc9e0aee827 [term 0 FOLLOWER]: Becoming Follower/Learner. State: Replica: 6e5fa9a4cbe8447790de8bc9e0aee827, State: Initialized, Role: FOLLOWER
I20260709 13:16:37.276661 12828 tablet_bootstrap.cc:492] T 513fc9a9690749688923f11b398d93d0 P 2a29c3a2825e4438b7d2392036fdecee: Bootstrap starting.
I20260709 13:16:37.277091 12832 consensus_queue.cc:260] T b2ac10905e9b403f9a7e60a39b57c640 P 6e5fa9a4cbe8447790de8bc9e0aee827 [NON_LEADER]: Queue going to NON_LEADER mode. State: All replicated index: 0, Majority replicated index: 0, Committed index: 0, Last appended: 0.0, Last appended by leader: 0, Current term: 0, Majority size: -1, State: 0, Mode: NON_LEADER, active raft config: opid_index: -1 OBSOLETE_local: false peers { permanent_uuid: "2a29c3a2825e4438b7d2392036fdecee" member_type: VOTER last_known_addr { host: "127.11.186.65" port: 45361 } } peers { permanent_uuid: "6e5fa9a4cbe8447790de8bc9e0aee827" member_type: VOTER last_known_addr { host: "127.11.186.66" port: 36207 } } peers { permanent_uuid: "6b16e2cb13fc42739c52f5442a5af4a7" member_type: VOTER last_known_addr { host: "127.11.186.67" port: 45041 } }
I20260709 13:16:37.281718 12863 raft_consensus.cc:697] T 2b81321e5f4043889195fbf8eccb8786 P 2a29c3a2825e4438b7d2392036fdecee [term 1 LEADER]: Becoming Leader. State: Replica: 2a29c3a2825e4438b7d2392036fdecee, State: Running, Role: LEADER
I20260709 13:16:37.283634 12828 tablet_bootstrap.cc:654] T 513fc9a9690749688923f11b398d93d0 P 2a29c3a2825e4438b7d2392036fdecee: Neither blocks nor log segments found. Creating new log.
I20260709 13:16:37.269877 12855 raft_consensus.cc:515] T b2ac10905e9b403f9a7e60a39b57c640 P 2a29c3a2825e4438b7d2392036fdecee [term 0 FOLLOWER]: Starting pre-election with config: opid_index: -1 OBSOLETE_local: false peers { permanent_uuid: "2a29c3a2825e4438b7d2392036fdecee" member_type: VOTER last_known_addr { host: "127.11.186.65" port: 45361 } } peers { permanent_uuid: "6e5fa9a4cbe8447790de8bc9e0aee827" member_type: VOTER last_known_addr { host: "127.11.186.66" port: 36207 } } peers { permanent_uuid: "6b16e2cb13fc42739c52f5442a5af4a7" member_type: VOTER last_known_addr { host: "127.11.186.67" port: 45041 } }
I20260709 13:16:37.285068 12636 raft_consensus.cc:2468] T b2ac10905e9b403f9a7e60a39b57c640 P 2a29c3a2825e4438b7d2392036fdecee [term 0 FOLLOWER]: Leader pre-election vote request: Granting yes vote for candidate 6b16e2cb13fc42739c52f5442a5af4a7 in term 0.
I20260709 13:16:37.286679 12712 tablet_service.cc:1917] Received RequestConsensusVote() RPC: tablet_id: "fb64b5b4fee548dd82a634c9859f822f" candidate_uuid: "2a29c3a2825e4438b7d2392036fdecee" candidate_term: 1 candidate_status { last_received { term: 0 index: 0 } } ignore_live_leader: false dest_uuid: "6e5fa9a4cbe8447790de8bc9e0aee827" is_pre_election: true
I20260709 13:16:37.287726 12832 ts_tablet_manager.cc:1434] T b2ac10905e9b403f9a7e60a39b57c640 P 6e5fa9a4cbe8447790de8bc9e0aee827: Time spent starting tablet: real 0.015s	user 0.005s	sys 0.000s
I20260709 13:16:37.288677 12832 tablet_bootstrap.cc:492] T 60f13fbb3394422c8e579d100a8062d4 P 6e5fa9a4cbe8447790de8bc9e0aee827: Bootstrap starting.
I20260709 13:16:37.288854 12750 leader_election.cc:304] T b2ac10905e9b403f9a7e60a39b57c640 P 6b16e2cb13fc42739c52f5442a5af4a7 [CANDIDATE]: Term 1 pre-election: Election decided. Result: candidate won. Election summary: received 3 responses out of 3 voters: 2 yes votes; 1 no votes. yes voters: 2a29c3a2825e4438b7d2392036fdecee, 6b16e2cb13fc42739c52f5442a5af4a7; no voters: 6e5fa9a4cbe8447790de8bc9e0aee827
I20260709 13:16:37.291391 12710 raft_consensus.cc:2468] T 3373622d70f446bfb2de1db992a05db8 P 6e5fa9a4cbe8447790de8bc9e0aee827 [term 1 FOLLOWER]: Leader election vote request: Granting yes vote for candidate 6b16e2cb13fc42739c52f5442a5af4a7 in term 1.
I20260709 13:16:37.292562 12785 tablet_service.cc:1917] Received RequestConsensusVote() RPC: tablet_id: "fb64b5b4fee548dd82a634c9859f822f" candidate_uuid: "2a29c3a2825e4438b7d2392036fdecee" candidate_term: 1 candidate_status { last_received { term: 0 index: 0 } } ignore_live_leader: false dest_uuid: "6b16e2cb13fc42739c52f5442a5af4a7" is_pre_election: true
I20260709 13:16:37.293176 12785 raft_consensus.cc:2468] T fb64b5b4fee548dd82a634c9859f822f P 6b16e2cb13fc42739c52f5442a5af4a7 [term 0 FOLLOWER]: Leader pre-election vote request: Granting yes vote for candidate 2a29c3a2825e4438b7d2392036fdecee in term 0.
I20260709 13:16:37.294513 12828 tablet_bootstrap.cc:492] T 513fc9a9690749688923f11b398d93d0 P 2a29c3a2825e4438b7d2392036fdecee: No bootstrap required, opened a new log
I20260709 13:16:37.294920 12828 ts_tablet_manager.cc:1403] T 513fc9a9690749688923f11b398d93d0 P 2a29c3a2825e4438b7d2392036fdecee: Time spent bootstrapping tablet: real 0.018s	user 0.009s	sys 0.007s
W20260709 13:16:37.297569 12602 leader_election.cc:343] T fb64b5b4fee548dd82a634c9859f822f P 2a29c3a2825e4438b7d2392036fdecee [CANDIDATE]: Term 1 pre-election: Tablet error from VoteRequest() call to peer 6e5fa9a4cbe8447790de8bc9e0aee827 (127.11.186.66:36207): Illegal state: must be running to vote when last-logged opid is not known
I20260709 13:16:37.297365 12828 raft_consensus.cc:359] T 513fc9a9690749688923f11b398d93d0 P 2a29c3a2825e4438b7d2392036fdecee [term 0 FOLLOWER]: Replica starting. Triggering 0 pending ops. Active config: opid_index: -1 OBSOLETE_local: false peers { permanent_uuid: "2a29c3a2825e4438b7d2392036fdecee" member_type: VOTER last_known_addr { host: "127.11.186.65" port: 45361 } } peers { permanent_uuid: "6e5fa9a4cbe8447790de8bc9e0aee827" member_type: VOTER last_known_addr { host: "127.11.186.66" port: 36207 } } peers { permanent_uuid: "6b16e2cb13fc42739c52f5442a5af4a7" member_type: VOTER last_known_addr { host: "127.11.186.67" port: 45041 } }
I20260709 13:16:37.299968 12828 raft_consensus.cc:385] T 513fc9a9690749688923f11b398d93d0 P 2a29c3a2825e4438b7d2392036fdecee [term 0 FOLLOWER]: Consensus starting up: Expiring failure detector timer to make a prompt election more likely
I20260709 13:16:37.300107 12602 leader_election.cc:304] T fb64b5b4fee548dd82a634c9859f822f P 2a29c3a2825e4438b7d2392036fdecee [CANDIDATE]: Term 1 pre-election: Election decided. Result: candidate won. Election summary: received 3 responses out of 3 voters: 2 yes votes; 1 no votes. yes voters: 2a29c3a2825e4438b7d2392036fdecee, 6b16e2cb13fc42739c52f5442a5af4a7; no voters: 6e5fa9a4cbe8447790de8bc9e0aee827
I20260709 13:16:37.300272 12828 raft_consensus.cc:740] T 513fc9a9690749688923f11b398d93d0 P 2a29c3a2825e4438b7d2392036fdecee [term 0 FOLLOWER]: Becoming Follower/Learner. State: Replica: 2a29c3a2825e4438b7d2392036fdecee, State: Initialized, Role: FOLLOWER
I20260709 13:16:37.298760 12870 raft_consensus.cc:2804] T 3373622d70f446bfb2de1db992a05db8 P 6b16e2cb13fc42739c52f5442a5af4a7 [term 1 FOLLOWER]: Leader election won for term 1
I20260709 13:16:37.299563 12826 tablet_bootstrap.cc:492] T 844466fe65264abe88d0197a364a829b P 6b16e2cb13fc42739c52f5442a5af4a7: No bootstrap required, opened a new log
I20260709 13:16:37.300921 12866 raft_consensus.cc:2804] T fb64b5b4fee548dd82a634c9859f822f P 2a29c3a2825e4438b7d2392036fdecee [term 0 FOLLOWER]: Leader pre-election won for term 1
I20260709 13:16:37.301321 12866 raft_consensus.cc:493] T fb64b5b4fee548dd82a634c9859f822f P 2a29c3a2825e4438b7d2392036fdecee [term 0 FOLLOWER]: Starting leader election (no leader contacted us within the election timeout)
I20260709 13:16:37.284274 12829 leader_election.cc:290] T b2ac10905e9b403f9a7e60a39b57c640 P 6b16e2cb13fc42739c52f5442a5af4a7 [CANDIDATE]: Term 1 pre-election: Requested pre-vote from peers 2a29c3a2825e4438b7d2392036fdecee (127.11.186.65:45361), 6e5fa9a4cbe8447790de8bc9e0aee827 (127.11.186.66:36207)
I20260709 13:16:37.299365 12785 tablet_service.cc:1917] Received RequestConsensusVote() RPC: tablet_id: "973b47733445414594f1893c654ebd7d" candidate_uuid: "2a29c3a2825e4438b7d2392036fdecee" candidate_term: 1 candidate_status { last_received { term: 0 index: 0 } } ignore_live_leader: false dest_uuid: "6b16e2cb13fc42739c52f5442a5af4a7"
I20260709 13:16:37.301745 12866 raft_consensus.cc:3060] T fb64b5b4fee548dd82a634c9859f822f P 2a29c3a2825e4438b7d2392036fdecee [term 0 FOLLOWER]: Advancing to term 1
I20260709 13:16:37.302142 12785 raft_consensus.cc:3060] T 973b47733445414594f1893c654ebd7d P 6b16e2cb13fc42739c52f5442a5af4a7 [term 0 FOLLOWER]: Advancing to term 1
I20260709 13:16:37.300942 12828 consensus_queue.cc:260] T 513fc9a9690749688923f11b398d93d0 P 2a29c3a2825e4438b7d2392036fdecee [NON_LEADER]: Queue going to NON_LEADER mode. State: All replicated index: 0, Majority replicated index: 0, Committed index: 0, Last appended: 0.0, Last appended by leader: 0, Current term: 0, Majority size: -1, State: 0, Mode: NON_LEADER, active raft config: opid_index: -1 OBSOLETE_local: false peers { permanent_uuid: "2a29c3a2825e4438b7d2392036fdecee" member_type: VOTER last_known_addr { host: "127.11.186.65" port: 45361 } } peers { permanent_uuid: "6e5fa9a4cbe8447790de8bc9e0aee827" member_type: VOTER last_known_addr { host: "127.11.186.66" port: 36207 } } peers { permanent_uuid: "6b16e2cb13fc42739c52f5442a5af4a7" member_type: VOTER last_known_addr { host: "127.11.186.67" port: 45041 } }
I20260709 13:16:37.303939 12828 ts_tablet_manager.cc:1434] T 513fc9a9690749688923f11b398d93d0 P 2a29c3a2825e4438b7d2392036fdecee: Time spent starting tablet: real 0.009s	user 0.005s	sys 0.001s
I20260709 13:16:37.283499 12863 consensus_queue.cc:237] T 2b81321e5f4043889195fbf8eccb8786 P 2a29c3a2825e4438b7d2392036fdecee [LEADER]: Queue going to LEADER mode. State: All replicated index: 0, Majority replicated index: 0, Committed index: 0, Last appended: 0.0, Last appended by leader: 0, Current term: 1, Majority size: 2, State: 0, Mode: LEADER, active raft config: opid_index: -1 OBSOLETE_local: false peers { permanent_uuid: "2a29c3a2825e4438b7d2392036fdecee" member_type: VOTER last_known_addr { host: "127.11.186.65" port: 45361 } } peers { permanent_uuid: "6e5fa9a4cbe8447790de8bc9e0aee827" member_type: VOTER last_known_addr { host: "127.11.186.66" port: 36207 } } peers { permanent_uuid: "6b16e2cb13fc42739c52f5442a5af4a7" member_type: VOTER last_known_addr { host: "127.11.186.67" port: 45041 } }
I20260709 13:16:37.309188 12866 raft_consensus.cc:515] T fb64b5b4fee548dd82a634c9859f822f P 2a29c3a2825e4438b7d2392036fdecee [term 1 FOLLOWER]: Starting leader election with config: opid_index: -1 OBSOLETE_local: false peers { permanent_uuid: "2a29c3a2825e4438b7d2392036fdecee" member_type: VOTER last_known_addr { host: "127.11.186.65" port: 45361 } } peers { permanent_uuid: "6e5fa9a4cbe8447790de8bc9e0aee827" member_type: VOTER last_known_addr { host: "127.11.186.66" port: 36207 } } peers { permanent_uuid: "6b16e2cb13fc42739c52f5442a5af4a7" member_type: VOTER last_known_addr { host: "127.11.186.67" port: 45041 } }
I20260709 13:16:37.301299 12826 ts_tablet_manager.cc:1403] T 844466fe65264abe88d0197a364a829b P 6b16e2cb13fc42739c52f5442a5af4a7: Time spent bootstrapping tablet: real 0.096s	user 0.024s	sys 0.005s
I20260709 13:16:37.311487 12712 tablet_service.cc:1917] Received RequestConsensusVote() RPC: tablet_id: "b2ac10905e9b403f9a7e60a39b57c640" candidate_uuid: "2a29c3a2825e4438b7d2392036fdecee" candidate_term: 1 candidate_status { last_received { term: 0 index: 0 } } ignore_live_leader: false dest_uuid: "6e5fa9a4cbe8447790de8bc9e0aee827" is_pre_election: true
I20260709 13:16:37.312052 12712 raft_consensus.cc:2468] T b2ac10905e9b403f9a7e60a39b57c640 P 6e5fa9a4cbe8447790de8bc9e0aee827 [term 0 FOLLOWER]: Leader pre-election vote request: Granting yes vote for candidate 2a29c3a2825e4438b7d2392036fdecee in term 0.
I20260709 13:16:37.312667 12826 raft_consensus.cc:359] T 844466fe65264abe88d0197a364a829b P 6b16e2cb13fc42739c52f5442a5af4a7 [term 0 FOLLOWER]: Replica starting. Triggering 0 pending ops. Active config: opid_index: -1 OBSOLETE_local: false peers { permanent_uuid: "2a29c3a2825e4438b7d2392036fdecee" member_type: VOTER last_known_addr { host: "127.11.186.65" port: 45361 } } peers { permanent_uuid: "6e5fa9a4cbe8447790de8bc9e0aee827" member_type: VOTER last_known_addr { host: "127.11.186.66" port: 36207 } } peers { permanent_uuid: "6b16e2cb13fc42739c52f5442a5af4a7" member_type: VOTER last_known_addr { host: "127.11.186.67" port: 45041 } }
I20260709 13:16:37.312325 12855 leader_election.cc:290] T b2ac10905e9b403f9a7e60a39b57c640 P 2a29c3a2825e4438b7d2392036fdecee [CANDIDATE]: Term 1 pre-election: Requested pre-vote from peers 6e5fa9a4cbe8447790de8bc9e0aee827 (127.11.186.66:36207), 6b16e2cb13fc42739c52f5442a5af4a7 (127.11.186.67:45041)
I20260709 13:16:37.313927 12785 raft_consensus.cc:2468] T 973b47733445414594f1893c654ebd7d P 6b16e2cb13fc42739c52f5442a5af4a7 [term 1 FOLLOWER]: Leader election vote request: Granting yes vote for candidate 2a29c3a2825e4438b7d2392036fdecee in term 1.
I20260709 13:16:37.314826 12866 leader_election.cc:290] T fb64b5b4fee548dd82a634c9859f822f P 2a29c3a2825e4438b7d2392036fdecee [CANDIDATE]: Term 1 election: Requested vote from peers 6e5fa9a4cbe8447790de8bc9e0aee827 (127.11.186.66:36207), 6b16e2cb13fc42739c52f5442a5af4a7 (127.11.186.67:45041)
I20260709 13:16:37.299299 12710 tablet_service.cc:1917] Received RequestConsensusVote() RPC: tablet_id: "973b47733445414594f1893c654ebd7d" candidate_uuid: "2a29c3a2825e4438b7d2392036fdecee" candidate_term: 1 candidate_status { last_received { term: 0 index: 0 } } ignore_live_leader: false dest_uuid: "6e5fa9a4cbe8447790de8bc9e0aee827"
I20260709 13:16:37.315001 12602 leader_election.cc:304] T b2ac10905e9b403f9a7e60a39b57c640 P 2a29c3a2825e4438b7d2392036fdecee [CANDIDATE]: Term 1 pre-election: Election decided. Result: candidate won. Election summary: received 2 responses out of 3 voters: 2 yes votes; 0 no votes. yes voters: 2a29c3a2825e4438b7d2392036fdecee, 6e5fa9a4cbe8447790de8bc9e0aee827; no voters: 
I20260709 13:16:37.313951 12786 tablet_service.cc:1917] Received RequestConsensusVote() RPC: tablet_id: "b2ac10905e9b403f9a7e60a39b57c640" candidate_uuid: "2a29c3a2825e4438b7d2392036fdecee" candidate_term: 1 candidate_status { last_received { term: 0 index: 0 } } ignore_live_leader: false dest_uuid: "6b16e2cb13fc42739c52f5442a5af4a7" is_pre_election: true
I20260709 13:16:37.313333 12826 raft_consensus.cc:385] T 844466fe65264abe88d0197a364a829b P 6b16e2cb13fc42739c52f5442a5af4a7 [term 0 FOLLOWER]: Consensus starting up: Expiring failure detector timer to make a prompt election more likely
I20260709 13:16:37.315953 12826 raft_consensus.cc:740] T 844466fe65264abe88d0197a364a829b P 6b16e2cb13fc42739c52f5442a5af4a7 [term 0 FOLLOWER]: Becoming Follower/Learner. State: Replica: 6b16e2cb13fc42739c52f5442a5af4a7, State: Initialized, Role: FOLLOWER
I20260709 13:16:37.316772 12826 consensus_queue.cc:260] T 844466fe65264abe88d0197a364a829b P 6b16e2cb13fc42739c52f5442a5af4a7 [NON_LEADER]: Queue going to NON_LEADER mode. State: All replicated index: 0, Majority replicated index: 0, Committed index: 0, Last appended: 0.0, Last appended by leader: 0, Current term: 0, Majority size: -1, State: 0, Mode: NON_LEADER, active raft config: opid_index: -1 OBSOLETE_local: false peers { permanent_uuid: "2a29c3a2825e4438b7d2392036fdecee" member_type: VOTER last_known_addr { host: "127.11.186.65" port: 45361 } } peers { permanent_uuid: "6e5fa9a4cbe8447790de8bc9e0aee827" member_type: VOTER last_known_addr { host: "127.11.186.66" port: 36207 } } peers { permanent_uuid: "6b16e2cb13fc42739c52f5442a5af4a7" member_type: VOTER last_known_addr { host: "127.11.186.67" port: 45041 } }
I20260709 13:16:37.317901 12602 leader_election.cc:304] T 973b47733445414594f1893c654ebd7d P 2a29c3a2825e4438b7d2392036fdecee [CANDIDATE]: Term 1 election: Election decided. Result: candidate won. Election summary: received 2 responses out of 3 voters: 2 yes votes; 0 no votes. yes voters: 2a29c3a2825e4438b7d2392036fdecee, 6b16e2cb13fc42739c52f5442a5af4a7; no voters: 
I20260709 13:16:37.318311 12785 tablet_service.cc:1917] Received RequestConsensusVote() RPC: tablet_id: "fb64b5b4fee548dd82a634c9859f822f" candidate_uuid: "2a29c3a2825e4438b7d2392036fdecee" candidate_term: 1 candidate_status { last_received { term: 0 index: 0 } } ignore_live_leader: false dest_uuid: "6b16e2cb13fc42739c52f5442a5af4a7"
W20260709 13:16:37.318836 12602 leader_election.cc:343] T 973b47733445414594f1893c654ebd7d P 2a29c3a2825e4438b7d2392036fdecee [CANDIDATE]: Term 1 election: Tablet error from VoteRequest() call to peer 6e5fa9a4cbe8447790de8bc9e0aee827 (127.11.186.66:36207): Illegal state: must be running to vote when last-logged opid is not known
I20260709 13:16:37.319394 12866 raft_consensus.cc:2804] T b2ac10905e9b403f9a7e60a39b57c640 P 2a29c3a2825e4438b7d2392036fdecee [term 0 FOLLOWER]: Leader pre-election won for term 1
I20260709 13:16:37.319751 12866 raft_consensus.cc:493] T b2ac10905e9b403f9a7e60a39b57c640 P 2a29c3a2825e4438b7d2392036fdecee [term 0 FOLLOWER]: Starting leader election (no leader contacted us within the election timeout)
I20260709 13:16:37.319852 12855 raft_consensus.cc:2804] T 973b47733445414594f1893c654ebd7d P 2a29c3a2825e4438b7d2392036fdecee [term 1 FOLLOWER]: Leader election won for term 1
I20260709 13:16:37.320113 12866 raft_consensus.cc:3060] T b2ac10905e9b403f9a7e60a39b57c640 P 2a29c3a2825e4438b7d2392036fdecee [term 0 FOLLOWER]: Advancing to term 1
I20260709 13:16:37.320385 12855 raft_consensus.cc:697] T 973b47733445414594f1893c654ebd7d P 2a29c3a2825e4438b7d2392036fdecee [term 1 LEADER]: Becoming Leader. State: Replica: 2a29c3a2825e4438b7d2392036fdecee, State: Running, Role: LEADER
I20260709 13:16:37.321236 12855 consensus_queue.cc:237] T 973b47733445414594f1893c654ebd7d P 2a29c3a2825e4438b7d2392036fdecee [LEADER]: Queue going to LEADER mode. State: All replicated index: 0, Majority replicated index: 0, Committed index: 0, Last appended: 0.0, Last appended by leader: 0, Current term: 1, Majority size: 2, State: 0, Mode: LEADER, active raft config: opid_index: -1 OBSOLETE_local: false peers { permanent_uuid: "2a29c3a2825e4438b7d2392036fdecee" member_type: VOTER last_known_addr { host: "127.11.186.65" port: 45361 } } peers { permanent_uuid: "6e5fa9a4cbe8447790de8bc9e0aee827" member_type: VOTER last_known_addr { host: "127.11.186.66" port: 36207 } } peers { permanent_uuid: "6b16e2cb13fc42739c52f5442a5af4a7" member_type: VOTER last_known_addr { host: "127.11.186.67" port: 45041 } }
I20260709 13:16:37.317886 12710 tablet_service.cc:1917] Received RequestConsensusVote() RPC: tablet_id: "fb64b5b4fee548dd82a634c9859f822f" candidate_uuid: "2a29c3a2825e4438b7d2392036fdecee" candidate_term: 1 candidate_status { last_received { term: 0 index: 0 } } ignore_live_leader: false dest_uuid: "6e5fa9a4cbe8447790de8bc9e0aee827"
W20260709 13:16:37.323446 12602 leader_election.cc:343] T fb64b5b4fee548dd82a634c9859f822f P 2a29c3a2825e4438b7d2392036fdecee [CANDIDATE]: Term 1 election: Tablet error from VoteRequest() call to peer 6e5fa9a4cbe8447790de8bc9e0aee827 (127.11.186.66:36207): Illegal state: must be running to vote when last-logged opid is not known
I20260709 13:16:37.318895 12785 raft_consensus.cc:3060] T fb64b5b4fee548dd82a634c9859f822f P 6b16e2cb13fc42739c52f5442a5af4a7 [term 0 FOLLOWER]: Advancing to term 1
I20260709 13:16:37.330185 12826 ts_tablet_manager.cc:1434] T 844466fe65264abe88d0197a364a829b P 6b16e2cb13fc42739c52f5442a5af4a7: Time spent starting tablet: real 0.020s	user 0.005s	sys 0.001s
I20260709 13:16:37.331228 12826 tablet_bootstrap.cc:492] T 513fc9a9690749688923f11b398d93d0 P 6b16e2cb13fc42739c52f5442a5af4a7: Bootstrap starting.
I20260709 13:16:37.338475 12832 tablet_bootstrap.cc:654] T 60f13fbb3394422c8e579d100a8062d4 P 6e5fa9a4cbe8447790de8bc9e0aee827: Neither blocks nor log segments found. Creating new log.
I20260709 13:16:37.339219 12855 raft_consensus.cc:493] T 60f13fbb3394422c8e579d100a8062d4 P 2a29c3a2825e4438b7d2392036fdecee [term 0 FOLLOWER]: Starting pre-election (no leader contacted us within the election timeout)
I20260709 13:16:37.339702 12855 raft_consensus.cc:515] T 60f13fbb3394422c8e579d100a8062d4 P 2a29c3a2825e4438b7d2392036fdecee [term 0 FOLLOWER]: Starting pre-election with config: opid_index: -1 OBSOLETE_local: false peers { permanent_uuid: "2a29c3a2825e4438b7d2392036fdecee" member_type: VOTER last_known_addr { host: "127.11.186.65" port: 45361 } } peers { permanent_uuid: "6e5fa9a4cbe8447790de8bc9e0aee827" member_type: VOTER last_known_addr { host: "127.11.186.66" port: 36207 } } peers { permanent_uuid: "6b16e2cb13fc42739c52f5442a5af4a7" member_type: VOTER last_known_addr { host: "127.11.186.67" port: 45041 } }
I20260709 13:16:37.340163 12826 tablet_bootstrap.cc:654] T 513fc9a9690749688923f11b398d93d0 P 6b16e2cb13fc42739c52f5442a5af4a7: Neither blocks nor log segments found. Creating new log.
I20260709 13:16:37.327953 12868 raft_consensus.cc:2804] T b2ac10905e9b403f9a7e60a39b57c640 P 6b16e2cb13fc42739c52f5442a5af4a7 [term 0 FOLLOWER]: Leader pre-election won for term 1
I20260709 13:16:37.342363 12870 raft_consensus.cc:697] T 3373622d70f446bfb2de1db992a05db8 P 6b16e2cb13fc42739c52f5442a5af4a7 [term 1 LEADER]: Becoming Leader. State: Replica: 6b16e2cb13fc42739c52f5442a5af4a7, State: Running, Role: LEADER
I20260709 13:16:37.346921 12855 leader_election.cc:290] T 60f13fbb3394422c8e579d100a8062d4 P 2a29c3a2825e4438b7d2392036fdecee [CANDIDATE]: Term 1 pre-election: Requested pre-vote from peers 6e5fa9a4cbe8447790de8bc9e0aee827 (127.11.186.66:36207), 6b16e2cb13fc42739c52f5442a5af4a7 (127.11.186.67:45041)
I20260709 13:16:37.341820 12868 raft_consensus.cc:493] T b2ac10905e9b403f9a7e60a39b57c640 P 6b16e2cb13fc42739c52f5442a5af4a7 [term 0 FOLLOWER]: Starting leader election (no leader contacted us within the election timeout)
I20260709 13:16:37.350518 12710 tablet_service.cc:1917] Received RequestConsensusVote() RPC: tablet_id: "60f13fbb3394422c8e579d100a8062d4" candidate_uuid: "2a29c3a2825e4438b7d2392036fdecee" candidate_term: 1 candidate_status { last_received { term: 0 index: 0 } } ignore_live_leader: false dest_uuid: "6e5fa9a4cbe8447790de8bc9e0aee827" is_pre_election: true
I20260709 13:16:37.351989 12870 consensus_queue.cc:237] T 3373622d70f446bfb2de1db992a05db8 P 6b16e2cb13fc42739c52f5442a5af4a7 [LEADER]: Queue going to LEADER mode. State: All replicated index: 0, Majority replicated index: 0, Committed index: 0, Last appended: 0.0, Last appended by leader: 0, Current term: 1, Majority size: 2, State: 0, Mode: LEADER, active raft config: opid_index: -1 OBSOLETE_local: false peers { permanent_uuid: "2a29c3a2825e4438b7d2392036fdecee" member_type: VOTER last_known_addr { host: "127.11.186.65" port: 45361 } } peers { permanent_uuid: "6e5fa9a4cbe8447790de8bc9e0aee827" member_type: VOTER last_known_addr { host: "127.11.186.66" port: 36207 } } peers { permanent_uuid: "6b16e2cb13fc42739c52f5442a5af4a7" member_type: VOTER last_known_addr { host: "127.11.186.67" port: 45041 } }
I20260709 13:16:37.354642 12842 raft_consensus.cc:493] T 513fc9a9690749688923f11b398d93d0 P 6e5fa9a4cbe8447790de8bc9e0aee827 [term 0 FOLLOWER]: Starting pre-election (no leader contacted us within the election timeout)
I20260709 13:16:37.355090 12842 raft_consensus.cc:515] T 513fc9a9690749688923f11b398d93d0 P 6e5fa9a4cbe8447790de8bc9e0aee827 [term 0 FOLLOWER]: Starting pre-election with config: opid_index: -1 OBSOLETE_local: false peers { permanent_uuid: "2a29c3a2825e4438b7d2392036fdecee" member_type: VOTER last_known_addr { host: "127.11.186.65" port: 45361 } } peers { permanent_uuid: "6e5fa9a4cbe8447790de8bc9e0aee827" member_type: VOTER last_known_addr { host: "127.11.186.66" port: 36207 } } peers { permanent_uuid: "6b16e2cb13fc42739c52f5442a5af4a7" member_type: VOTER last_known_addr { host: "127.11.186.67" port: 45041 } }
I20260709 13:16:37.357095 12842 leader_election.cc:290] T 513fc9a9690749688923f11b398d93d0 P 6e5fa9a4cbe8447790de8bc9e0aee827 [CANDIDATE]: Term 1 pre-election: Requested pre-vote from peers 2a29c3a2825e4438b7d2392036fdecee (127.11.186.65:45361), 6b16e2cb13fc42739c52f5442a5af4a7 (127.11.186.67:45041)
I20260709 13:16:37.358757 12636 tablet_service.cc:1917] Received RequestConsensusVote() RPC: tablet_id: "513fc9a9690749688923f11b398d93d0" candidate_uuid: "6e5fa9a4cbe8447790de8bc9e0aee827" candidate_term: 1 candidate_status { last_received { term: 0 index: 0 } } ignore_live_leader: false dest_uuid: "2a29c3a2825e4438b7d2392036fdecee" is_pre_election: true
I20260709 13:16:37.359354 12636 raft_consensus.cc:2468] T 513fc9a9690749688923f11b398d93d0 P 2a29c3a2825e4438b7d2392036fdecee [term 0 FOLLOWER]: Leader pre-election vote request: Granting yes vote for candidate 6e5fa9a4cbe8447790de8bc9e0aee827 in term 0.
W20260709 13:16:37.359431 12602 leader_election.cc:343] T 60f13fbb3394422c8e579d100a8062d4 P 2a29c3a2825e4438b7d2392036fdecee [CANDIDATE]: Term 1 pre-election: Tablet error from VoteRequest() call to peer 6e5fa9a4cbe8447790de8bc9e0aee827 (127.11.186.66:36207): Illegal state: must be running to vote when last-logged opid is not known
I20260709 13:16:37.360118 12785 raft_consensus.cc:2468] T fb64b5b4fee548dd82a634c9859f822f P 6b16e2cb13fc42739c52f5442a5af4a7 [term 1 FOLLOWER]: Leader election vote request: Granting yes vote for candidate 2a29c3a2825e4438b7d2392036fdecee in term 1.
I20260709 13:16:37.362610 12676 leader_election.cc:304] T 513fc9a9690749688923f11b398d93d0 P 6e5fa9a4cbe8447790de8bc9e0aee827 [CANDIDATE]: Term 1 pre-election: Election decided. Result: candidate won. Election summary: received 2 responses out of 3 voters: 2 yes votes; 0 no votes. yes voters: 2a29c3a2825e4438b7d2392036fdecee, 6e5fa9a4cbe8447790de8bc9e0aee827; no voters: 
I20260709 13:16:37.353308 12868 raft_consensus.cc:3060] T b2ac10905e9b403f9a7e60a39b57c640 P 6b16e2cb13fc42739c52f5442a5af4a7 [term 0 FOLLOWER]: Advancing to term 1
I20260709 13:16:37.354568 12784 tablet_service.cc:1917] Received RequestConsensusVote() RPC: tablet_id: "60f13fbb3394422c8e579d100a8062d4" candidate_uuid: "2a29c3a2825e4438b7d2392036fdecee" candidate_term: 1 candidate_status { last_received { term: 0 index: 0 } } ignore_live_leader: false dest_uuid: "6b16e2cb13fc42739c52f5442a5af4a7" is_pre_election: true
I20260709 13:16:37.364621 12783 tablet_service.cc:1917] Received RequestConsensusVote() RPC: tablet_id: "513fc9a9690749688923f11b398d93d0" candidate_uuid: "6e5fa9a4cbe8447790de8bc9e0aee827" candidate_term: 1 candidate_status { last_received { term: 0 index: 0 } } ignore_live_leader: false dest_uuid: "6b16e2cb13fc42739c52f5442a5af4a7" is_pre_election: true
I20260709 13:16:37.364850 12784 raft_consensus.cc:2468] T 60f13fbb3394422c8e579d100a8062d4 P 6b16e2cb13fc42739c52f5442a5af4a7 [term 0 FOLLOWER]: Leader pre-election vote request: Granting yes vote for candidate 2a29c3a2825e4438b7d2392036fdecee in term 0.
I20260709 13:16:37.363457 12842 raft_consensus.cc:2804] T 513fc9a9690749688923f11b398d93d0 P 6e5fa9a4cbe8447790de8bc9e0aee827 [term 0 FOLLOWER]: Leader pre-election won for term 1
I20260709 13:16:37.365864 12842 raft_consensus.cc:493] T 513fc9a9690749688923f11b398d93d0 P 6e5fa9a4cbe8447790de8bc9e0aee827 [term 0 FOLLOWER]: Starting leader election (no leader contacted us within the election timeout)
I20260709 13:16:37.366200 12842 raft_consensus.cc:3060] T 513fc9a9690749688923f11b398d93d0 P 6e5fa9a4cbe8447790de8bc9e0aee827 [term 0 FOLLOWER]: Advancing to term 1
W20260709 13:16:37.366169 12677 leader_election.cc:343] T 513fc9a9690749688923f11b398d93d0 P 6e5fa9a4cbe8447790de8bc9e0aee827 [CANDIDATE]: Term 1 pre-election: Tablet error from VoteRequest() call to peer 6b16e2cb13fc42739c52f5442a5af4a7 (127.11.186.67:45041): Illegal state: must be running to vote when last-logged opid is not known
I20260709 13:16:37.363457 12602 leader_election.cc:304] T fb64b5b4fee548dd82a634c9859f822f P 2a29c3a2825e4438b7d2392036fdecee [CANDIDATE]: Term 1 election: Election decided. Result: candidate won. Election summary: received 3 responses out of 3 voters: 2 yes votes; 1 no votes. yes voters: 2a29c3a2825e4438b7d2392036fdecee, 6b16e2cb13fc42739c52f5442a5af4a7; no voters: 6e5fa9a4cbe8447790de8bc9e0aee827
I20260709 13:16:37.368865 12866 raft_consensus.cc:515] T b2ac10905e9b403f9a7e60a39b57c640 P 2a29c3a2825e4438b7d2392036fdecee [term 1 FOLLOWER]: Starting leader election with config: opid_index: -1 OBSOLETE_local: false peers { permanent_uuid: "2a29c3a2825e4438b7d2392036fdecee" member_type: VOTER last_known_addr { host: "127.11.186.65" port: 45361 } } peers { permanent_uuid: "6e5fa9a4cbe8447790de8bc9e0aee827" member_type: VOTER last_known_addr { host: "127.11.186.66" port: 36207 } } peers { permanent_uuid: "6b16e2cb13fc42739c52f5442a5af4a7" member_type: VOTER last_known_addr { host: "127.11.186.67" port: 45041 } }
I20260709 13:16:37.369000 12602 leader_election.cc:304] T 60f13fbb3394422c8e579d100a8062d4 P 2a29c3a2825e4438b7d2392036fdecee [CANDIDATE]: Term 1 pre-election: Election decided. Result: candidate won. Election summary: received 3 responses out of 3 voters: 2 yes votes; 1 no votes. yes voters: 2a29c3a2825e4438b7d2392036fdecee, 6b16e2cb13fc42739c52f5442a5af4a7; no voters: 6e5fa9a4cbe8447790de8bc9e0aee827
I20260709 13:16:37.369622 12855 raft_consensus.cc:2804] T fb64b5b4fee548dd82a634c9859f822f P 2a29c3a2825e4438b7d2392036fdecee [term 1 FOLLOWER]: Leader election won for term 1
I20260709 13:16:37.370131 12855 raft_consensus.cc:697] T fb64b5b4fee548dd82a634c9859f822f P 2a29c3a2825e4438b7d2392036fdecee [term 1 LEADER]: Becoming Leader. State: Replica: 2a29c3a2825e4438b7d2392036fdecee, State: Running, Role: LEADER
I20260709 13:16:37.370159 12863 raft_consensus.cc:2804] T 60f13fbb3394422c8e579d100a8062d4 P 2a29c3a2825e4438b7d2392036fdecee [term 0 FOLLOWER]: Leader pre-election won for term 1
I20260709 13:16:37.370712 12863 raft_consensus.cc:493] T 60f13fbb3394422c8e579d100a8062d4 P 2a29c3a2825e4438b7d2392036fdecee [term 0 FOLLOWER]: Starting leader election (no leader contacted us within the election timeout)
I20260709 13:16:37.371052 12863 raft_consensus.cc:3060] T 60f13fbb3394422c8e579d100a8062d4 P 2a29c3a2825e4438b7d2392036fdecee [term 0 FOLLOWER]: Advancing to term 1
I20260709 13:16:37.371122 12855 consensus_queue.cc:237] T fb64b5b4fee548dd82a634c9859f822f P 2a29c3a2825e4438b7d2392036fdecee [LEADER]: Queue going to LEADER mode. State: All replicated index: 0, Majority replicated index: 0, Committed index: 0, Last appended: 0.0, Last appended by leader: 0, Current term: 1, Majority size: 2, State: 0, Mode: LEADER, active raft config: opid_index: -1 OBSOLETE_local: false peers { permanent_uuid: "2a29c3a2825e4438b7d2392036fdecee" member_type: VOTER last_known_addr { host: "127.11.186.65" port: 45361 } } peers { permanent_uuid: "6e5fa9a4cbe8447790de8bc9e0aee827" member_type: VOTER last_known_addr { host: "127.11.186.66" port: 36207 } } peers { permanent_uuid: "6b16e2cb13fc42739c52f5442a5af4a7" member_type: VOTER last_known_addr { host: "127.11.186.67" port: 45041 } }
I20260709 13:16:37.376194 12866 leader_election.cc:290] T b2ac10905e9b403f9a7e60a39b57c640 P 2a29c3a2825e4438b7d2392036fdecee [CANDIDATE]: Term 1 election: Requested vote from peers 6e5fa9a4cbe8447790de8bc9e0aee827 (127.11.186.66:36207), 6b16e2cb13fc42739c52f5442a5af4a7 (127.11.186.67:45041)
I20260709 13:16:37.381547 12868 raft_consensus.cc:515] T b2ac10905e9b403f9a7e60a39b57c640 P 6b16e2cb13fc42739c52f5442a5af4a7 [term 1 FOLLOWER]: Starting leader election with config: opid_index: -1 OBSOLETE_local: false peers { permanent_uuid: "2a29c3a2825e4438b7d2392036fdecee" member_type: VOTER last_known_addr { host: "127.11.186.65" port: 45361 } } peers { permanent_uuid: "6e5fa9a4cbe8447790de8bc9e0aee827" member_type: VOTER last_known_addr { host: "127.11.186.66" port: 36207 } } peers { permanent_uuid: "6b16e2cb13fc42739c52f5442a5af4a7" member_type: VOTER last_known_addr { host: "127.11.186.67" port: 45041 } }
I20260709 13:16:37.382874 12786 raft_consensus.cc:2393] T b2ac10905e9b403f9a7e60a39b57c640 P 6b16e2cb13fc42739c52f5442a5af4a7 [term 1 FOLLOWER]: Leader pre-election vote request: Denying vote to candidate 2a29c3a2825e4438b7d2392036fdecee in current term 1: Already voted for candidate 6b16e2cb13fc42739c52f5442a5af4a7 in this term.
I20260709 13:16:37.383940 12710 tablet_service.cc:1917] Received RequestConsensusVote() RPC: tablet_id: "b2ac10905e9b403f9a7e60a39b57c640" candidate_uuid: "2a29c3a2825e4438b7d2392036fdecee" candidate_term: 1 candidate_status { last_received { term: 0 index: 0 } } ignore_live_leader: false dest_uuid: "6e5fa9a4cbe8447790de8bc9e0aee827"
I20260709 13:16:37.374071 12533 catalog_manager.cc:5697] T 33a5290432d948b5a7d8e015795bb931 P 2a29c3a2825e4438b7d2392036fdecee reported cstate change: term changed from 0 to 1, leader changed from <none> to 2a29c3a2825e4438b7d2392036fdecee (127.11.186.65). New cstate: current_term: 1 leader_uuid: "2a29c3a2825e4438b7d2392036fdecee" committed_config { opid_index: -1 OBSOLETE_local: false peers { permanent_uuid: "6b16e2cb13fc42739c52f5442a5af4a7" member_type: VOTER last_known_addr { host: "127.11.186.67" port: 45041 } health_report { overall_health: UNKNOWN } } peers { permanent_uuid: "2a29c3a2825e4438b7d2392036fdecee" member_type: VOTER last_known_addr { host: "127.11.186.65" port: 45361 } health_report { overall_health: HEALTHY } } peers { permanent_uuid: "6e5fa9a4cbe8447790de8bc9e0aee827" member_type: VOTER last_known_addr { host: "127.11.186.66" port: 36207 } health_report { overall_health: UNKNOWN } } }
I20260709 13:16:37.384637 12710 raft_consensus.cc:3060] T b2ac10905e9b403f9a7e60a39b57c640 P 6e5fa9a4cbe8447790de8bc9e0aee827 [term 0 FOLLOWER]: Advancing to term 1
I20260709 13:16:37.385246 12784 tablet_service.cc:1917] Received RequestConsensusVote() RPC: tablet_id: "b2ac10905e9b403f9a7e60a39b57c640" candidate_uuid: "2a29c3a2825e4438b7d2392036fdecee" candidate_term: 1 candidate_status { last_received { term: 0 index: 0 } } ignore_live_leader: false dest_uuid: "6b16e2cb13fc42739c52f5442a5af4a7"
I20260709 13:16:37.385958 12784 raft_consensus.cc:2393] T b2ac10905e9b403f9a7e60a39b57c640 P 6b16e2cb13fc42739c52f5442a5af4a7 [term 1 FOLLOWER]: Leader election vote request: Denying vote to candidate 2a29c3a2825e4438b7d2392036fdecee in current term 1: Already voted for candidate 6b16e2cb13fc42739c52f5442a5af4a7 in this term.
I20260709 13:16:37.385746 12842 raft_consensus.cc:515] T 513fc9a9690749688923f11b398d93d0 P 6e5fa9a4cbe8447790de8bc9e0aee827 [term 1 FOLLOWER]: Starting leader election with config: opid_index: -1 OBSOLETE_local: false peers { permanent_uuid: "2a29c3a2825e4438b7d2392036fdecee" member_type: VOTER last_known_addr { host: "127.11.186.65" port: 45361 } } peers { permanent_uuid: "6e5fa9a4cbe8447790de8bc9e0aee827" member_type: VOTER last_known_addr { host: "127.11.186.66" port: 36207 } } peers { permanent_uuid: "6b16e2cb13fc42739c52f5442a5af4a7" member_type: VOTER last_known_addr { host: "127.11.186.67" port: 45041 } }
I20260709 13:16:37.385453 12533 catalog_manager.cc:5697] T 2b81321e5f4043889195fbf8eccb8786 P 2a29c3a2825e4438b7d2392036fdecee reported cstate change: term changed from 0 to 1, leader changed from <none> to 2a29c3a2825e4438b7d2392036fdecee (127.11.186.65). New cstate: current_term: 1 leader_uuid: "2a29c3a2825e4438b7d2392036fdecee" committed_config { opid_index: -1 OBSOLETE_local: false peers { permanent_uuid: "2a29c3a2825e4438b7d2392036fdecee" member_type: VOTER last_known_addr { host: "127.11.186.65" port: 45361 } health_report { overall_health: HEALTHY } } peers { permanent_uuid: "6e5fa9a4cbe8447790de8bc9e0aee827" member_type: VOTER last_known_addr { host: "127.11.186.66" port: 36207 } health_report { overall_health: UNKNOWN } } peers { permanent_uuid: "6b16e2cb13fc42739c52f5442a5af4a7" member_type: VOTER last_known_addr { host: "127.11.186.67" port: 45041 } health_report { overall_health: UNKNOWN } } }
I20260709 13:16:37.389282 12636 tablet_service.cc:1917] Received RequestConsensusVote() RPC: tablet_id: "513fc9a9690749688923f11b398d93d0" candidate_uuid: "6e5fa9a4cbe8447790de8bc9e0aee827" candidate_term: 1 candidate_status { last_received { term: 0 index: 0 } } ignore_live_leader: false dest_uuid: "2a29c3a2825e4438b7d2392036fdecee"
I20260709 13:16:37.389979 12534 catalog_manager.cc:5697] T 3373622d70f446bfb2de1db992a05db8 P 6b16e2cb13fc42739c52f5442a5af4a7 reported cstate change: term changed from 0 to 1, leader changed from <none> to 6b16e2cb13fc42739c52f5442a5af4a7 (127.11.186.67). New cstate: current_term: 1 leader_uuid: "6b16e2cb13fc42739c52f5442a5af4a7" committed_config { opid_index: -1 OBSOLETE_local: false peers { permanent_uuid: "2a29c3a2825e4438b7d2392036fdecee" member_type: VOTER last_known_addr { host: "127.11.186.65" port: 45361 } health_report { overall_health: UNKNOWN } } peers { permanent_uuid: "6e5fa9a4cbe8447790de8bc9e0aee827" member_type: VOTER last_known_addr { host: "127.11.186.66" port: 36207 } health_report { overall_health: UNKNOWN } } peers { permanent_uuid: "6b16e2cb13fc42739c52f5442a5af4a7" member_type: VOTER last_known_addr { host: "127.11.186.67" port: 45041 } health_report { overall_health: HEALTHY } } }
I20260709 13:16:37.391418 12842 leader_election.cc:290] T 513fc9a9690749688923f11b398d93d0 P 6e5fa9a4cbe8447790de8bc9e0aee827 [CANDIDATE]: Term 1 election: Requested vote from peers 2a29c3a2825e4438b7d2392036fdecee (127.11.186.65:45361), 6b16e2cb13fc42739c52f5442a5af4a7 (127.11.186.67:45041)
I20260709 13:16:37.391911 12832 tablet_bootstrap.cc:492] T 60f13fbb3394422c8e579d100a8062d4 P 6e5fa9a4cbe8447790de8bc9e0aee827: No bootstrap required, opened a new log
I20260709 13:16:37.390853 12636 raft_consensus.cc:3060] T 513fc9a9690749688923f11b398d93d0 P 2a29c3a2825e4438b7d2392036fdecee [term 0 FOLLOWER]: Advancing to term 1
I20260709 13:16:37.395735 12868 leader_election.cc:290] T b2ac10905e9b403f9a7e60a39b57c640 P 6b16e2cb13fc42739c52f5442a5af4a7 [CANDIDATE]: Term 1 election: Requested vote from peers 2a29c3a2825e4438b7d2392036fdecee (127.11.186.65:45361), 6e5fa9a4cbe8447790de8bc9e0aee827 (127.11.186.66:36207)
I20260709 13:16:37.396448 12637 tablet_service.cc:1917] Received RequestConsensusVote() RPC: tablet_id: "b2ac10905e9b403f9a7e60a39b57c640" candidate_uuid: "6b16e2cb13fc42739c52f5442a5af4a7" candidate_term: 1 candidate_status { last_received { term: 0 index: 0 } } ignore_live_leader: false dest_uuid: "2a29c3a2825e4438b7d2392036fdecee"
I20260709 13:16:37.397183 12637 raft_consensus.cc:2393] T b2ac10905e9b403f9a7e60a39b57c640 P 2a29c3a2825e4438b7d2392036fdecee [term 1 FOLLOWER]: Leader election vote request: Denying vote to candidate 6b16e2cb13fc42739c52f5442a5af4a7 in current term 1: Already voted for candidate 2a29c3a2825e4438b7d2392036fdecee in this term.
I20260709 13:16:37.394034 12832 ts_tablet_manager.cc:1403] T 60f13fbb3394422c8e579d100a8062d4 P 6e5fa9a4cbe8447790de8bc9e0aee827: Time spent bootstrapping tablet: real 0.105s	user 0.015s	sys 0.007s
I20260709 13:16:37.399346 12712 tablet_service.cc:1917] Received RequestConsensusVote() RPC: tablet_id: "b2ac10905e9b403f9a7e60a39b57c640" candidate_uuid: "6b16e2cb13fc42739c52f5442a5af4a7" candidate_term: 1 candidate_status { last_received { term: 0 index: 0 } } ignore_live_leader: false dest_uuid: "6e5fa9a4cbe8447790de8bc9e0aee827"
I20260709 13:16:37.402415 12751 leader_election.cc:304] T b2ac10905e9b403f9a7e60a39b57c640 P 6b16e2cb13fc42739c52f5442a5af4a7 [CANDIDATE]: Term 1 election: Election decided. Result: candidate lost. Election summary: received 3 responses out of 3 voters: 1 yes votes; 2 no votes. yes voters: 6b16e2cb13fc42739c52f5442a5af4a7; no voters: 2a29c3a2825e4438b7d2392036fdecee, 6e5fa9a4cbe8447790de8bc9e0aee827
I20260709 13:16:37.399730 12784 tablet_service.cc:1917] Received RequestConsensusVote() RPC: tablet_id: "513fc9a9690749688923f11b398d93d0" candidate_uuid: "6e5fa9a4cbe8447790de8bc9e0aee827" candidate_term: 1 candidate_status { last_received { term: 0 index: 0 } } ignore_live_leader: false dest_uuid: "6b16e2cb13fc42739c52f5442a5af4a7"
I20260709 13:16:37.403017 12868 raft_consensus.cc:2749] T b2ac10905e9b403f9a7e60a39b57c640 P 6b16e2cb13fc42739c52f5442a5af4a7 [term 1 FOLLOWER]: Leader election lost for term 1. Reason: could not achieve majority
W20260709 13:16:37.404085 12677 leader_election.cc:343] T 513fc9a9690749688923f11b398d93d0 P 6e5fa9a4cbe8447790de8bc9e0aee827 [CANDIDATE]: Term 1 election: Tablet error from VoteRequest() call to peer 6b16e2cb13fc42739c52f5442a5af4a7 (127.11.186.67:45041): Illegal state: must be running to vote when last-logged opid is not known
I20260709 13:16:37.400615 12863 raft_consensus.cc:515] T 60f13fbb3394422c8e579d100a8062d4 P 2a29c3a2825e4438b7d2392036fdecee [term 1 FOLLOWER]: Starting leader election with config: opid_index: -1 OBSOLETE_local: false peers { permanent_uuid: "2a29c3a2825e4438b7d2392036fdecee" member_type: VOTER last_known_addr { host: "127.11.186.65" port: 45361 } } peers { permanent_uuid: "6e5fa9a4cbe8447790de8bc9e0aee827" member_type: VOTER last_known_addr { host: "127.11.186.66" port: 36207 } } peers { permanent_uuid: "6b16e2cb13fc42739c52f5442a5af4a7" member_type: VOTER last_known_addr { host: "127.11.186.67" port: 45041 } }
I20260709 13:16:37.404582 12636 raft_consensus.cc:2468] T 513fc9a9690749688923f11b398d93d0 P 2a29c3a2825e4438b7d2392036fdecee [term 1 FOLLOWER]: Leader election vote request: Granting yes vote for candidate 6e5fa9a4cbe8447790de8bc9e0aee827 in term 1.
I20260709 13:16:37.405805 12676 leader_election.cc:304] T 513fc9a9690749688923f11b398d93d0 P 6e5fa9a4cbe8447790de8bc9e0aee827 [CANDIDATE]: Term 1 election: Election decided. Result: candidate won. Election summary: received 3 responses out of 3 voters: 2 yes votes; 1 no votes. yes voters: 2a29c3a2825e4438b7d2392036fdecee, 6e5fa9a4cbe8447790de8bc9e0aee827; no voters: 6b16e2cb13fc42739c52f5442a5af4a7
I20260709 13:16:37.406309 12712 tablet_service.cc:1917] Received RequestConsensusVote() RPC: tablet_id: "60f13fbb3394422c8e579d100a8062d4" candidate_uuid: "2a29c3a2825e4438b7d2392036fdecee" candidate_term: 1 candidate_status { last_received { term: 0 index: 0 } } ignore_live_leader: false dest_uuid: "6e5fa9a4cbe8447790de8bc9e0aee827"
I20260709 13:16:37.406925 12842 raft_consensus.cc:2804] T 513fc9a9690749688923f11b398d93d0 P 6e5fa9a4cbe8447790de8bc9e0aee827 [term 1 FOLLOWER]: Leader election won for term 1
I20260709 13:16:37.407091 12784 tablet_service.cc:1917] Received RequestConsensusVote() RPC: tablet_id: "60f13fbb3394422c8e579d100a8062d4" candidate_uuid: "2a29c3a2825e4438b7d2392036fdecee" candidate_term: 1 candidate_status { last_received { term: 0 index: 0 } } ignore_live_leader: false dest_uuid: "6b16e2cb13fc42739c52f5442a5af4a7"
W20260709 13:16:37.407505 12602 leader_election.cc:343] T 60f13fbb3394422c8e579d100a8062d4 P 2a29c3a2825e4438b7d2392036fdecee [CANDIDATE]: Term 1 election: Tablet error from VoteRequest() call to peer 6e5fa9a4cbe8447790de8bc9e0aee827 (127.11.186.66:36207): Illegal state: must be running to vote when last-logged opid is not known
I20260709 13:16:37.407516 12842 raft_consensus.cc:697] T 513fc9a9690749688923f11b398d93d0 P 6e5fa9a4cbe8447790de8bc9e0aee827 [term 1 LEADER]: Becoming Leader. State: Replica: 6e5fa9a4cbe8447790de8bc9e0aee827, State: Running, Role: LEADER
I20260709 13:16:37.408249 12710 raft_consensus.cc:2468] T b2ac10905e9b403f9a7e60a39b57c640 P 6e5fa9a4cbe8447790de8bc9e0aee827 [term 1 FOLLOWER]: Leader election vote request: Granting yes vote for candidate 2a29c3a2825e4438b7d2392036fdecee in term 1.
I20260709 13:16:37.408545 12826 tablet_bootstrap.cc:492] T 513fc9a9690749688923f11b398d93d0 P 6b16e2cb13fc42739c52f5442a5af4a7: No bootstrap required, opened a new log
I20260709 13:16:37.409057 12826 ts_tablet_manager.cc:1403] T 513fc9a9690749688923f11b398d93d0 P 6b16e2cb13fc42739c52f5442a5af4a7: Time spent bootstrapping tablet: real 0.078s	user 0.007s	sys 0.018s
