I20260709 13:16:25.876233 12967 raft_consensus.cc:359] T 6148be59f61a470780e2d7988e23c114 P 966b160e892742cbaf9beb94f86f136d [term 0 FOLLOWER]: Replica starting. Triggering 0 pending ops. Active config: opid_index: -1 OBSOLETE_local: false peers { permanent_uuid: "69c9b5966c3045c196a5dbf22e1be9f9" member_type: VOTER last_known_addr { host: "127.12.87.193" port: 34493 } } peers { permanent_uuid: "2dfbf20ff7c341da9449f25d56a61fe5" member_type: VOTER last_known_addr { host: "127.12.87.194" port: 41811 } } peers { permanent_uuid: "966b160e892742cbaf9beb94f86f136d" member_type: VOTER last_known_addr { host: "127.12.87.195" port: 34021 } }
I20260709 13:16:25.876991 12967 raft_consensus.cc:385] T 6148be59f61a470780e2d7988e23c114 P 966b160e892742cbaf9beb94f86f136d [term 0 FOLLOWER]: Consensus starting up: Expiring failure detector timer to make a prompt election more likely
I20260709 13:16:25.877293 12967 raft_consensus.cc:740] T 6148be59f61a470780e2d7988e23c114 P 966b160e892742cbaf9beb94f86f136d [term 0 FOLLOWER]: Becoming Follower/Learner. State: Replica: 966b160e892742cbaf9beb94f86f136d, State: Initialized, Role: FOLLOWER
I20260709 13:16:25.878681 12967 consensus_queue.cc:260] T 6148be59f61a470780e2d7988e23c114 P 966b160e892742cbaf9beb94f86f136d [NON_LEADER]: Queue going to NON_LEADER mode. State: All replicated index: 0, Majority replicated index: 0, Committed index: 0, Last appended: 0.0, Last appended by leader: 0, Current term: 0, Majority size: -1, State: 0, Mode: NON_LEADER, active raft config: opid_index: -1 OBSOLETE_local: false peers { permanent_uuid: "69c9b5966c3045c196a5dbf22e1be9f9" member_type: VOTER last_known_addr { host: "127.12.87.193" port: 34493 } } peers { permanent_uuid: "2dfbf20ff7c341da9449f25d56a61fe5" member_type: VOTER last_known_addr { host: "127.12.87.194" port: 41811 } } peers { permanent_uuid: "966b160e892742cbaf9beb94f86f136d" member_type: VOTER last_known_addr { host: "127.12.87.195" port: 34021 } }
I20260709 13:16:25.880817 12966 tablet_bootstrap.cc:492] T 5f76e9e9d1484f2c997012c5921c4ce4 P 2dfbf20ff7c341da9449f25d56a61fe5: No bootstrap required, opened a new log
I20260709 13:16:25.880874 12967 ts_tablet_manager.cc:1434] T 6148be59f61a470780e2d7988e23c114 P 966b160e892742cbaf9beb94f86f136d: Time spent starting tablet: real 0.007s	user 0.006s	sys 0.000s
I20260709 13:16:25.881321 12966 ts_tablet_manager.cc:1403] T 5f76e9e9d1484f2c997012c5921c4ce4 P 2dfbf20ff7c341da9449f25d56a61fe5: Time spent bootstrapping tablet: real 0.040s	user 0.018s	sys 0.014s
I20260709 13:16:25.881860 12967 tablet_bootstrap.cc:492] T c029bc58d6ea4c12b1cd02a232552173 P 966b160e892742cbaf9beb94f86f136d: Bootstrap starting.
I20260709 13:16:25.883832 12966 raft_consensus.cc:359] T 5f76e9e9d1484f2c997012c5921c4ce4 P 2dfbf20ff7c341da9449f25d56a61fe5 [term 0 FOLLOWER]: Replica starting. Triggering 0 pending ops. Active config: opid_index: -1 OBSOLETE_local: false peers { permanent_uuid: "69c9b5966c3045c196a5dbf22e1be9f9" member_type: VOTER last_known_addr { host: "127.12.87.193" port: 34493 } } peers { permanent_uuid: "2dfbf20ff7c341da9449f25d56a61fe5" member_type: VOTER last_known_addr { host: "127.12.87.194" port: 41811 } } peers { permanent_uuid: "966b160e892742cbaf9beb94f86f136d" member_type: VOTER last_known_addr { host: "127.12.87.195" port: 34021 } }
I20260709 13:16:25.884454 12966 raft_consensus.cc:385] T 5f76e9e9d1484f2c997012c5921c4ce4 P 2dfbf20ff7c341da9449f25d56a61fe5 [term 0 FOLLOWER]: Consensus starting up: Expiring failure detector timer to make a prompt election more likely
I20260709 13:16:25.884711 12966 raft_consensus.cc:740] T 5f76e9e9d1484f2c997012c5921c4ce4 P 2dfbf20ff7c341da9449f25d56a61fe5 [term 0 FOLLOWER]: Becoming Follower/Learner. State: Replica: 2dfbf20ff7c341da9449f25d56a61fe5, State: Initialized, Role: FOLLOWER
I20260709 13:16:25.885272 12966 consensus_queue.cc:260] T 5f76e9e9d1484f2c997012c5921c4ce4 P 2dfbf20ff7c341da9449f25d56a61fe5 [NON_LEADER]: Queue going to NON_LEADER mode. State: All replicated index: 0, Majority replicated index: 0, Committed index: 0, Last appended: 0.0, Last appended by leader: 0, Current term: 0, Majority size: -1, State: 0, Mode: NON_LEADER, active raft config: opid_index: -1 OBSOLETE_local: false peers { permanent_uuid: "69c9b5966c3045c196a5dbf22e1be9f9" member_type: VOTER last_known_addr { host: "127.12.87.193" port: 34493 } } peers { permanent_uuid: "2dfbf20ff7c341da9449f25d56a61fe5" member_type: VOTER last_known_addr { host: "127.12.87.194" port: 41811 } } peers { permanent_uuid: "966b160e892742cbaf9beb94f86f136d" member_type: VOTER last_known_addr { host: "127.12.87.195" port: 34021 } }
I20260709 13:16:25.887281 12966 ts_tablet_manager.cc:1434] T 5f76e9e9d1484f2c997012c5921c4ce4 P 2dfbf20ff7c341da9449f25d56a61fe5: Time spent starting tablet: real 0.006s	user 0.006s	sys 0.001s
I20260709 13:16:25.888556 12967 tablet_bootstrap.cc:654] T c029bc58d6ea4c12b1cd02a232552173 P 966b160e892742cbaf9beb94f86f136d: Neither blocks nor log segments found. Creating new log.
I20260709 13:16:25.896363 12967 tablet_bootstrap.cc:492] T c029bc58d6ea4c12b1cd02a232552173 P 966b160e892742cbaf9beb94f86f136d: No bootstrap required, opened a new log
I20260709 13:16:25.897526 12967 ts_tablet_manager.cc:1403] T c029bc58d6ea4c12b1cd02a232552173 P 966b160e892742cbaf9beb94f86f136d: Time spent bootstrapping tablet: real 0.016s	user 0.009s	sys 0.005s
I20260709 13:16:25.900338 12967 raft_consensus.cc:359] T c029bc58d6ea4c12b1cd02a232552173 P 966b160e892742cbaf9beb94f86f136d [term 0 FOLLOWER]: Replica starting. Triggering 0 pending ops. Active config: opid_index: -1 OBSOLETE_local: false peers { permanent_uuid: "69c9b5966c3045c196a5dbf22e1be9f9" member_type: VOTER last_known_addr { host: "127.12.87.193" port: 34493 } } peers { permanent_uuid: "2dfbf20ff7c341da9449f25d56a61fe5" member_type: VOTER last_known_addr { host: "127.12.87.194" port: 41811 } } peers { permanent_uuid: "966b160e892742cbaf9beb94f86f136d" member_type: VOTER last_known_addr { host: "127.12.87.195" port: 34021 } }
I20260709 13:16:25.900978 12967 raft_consensus.cc:385] T c029bc58d6ea4c12b1cd02a232552173 P 966b160e892742cbaf9beb94f86f136d [term 0 FOLLOWER]: Consensus starting up: Expiring failure detector timer to make a prompt election more likely
I20260709 13:16:25.901252 12967 raft_consensus.cc:740] T c029bc58d6ea4c12b1cd02a232552173 P 966b160e892742cbaf9beb94f86f136d [term 0 FOLLOWER]: Becoming Follower/Learner. State: Replica: 966b160e892742cbaf9beb94f86f136d, State: Initialized, Role: FOLLOWER
I20260709 13:16:25.901868 12967 consensus_queue.cc:260] T c029bc58d6ea4c12b1cd02a232552173 P 966b160e892742cbaf9beb94f86f136d [NON_LEADER]: Queue going to NON_LEADER mode. State: All replicated index: 0, Majority replicated index: 0, Committed index: 0, Last appended: 0.0, Last appended by leader: 0, Current term: 0, Majority size: -1, State: 0, Mode: NON_LEADER, active raft config: opid_index: -1 OBSOLETE_local: false peers { permanent_uuid: "69c9b5966c3045c196a5dbf22e1be9f9" member_type: VOTER last_known_addr { host: "127.12.87.193" port: 34493 } } peers { permanent_uuid: "2dfbf20ff7c341da9449f25d56a61fe5" member_type: VOTER last_known_addr { host: "127.12.87.194" port: 41811 } } peers { permanent_uuid: "966b160e892742cbaf9beb94f86f136d" member_type: VOTER last_known_addr { host: "127.12.87.195" port: 34021 } }
I20260709 13:16:25.906033 12668 catalog_manager.cc:5697] T ad324aeefdd84838841179669d265724 P 69c9b5966c3045c196a5dbf22e1be9f9 reported cstate change: term changed from 0 to 1, leader changed from <none> to 69c9b5966c3045c196a5dbf22e1be9f9 (127.12.87.193). New cstate: current_term: 1 leader_uuid: "69c9b5966c3045c196a5dbf22e1be9f9" committed_config { opid_index: -1 OBSOLETE_local: false peers { permanent_uuid: "966b160e892742cbaf9beb94f86f136d" member_type: VOTER last_known_addr { host: "127.12.87.195" port: 34021 } health_report { overall_health: UNKNOWN } } peers { permanent_uuid: "2dfbf20ff7c341da9449f25d56a61fe5" member_type: VOTER last_known_addr { host: "127.12.87.194" port: 41811 } health_report { overall_health: UNKNOWN } } peers { permanent_uuid: "69c9b5966c3045c196a5dbf22e1be9f9" member_type: VOTER last_known_addr { host: "127.12.87.193" port: 34493 } health_report { overall_health: HEALTHY } } }
I20260709 13:16:25.910676 12968 tablet_bootstrap.cc:492] T 5f76e9e9d1484f2c997012c5921c4ce4 P 69c9b5966c3045c196a5dbf22e1be9f9: No bootstrap required, opened a new log
I20260709 13:16:25.911305 12968 ts_tablet_manager.cc:1403] T 5f76e9e9d1484f2c997012c5921c4ce4 P 69c9b5966c3045c196a5dbf22e1be9f9: Time spent bootstrapping tablet: real 0.049s	user 0.007s	sys 0.010s
I20260709 13:16:25.907163 12967 ts_tablet_manager.cc:1434] T c029bc58d6ea4c12b1cd02a232552173 P 966b160e892742cbaf9beb94f86f136d: Time spent starting tablet: real 0.009s	user 0.006s	sys 0.001s
I20260709 13:16:25.915519 12967 tablet_bootstrap.cc:492] T de604817677640c4a723b85494c7b78d P 966b160e892742cbaf9beb94f86f136d: Bootstrap starting.
I20260709 13:16:25.915266 12968 raft_consensus.cc:359] T 5f76e9e9d1484f2c997012c5921c4ce4 P 69c9b5966c3045c196a5dbf22e1be9f9 [term 0 FOLLOWER]: Replica starting. Triggering 0 pending ops. Active config: opid_index: -1 OBSOLETE_local: false peers { permanent_uuid: "69c9b5966c3045c196a5dbf22e1be9f9" member_type: VOTER last_known_addr { host: "127.12.87.193" port: 34493 } } peers { permanent_uuid: "2dfbf20ff7c341da9449f25d56a61fe5" member_type: VOTER last_known_addr { host: "127.12.87.194" port: 41811 } } peers { permanent_uuid: "966b160e892742cbaf9beb94f86f136d" member_type: VOTER last_known_addr { host: "127.12.87.195" port: 34021 } }
I20260709 13:16:25.916960 13000 raft_consensus.cc:493] T c029bc58d6ea4c12b1cd02a232552173 P 2dfbf20ff7c341da9449f25d56a61fe5 [term 0 FOLLOWER]: Starting pre-election (no leader contacted us within the election timeout)
I20260709 13:16:25.917408 13000 raft_consensus.cc:515] T c029bc58d6ea4c12b1cd02a232552173 P 2dfbf20ff7c341da9449f25d56a61fe5 [term 0 FOLLOWER]: Starting pre-election with config: opid_index: -1 OBSOLETE_local: false peers { permanent_uuid: "69c9b5966c3045c196a5dbf22e1be9f9" member_type: VOTER last_known_addr { host: "127.12.87.193" port: 34493 } } peers { permanent_uuid: "2dfbf20ff7c341da9449f25d56a61fe5" member_type: VOTER last_known_addr { host: "127.12.87.194" port: 41811 } } peers { permanent_uuid: "966b160e892742cbaf9beb94f86f136d" member_type: VOTER last_known_addr { host: "127.12.87.195" port: 34021 } }
I20260709 13:16:25.919519 13000 leader_election.cc:290] T c029bc58d6ea4c12b1cd02a232552173 P 2dfbf20ff7c341da9449f25d56a61fe5 [CANDIDATE]: Term 1 pre-election: Requested pre-vote from peers 69c9b5966c3045c196a5dbf22e1be9f9 (127.12.87.193:34493), 966b160e892742cbaf9beb94f86f136d (127.12.87.195:34021)
I20260709 13:16:25.916792 12968 raft_consensus.cc:385] T 5f76e9e9d1484f2c997012c5921c4ce4 P 69c9b5966c3045c196a5dbf22e1be9f9 [term 0 FOLLOWER]: Consensus starting up: Expiring failure detector timer to make a prompt election more likely
I20260709 13:16:25.920220 12968 raft_consensus.cc:740] T 5f76e9e9d1484f2c997012c5921c4ce4 P 69c9b5966c3045c196a5dbf22e1be9f9 [term 0 FOLLOWER]: Becoming Follower/Learner. State: Replica: 69c9b5966c3045c196a5dbf22e1be9f9, State: Initialized, Role: FOLLOWER
I20260709 13:16:25.920694 12923 tablet_service.cc:1917] Received RequestConsensusVote() RPC: tablet_id: "c029bc58d6ea4c12b1cd02a232552173" candidate_uuid: "2dfbf20ff7c341da9449f25d56a61fe5" candidate_term: 1 candidate_status { last_received { term: 0 index: 0 } } ignore_live_leader: false dest_uuid: "966b160e892742cbaf9beb94f86f136d" is_pre_election: true
I20260709 13:16:25.921380 12923 raft_consensus.cc:2468] T c029bc58d6ea4c12b1cd02a232552173 P 966b160e892742cbaf9beb94f86f136d [term 0 FOLLOWER]: Leader pre-election vote request: Granting yes vote for candidate 2dfbf20ff7c341da9449f25d56a61fe5 in term 0.
I20260709 13:16:25.920964 12968 consensus_queue.cc:260] T 5f76e9e9d1484f2c997012c5921c4ce4 P 69c9b5966c3045c196a5dbf22e1be9f9 [NON_LEADER]: Queue going to NON_LEADER mode. State: All replicated index: 0, Majority replicated index: 0, Committed index: 0, Last appended: 0.0, Last appended by leader: 0, Current term: 0, Majority size: -1, State: 0, Mode: NON_LEADER, active raft config: opid_index: -1 OBSOLETE_local: false peers { permanent_uuid: "69c9b5966c3045c196a5dbf22e1be9f9" member_type: VOTER last_known_addr { host: "127.12.87.193" port: 34493 } } peers { permanent_uuid: "2dfbf20ff7c341da9449f25d56a61fe5" member_type: VOTER last_known_addr { host: "127.12.87.194" port: 41811 } } peers { permanent_uuid: "966b160e892742cbaf9beb94f86f136d" member_type: VOTER last_known_addr { host: "127.12.87.195" port: 34021 } }
I20260709 13:16:25.922552 12774 tablet_service.cc:1917] Received RequestConsensusVote() RPC: tablet_id: "c029bc58d6ea4c12b1cd02a232552173" candidate_uuid: "2dfbf20ff7c341da9449f25d56a61fe5" candidate_term: 1 candidate_status { last_received { term: 0 index: 0 } } ignore_live_leader: false dest_uuid: "69c9b5966c3045c196a5dbf22e1be9f9" is_pre_election: true
I20260709 13:16:25.923810 12995 raft_consensus.cc:493] T 6148be59f61a470780e2d7988e23c114 P 966b160e892742cbaf9beb94f86f136d [term 0 FOLLOWER]: Starting pre-election (no leader contacted us within the election timeout)
I20260709 13:16:25.923977 12968 ts_tablet_manager.cc:1434] T 5f76e9e9d1484f2c997012c5921c4ce4 P 69c9b5966c3045c196a5dbf22e1be9f9: Time spent starting tablet: real 0.012s	user 0.007s	sys 0.001s
I20260709 13:16:25.924273 12995 raft_consensus.cc:515] T 6148be59f61a470780e2d7988e23c114 P 966b160e892742cbaf9beb94f86f136d [term 0 FOLLOWER]: Starting pre-election with config: opid_index: -1 OBSOLETE_local: false peers { permanent_uuid: "69c9b5966c3045c196a5dbf22e1be9f9" member_type: VOTER last_known_addr { host: "127.12.87.193" port: 34493 } } peers { permanent_uuid: "2dfbf20ff7c341da9449f25d56a61fe5" member_type: VOTER last_known_addr { host: "127.12.87.194" port: 41811 } } peers { permanent_uuid: "966b160e892742cbaf9beb94f86f136d" member_type: VOTER last_known_addr { host: "127.12.87.195" port: 34021 } }
I20260709 13:16:25.924991 12968 tablet_bootstrap.cc:492] T f724761cc7694b13a571565cc0d5ddc3 P 69c9b5966c3045c196a5dbf22e1be9f9: Bootstrap starting.
I20260709 13:16:25.926277 12967 tablet_bootstrap.cc:654] T de604817677640c4a723b85494c7b78d P 966b160e892742cbaf9beb94f86f136d: Neither blocks nor log segments found. Creating new log.
I20260709 13:16:25.927560 12848 tablet_service.cc:1917] Received RequestConsensusVote() RPC: tablet_id: "6148be59f61a470780e2d7988e23c114" candidate_uuid: "966b160e892742cbaf9beb94f86f136d" candidate_term: 1 candidate_status { last_received { term: 0 index: 0 } } ignore_live_leader: false dest_uuid: "2dfbf20ff7c341da9449f25d56a61fe5" is_pre_election: true
I20260709 13:16:25.928174 12848 raft_consensus.cc:2468] T 6148be59f61a470780e2d7988e23c114 P 2dfbf20ff7c341da9449f25d56a61fe5 [term 0 FOLLOWER]: Leader pre-election vote request: Granting yes vote for candidate 966b160e892742cbaf9beb94f86f136d in term 0.
I20260709 13:16:25.931982 12968 tablet_bootstrap.cc:654] T f724761cc7694b13a571565cc0d5ddc3 P 69c9b5966c3045c196a5dbf22e1be9f9: Neither blocks nor log segments found. Creating new log.
I20260709 13:16:25.933990 12774 tablet_service.cc:1917] Received RequestConsensusVote() RPC: tablet_id: "6148be59f61a470780e2d7988e23c114" candidate_uuid: "966b160e892742cbaf9beb94f86f136d" candidate_term: 1 candidate_status { last_received { term: 0 index: 0 } } ignore_live_leader: false dest_uuid: "69c9b5966c3045c196a5dbf22e1be9f9" is_pre_election: true
I20260709 13:16:25.932116 12889 leader_election.cc:304] T 6148be59f61a470780e2d7988e23c114 P 966b160e892742cbaf9beb94f86f136d [CANDIDATE]: Term 1 pre-election: Election decided. Result: candidate won. Election summary: received 2 responses out of 3 voters: 2 yes votes; 0 no votes. yes voters: 2dfbf20ff7c341da9449f25d56a61fe5, 966b160e892742cbaf9beb94f86f136d; no voters: 
I20260709 13:16:25.936455 12974 raft_consensus.cc:2804] T 6148be59f61a470780e2d7988e23c114 P 966b160e892742cbaf9beb94f86f136d [term 0 FOLLOWER]: Leader pre-election won for term 1
I20260709 13:16:25.936880 12974 raft_consensus.cc:493] T 6148be59f61a470780e2d7988e23c114 P 966b160e892742cbaf9beb94f86f136d [term 0 FOLLOWER]: Starting leader election (no leader contacted us within the election timeout)
I20260709 13:16:25.937248 12974 raft_consensus.cc:3060] T 6148be59f61a470780e2d7988e23c114 P 966b160e892742cbaf9beb94f86f136d [term 0 FOLLOWER]: Advancing to term 1
I20260709 13:16:25.932514 12813 leader_election.cc:304] T c029bc58d6ea4c12b1cd02a232552173 P 2dfbf20ff7c341da9449f25d56a61fe5 [CANDIDATE]: Term 1 pre-election: Election decided. Result: candidate won. Election summary: received 2 responses out of 3 voters: 2 yes votes; 0 no votes. yes voters: 2dfbf20ff7c341da9449f25d56a61fe5, 966b160e892742cbaf9beb94f86f136d; no voters: 
W20260709 13:16:25.942080 12813 leader_election.cc:343] T c029bc58d6ea4c12b1cd02a232552173 P 2dfbf20ff7c341da9449f25d56a61fe5 [CANDIDATE]: Term 1 pre-election: Tablet error from VoteRequest() call to peer 69c9b5966c3045c196a5dbf22e1be9f9 (127.12.87.193:34493): Illegal state: must be running to vote when last-logged opid is not known
I20260709 13:16:25.942965 13000 raft_consensus.cc:2804] T c029bc58d6ea4c12b1cd02a232552173 P 2dfbf20ff7c341da9449f25d56a61fe5 [term 0 FOLLOWER]: Leader pre-election won for term 1
I20260709 13:16:25.943323 13000 raft_consensus.cc:493] T c029bc58d6ea4c12b1cd02a232552173 P 2dfbf20ff7c341da9449f25d56a61fe5 [term 0 FOLLOWER]: Starting leader election (no leader contacted us within the election timeout)
I20260709 13:16:25.943667 13000 raft_consensus.cc:3060] T c029bc58d6ea4c12b1cd02a232552173 P 2dfbf20ff7c341da9449f25d56a61fe5 [term 0 FOLLOWER]: Advancing to term 1
I20260709 13:16:25.944401 12974 raft_consensus.cc:515] T 6148be59f61a470780e2d7988e23c114 P 966b160e892742cbaf9beb94f86f136d [term 1 FOLLOWER]: Starting leader election with config: opid_index: -1 OBSOLETE_local: false peers { permanent_uuid: "69c9b5966c3045c196a5dbf22e1be9f9" member_type: VOTER last_known_addr { host: "127.12.87.193" port: 34493 } } peers { permanent_uuid: "2dfbf20ff7c341da9449f25d56a61fe5" member_type: VOTER last_known_addr { host: "127.12.87.194" port: 41811 } } peers { permanent_uuid: "966b160e892742cbaf9beb94f86f136d" member_type: VOTER last_known_addr { host: "127.12.87.195" port: 34021 } }
I20260709 13:16:25.926285 12995 leader_election.cc:290] T 6148be59f61a470780e2d7988e23c114 P 966b160e892742cbaf9beb94f86f136d [CANDIDATE]: Term 1 pre-election: Requested pre-vote from peers 69c9b5966c3045c196a5dbf22e1be9f9 (127.12.87.193:34493), 2dfbf20ff7c341da9449f25d56a61fe5 (127.12.87.194:41811)
I20260709 13:16:25.947432 12848 tablet_service.cc:1917] Received RequestConsensusVote() RPC: tablet_id: "6148be59f61a470780e2d7988e23c114" candidate_uuid: "966b160e892742cbaf9beb94f86f136d" candidate_term: 1 candidate_status { last_received { term: 0 index: 0 } } ignore_live_leader: false dest_uuid: "2dfbf20ff7c341da9449f25d56a61fe5"
I20260709 13:16:25.947938 12848 raft_consensus.cc:3060] T 6148be59f61a470780e2d7988e23c114 P 2dfbf20ff7c341da9449f25d56a61fe5 [term 0 FOLLOWER]: Advancing to term 1
W20260709 13:16:25.940922 12887 leader_election.cc:343] T 6148be59f61a470780e2d7988e23c114 P 966b160e892742cbaf9beb94f86f136d [CANDIDATE]: Term 1 pre-election: Tablet error from VoteRequest() call to peer 69c9b5966c3045c196a5dbf22e1be9f9 (127.12.87.193:34493): Illegal state: must be running to vote when last-logged opid is not known
I20260709 13:16:25.953341 12774 tablet_service.cc:1917] Received RequestConsensusVote() RPC: tablet_id: "6148be59f61a470780e2d7988e23c114" candidate_uuid: "966b160e892742cbaf9beb94f86f136d" candidate_term: 1 candidate_status { last_received { term: 0 index: 0 } } ignore_live_leader: false dest_uuid: "69c9b5966c3045c196a5dbf22e1be9f9"
I20260709 13:16:25.954681 12972 raft_consensus.cc:493] T 917532bbe7f24374844b0312960d34bf P 2dfbf20ff7c341da9449f25d56a61fe5 [term 0 FOLLOWER]: Starting pre-election (no leader contacted us within the election timeout)
I20260709 13:16:25.955121 12972 raft_consensus.cc:515] T 917532bbe7f24374844b0312960d34bf P 2dfbf20ff7c341da9449f25d56a61fe5 [term 0 FOLLOWER]: Starting pre-election with config: opid_index: -1 OBSOLETE_local: false peers { permanent_uuid: "69c9b5966c3045c196a5dbf22e1be9f9" member_type: VOTER last_known_addr { host: "127.12.87.193" port: 34493 } } peers { permanent_uuid: "2dfbf20ff7c341da9449f25d56a61fe5" member_type: VOTER last_known_addr { host: "127.12.87.194" port: 41811 } } peers { permanent_uuid: "966b160e892742cbaf9beb94f86f136d" member_type: VOTER last_known_addr { host: "127.12.87.195" port: 34021 } }
I20260709 13:16:25.957001 12972 leader_election.cc:290] T 917532bbe7f24374844b0312960d34bf P 2dfbf20ff7c341da9449f25d56a61fe5 [CANDIDATE]: Term 1 pre-election: Requested pre-vote from peers 69c9b5966c3045c196a5dbf22e1be9f9 (127.12.87.193:34493), 966b160e892742cbaf9beb94f86f136d (127.12.87.195:34021)
I20260709 13:16:25.957475 12848 raft_consensus.cc:2468] T 6148be59f61a470780e2d7988e23c114 P 2dfbf20ff7c341da9449f25d56a61fe5 [term 1 FOLLOWER]: Leader election vote request: Granting yes vote for candidate 966b160e892742cbaf9beb94f86f136d in term 1.
W20260709 13:16:25.957669 12887 leader_election.cc:343] T 6148be59f61a470780e2d7988e23c114 P 966b160e892742cbaf9beb94f86f136d [CANDIDATE]: Term 1 election: Tablet error from VoteRequest() call to peer 69c9b5966c3045c196a5dbf22e1be9f9 (127.12.87.193:34493): Illegal state: must be running to vote when last-logged opid is not known
I20260709 13:16:25.958644 12889 leader_election.cc:304] T 6148be59f61a470780e2d7988e23c114 P 966b160e892742cbaf9beb94f86f136d [CANDIDATE]: Term 1 election: Election decided. Result: candidate won. Election summary: received 3 responses out of 3 voters: 2 yes votes; 1 no votes. yes voters: 2dfbf20ff7c341da9449f25d56a61fe5, 966b160e892742cbaf9beb94f86f136d; no voters: 69c9b5966c3045c196a5dbf22e1be9f9
I20260709 13:16:25.959522 12995 raft_consensus.cc:2804] T 6148be59f61a470780e2d7988e23c114 P 966b160e892742cbaf9beb94f86f136d [term 1 FOLLOWER]: Leader election won for term 1
I20260709 13:16:25.959398 12923 tablet_service.cc:1917] Received RequestConsensusVote() RPC: tablet_id: "917532bbe7f24374844b0312960d34bf" candidate_uuid: "2dfbf20ff7c341da9449f25d56a61fe5" candidate_term: 1 candidate_status { last_received { term: 0 index: 0 } } ignore_live_leader: false dest_uuid: "966b160e892742cbaf9beb94f86f136d" is_pre_election: true
I20260709 13:16:25.960083 12923 raft_consensus.cc:2468] T 917532bbe7f24374844b0312960d34bf P 966b160e892742cbaf9beb94f86f136d [term 0 FOLLOWER]: Leader pre-election vote request: Granting yes vote for candidate 2dfbf20ff7c341da9449f25d56a61fe5 in term 0.
I20260709 13:16:25.960482 12774 tablet_service.cc:1917] Received RequestConsensusVote() RPC: tablet_id: "917532bbe7f24374844b0312960d34bf" candidate_uuid: "2dfbf20ff7c341da9449f25d56a61fe5" candidate_term: 1 candidate_status { last_received { term: 0 index: 0 } } ignore_live_leader: false dest_uuid: "69c9b5966c3045c196a5dbf22e1be9f9" is_pre_election: true
I20260709 13:16:25.961073 12774 raft_consensus.cc:2468] T 917532bbe7f24374844b0312960d34bf P 69c9b5966c3045c196a5dbf22e1be9f9 [term 0 FOLLOWER]: Leader pre-election vote request: Granting yes vote for candidate 2dfbf20ff7c341da9449f25d56a61fe5 in term 0.
I20260709 13:16:25.964344 12974 leader_election.cc:290] T 6148be59f61a470780e2d7988e23c114 P 966b160e892742cbaf9beb94f86f136d [CANDIDATE]: Term 1 election: Requested vote from peers 69c9b5966c3045c196a5dbf22e1be9f9 (127.12.87.193:34493), 2dfbf20ff7c341da9449f25d56a61fe5 (127.12.87.194:41811)
I20260709 13:16:25.965173 12995 raft_consensus.cc:697] T 6148be59f61a470780e2d7988e23c114 P 966b160e892742cbaf9beb94f86f136d [term 1 LEADER]: Becoming Leader. State: Replica: 966b160e892742cbaf9beb94f86f136d, State: Running, Role: LEADER
I20260709 13:16:25.966526 12995 consensus_queue.cc:237] T 6148be59f61a470780e2d7988e23c114 P 966b160e892742cbaf9beb94f86f136d [LEADER]: Queue going to LEADER mode. State: All replicated index: 0, Majority replicated index: 0, Committed index: 0, Last appended: 0.0, Last appended by leader: 0, Current term: 1, Majority size: 2, State: 0, Mode: LEADER, active raft config: opid_index: -1 OBSOLETE_local: false peers { permanent_uuid: "69c9b5966c3045c196a5dbf22e1be9f9" member_type: VOTER last_known_addr { host: "127.12.87.193" port: 34493 } } peers { permanent_uuid: "2dfbf20ff7c341da9449f25d56a61fe5" member_type: VOTER last_known_addr { host: "127.12.87.194" port: 41811 } } peers { permanent_uuid: "966b160e892742cbaf9beb94f86f136d" member_type: VOTER last_known_addr { host: "127.12.87.195" port: 34021 } }
I20260709 13:16:25.967145 12813 leader_election.cc:304] T 917532bbe7f24374844b0312960d34bf P 2dfbf20ff7c341da9449f25d56a61fe5 [CANDIDATE]: Term 1 pre-election: Election decided. Result: candidate won. Election summary: received 2 responses out of 3 voters: 2 yes votes; 0 no votes. yes voters: 2dfbf20ff7c341da9449f25d56a61fe5, 69c9b5966c3045c196a5dbf22e1be9f9; no voters: 
I20260709 13:16:25.968377 12972 raft_consensus.cc:2804] T 917532bbe7f24374844b0312960d34bf P 2dfbf20ff7c341da9449f25d56a61fe5 [term 0 FOLLOWER]: Leader pre-election won for term 1
I20260709 13:16:25.968750 12972 raft_consensus.cc:493] T 917532bbe7f24374844b0312960d34bf P 2dfbf20ff7c341da9449f25d56a61fe5 [term 0 FOLLOWER]: Starting leader election (no leader contacted us within the election timeout)
I20260709 13:16:25.969108 12972 raft_consensus.cc:3060] T 917532bbe7f24374844b0312960d34bf P 2dfbf20ff7c341da9449f25d56a61fe5 [term 0 FOLLOWER]: Advancing to term 1
I20260709 13:16:25.976737 13000 raft_consensus.cc:515] T c029bc58d6ea4c12b1cd02a232552173 P 2dfbf20ff7c341da9449f25d56a61fe5 [term 1 FOLLOWER]: Starting leader election with config: opid_index: -1 OBSOLETE_local: false peers { permanent_uuid: "69c9b5966c3045c196a5dbf22e1be9f9" member_type: VOTER last_known_addr { host: "127.12.87.193" port: 34493 } } peers { permanent_uuid: "2dfbf20ff7c341da9449f25d56a61fe5" member_type: VOTER last_known_addr { host: "127.12.87.194" port: 41811 } } peers { permanent_uuid: "966b160e892742cbaf9beb94f86f136d" member_type: VOTER last_known_addr { host: "127.12.87.195" port: 34021 } }
I20260709 13:16:25.981715 12972 raft_consensus.cc:515] T 917532bbe7f24374844b0312960d34bf P 2dfbf20ff7c341da9449f25d56a61fe5 [term 1 FOLLOWER]: Starting leader election with config: opid_index: -1 OBSOLETE_local: false peers { permanent_uuid: "69c9b5966c3045c196a5dbf22e1be9f9" member_type: VOTER last_known_addr { host: "127.12.87.193" port: 34493 } } peers { permanent_uuid: "2dfbf20ff7c341da9449f25d56a61fe5" member_type: VOTER last_known_addr { host: "127.12.87.194" port: 41811 } } peers { permanent_uuid: "966b160e892742cbaf9beb94f86f136d" member_type: VOTER last_known_addr { host: "127.12.87.195" port: 34021 } }
I20260709 13:16:25.984757 12774 tablet_service.cc:1917] Received RequestConsensusVote() RPC: tablet_id: "917532bbe7f24374844b0312960d34bf" candidate_uuid: "2dfbf20ff7c341da9449f25d56a61fe5" candidate_term: 1 candidate_status { last_received { term: 0 index: 0 } } ignore_live_leader: false dest_uuid: "69c9b5966c3045c196a5dbf22e1be9f9"
I20260709 13:16:25.985033 12968 tablet_bootstrap.cc:492] T f724761cc7694b13a571565cc0d5ddc3 P 69c9b5966c3045c196a5dbf22e1be9f9: No bootstrap required, opened a new log
I20260709 13:16:25.985296 12774 raft_consensus.cc:3060] T 917532bbe7f24374844b0312960d34bf P 69c9b5966c3045c196a5dbf22e1be9f9 [term 0 FOLLOWER]: Advancing to term 1
I20260709 13:16:25.985484 12968 ts_tablet_manager.cc:1403] T f724761cc7694b13a571565cc0d5ddc3 P 69c9b5966c3045c196a5dbf22e1be9f9: Time spent bootstrapping tablet: real 0.061s	user 0.034s	sys 0.022s
I20260709 13:16:25.988231 12968 raft_consensus.cc:359] T f724761cc7694b13a571565cc0d5ddc3 P 69c9b5966c3045c196a5dbf22e1be9f9 [term 0 FOLLOWER]: Replica starting. Triggering 0 pending ops. Active config: opid_index: -1 OBSOLETE_local: false peers { permanent_uuid: "69c9b5966c3045c196a5dbf22e1be9f9" member_type: VOTER last_known_addr { host: "127.12.87.193" port: 34493 } } peers { permanent_uuid: "2dfbf20ff7c341da9449f25d56a61fe5" member_type: VOTER last_known_addr { host: "127.12.87.194" port: 41811 } } peers { permanent_uuid: "966b160e892742cbaf9beb94f86f136d" member_type: VOTER last_known_addr { host: "127.12.87.195" port: 34021 } }
I20260709 13:16:25.988906 12968 raft_consensus.cc:385] T f724761cc7694b13a571565cc0d5ddc3 P 69c9b5966c3045c196a5dbf22e1be9f9 [term 0 FOLLOWER]: Consensus starting up: Expiring failure detector timer to make a prompt election more likely
I20260709 13:16:25.989179 12968 raft_consensus.cc:740] T f724761cc7694b13a571565cc0d5ddc3 P 69c9b5966c3045c196a5dbf22e1be9f9 [term 0 FOLLOWER]: Becoming Follower/Learner. State: Replica: 69c9b5966c3045c196a5dbf22e1be9f9, State: Initialized, Role: FOLLOWER
I20260709 13:16:25.989842 12968 consensus_queue.cc:260] T f724761cc7694b13a571565cc0d5ddc3 P 69c9b5966c3045c196a5dbf22e1be9f9 [NON_LEADER]: Queue going to NON_LEADER mode. State: All replicated index: 0, Majority replicated index: 0, Committed index: 0, Last appended: 0.0, Last appended by leader: 0, Current term: 0, Majority size: -1, State: 0, Mode: NON_LEADER, active raft config: opid_index: -1 OBSOLETE_local: false peers { permanent_uuid: "69c9b5966c3045c196a5dbf22e1be9f9" member_type: VOTER last_known_addr { host: "127.12.87.193" port: 34493 } } peers { permanent_uuid: "2dfbf20ff7c341da9449f25d56a61fe5" member_type: VOTER last_known_addr { host: "127.12.87.194" port: 41811 } } peers { permanent_uuid: "966b160e892742cbaf9beb94f86f136d" member_type: VOTER last_known_addr { host: "127.12.87.195" port: 34021 } }
I20260709 13:16:25.992228 12968 ts_tablet_manager.cc:1434] T f724761cc7694b13a571565cc0d5ddc3 P 69c9b5966c3045c196a5dbf22e1be9f9: Time spent starting tablet: real 0.006s	user 0.005s	sys 0.000s
I20260709 13:16:25.992194 12773 tablet_service.cc:1917] Received RequestConsensusVote() RPC: tablet_id: "c029bc58d6ea4c12b1cd02a232552173" candidate_uuid: "2dfbf20ff7c341da9449f25d56a61fe5" candidate_term: 1 candidate_status { last_received { term: 0 index: 0 } } ignore_live_leader: false dest_uuid: "69c9b5966c3045c196a5dbf22e1be9f9"
I20260709 13:16:25.993368 12968 tablet_bootstrap.cc:492] T 6148be59f61a470780e2d7988e23c114 P 69c9b5966c3045c196a5dbf22e1be9f9: Bootstrap starting.
I20260709 13:16:26.000299 12968 tablet_bootstrap.cc:654] T 6148be59f61a470780e2d7988e23c114 P 69c9b5966c3045c196a5dbf22e1be9f9: Neither blocks nor log segments found. Creating new log.
W20260709 13:16:26.000490 12738 consensus_peers.cc:597] T de604817677640c4a723b85494c7b78d P 69c9b5966c3045c196a5dbf22e1be9f9 -> Peer 966b160e892742cbaf9beb94f86f136d (127.12.87.195:34021): Couldn't send request to peer 966b160e892742cbaf9beb94f86f136d. Error code: TABLET_NOT_RUNNING (12). Status: Illegal state: Tablet not RUNNING: BOOTSTRAPPING. This is attempt 1: this message will repeat every 5th retry.
W20260709 13:16:26.001513 12813 leader_election.cc:343] T c029bc58d6ea4c12b1cd02a232552173 P 2dfbf20ff7c341da9449f25d56a61fe5 [CANDIDATE]: Term 1 election: Tablet error from VoteRequest() call to peer 69c9b5966c3045c196a5dbf22e1be9f9 (127.12.87.193:34493): Illegal state: must be running to vote when last-logged opid is not known
I20260709 13:16:26.009294 12923 tablet_service.cc:1917] Received RequestConsensusVote() RPC: tablet_id: "c029bc58d6ea4c12b1cd02a232552173" candidate_uuid: "2dfbf20ff7c341da9449f25d56a61fe5" candidate_term: 1 candidate_status { last_received { term: 0 index: 0 } } ignore_live_leader: false dest_uuid: "966b160e892742cbaf9beb94f86f136d"
I20260709 13:16:26.010030 12923 raft_consensus.cc:3060] T c029bc58d6ea4c12b1cd02a232552173 P 966b160e892742cbaf9beb94f86f136d [term 0 FOLLOWER]: Advancing to term 1
I20260709 13:16:26.017378 12974 raft_consensus.cc:493] T 5f76e9e9d1484f2c997012c5921c4ce4 P 966b160e892742cbaf9beb94f86f136d [term 0 FOLLOWER]: Starting pre-election (no leader contacted us within the election timeout)
I20260709 13:16:26.018128 12974 raft_consensus.cc:515] T 5f76e9e9d1484f2c997012c5921c4ce4 P 966b160e892742cbaf9beb94f86f136d [term 0 FOLLOWER]: Starting pre-election with config: opid_index: -1 OBSOLETE_local: false peers { permanent_uuid: "69c9b5966c3045c196a5dbf22e1be9f9" member_type: VOTER last_known_addr { host: "127.12.87.193" port: 34493 } } peers { permanent_uuid: "2dfbf20ff7c341da9449f25d56a61fe5" member_type: VOTER last_known_addr { host: "127.12.87.194" port: 41811 } } peers { permanent_uuid: "966b160e892742cbaf9beb94f86f136d" member_type: VOTER last_known_addr { host: "127.12.87.195" port: 34021 } }
I20260709 13:16:26.018663 13000 leader_election.cc:290] T c029bc58d6ea4c12b1cd02a232552173 P 2dfbf20ff7c341da9449f25d56a61fe5 [CANDIDATE]: Term 1 election: Requested vote from peers 69c9b5966c3045c196a5dbf22e1be9f9 (127.12.87.193:34493), 966b160e892742cbaf9beb94f86f136d (127.12.87.195:34021)
I20260709 13:16:26.020268 12974 leader_election.cc:290] T 5f76e9e9d1484f2c997012c5921c4ce4 P 966b160e892742cbaf9beb94f86f136d [CANDIDATE]: Term 1 pre-election: Requested pre-vote from peers 69c9b5966c3045c196a5dbf22e1be9f9 (127.12.87.193:34493), 2dfbf20ff7c341da9449f25d56a61fe5 (127.12.87.194:41811)
I20260709 13:16:26.021946 12848 tablet_service.cc:1917] Received RequestConsensusVote() RPC: tablet_id: "5f76e9e9d1484f2c997012c5921c4ce4" candidate_uuid: "966b160e892742cbaf9beb94f86f136d" candidate_term: 1 candidate_status { last_received { term: 0 index: 0 } } ignore_live_leader: false dest_uuid: "2dfbf20ff7c341da9449f25d56a61fe5" is_pre_election: true
I20260709 13:16:26.022172 12774 raft_consensus.cc:2468] T 917532bbe7f24374844b0312960d34bf P 69c9b5966c3045c196a5dbf22e1be9f9 [term 1 FOLLOWER]: Leader election vote request: Granting yes vote for candidate 2dfbf20ff7c341da9449f25d56a61fe5 in term 1.
I20260709 13:16:26.022605 12848 raft_consensus.cc:2468] T 5f76e9e9d1484f2c997012c5921c4ce4 P 2dfbf20ff7c341da9449f25d56a61fe5 [term 0 FOLLOWER]: Leader pre-election vote request: Granting yes vote for candidate 966b160e892742cbaf9beb94f86f136d in term 0.
I20260709 13:16:26.022876 12923 raft_consensus.cc:2468] T c029bc58d6ea4c12b1cd02a232552173 P 966b160e892742cbaf9beb94f86f136d [term 1 FOLLOWER]: Leader election vote request: Granting yes vote for candidate 2dfbf20ff7c341da9449f25d56a61fe5 in term 1.
I20260709 13:16:26.023937 12889 leader_election.cc:304] T 5f76e9e9d1484f2c997012c5921c4ce4 P 966b160e892742cbaf9beb94f86f136d [CANDIDATE]: Term 1 pre-election: Election decided. Result: candidate won. Election summary: received 2 responses out of 3 voters: 2 yes votes; 0 no votes. yes voters: 2dfbf20ff7c341da9449f25d56a61fe5, 966b160e892742cbaf9beb94f86f136d; no voters: 
I20260709 13:16:26.025563 12773 tablet_service.cc:1917] Received RequestConsensusVote() RPC: tablet_id: "5f76e9e9d1484f2c997012c5921c4ce4" candidate_uuid: "966b160e892742cbaf9beb94f86f136d" candidate_term: 1 candidate_status { last_received { term: 0 index: 0 } } ignore_live_leader: false dest_uuid: "69c9b5966c3045c196a5dbf22e1be9f9" is_pre_election: true
I20260709 13:16:26.026331 12773 raft_consensus.cc:2468] T 5f76e9e9d1484f2c997012c5921c4ce4 P 69c9b5966c3045c196a5dbf22e1be9f9 [term 0 FOLLOWER]: Leader pre-election vote request: Granting yes vote for candidate 966b160e892742cbaf9beb94f86f136d in term 0.
I20260709 13:16:26.023937 12813 leader_election.cc:304] T c029bc58d6ea4c12b1cd02a232552173 P 2dfbf20ff7c341da9449f25d56a61fe5 [CANDIDATE]: Term 1 election: Election decided. Result: candidate won. Election summary: received 3 responses out of 3 voters: 2 yes votes; 1 no votes. yes voters: 2dfbf20ff7c341da9449f25d56a61fe5, 966b160e892742cbaf9beb94f86f136d; no voters: 69c9b5966c3045c196a5dbf22e1be9f9
I20260709 13:16:26.028878 12974 raft_consensus.cc:2804] T 5f76e9e9d1484f2c997012c5921c4ce4 P 966b160e892742cbaf9beb94f86f136d [term 0 FOLLOWER]: Leader pre-election won for term 1
I20260709 13:16:26.029337 12974 raft_consensus.cc:493] T 5f76e9e9d1484f2c997012c5921c4ce4 P 966b160e892742cbaf9beb94f86f136d [term 0 FOLLOWER]: Starting leader election (no leader contacted us within the election timeout)
I20260709 13:16:26.029749 12974 raft_consensus.cc:3060] T 5f76e9e9d1484f2c997012c5921c4ce4 P 966b160e892742cbaf9beb94f86f136d [term 0 FOLLOWER]: Advancing to term 1
W20260709 13:16:26.030335 12719 auto_rebalancer.cc:288] Could not retrieve cluster info: Service unavailable: Tablet not running
I20260709 13:16:26.034945 13000 raft_consensus.cc:2804] T c029bc58d6ea4c12b1cd02a232552173 P 2dfbf20ff7c341da9449f25d56a61fe5 [term 1 FOLLOWER]: Leader election won for term 1
I20260709 13:16:26.035585 13000 raft_consensus.cc:697] T c029bc58d6ea4c12b1cd02a232552173 P 2dfbf20ff7c341da9449f25d56a61fe5 [term 1 LEADER]: Becoming Leader. State: Replica: 2dfbf20ff7c341da9449f25d56a61fe5, State: Running, Role: LEADER
I20260709 13:16:26.037273 13000 consensus_queue.cc:237] T c029bc58d6ea4c12b1cd02a232552173 P 2dfbf20ff7c341da9449f25d56a61fe5 [LEADER]: Queue going to LEADER mode. State: All replicated index: 0, Majority replicated index: 0, Committed index: 0, Last appended: 0.0, Last appended by leader: 0, Current term: 1, Majority size: 2, State: 0, Mode: LEADER, active raft config: opid_index: -1 OBSOLETE_local: false peers { permanent_uuid: "69c9b5966c3045c196a5dbf22e1be9f9" member_type: VOTER last_known_addr { host: "127.12.87.193" port: 34493 } } peers { permanent_uuid: "2dfbf20ff7c341da9449f25d56a61fe5" member_type: VOTER last_known_addr { host: "127.12.87.194" port: 41811 } } peers { permanent_uuid: "966b160e892742cbaf9beb94f86f136d" member_type: VOTER last_known_addr { host: "127.12.87.195" port: 34021 } }
I20260709 13:16:26.048125 12813 leader_election.cc:304] T 917532bbe7f24374844b0312960d34bf P 2dfbf20ff7c341da9449f25d56a61fe5 [CANDIDATE]: Term 1 election: Election decided. Result: candidate won. Election summary: received 2 responses out of 3 voters: 2 yes votes; 0 no votes. yes voters: 2dfbf20ff7c341da9449f25d56a61fe5, 69c9b5966c3045c196a5dbf22e1be9f9; no voters: 
I20260709 13:16:26.049465 13002 raft_consensus.cc:2804] T 917532bbe7f24374844b0312960d34bf P 2dfbf20ff7c341da9449f25d56a61fe5 [term 1 FOLLOWER]: Leader election won for term 1
I20260709 13:16:26.045936 12974 raft_consensus.cc:515] T 5f76e9e9d1484f2c997012c5921c4ce4 P 966b160e892742cbaf9beb94f86f136d [term 1 FOLLOWER]: Starting leader election with config: opid_index: -1 OBSOLETE_local: false peers { permanent_uuid: "69c9b5966c3045c196a5dbf22e1be9f9" member_type: VOTER last_known_addr { host: "127.12.87.193" port: 34493 } } peers { permanent_uuid: "2dfbf20ff7c341da9449f25d56a61fe5" member_type: VOTER last_known_addr { host: "127.12.87.194" port: 41811 } } peers { permanent_uuid: "966b160e892742cbaf9beb94f86f136d" member_type: VOTER last_known_addr { host: "127.12.87.195" port: 34021 } }
I20260709 13:16:26.053586 13002 raft_consensus.cc:697] T 917532bbe7f24374844b0312960d34bf P 2dfbf20ff7c341da9449f25d56a61fe5 [term 1 LEADER]: Becoming Leader. State: Replica: 2dfbf20ff7c341da9449f25d56a61fe5, State: Running, Role: LEADER
I20260709 13:16:26.054816 12972 leader_election.cc:290] T 917532bbe7f24374844b0312960d34bf P 2dfbf20ff7c341da9449f25d56a61fe5 [CANDIDATE]: Term 1 election: Requested vote from peers 69c9b5966c3045c196a5dbf22e1be9f9 (127.12.87.193:34493), 966b160e892742cbaf9beb94f86f136d (127.12.87.195:34021)
I20260709 13:16:26.055042 13002 consensus_queue.cc:237] T 917532bbe7f24374844b0312960d34bf P 2dfbf20ff7c341da9449f25d56a61fe5 [LEADER]: Queue going to LEADER mode. State: All replicated index: 0, Majority replicated index: 0, Committed index: 0, Last appended: 0.0, Last appended by leader: 0, Current term: 1, Majority size: 2, State: 0, Mode: LEADER, active raft config: opid_index: -1 OBSOLETE_local: false peers { permanent_uuid: "69c9b5966c3045c196a5dbf22e1be9f9" member_type: VOTER last_known_addr { host: "127.12.87.193" port: 34493 } } peers { permanent_uuid: "2dfbf20ff7c341da9449f25d56a61fe5" member_type: VOTER last_known_addr { host: "127.12.87.194" port: 41811 } } peers { permanent_uuid: "966b160e892742cbaf9beb94f86f136d" member_type: VOTER last_known_addr { host: "127.12.87.195" port: 34021 } }
I20260709 13:16:26.056241 12923 tablet_service.cc:1917] Received RequestConsensusVote() RPC: tablet_id: "917532bbe7f24374844b0312960d34bf" candidate_uuid: "2dfbf20ff7c341da9449f25d56a61fe5" candidate_term: 1 candidate_status { last_received { term: 0 index: 0 } } ignore_live_leader: false dest_uuid: "966b160e892742cbaf9beb94f86f136d"
I20260709 13:16:26.056958 12923 raft_consensus.cc:3060] T 917532bbe7f24374844b0312960d34bf P 966b160e892742cbaf9beb94f86f136d [term 0 FOLLOWER]: Advancing to term 1
I20260709 13:16:26.058445 12968 tablet_bootstrap.cc:492] T 6148be59f61a470780e2d7988e23c114 P 69c9b5966c3045c196a5dbf22e1be9f9: No bootstrap required, opened a new log
I20260709 13:16:26.064260 12968 ts_tablet_manager.cc:1403] T 6148be59f61a470780e2d7988e23c114 P 69c9b5966c3045c196a5dbf22e1be9f9: Time spent bootstrapping tablet: real 0.071s	user 0.028s	sys 0.028s
I20260709 13:16:26.062868 12668 catalog_manager.cc:5697] T 6148be59f61a470780e2d7988e23c114 P 966b160e892742cbaf9beb94f86f136d reported cstate change: term changed from 0 to 1, leader changed from <none> to 966b160e892742cbaf9beb94f86f136d (127.12.87.195). New cstate: current_term: 1 leader_uuid: "966b160e892742cbaf9beb94f86f136d" committed_config { opid_index: -1 OBSOLETE_local: false peers { permanent_uuid: "69c9b5966c3045c196a5dbf22e1be9f9" member_type: VOTER last_known_addr { host: "127.12.87.193" port: 34493 } health_report { overall_health: UNKNOWN } } peers { permanent_uuid: "2dfbf20ff7c341da9449f25d56a61fe5" member_type: VOTER last_known_addr { host: "127.12.87.194" port: 41811 } health_report { overall_health: UNKNOWN } } peers { permanent_uuid: "966b160e892742cbaf9beb94f86f136d" member_type: VOTER last_known_addr { host: "127.12.87.195" port: 34021 } health_report { overall_health: HEALTHY } } }
I20260709 13:16:26.067103 12923 raft_consensus.cc:2468] T 917532bbe7f24374844b0312960d34bf P 966b160e892742cbaf9beb94f86f136d [term 1 FOLLOWER]: Leader election vote request: Granting yes vote for candidate 2dfbf20ff7c341da9449f25d56a61fe5 in term 1.
I20260709 13:16:26.071784 12967 tablet_bootstrap.cc:492] T de604817677640c4a723b85494c7b78d P 966b160e892742cbaf9beb94f86f136d: No bootstrap required, opened a new log
I20260709 13:16:26.072171 12848 tablet_service.cc:1917] Received RequestConsensusVote() RPC: tablet_id: "5f76e9e9d1484f2c997012c5921c4ce4" candidate_uuid: "966b160e892742cbaf9beb94f86f136d" candidate_term: 1 candidate_status { last_received { term: 0 index: 0 } } ignore_live_leader: false dest_uuid: "2dfbf20ff7c341da9449f25d56a61fe5"
I20260709 13:16:26.072602 12974 leader_election.cc:290] T 5f76e9e9d1484f2c997012c5921c4ce4 P 966b160e892742cbaf9beb94f86f136d [CANDIDATE]: Term 1 election: Requested vote from peers 69c9b5966c3045c196a5dbf22e1be9f9 (127.12.87.193:34493), 2dfbf20ff7c341da9449f25d56a61fe5 (127.12.87.194:41811)
I20260709 13:16:26.069367 12669 catalog_manager.cc:5697] T c029bc58d6ea4c12b1cd02a232552173 P 2dfbf20ff7c341da9449f25d56a61fe5 reported cstate change: term changed from 0 to 1, leader changed from <none> to 2dfbf20ff7c341da9449f25d56a61fe5 (127.12.87.194). New cstate: current_term: 1 leader_uuid: "2dfbf20ff7c341da9449f25d56a61fe5" committed_config { opid_index: -1 OBSOLETE_local: false peers { permanent_uuid: "69c9b5966c3045c196a5dbf22e1be9f9" member_type: VOTER last_known_addr { host: "127.12.87.193" port: 34493 } health_report { overall_health: UNKNOWN } } peers { permanent_uuid: "2dfbf20ff7c341da9449f25d56a61fe5" member_type: VOTER last_known_addr { host: "127.12.87.194" port: 41811 } health_report { overall_health: HEALTHY } } peers { permanent_uuid: "966b160e892742cbaf9beb94f86f136d" member_type: VOTER last_known_addr { host: "127.12.87.195" port: 34021 } health_report { overall_health: UNKNOWN } } }
I20260709 13:16:26.073048 12848 raft_consensus.cc:3060] T 5f76e9e9d1484f2c997012c5921c4ce4 P 2dfbf20ff7c341da9449f25d56a61fe5 [term 0 FOLLOWER]: Advancing to term 1
I20260709 13:16:26.072376 12774 tablet_service.cc:1917] Received RequestConsensusVote() RPC: tablet_id: "5f76e9e9d1484f2c997012c5921c4ce4" candidate_uuid: "966b160e892742cbaf9beb94f86f136d" candidate_term: 1 candidate_status { last_received { term: 0 index: 0 } } ignore_live_leader: false dest_uuid: "69c9b5966c3045c196a5dbf22e1be9f9"
I20260709 13:16:26.074826 12967 ts_tablet_manager.cc:1403] T de604817677640c4a723b85494c7b78d P 966b160e892742cbaf9beb94f86f136d: Time spent bootstrapping tablet: real 0.160s	user 0.031s	sys 0.022s
I20260709 13:16:26.075316 12774 raft_consensus.cc:3060] T 5f76e9e9d1484f2c997012c5921c4ce4 P 69c9b5966c3045c196a5dbf22e1be9f9 [term 0 FOLLOWER]: Advancing to term 1
I20260709 13:16:26.082306 12774 raft_consensus.cc:2468] T 5f76e9e9d1484f2c997012c5921c4ce4 P 69c9b5966c3045c196a5dbf22e1be9f9 [term 1 FOLLOWER]: Leader election vote request: Granting yes vote for candidate 966b160e892742cbaf9beb94f86f136d in term 1.
I20260709 13:16:26.082237 12967 raft_consensus.cc:359] T de604817677640c4a723b85494c7b78d P 966b160e892742cbaf9beb94f86f136d [term 0 FOLLOWER]: Replica starting. Triggering 0 pending ops. Active config: opid_index: -1 OBSOLETE_local: false peers { permanent_uuid: "69c9b5966c3045c196a5dbf22e1be9f9" member_type: VOTER last_known_addr { host: "127.12.87.193" port: 34493 } } peers { permanent_uuid: "2dfbf20ff7c341da9449f25d56a61fe5" member_type: VOTER last_known_addr { host: "127.12.87.194" port: 41811 } } peers { permanent_uuid: "966b160e892742cbaf9beb94f86f136d" member_type: VOTER last_known_addr { host: "127.12.87.195" port: 34021 } }
I20260709 13:16:26.083079 12967 raft_consensus.cc:385] T de604817677640c4a723b85494c7b78d P 966b160e892742cbaf9beb94f86f136d [term 0 FOLLOWER]: Consensus starting up: Expiring failure detector timer to make a prompt election more likely
I20260709 13:16:26.083792 12967 raft_consensus.cc:740] T de604817677640c4a723b85494c7b78d P 966b160e892742cbaf9beb94f86f136d [term 0 FOLLOWER]: Becoming Follower/Learner. State: Replica: 966b160e892742cbaf9beb94f86f136d, State: Initialized, Role: FOLLOWER
I20260709 13:16:26.084570 12967 consensus_queue.cc:260] T de604817677640c4a723b85494c7b78d P 966b160e892742cbaf9beb94f86f136d [NON_LEADER]: Queue going to NON_LEADER mode. State: All replicated index: 0, Majority replicated index: 0, Committed index: 0, Last appended: 0.0, Last appended by leader: 0, Current term: 0, Majority size: -1, State: 0, Mode: NON_LEADER, active raft config: opid_index: -1 OBSOLETE_local: false peers { permanent_uuid: "69c9b5966c3045c196a5dbf22e1be9f9" member_type: VOTER last_known_addr { host: "127.12.87.193" port: 34493 } } peers { permanent_uuid: "2dfbf20ff7c341da9449f25d56a61fe5" member_type: VOTER last_known_addr { host: "127.12.87.194" port: 41811 } } peers { permanent_uuid: "966b160e892742cbaf9beb94f86f136d" member_type: VOTER last_known_addr { host: "127.12.87.195" port: 34021 } }
I20260709 13:16:26.085577 12968 raft_consensus.cc:359] T 6148be59f61a470780e2d7988e23c114 P 69c9b5966c3045c196a5dbf22e1be9f9 [term 0 FOLLOWER]: Replica starting. Triggering 0 pending ops. Active config: opid_index: -1 OBSOLETE_local: false peers { permanent_uuid: "69c9b5966c3045c196a5dbf22e1be9f9" member_type: VOTER last_known_addr { host: "127.12.87.193" port: 34493 } } peers { permanent_uuid: "2dfbf20ff7c341da9449f25d56a61fe5" member_type: VOTER last_known_addr { host: "127.12.87.194" port: 41811 } } peers { permanent_uuid: "966b160e892742cbaf9beb94f86f136d" member_type: VOTER last_known_addr { host: "127.12.87.195" port: 34021 } }
I20260709 13:16:26.086318 12968 raft_consensus.cc:385] T 6148be59f61a470780e2d7988e23c114 P 69c9b5966c3045c196a5dbf22e1be9f9 [term 0 FOLLOWER]: Consensus starting up: Expiring failure detector timer to make a prompt election more likely
I20260709 13:16:26.086632 12968 raft_consensus.cc:740] T 6148be59f61a470780e2d7988e23c114 P 69c9b5966c3045c196a5dbf22e1be9f9 [term 0 FOLLOWER]: Becoming Follower/Learner. State: Replica: 69c9b5966c3045c196a5dbf22e1be9f9, State: Initialized, Role: FOLLOWER
I20260709 13:16:26.086833 12887 leader_election.cc:304] T 5f76e9e9d1484f2c997012c5921c4ce4 P 966b160e892742cbaf9beb94f86f136d [CANDIDATE]: Term 1 election: Election decided. Result: candidate won. Election summary: received 2 responses out of 3 voters: 2 yes votes; 0 no votes. yes voters: 69c9b5966c3045c196a5dbf22e1be9f9, 966b160e892742cbaf9beb94f86f136d; no voters: 
I20260709 13:16:26.087729 12974 raft_consensus.cc:2804] T 5f76e9e9d1484f2c997012c5921c4ce4 P 966b160e892742cbaf9beb94f86f136d [term 1 FOLLOWER]: Leader election won for term 1
I20260709 13:16:26.087446 12968 consensus_queue.cc:260] T 6148be59f61a470780e2d7988e23c114 P 69c9b5966c3045c196a5dbf22e1be9f9 [NON_LEADER]: Queue going to NON_LEADER mode. State: All replicated index: 0, Majority replicated index: 0, Committed index: 0, Last appended: 0.0, Last appended by leader: 0, Current term: 0, Majority size: -1, State: 0, Mode: NON_LEADER, active raft config: opid_index: -1 OBSOLETE_local: false peers { permanent_uuid: "69c9b5966c3045c196a5dbf22e1be9f9" member_type: VOTER last_known_addr { host: "127.12.87.193" port: 34493 } } peers { permanent_uuid: "2dfbf20ff7c341da9449f25d56a61fe5" member_type: VOTER last_known_addr { host: "127.12.87.194" port: 41811 } } peers { permanent_uuid: "966b160e892742cbaf9beb94f86f136d" member_type: VOTER last_known_addr { host: "127.12.87.195" port: 34021 } }
I20260709 13:16:26.088387 12974 raft_consensus.cc:697] T 5f76e9e9d1484f2c997012c5921c4ce4 P 966b160e892742cbaf9beb94f86f136d [term 1 LEADER]: Becoming Leader. State: Replica: 966b160e892742cbaf9beb94f86f136d, State: Running, Role: LEADER
