I20260709 13:16:44.376711 13630 consensus_queue.cc:260] T 7a80fc9d731d496a96761c5508738058 P 8ad273e2e2b5403f8562538bc44d227a [NON_LEADER]: Queue going to NON_LEADER mode. State: All replicated index: 0, Majority replicated index: 0, Committed index: 0, Last appended: 0.0, Last appended by leader: 0, Current term: 0, Majority size: -1, State: 0, Mode: NON_LEADER, active raft config: opid_index: -1 OBSOLETE_local: false peers { permanent_uuid: "4c7de579d62741949e7751d1108611e2" member_type: VOTER last_known_addr { host: "127.12.8.193" port: 40433 } } peers { permanent_uuid: "8ad273e2e2b5403f8562538bc44d227a" member_type: VOTER last_known_addr { host: "127.12.8.194" port: 44271 } } peers { permanent_uuid: "ee195b299eeb4155aba53cc63d88cc42" member_type: VOTER last_known_addr { host: "127.12.8.195" port: 44323 } }
I20260709 13:16:44.378993 13630 ts_tablet_manager.cc:1434] T 7a80fc9d731d496a96761c5508738058 P 8ad273e2e2b5403f8562538bc44d227a: Time spent starting tablet: real 0.006s	user 0.007s	sys 0.000s
I20260709 13:16:44.380077 13630 tablet_bootstrap.cc:492] T 1d9857032dbf482f8f731e3cb9a88630 P 8ad273e2e2b5403f8562538bc44d227a: Bootstrap starting.
I20260709 13:16:44.384279 13439 tablet_service.cc:1917] Received RequestConsensusVote() RPC: tablet_id: "975983929fc144ed8f76536bed61d9d1" candidate_uuid: "8ad273e2e2b5403f8562538bc44d227a" candidate_term: 1 candidate_status { last_received { term: 0 index: 0 } } ignore_live_leader: false dest_uuid: "4c7de579d62741949e7751d1108611e2"
I20260709 13:16:44.384887 13439 raft_consensus.cc:3060] T 975983929fc144ed8f76536bed61d9d1 P 4c7de579d62741949e7751d1108611e2 [term 0 FOLLOWER]: Advancing to term 1
I20260709 13:16:44.386006 13630 tablet_bootstrap.cc:654] T 1d9857032dbf482f8f731e3cb9a88630 P 8ad273e2e2b5403f8562538bc44d227a: Neither blocks nor log segments found. Creating new log.
I20260709 13:16:44.397408 13629 tablet_bootstrap.cc:492] T 9d7d7393a5a045d0af09bdc9f84e2647 P 4c7de579d62741949e7751d1108611e2: No bootstrap required, opened a new log
I20260709 13:16:44.398149 13629 ts_tablet_manager.cc:1403] T 9d7d7393a5a045d0af09bdc9f84e2647 P 4c7de579d62741949e7751d1108611e2: Time spent bootstrapping tablet: real 0.037s	user 0.006s	sys 0.014s
I20260709 13:16:44.400830 13589 tablet_service.cc:1917] Received RequestConsensusVote() RPC: tablet_id: "975983929fc144ed8f76536bed61d9d1" candidate_uuid: "8ad273e2e2b5403f8562538bc44d227a" candidate_term: 1 candidate_status { last_received { term: 0 index: 0 } } ignore_live_leader: false dest_uuid: "ee195b299eeb4155aba53cc63d88cc42"
I20260709 13:16:44.400832 13629 raft_consensus.cc:359] T 9d7d7393a5a045d0af09bdc9f84e2647 P 4c7de579d62741949e7751d1108611e2 [term 0 FOLLOWER]: Replica starting. Triggering 0 pending ops. Active config: opid_index: -1 OBSOLETE_local: false peers { permanent_uuid: "4c7de579d62741949e7751d1108611e2" member_type: VOTER last_known_addr { host: "127.12.8.193" port: 40433 } } peers { permanent_uuid: "8ad273e2e2b5403f8562538bc44d227a" member_type: VOTER last_known_addr { host: "127.12.8.194" port: 44271 } } peers { permanent_uuid: "ee195b299eeb4155aba53cc63d88cc42" member_type: VOTER last_known_addr { host: "127.12.8.195" port: 44323 } }
I20260709 13:16:44.401983 13629 raft_consensus.cc:385] T 9d7d7393a5a045d0af09bdc9f84e2647 P 4c7de579d62741949e7751d1108611e2 [term 0 FOLLOWER]: Consensus starting up: Expiring failure detector timer to make a prompt election more likely
I20260709 13:16:44.401871 13589 raft_consensus.cc:3060] T 975983929fc144ed8f76536bed61d9d1 P ee195b299eeb4155aba53cc63d88cc42 [term 0 FOLLOWER]: Advancing to term 1
I20260709 13:16:44.402504 13629 raft_consensus.cc:740] T 9d7d7393a5a045d0af09bdc9f84e2647 P 4c7de579d62741949e7751d1108611e2 [term 0 FOLLOWER]: Becoming Follower/Learner. State: Replica: 4c7de579d62741949e7751d1108611e2, State: Initialized, Role: FOLLOWER
I20260709 13:16:44.403395 13629 consensus_queue.cc:260] T 9d7d7393a5a045d0af09bdc9f84e2647 P 4c7de579d62741949e7751d1108611e2 [NON_LEADER]: Queue going to NON_LEADER mode. State: All replicated index: 0, Majority replicated index: 0, Committed index: 0, Last appended: 0.0, Last appended by leader: 0, Current term: 0, Majority size: -1, State: 0, Mode: NON_LEADER, active raft config: opid_index: -1 OBSOLETE_local: false peers { permanent_uuid: "4c7de579d62741949e7751d1108611e2" member_type: VOTER last_known_addr { host: "127.12.8.193" port: 40433 } } peers { permanent_uuid: "8ad273e2e2b5403f8562538bc44d227a" member_type: VOTER last_known_addr { host: "127.12.8.194" port: 44271 } } peers { permanent_uuid: "ee195b299eeb4155aba53cc63d88cc42" member_type: VOTER last_known_addr { host: "127.12.8.195" port: 44323 } }
I20260709 13:16:44.405642 13629 ts_tablet_manager.cc:1434] T 9d7d7393a5a045d0af09bdc9f84e2647 P 4c7de579d62741949e7751d1108611e2: Time spent starting tablet: real 0.007s	user 0.006s	sys 0.000s
I20260709 13:16:44.406723 13629 tablet_bootstrap.cc:492] T 71a7c7819abc4adea33c8a632f5152d7 P 4c7de579d62741949e7751d1108611e2: Bootstrap starting.
I20260709 13:16:44.413587 13629 tablet_bootstrap.cc:654] T 71a7c7819abc4adea33c8a632f5152d7 P 4c7de579d62741949e7751d1108611e2: Neither blocks nor log segments found. Creating new log.
I20260709 13:16:44.432308 13629 tablet_bootstrap.cc:492] T 71a7c7819abc4adea33c8a632f5152d7 P 4c7de579d62741949e7751d1108611e2: No bootstrap required, opened a new log
I20260709 13:16:44.432927 13629 ts_tablet_manager.cc:1403] T 71a7c7819abc4adea33c8a632f5152d7 P 4c7de579d62741949e7751d1108611e2: Time spent bootstrapping tablet: real 0.026s	user 0.018s	sys 0.007s
I20260709 13:16:44.436206 13629 raft_consensus.cc:359] T 71a7c7819abc4adea33c8a632f5152d7 P 4c7de579d62741949e7751d1108611e2 [term 0 FOLLOWER]: Replica starting. Triggering 0 pending ops. Active config: opid_index: -1 OBSOLETE_local: false peers { permanent_uuid: "4c7de579d62741949e7751d1108611e2" member_type: VOTER last_known_addr { host: "127.12.8.193" port: 40433 } } peers { permanent_uuid: "8ad273e2e2b5403f8562538bc44d227a" member_type: VOTER last_known_addr { host: "127.12.8.194" port: 44271 } } peers { permanent_uuid: "ee195b299eeb4155aba53cc63d88cc42" member_type: VOTER last_known_addr { host: "127.12.8.195" port: 44323 } }
I20260709 13:16:44.437055 13629 raft_consensus.cc:385] T 71a7c7819abc4adea33c8a632f5152d7 P 4c7de579d62741949e7751d1108611e2 [term 0 FOLLOWER]: Consensus starting up: Expiring failure detector timer to make a prompt election more likely
I20260709 13:16:44.437569 13629 raft_consensus.cc:740] T 71a7c7819abc4adea33c8a632f5152d7 P 4c7de579d62741949e7751d1108611e2 [term 0 FOLLOWER]: Becoming Follower/Learner. State: Replica: 4c7de579d62741949e7751d1108611e2, State: Initialized, Role: FOLLOWER
I20260709 13:16:44.438827 13653 leader_election.cc:290] T 975983929fc144ed8f76536bed61d9d1 P 8ad273e2e2b5403f8562538bc44d227a [CANDIDATE]: Term 1 election: Requested vote from peers 4c7de579d62741949e7751d1108611e2 (127.12.8.193:40433), ee195b299eeb4155aba53cc63d88cc42 (127.12.8.195:44323)
I20260709 13:16:44.438341 13629 consensus_queue.cc:260] T 71a7c7819abc4adea33c8a632f5152d7 P 4c7de579d62741949e7751d1108611e2 [NON_LEADER]: Queue going to NON_LEADER mode. State: All replicated index: 0, Majority replicated index: 0, Committed index: 0, Last appended: 0.0, Last appended by leader: 0, Current term: 0, Majority size: -1, State: 0, Mode: NON_LEADER, active raft config: opid_index: -1 OBSOLETE_local: false peers { permanent_uuid: "4c7de579d62741949e7751d1108611e2" member_type: VOTER last_known_addr { host: "127.12.8.193" port: 40433 } } peers { permanent_uuid: "8ad273e2e2b5403f8562538bc44d227a" member_type: VOTER last_known_addr { host: "127.12.8.194" port: 44271 } } peers { permanent_uuid: "ee195b299eeb4155aba53cc63d88cc42" member_type: VOTER last_known_addr { host: "127.12.8.195" port: 44323 } }
I20260709 13:16:44.436470 13589 raft_consensus.cc:2468] T 975983929fc144ed8f76536bed61d9d1 P ee195b299eeb4155aba53cc63d88cc42 [term 1 FOLLOWER]: Leader election vote request: Granting yes vote for candidate 8ad273e2e2b5403f8562538bc44d227a in term 1.
I20260709 13:16:44.456748 13670 raft_consensus.cc:493] T 8a6d5d0b44bf456a9a0ca2a870f20d72 P 4c7de579d62741949e7751d1108611e2 [term 0 FOLLOWER]: Starting pre-election (no leader contacted us within the election timeout)
I20260709 13:16:44.464951 13670 raft_consensus.cc:515] T 8a6d5d0b44bf456a9a0ca2a870f20d72 P 4c7de579d62741949e7751d1108611e2 [term 0 FOLLOWER]: Starting pre-election with config: opid_index: -1 OBSOLETE_local: false peers { permanent_uuid: "4c7de579d62741949e7751d1108611e2" member_type: VOTER last_known_addr { host: "127.12.8.193" port: 40433 } } peers { permanent_uuid: "8ad273e2e2b5403f8562538bc44d227a" member_type: VOTER last_known_addr { host: "127.12.8.194" port: 44271 } } peers { permanent_uuid: "ee195b299eeb4155aba53cc63d88cc42" member_type: VOTER last_known_addr { host: "127.12.8.195" port: 44323 } }
I20260709 13:16:44.470597 13478 leader_election.cc:304] T 975983929fc144ed8f76536bed61d9d1 P 8ad273e2e2b5403f8562538bc44d227a [CANDIDATE]: Term 1 election: Election decided. Result: candidate won. Election summary: received 2 responses out of 3 voters: 2 yes votes; 0 no votes. yes voters: 8ad273e2e2b5403f8562538bc44d227a, ee195b299eeb4155aba53cc63d88cc42; no voters: 
I20260709 13:16:44.472474 13589 tablet_service.cc:1917] Received RequestConsensusVote() RPC: tablet_id: "8a6d5d0b44bf456a9a0ca2a870f20d72" candidate_uuid: "4c7de579d62741949e7751d1108611e2" candidate_term: 1 candidate_status { last_received { term: 0 index: 0 } } ignore_live_leader: false dest_uuid: "ee195b299eeb4155aba53cc63d88cc42" is_pre_election: true
I20260709 13:16:44.474702 13514 tablet_service.cc:1917] Received RequestConsensusVote() RPC: tablet_id: "8a6d5d0b44bf456a9a0ca2a870f20d72" candidate_uuid: "4c7de579d62741949e7751d1108611e2" candidate_term: 1 candidate_status { last_received { term: 0 index: 0 } } ignore_live_leader: false dest_uuid: "8ad273e2e2b5403f8562538bc44d227a" is_pre_election: true
I20260709 13:16:44.476244 13670 leader_election.cc:290] T 8a6d5d0b44bf456a9a0ca2a870f20d72 P 4c7de579d62741949e7751d1108611e2 [CANDIDATE]: Term 1 pre-election: Requested pre-vote from peers 8ad273e2e2b5403f8562538bc44d227a (127.12.8.194:44271), ee195b299eeb4155aba53cc63d88cc42 (127.12.8.195:44323)
I20260709 13:16:44.457417 13673 consensus_queue.cc:1048] T ffb638df2afe49e793f9cd59ce6e2554 P 4c7de579d62741949e7751d1108611e2 [LEADER]: Connected to new peer: Peer: permanent_uuid: "8ad273e2e2b5403f8562538bc44d227a" member_type: VOTER last_known_addr { host: "127.12.8.194" port: 44271 }, Status: LMP_MISMATCH, Last received: 0.0, Next index: 1, Last known committed idx: 0, Time since last communication: 0.001s
I20260709 13:16:44.478937 13629 ts_tablet_manager.cc:1434] T 71a7c7819abc4adea33c8a632f5152d7 P 4c7de579d62741949e7751d1108611e2: Time spent starting tablet: real 0.046s	user 0.008s	sys 0.034s
I20260709 13:16:44.479998 13629 tablet_bootstrap.cc:492] T fb03ac5b5d3043d39708846c26187472 P 4c7de579d62741949e7751d1108611e2: Bootstrap starting.
I20260709 13:16:44.484109 13404 leader_election.cc:304] T 8a6d5d0b44bf456a9a0ca2a870f20d72 P 4c7de579d62741949e7751d1108611e2 [CANDIDATE]: Term 1 pre-election: Election decided. Result: candidate lost. Election summary: received 3 responses out of 3 voters: 1 yes votes; 2 no votes. yes voters: 4c7de579d62741949e7751d1108611e2; no voters: 8ad273e2e2b5403f8562538bc44d227a, ee195b299eeb4155aba53cc63d88cc42
I20260709 13:16:44.485445 13715 raft_consensus.cc:2749] T 8a6d5d0b44bf456a9a0ca2a870f20d72 P 4c7de579d62741949e7751d1108611e2 [term 0 FOLLOWER]: Leader pre-election lost for term 1. Reason: could not achieve majority
I20260709 13:16:44.486579 13629 tablet_bootstrap.cc:654] T fb03ac5b5d3043d39708846c26187472 P 4c7de579d62741949e7751d1108611e2: Neither blocks nor log segments found. Creating new log.
I20260709 13:16:44.501863 13715 consensus_queue.cc:1048] T fbd19cd919cf470f9b88d0d2eabd51ce P 4c7de579d62741949e7751d1108611e2 [LEADER]: Connected to new peer: Peer: permanent_uuid: "ee195b299eeb4155aba53cc63d88cc42" member_type: VOTER last_known_addr { host: "127.12.8.195" port: 44323 }, Status: LMP_MISMATCH, Last received: 0.0, Next index: 1, Last known committed idx: 0, Time since last communication: 0.000s
I20260709 13:16:44.506632 13715 raft_consensus.cc:493] T 120fd9af9bf346cd86fe8536f34b5deb P 4c7de579d62741949e7751d1108611e2 [term 0 FOLLOWER]: Starting pre-election (no leader contacted us within the election timeout)
I20260709 13:16:44.507169 13715 raft_consensus.cc:515] T 120fd9af9bf346cd86fe8536f34b5deb P 4c7de579d62741949e7751d1108611e2 [term 0 FOLLOWER]: Starting pre-election with config: opid_index: -1 OBSOLETE_local: false peers { permanent_uuid: "4c7de579d62741949e7751d1108611e2" member_type: VOTER last_known_addr { host: "127.12.8.193" port: 40433 } } peers { permanent_uuid: "8ad273e2e2b5403f8562538bc44d227a" member_type: VOTER last_known_addr { host: "127.12.8.194" port: 44271 } } peers { permanent_uuid: "ee195b299eeb4155aba53cc63d88cc42" member_type: VOTER last_known_addr { host: "127.12.8.195" port: 44323 } }
I20260709 13:16:44.509464 13715 leader_election.cc:290] T 120fd9af9bf346cd86fe8536f34b5deb P 4c7de579d62741949e7751d1108611e2 [CANDIDATE]: Term 1 pre-election: Requested pre-vote from peers 8ad273e2e2b5403f8562538bc44d227a (127.12.8.194:44271), ee195b299eeb4155aba53cc63d88cc42 (127.12.8.195:44323)
I20260709 13:16:44.511256 13588 tablet_service.cc:1917] Received RequestConsensusVote() RPC: tablet_id: "120fd9af9bf346cd86fe8536f34b5deb" candidate_uuid: "4c7de579d62741949e7751d1108611e2" candidate_term: 1 candidate_status { last_received { term: 0 index: 0 } } ignore_live_leader: false dest_uuid: "ee195b299eeb4155aba53cc63d88cc42" is_pre_election: true
I20260709 13:16:44.512511 13515 tablet_service.cc:1917] Received RequestConsensusVote() RPC: tablet_id: "120fd9af9bf346cd86fe8536f34b5deb" candidate_uuid: "4c7de579d62741949e7751d1108611e2" candidate_term: 1 candidate_status { last_received { term: 0 index: 0 } } ignore_live_leader: false dest_uuid: "8ad273e2e2b5403f8562538bc44d227a" is_pre_election: true
W20260709 13:16:44.512775 13403 leader_election.cc:343] T 120fd9af9bf346cd86fe8536f34b5deb P 4c7de579d62741949e7751d1108611e2 [CANDIDATE]: Term 1 pre-election: Tablet error from VoteRequest() call to peer ee195b299eeb4155aba53cc63d88cc42 (127.12.8.195:44323): Illegal state: must be running to vote when last-logged opid is not known
I20260709 13:16:44.506263 13629 tablet_bootstrap.cc:492] T fb03ac5b5d3043d39708846c26187472 P 4c7de579d62741949e7751d1108611e2: No bootstrap required, opened a new log
I20260709 13:16:44.513367 13515 raft_consensus.cc:2468] T 120fd9af9bf346cd86fe8536f34b5deb P 8ad273e2e2b5403f8562538bc44d227a [term 0 FOLLOWER]: Leader pre-election vote request: Granting yes vote for candidate 4c7de579d62741949e7751d1108611e2 in term 0.
I20260709 13:16:44.514175 13629 ts_tablet_manager.cc:1403] T fb03ac5b5d3043d39708846c26187472 P 4c7de579d62741949e7751d1108611e2: Time spent bootstrapping tablet: real 0.034s	user 0.012s	sys 0.005s
I20260709 13:16:44.515112 13404 leader_election.cc:304] T 120fd9af9bf346cd86fe8536f34b5deb P 4c7de579d62741949e7751d1108611e2 [CANDIDATE]: Term 1 pre-election: Election decided. Result: candidate won. Election summary: received 3 responses out of 3 voters: 2 yes votes; 1 no votes. yes voters: 4c7de579d62741949e7751d1108611e2, 8ad273e2e2b5403f8562538bc44d227a; no voters: ee195b299eeb4155aba53cc63d88cc42
I20260709 13:16:44.516657 13715 raft_consensus.cc:2804] T 120fd9af9bf346cd86fe8536f34b5deb P 4c7de579d62741949e7751d1108611e2 [term 0 FOLLOWER]: Leader pre-election won for term 1
I20260709 13:16:44.517155 13715 raft_consensus.cc:493] T 120fd9af9bf346cd86fe8536f34b5deb P 4c7de579d62741949e7751d1108611e2 [term 0 FOLLOWER]: Starting leader election (no leader contacted us within the election timeout)
I20260709 13:16:44.517617 13715 raft_consensus.cc:3060] T 120fd9af9bf346cd86fe8536f34b5deb P 4c7de579d62741949e7751d1108611e2 [term 0 FOLLOWER]: Advancing to term 1
I20260709 13:16:44.517498 13629 raft_consensus.cc:359] T fb03ac5b5d3043d39708846c26187472 P 4c7de579d62741949e7751d1108611e2 [term 0 FOLLOWER]: Replica starting. Triggering 0 pending ops. Active config: opid_index: -1 OBSOLETE_local: false peers { permanent_uuid: "4c7de579d62741949e7751d1108611e2" member_type: VOTER last_known_addr { host: "127.12.8.193" port: 40433 } } peers { permanent_uuid: "8ad273e2e2b5403f8562538bc44d227a" member_type: VOTER last_known_addr { host: "127.12.8.194" port: 44271 } } peers { permanent_uuid: "ee195b299eeb4155aba53cc63d88cc42" member_type: VOTER last_known_addr { host: "127.12.8.195" port: 44323 } }
I20260709 13:16:44.518419 13629 raft_consensus.cc:385] T fb03ac5b5d3043d39708846c26187472 P 4c7de579d62741949e7751d1108611e2 [term 0 FOLLOWER]: Consensus starting up: Expiring failure detector timer to make a prompt election more likely
I20260709 13:16:44.518736 13629 raft_consensus.cc:740] T fb03ac5b5d3043d39708846c26187472 P 4c7de579d62741949e7751d1108611e2 [term 0 FOLLOWER]: Becoming Follower/Learner. State: Replica: 4c7de579d62741949e7751d1108611e2, State: Initialized, Role: FOLLOWER
I20260709 13:16:44.520800 13629 consensus_queue.cc:260] T fb03ac5b5d3043d39708846c26187472 P 4c7de579d62741949e7751d1108611e2 [NON_LEADER]: Queue going to NON_LEADER mode. State: All replicated index: 0, Majority replicated index: 0, Committed index: 0, Last appended: 0.0, Last appended by leader: 0, Current term: 0, Majority size: -1, State: 0, Mode: NON_LEADER, active raft config: opid_index: -1 OBSOLETE_local: false peers { permanent_uuid: "4c7de579d62741949e7751d1108611e2" member_type: VOTER last_known_addr { host: "127.12.8.193" port: 40433 } } peers { permanent_uuid: "8ad273e2e2b5403f8562538bc44d227a" member_type: VOTER last_known_addr { host: "127.12.8.194" port: 44271 } } peers { permanent_uuid: "ee195b299eeb4155aba53cc63d88cc42" member_type: VOTER last_known_addr { host: "127.12.8.195" port: 44323 } }
I20260709 13:16:44.522737 13438 raft_consensus.cc:3060] T 8a6d5d0b44bf456a9a0ca2a870f20d72 P 4c7de579d62741949e7751d1108611e2 [term 0 FOLLOWER]: Advancing to term 1
I20260709 13:16:44.523700 13629 ts_tablet_manager.cc:1434] T fb03ac5b5d3043d39708846c26187472 P 4c7de579d62741949e7751d1108611e2: Time spent starting tablet: real 0.009s	user 0.004s	sys 0.003s
I20260709 13:16:44.524716 13629 tablet_bootstrap.cc:492] T 1d9857032dbf482f8f731e3cb9a88630 P 4c7de579d62741949e7751d1108611e2: Bootstrap starting.
I20260709 13:16:44.532624 13629 tablet_bootstrap.cc:654] T 1d9857032dbf482f8f731e3cb9a88630 P 4c7de579d62741949e7751d1108611e2: Neither blocks nor log segments found. Creating new log.
W20260709 13:16:44.536582 13478 outbound_call.cc:321] RPC callback for RPC call kudu.consensus.ConsensusService.RequestConsensusVote -> {remote=127.12.8.195:44323, user_credentials={real_user=slave}} blocked reactor thread for 66109.8us
I20260709 13:16:44.539322 13683 raft_consensus.cc:2804] T 975983929fc144ed8f76536bed61d9d1 P 8ad273e2e2b5403f8562538bc44d227a [term 1 FOLLOWER]: Leader election won for term 1
I20260709 13:16:44.539451 13673 consensus_queue.cc:1048] T fbd19cd919cf470f9b88d0d2eabd51ce P 4c7de579d62741949e7751d1108611e2 [LEADER]: Connected to new peer: Peer: permanent_uuid: "8ad273e2e2b5403f8562538bc44d227a" member_type: VOTER last_known_addr { host: "127.12.8.194" port: 44271 }, Status: LMP_MISMATCH, Last received: 0.0, Next index: 1, Last known committed idx: 0, Time since last communication: 0.001s
I20260709 13:16:44.556715 13629 tablet_bootstrap.cc:492] T 1d9857032dbf482f8f731e3cb9a88630 P 4c7de579d62741949e7751d1108611e2: No bootstrap required, opened a new log
I20260709 13:16:44.557418 13629 ts_tablet_manager.cc:1403] T 1d9857032dbf482f8f731e3cb9a88630 P 4c7de579d62741949e7751d1108611e2: Time spent bootstrapping tablet: real 0.033s	user 0.009s	sys 0.005s
I20260709 13:16:44.560616 13629 raft_consensus.cc:359] T 1d9857032dbf482f8f731e3cb9a88630 P 4c7de579d62741949e7751d1108611e2 [term 0 FOLLOWER]: Replica starting. Triggering 0 pending ops. Active config: opid_index: -1 OBSOLETE_local: false peers { permanent_uuid: "4c7de579d62741949e7751d1108611e2" member_type: VOTER last_known_addr { host: "127.12.8.193" port: 40433 } } peers { permanent_uuid: "8ad273e2e2b5403f8562538bc44d227a" member_type: VOTER last_known_addr { host: "127.12.8.194" port: 44271 } } peers { permanent_uuid: "ee195b299eeb4155aba53cc63d88cc42" member_type: VOTER last_known_addr { host: "127.12.8.195" port: 44323 } }
I20260709 13:16:44.562538 13629 raft_consensus.cc:385] T 1d9857032dbf482f8f731e3cb9a88630 P 4c7de579d62741949e7751d1108611e2 [term 0 FOLLOWER]: Consensus starting up: Expiring failure detector timer to make a prompt election more likely
I20260709 13:16:44.563406 13629 raft_consensus.cc:740] T 1d9857032dbf482f8f731e3cb9a88630 P 4c7de579d62741949e7751d1108611e2 [term 0 FOLLOWER]: Becoming Follower/Learner. State: Replica: 4c7de579d62741949e7751d1108611e2, State: Initialized, Role: FOLLOWER
I20260709 13:16:44.564486 13629 consensus_queue.cc:260] T 1d9857032dbf482f8f731e3cb9a88630 P 4c7de579d62741949e7751d1108611e2 [NON_LEADER]: Queue going to NON_LEADER mode. State: All replicated index: 0, Majority replicated index: 0, Committed index: 0, Last appended: 0.0, Last appended by leader: 0, Current term: 0, Majority size: -1, State: 0, Mode: NON_LEADER, active raft config: opid_index: -1 OBSOLETE_local: false peers { permanent_uuid: "4c7de579d62741949e7751d1108611e2" member_type: VOTER last_known_addr { host: "127.12.8.193" port: 40433 } } peers { permanent_uuid: "8ad273e2e2b5403f8562538bc44d227a" member_type: VOTER last_known_addr { host: "127.12.8.194" port: 44271 } } peers { permanent_uuid: "ee195b299eeb4155aba53cc63d88cc42" member_type: VOTER last_known_addr { host: "127.12.8.195" port: 44323 } }
I20260709 13:16:44.464002 13439 raft_consensus.cc:2468] T 975983929fc144ed8f76536bed61d9d1 P 4c7de579d62741949e7751d1108611e2 [term 1 FOLLOWER]: Leader election vote request: Granting yes vote for candidate 8ad273e2e2b5403f8562538bc44d227a in term 1.
I20260709 13:16:44.569104 13629 ts_tablet_manager.cc:1434] T 1d9857032dbf482f8f731e3cb9a88630 P 4c7de579d62741949e7751d1108611e2: Time spent starting tablet: real 0.011s	user 0.006s	sys 0.000s
I20260709 13:16:44.571591 13629 tablet_bootstrap.cc:492] T 7a80fc9d731d496a96761c5508738058 P 4c7de579d62741949e7751d1108611e2: Bootstrap starting.
I20260709 13:16:44.573943 13631 raft_consensus.cc:385] T ff5b139f334d40b386aab692512baa03 P ee195b299eeb4155aba53cc63d88cc42 [term 0 FOLLOWER]: Consensus starting up: Expiring failure detector timer to make a prompt election more likely
I20260709 13:16:44.574872 13631 raft_consensus.cc:740] T ff5b139f334d40b386aab692512baa03 P ee195b299eeb4155aba53cc63d88cc42 [term 0 FOLLOWER]: Becoming Follower/Learner. State: Replica: ee195b299eeb4155aba53cc63d88cc42, State: Initialized, Role: FOLLOWER
I20260709 13:16:44.578967 13670 raft_consensus.cc:493] T 9d7d7393a5a045d0af09bdc9f84e2647 P 4c7de579d62741949e7751d1108611e2 [term 0 FOLLOWER]: Starting pre-election (no leader contacted us within the election timeout)
I20260709 13:16:44.583076 13670 raft_consensus.cc:515] T 9d7d7393a5a045d0af09bdc9f84e2647 P 4c7de579d62741949e7751d1108611e2 [term 0 FOLLOWER]: Starting pre-election with config: opid_index: -1 OBSOLETE_local: false peers { permanent_uuid: "4c7de579d62741949e7751d1108611e2" member_type: VOTER last_known_addr { host: "127.12.8.193" port: 40433 } } peers { permanent_uuid: "8ad273e2e2b5403f8562538bc44d227a" member_type: VOTER last_known_addr { host: "127.12.8.194" port: 44271 } } peers { permanent_uuid: "ee195b299eeb4155aba53cc63d88cc42" member_type: VOTER last_known_addr { host: "127.12.8.195" port: 44323 } }
I20260709 13:16:44.590039 13588 tablet_service.cc:1917] Received RequestConsensusVote() RPC: tablet_id: "9d7d7393a5a045d0af09bdc9f84e2647" candidate_uuid: "4c7de579d62741949e7751d1108611e2" candidate_term: 1 candidate_status { last_received { term: 0 index: 0 } } ignore_live_leader: false dest_uuid: "ee195b299eeb4155aba53cc63d88cc42" is_pre_election: true
I20260709 13:16:44.591019 13631 consensus_queue.cc:260] T ff5b139f334d40b386aab692512baa03 P ee195b299eeb4155aba53cc63d88cc42 [NON_LEADER]: Queue going to NON_LEADER mode. State: All replicated index: 0, Majority replicated index: 0, Committed index: 0, Last appended: 0.0, Last appended by leader: 0, Current term: 0, Majority size: -1, State: 0, Mode: NON_LEADER, active raft config: opid_index: -1 OBSOLETE_local: false peers { permanent_uuid: "4c7de579d62741949e7751d1108611e2" member_type: VOTER last_known_addr { host: "127.12.8.193" port: 40433 } } peers { permanent_uuid: "8ad273e2e2b5403f8562538bc44d227a" member_type: VOTER last_known_addr { host: "127.12.8.194" port: 44271 } } peers { permanent_uuid: "ee195b299eeb4155aba53cc63d88cc42" member_type: VOTER last_known_addr { host: "127.12.8.195" port: 44323 } }
I20260709 13:16:44.587199 13670 leader_election.cc:290] T 9d7d7393a5a045d0af09bdc9f84e2647 P 4c7de579d62741949e7751d1108611e2 [CANDIDATE]: Term 1 pre-election: Requested pre-vote from peers 8ad273e2e2b5403f8562538bc44d227a (127.12.8.194:44271), ee195b299eeb4155aba53cc63d88cc42 (127.12.8.195:44323)
I20260709 13:16:44.586937 13514 tablet_service.cc:1917] Received RequestConsensusVote() RPC: tablet_id: "9d7d7393a5a045d0af09bdc9f84e2647" candidate_uuid: "4c7de579d62741949e7751d1108611e2" candidate_term: 1 candidate_status { last_received { term: 0 index: 0 } } ignore_live_leader: false dest_uuid: "8ad273e2e2b5403f8562538bc44d227a" is_pre_election: true
I20260709 13:16:44.591620 13588 raft_consensus.cc:2468] T 9d7d7393a5a045d0af09bdc9f84e2647 P ee195b299eeb4155aba53cc63d88cc42 [term 0 FOLLOWER]: Leader pre-election vote request: Granting yes vote for candidate 4c7de579d62741949e7751d1108611e2 in term 0.
I20260709 13:16:44.600930 13403 leader_election.cc:304] T 9d7d7393a5a045d0af09bdc9f84e2647 P 4c7de579d62741949e7751d1108611e2 [CANDIDATE]: Term 1 pre-election: Election decided. Result: candidate won. Election summary: received 2 responses out of 3 voters: 2 yes votes; 0 no votes. yes voters: 4c7de579d62741949e7751d1108611e2, ee195b299eeb4155aba53cc63d88cc42; no voters: 
I20260709 13:16:44.601413 13514 raft_consensus.cc:2468] T 9d7d7393a5a045d0af09bdc9f84e2647 P 8ad273e2e2b5403f8562538bc44d227a [term 0 FOLLOWER]: Leader pre-election vote request: Granting yes vote for candidate 4c7de579d62741949e7751d1108611e2 in term 0.
I20260709 13:16:44.602489 13673 raft_consensus.cc:2804] T 9d7d7393a5a045d0af09bdc9f84e2647 P 4c7de579d62741949e7751d1108611e2 [term 0 FOLLOWER]: Leader pre-election won for term 1
I20260709 13:16:44.602840 13673 raft_consensus.cc:493] T 9d7d7393a5a045d0af09bdc9f84e2647 P 4c7de579d62741949e7751d1108611e2 [term 0 FOLLOWER]: Starting leader election (no leader contacted us within the election timeout)
I20260709 13:16:44.603981 13631 ts_tablet_manager.cc:1434] T ff5b139f334d40b386aab692512baa03 P ee195b299eeb4155aba53cc63d88cc42: Time spent starting tablet: real 0.231s	user 0.007s	sys 0.002s
I20260709 13:16:44.604732 13631 tablet_bootstrap.cc:492] T dd5804124f584592a1bcd981713a9d2d P ee195b299eeb4155aba53cc63d88cc42: Bootstrap starting.
I20260709 13:16:44.593151 13683 raft_consensus.cc:697] T 975983929fc144ed8f76536bed61d9d1 P 8ad273e2e2b5403f8562538bc44d227a [term 1 LEADER]: Becoming Leader. State: Replica: 8ad273e2e2b5403f8562538bc44d227a, State: Running, Role: LEADER
I20260709 13:16:44.605378 13673 raft_consensus.cc:3060] T 9d7d7393a5a045d0af09bdc9f84e2647 P 4c7de579d62741949e7751d1108611e2 [term 0 FOLLOWER]: Advancing to term 1
I20260709 13:16:44.613039 13683 consensus_queue.cc:237] T 975983929fc144ed8f76536bed61d9d1 P 8ad273e2e2b5403f8562538bc44d227a [LEADER]: Queue going to LEADER mode. State: All replicated index: 0, Majority replicated index: 0, Committed index: 0, Last appended: 0.0, Last appended by leader: 0, Current term: 1, Majority size: 2, State: 0, Mode: LEADER, active raft config: opid_index: -1 OBSOLETE_local: false peers { permanent_uuid: "4c7de579d62741949e7751d1108611e2" member_type: VOTER last_known_addr { host: "127.12.8.193" port: 40433 } } peers { permanent_uuid: "8ad273e2e2b5403f8562538bc44d227a" member_type: VOTER last_known_addr { host: "127.12.8.194" port: 44271 } } peers { permanent_uuid: "ee195b299eeb4155aba53cc63d88cc42" member_type: VOTER last_known_addr { host: "127.12.8.195" port: 44323 } }
I20260709 13:16:44.613278 13718 consensus_queue.cc:1048] T f3494b0364564479b85b6be3a6908bc6 P 8ad273e2e2b5403f8562538bc44d227a [LEADER]: Connected to new peer: Peer: permanent_uuid: "4c7de579d62741949e7751d1108611e2" member_type: VOTER last_known_addr { host: "127.12.8.193" port: 40433 }, Status: LMP_MISMATCH, Last received: 0.0, Next index: 1, Last known committed idx: 0, Time since last communication: 0.006s
I20260709 13:16:44.622282 13673 raft_consensus.cc:515] T 9d7d7393a5a045d0af09bdc9f84e2647 P 4c7de579d62741949e7751d1108611e2 [term 1 FOLLOWER]: Starting leader election with config: opid_index: -1 OBSOLETE_local: false peers { permanent_uuid: "4c7de579d62741949e7751d1108611e2" member_type: VOTER last_known_addr { host: "127.12.8.193" port: 40433 } } peers { permanent_uuid: "8ad273e2e2b5403f8562538bc44d227a" member_type: VOTER last_known_addr { host: "127.12.8.194" port: 44271 } } peers { permanent_uuid: "ee195b299eeb4155aba53cc63d88cc42" member_type: VOTER last_known_addr { host: "127.12.8.195" port: 44323 } }
I20260709 13:16:44.624878 13673 leader_election.cc:290] T 9d7d7393a5a045d0af09bdc9f84e2647 P 4c7de579d62741949e7751d1108611e2 [CANDIDATE]: Term 1 election: Requested vote from peers 8ad273e2e2b5403f8562538bc44d227a (127.12.8.194:44271), ee195b299eeb4155aba53cc63d88cc42 (127.12.8.195:44323)
I20260709 13:16:44.626020 13513 tablet_service.cc:1917] Received RequestConsensusVote() RPC: tablet_id: "9d7d7393a5a045d0af09bdc9f84e2647" candidate_uuid: "4c7de579d62741949e7751d1108611e2" candidate_term: 1 candidate_status { last_received { term: 0 index: 0 } } ignore_live_leader: false dest_uuid: "8ad273e2e2b5403f8562538bc44d227a"
I20260709 13:16:44.626286 13588 tablet_service.cc:1917] Received RequestConsensusVote() RPC: tablet_id: "9d7d7393a5a045d0af09bdc9f84e2647" candidate_uuid: "4c7de579d62741949e7751d1108611e2" candidate_term: 1 candidate_status { last_received { term: 0 index: 0 } } ignore_live_leader: false dest_uuid: "ee195b299eeb4155aba53cc63d88cc42"
I20260709 13:16:44.626641 13513 raft_consensus.cc:3060] T 9d7d7393a5a045d0af09bdc9f84e2647 P 8ad273e2e2b5403f8562538bc44d227a [term 0 FOLLOWER]: Advancing to term 1
I20260709 13:16:44.626896 13588 raft_consensus.cc:3060] T 9d7d7393a5a045d0af09bdc9f84e2647 P ee195b299eeb4155aba53cc63d88cc42 [term 0 FOLLOWER]: Advancing to term 1
I20260709 13:16:44.631480 13629 tablet_bootstrap.cc:654] T 7a80fc9d731d496a96761c5508738058 P 4c7de579d62741949e7751d1108611e2: Neither blocks nor log segments found. Creating new log.
I20260709 13:16:44.634829 13588 raft_consensus.cc:2468] T 9d7d7393a5a045d0af09bdc9f84e2647 P ee195b299eeb4155aba53cc63d88cc42 [term 1 FOLLOWER]: Leader election vote request: Granting yes vote for candidate 4c7de579d62741949e7751d1108611e2 in term 1.
I20260709 13:16:44.636951 13403 leader_election.cc:304] T 9d7d7393a5a045d0af09bdc9f84e2647 P 4c7de579d62741949e7751d1108611e2 [CANDIDATE]: Term 1 election: Election decided. Result: candidate won. Election summary: received 2 responses out of 3 voters: 2 yes votes; 0 no votes. yes voters: 4c7de579d62741949e7751d1108611e2, ee195b299eeb4155aba53cc63d88cc42; no voters: 
I20260709 13:16:44.635073 13715 raft_consensus.cc:515] T 120fd9af9bf346cd86fe8536f34b5deb P 4c7de579d62741949e7751d1108611e2 [term 1 FOLLOWER]: Starting leader election with config: opid_index: -1 OBSOLETE_local: false peers { permanent_uuid: "4c7de579d62741949e7751d1108611e2" member_type: VOTER last_known_addr { host: "127.12.8.193" port: 40433 } } peers { permanent_uuid: "8ad273e2e2b5403f8562538bc44d227a" member_type: VOTER last_known_addr { host: "127.12.8.194" port: 44271 } } peers { permanent_uuid: "ee195b299eeb4155aba53cc63d88cc42" member_type: VOTER last_known_addr { host: "127.12.8.195" port: 44323 } }
I20260709 13:16:44.638024 13670 raft_consensus.cc:2804] T 9d7d7393a5a045d0af09bdc9f84e2647 P 4c7de579d62741949e7751d1108611e2 [term 1 FOLLOWER]: Leader election won for term 1
I20260709 13:16:44.638622 13630 tablet_bootstrap.cc:492] T 1d9857032dbf482f8f731e3cb9a88630 P 8ad273e2e2b5403f8562538bc44d227a: No bootstrap required, opened a new log
I20260709 13:16:44.639225 13630 ts_tablet_manager.cc:1403] T 1d9857032dbf482f8f731e3cb9a88630 P 8ad273e2e2b5403f8562538bc44d227a: Time spent bootstrapping tablet: real 0.259s	user 0.092s	sys 0.130s
I20260709 13:16:44.638665 13670 raft_consensus.cc:697] T 9d7d7393a5a045d0af09bdc9f84e2647 P 4c7de579d62741949e7751d1108611e2 [term 1 LEADER]: Becoming Leader. State: Replica: 4c7de579d62741949e7751d1108611e2, State: Running, Role: LEADER
I20260709 13:16:44.641135 13670 consensus_queue.cc:237] T 9d7d7393a5a045d0af09bdc9f84e2647 P 4c7de579d62741949e7751d1108611e2 [LEADER]: Queue going to LEADER mode. State: All replicated index: 0, Majority replicated index: 0, Committed index: 0, Last appended: 0.0, Last appended by leader: 0, Current term: 1, Majority size: 2, State: 0, Mode: LEADER, active raft config: opid_index: -1 OBSOLETE_local: false peers { permanent_uuid: "4c7de579d62741949e7751d1108611e2" member_type: VOTER last_known_addr { host: "127.12.8.193" port: 40433 } } peers { permanent_uuid: "8ad273e2e2b5403f8562538bc44d227a" member_type: VOTER last_known_addr { host: "127.12.8.194" port: 44271 } } peers { permanent_uuid: "ee195b299eeb4155aba53cc63d88cc42" member_type: VOTER last_known_addr { host: "127.12.8.195" port: 44323 } }
I20260709 13:16:44.654724 13715 leader_election.cc:290] T 120fd9af9bf346cd86fe8536f34b5deb P 4c7de579d62741949e7751d1108611e2 [CANDIDATE]: Term 1 election: Requested vote from peers 8ad273e2e2b5403f8562538bc44d227a (127.12.8.194:44271), ee195b299eeb4155aba53cc63d88cc42 (127.12.8.195:44323)
I20260709 13:16:44.659668 13515 tablet_service.cc:1917] Received RequestConsensusVote() RPC: tablet_id: "120fd9af9bf346cd86fe8536f34b5deb" candidate_uuid: "4c7de579d62741949e7751d1108611e2" candidate_term: 1 candidate_status { last_received { term: 0 index: 0 } } ignore_live_leader: false dest_uuid: "8ad273e2e2b5403f8562538bc44d227a"
I20260709 13:16:44.660301 13515 raft_consensus.cc:3060] T 120fd9af9bf346cd86fe8536f34b5deb P 8ad273e2e2b5403f8562538bc44d227a [term 0 FOLLOWER]: Advancing to term 1
I20260709 13:16:44.663079 13653 consensus_queue.cc:1048] T 3267362c85004fb1bfe3e7b8b44f658c P 8ad273e2e2b5403f8562538bc44d227a [LEADER]: Connected to new peer: Peer: permanent_uuid: "4c7de579d62741949e7751d1108611e2" member_type: VOTER last_known_addr { host: "127.12.8.193" port: 40433 }, Status: LMP_MISMATCH, Last received: 0.0, Next index: 1, Last known committed idx: 0, Time since last communication: 0.000s
I20260709 13:16:44.664096 13630 raft_consensus.cc:359] T 1d9857032dbf482f8f731e3cb9a88630 P 8ad273e2e2b5403f8562538bc44d227a [term 0 FOLLOWER]: Replica starting. Triggering 0 pending ops. Active config: opid_index: -1 OBSOLETE_local: false peers { permanent_uuid: "4c7de579d62741949e7751d1108611e2" member_type: VOTER last_known_addr { host: "127.12.8.193" port: 40433 } } peers { permanent_uuid: "8ad273e2e2b5403f8562538bc44d227a" member_type: VOTER last_known_addr { host: "127.12.8.194" port: 44271 } } peers { permanent_uuid: "ee195b299eeb4155aba53cc63d88cc42" member_type: VOTER last_known_addr { host: "127.12.8.195" port: 44323 } }
I20260709 13:16:44.664978 13630 raft_consensus.cc:385] T 1d9857032dbf482f8f731e3cb9a88630 P 8ad273e2e2b5403f8562538bc44d227a [term 0 FOLLOWER]: Consensus starting up: Expiring failure detector timer to make a prompt election more likely
I20260709 13:16:44.672425 13630 raft_consensus.cc:740] T 1d9857032dbf482f8f731e3cb9a88630 P 8ad273e2e2b5403f8562538bc44d227a [term 0 FOLLOWER]: Becoming Follower/Learner. State: Replica: 8ad273e2e2b5403f8562538bc44d227a, State: Initialized, Role: FOLLOWER
I20260709 13:16:44.648670 13683 raft_consensus.cc:493] T 7a80fc9d731d496a96761c5508738058 P 8ad273e2e2b5403f8562538bc44d227a [term 0 FOLLOWER]: Starting pre-election (no leader contacted us within the election timeout)
I20260709 13:16:44.674100 13630 consensus_queue.cc:260] T 1d9857032dbf482f8f731e3cb9a88630 P 8ad273e2e2b5403f8562538bc44d227a [NON_LEADER]: Queue going to NON_LEADER mode. State: All replicated index: 0, Majority replicated index: 0, Committed index: 0, Last appended: 0.0, Last appended by leader: 0, Current term: 0, Majority size: -1, State: 0, Mode: NON_LEADER, active raft config: opid_index: -1 OBSOLETE_local: false peers { permanent_uuid: "4c7de579d62741949e7751d1108611e2" member_type: VOTER last_known_addr { host: "127.12.8.193" port: 40433 } } peers { permanent_uuid: "8ad273e2e2b5403f8562538bc44d227a" member_type: VOTER last_known_addr { host: "127.12.8.194" port: 44271 } } peers { permanent_uuid: "ee195b299eeb4155aba53cc63d88cc42" member_type: VOTER last_known_addr { host: "127.12.8.195" port: 44323 } }
I20260709 13:16:44.677875 13683 raft_consensus.cc:515] T 7a80fc9d731d496a96761c5508738058 P 8ad273e2e2b5403f8562538bc44d227a [term 0 FOLLOWER]: Starting pre-election with config: opid_index: -1 OBSOLETE_local: false peers { permanent_uuid: "4c7de579d62741949e7751d1108611e2" member_type: VOTER last_known_addr { host: "127.12.8.193" port: 40433 } } peers { permanent_uuid: "8ad273e2e2b5403f8562538bc44d227a" member_type: VOTER last_known_addr { host: "127.12.8.194" port: 44271 } } peers { permanent_uuid: "ee195b299eeb4155aba53cc63d88cc42" member_type: VOTER last_known_addr { host: "127.12.8.195" port: 44323 } }
I20260709 13:16:44.684686 13630 ts_tablet_manager.cc:1434] T 1d9857032dbf482f8f731e3cb9a88630 P 8ad273e2e2b5403f8562538bc44d227a: Time spent starting tablet: real 0.045s	user 0.006s	sys 0.002s
I20260709 13:16:44.685858 13630 tablet_bootstrap.cc:492] T 71a7c7819abc4adea33c8a632f5152d7 P 8ad273e2e2b5403f8562538bc44d227a: Bootstrap starting.
I20260709 13:16:44.690748 13631 tablet_bootstrap.cc:654] T dd5804124f584592a1bcd981713a9d2d P ee195b299eeb4155aba53cc63d88cc42: Neither blocks nor log segments found. Creating new log.
I20260709 13:16:44.684276 13513 raft_consensus.cc:2468] T 9d7d7393a5a045d0af09bdc9f84e2647 P 8ad273e2e2b5403f8562538bc44d227a [term 1 FOLLOWER]: Leader election vote request: Granting yes vote for candidate 4c7de579d62741949e7751d1108611e2 in term 1.
W20260709 13:16:44.692144 13478 consensus_peers.cc:597] T f3494b0364564479b85b6be3a6908bc6 P 8ad273e2e2b5403f8562538bc44d227a -> Peer ee195b299eeb4155aba53cc63d88cc42 (127.12.8.195:44323): Couldn't send request to peer ee195b299eeb4155aba53cc63d88cc42. Error code: TABLET_NOT_RUNNING (12). Status: Illegal state: Tablet not RUNNING: INITIALIZED. This is attempt 1: this message will repeat every 5th retry.
I20260709 13:16:44.694123 13589 tablet_service.cc:1917] Received RequestConsensusVote() RPC: tablet_id: "120fd9af9bf346cd86fe8536f34b5deb" candidate_uuid: "4c7de579d62741949e7751d1108611e2" candidate_term: 1 candidate_status { last_received { term: 0 index: 0 } } ignore_live_leader: false dest_uuid: "ee195b299eeb4155aba53cc63d88cc42"
I20260709 13:16:44.697733 13335 catalog_manager.cc:5697] T 975983929fc144ed8f76536bed61d9d1 P 8ad273e2e2b5403f8562538bc44d227a reported cstate change: term changed from 0 to 1, leader changed from <none> to 8ad273e2e2b5403f8562538bc44d227a (127.12.8.194). New cstate: current_term: 1 leader_uuid: "8ad273e2e2b5403f8562538bc44d227a" committed_config { opid_index: -1 OBSOLETE_local: false peers { permanent_uuid: "4c7de579d62741949e7751d1108611e2" member_type: VOTER last_known_addr { host: "127.12.8.193" port: 40433 } health_report { overall_health: UNKNOWN } } peers { permanent_uuid: "8ad273e2e2b5403f8562538bc44d227a" member_type: VOTER last_known_addr { host: "127.12.8.194" port: 44271 } health_report { overall_health: HEALTHY } } peers { permanent_uuid: "ee195b299eeb4155aba53cc63d88cc42" member_type: VOTER last_known_addr { host: "127.12.8.195" port: 44323 } health_report { overall_health: UNKNOWN } } }
W20260709 13:16:44.699807 13403 leader_election.cc:343] T 120fd9af9bf346cd86fe8536f34b5deb P 4c7de579d62741949e7751d1108611e2 [CANDIDATE]: Term 1 election: Tablet error from VoteRequest() call to peer ee195b299eeb4155aba53cc63d88cc42 (127.12.8.195:44323): Illegal state: must be running to vote when last-logged opid is not known
I20260709 13:16:44.687325 13515 raft_consensus.cc:2468] T 120fd9af9bf346cd86fe8536f34b5deb P 8ad273e2e2b5403f8562538bc44d227a [term 1 FOLLOWER]: Leader election vote request: Granting yes vote for candidate 4c7de579d62741949e7751d1108611e2 in term 1.
I20260709 13:16:44.703805 13673 raft_consensus.cc:493] T 71a7c7819abc4adea33c8a632f5152d7 P 4c7de579d62741949e7751d1108611e2 [term 0 FOLLOWER]: Starting pre-election (no leader contacted us within the election timeout)
I20260709 13:16:44.700867 13683 leader_election.cc:290] T 7a80fc9d731d496a96761c5508738058 P 8ad273e2e2b5403f8562538bc44d227a [CANDIDATE]: Term 1 pre-election: Requested pre-vote from peers 4c7de579d62741949e7751d1108611e2 (127.12.8.193:40433), ee195b299eeb4155aba53cc63d88cc42 (127.12.8.195:44323)
I20260709 13:16:44.701947 13589 tablet_service.cc:1917] Received RequestConsensusVote() RPC: tablet_id: "7a80fc9d731d496a96761c5508738058" candidate_uuid: "8ad273e2e2b5403f8562538bc44d227a" candidate_term: 1 candidate_status { last_received { term: 0 index: 0 } } ignore_live_leader: false dest_uuid: "ee195b299eeb4155aba53cc63d88cc42" is_pre_election: true
I20260709 13:16:44.704262 13673 raft_consensus.cc:515] T 71a7c7819abc4adea33c8a632f5152d7 P 4c7de579d62741949e7751d1108611e2 [term 0 FOLLOWER]: Starting pre-election with config: opid_index: -1 OBSOLETE_local: false peers { permanent_uuid: "4c7de579d62741949e7751d1108611e2" member_type: VOTER last_known_addr { host: "127.12.8.193" port: 40433 } } peers { permanent_uuid: "8ad273e2e2b5403f8562538bc44d227a" member_type: VOTER last_known_addr { host: "127.12.8.194" port: 44271 } } peers { permanent_uuid: "ee195b299eeb4155aba53cc63d88cc42" member_type: VOTER last_known_addr { host: "127.12.8.195" port: 44323 } }
W20260709 13:16:44.705302 13478 leader_election.cc:343] T 7a80fc9d731d496a96761c5508738058 P 8ad273e2e2b5403f8562538bc44d227a [CANDIDATE]: Term 1 pre-election: Tablet error from VoteRequest() call to peer ee195b299eeb4155aba53cc63d88cc42 (127.12.8.195:44323): Illegal state: must be running to vote when last-logged opid is not known
I20260709 13:16:44.706508 13439 tablet_service.cc:1917] Received RequestConsensusVote() RPC: tablet_id: "7a80fc9d731d496a96761c5508738058" candidate_uuid: "8ad273e2e2b5403f8562538bc44d227a" candidate_term: 1 candidate_status { last_received { term: 0 index: 0 } } ignore_live_leader: false dest_uuid: "4c7de579d62741949e7751d1108611e2" is_pre_election: true
I20260709 13:16:44.706678 13673 leader_election.cc:290] T 71a7c7819abc4adea33c8a632f5152d7 P 4c7de579d62741949e7751d1108611e2 [CANDIDATE]: Term 1 pre-election: Requested pre-vote from peers 8ad273e2e2b5403f8562538bc44d227a (127.12.8.194:44271), ee195b299eeb4155aba53cc63d88cc42 (127.12.8.195:44323)
I20260709 13:16:44.708582 13589 tablet_service.cc:1917] Received RequestConsensusVote() RPC: tablet_id: "71a7c7819abc4adea33c8a632f5152d7" candidate_uuid: "4c7de579d62741949e7751d1108611e2" candidate_term: 1 candidate_status { last_received { term: 0 index: 0 } } ignore_live_leader: false dest_uuid: "ee195b299eeb4155aba53cc63d88cc42" is_pre_election: true
I20260709 13:16:44.710932 13692 raft_consensus.cc:493] T fb03ac5b5d3043d39708846c26187472 P ee195b299eeb4155aba53cc63d88cc42 [term 0 FOLLOWER]: Starting pre-election (no leader contacted us within the election timeout)
I20260709 13:16:44.711411 13692 raft_consensus.cc:515] T fb03ac5b5d3043d39708846c26187472 P ee195b299eeb4155aba53cc63d88cc42 [term 0 FOLLOWER]: Starting pre-election with config: opid_index: -1 OBSOLETE_local: false peers { permanent_uuid: "4c7de579d62741949e7751d1108611e2" member_type: VOTER last_known_addr { host: "127.12.8.193" port: 40433 } } peers { permanent_uuid: "8ad273e2e2b5403f8562538bc44d227a" member_type: VOTER last_known_addr { host: "127.12.8.194" port: 44271 } } peers { permanent_uuid: "ee195b299eeb4155aba53cc63d88cc42" member_type: VOTER last_known_addr { host: "127.12.8.195" port: 44323 } }
I20260709 13:16:44.712571 13653 raft_consensus.cc:493] T 1d9857032dbf482f8f731e3cb9a88630 P 8ad273e2e2b5403f8562538bc44d227a [term 0 FOLLOWER]: Starting pre-election (no leader contacted us within the election timeout)
I20260709 13:16:44.713246 13653 raft_consensus.cc:515] T 1d9857032dbf482f8f731e3cb9a88630 P 8ad273e2e2b5403f8562538bc44d227a [term 0 FOLLOWER]: Starting pre-election with config: opid_index: -1 OBSOLETE_local: false peers { permanent_uuid: "4c7de579d62741949e7751d1108611e2" member_type: VOTER last_known_addr { host: "127.12.8.193" port: 40433 } } peers { permanent_uuid: "8ad273e2e2b5403f8562538bc44d227a" member_type: VOTER last_known_addr { host: "127.12.8.194" port: 44271 } } peers { permanent_uuid: "ee195b299eeb4155aba53cc63d88cc42" member_type: VOTER last_known_addr { host: "127.12.8.195" port: 44323 } }
I20260709 13:16:44.718137 13718 consensus_queue.cc:1048] T 3267362c85004fb1bfe3e7b8b44f658c P 8ad273e2e2b5403f8562538bc44d227a [LEADER]: Connected to new peer: Peer: permanent_uuid: "ee195b299eeb4155aba53cc63d88cc42" member_type: VOTER last_known_addr { host: "127.12.8.195" port: 44323 }, Status: LMP_MISMATCH, Last received: 0.0, Next index: 1, Last known committed idx: 0, Time since last communication: 0.000s
I20260709 13:16:44.697216 13336 catalog_manager.cc:5697] T 9d7d7393a5a045d0af09bdc9f84e2647 P 4c7de579d62741949e7751d1108611e2 reported cstate change: term changed from 0 to 1, leader changed from <none> to 4c7de579d62741949e7751d1108611e2 (127.12.8.193). New cstate: current_term: 1 leader_uuid: "4c7de579d62741949e7751d1108611e2" committed_config { opid_index: -1 OBSOLETE_local: false peers { permanent_uuid: "4c7de579d62741949e7751d1108611e2" member_type: VOTER last_known_addr { host: "127.12.8.193" port: 40433 } health_report { overall_health: HEALTHY } } peers { permanent_uuid: "8ad273e2e2b5403f8562538bc44d227a" member_type: VOTER last_known_addr { host: "127.12.8.194" port: 44271 } health_report { overall_health: UNKNOWN } } peers { permanent_uuid: "ee195b299eeb4155aba53cc63d88cc42" member_type: VOTER last_known_addr { host: "127.12.8.195" port: 44323 } health_report { overall_health: UNKNOWN } } }
W20260709 13:16:44.718974 13480 leader_election.cc:343] T 7a80fc9d731d496a96761c5508738058 P 8ad273e2e2b5403f8562538bc44d227a [CANDIDATE]: Term 1 pre-election: Tablet error from VoteRequest() call to peer 4c7de579d62741949e7751d1108611e2 (127.12.8.193:40433): Illegal state: must be running to vote when last-logged opid is not known
I20260709 13:16:44.722316 13480 leader_election.cc:304] T 7a80fc9d731d496a96761c5508738058 P 8ad273e2e2b5403f8562538bc44d227a [CANDIDATE]: Term 1 pre-election: Election decided. Result: candidate lost. Election summary: received 3 responses out of 3 voters: 1 yes votes; 2 no votes. yes voters: 8ad273e2e2b5403f8562538bc44d227a; no voters: 4c7de579d62741949e7751d1108611e2, ee195b299eeb4155aba53cc63d88cc42
I20260709 13:16:44.725637 13513 tablet_service.cc:1917] Received RequestConsensusVote() RPC: tablet_id: "fb03ac5b5d3043d39708846c26187472" candidate_uuid: "ee195b299eeb4155aba53cc63d88cc42" candidate_term: 1 candidate_status { last_received { term: 0 index: 0 } } ignore_live_leader: false dest_uuid: "8ad273e2e2b5403f8562538bc44d227a" is_pre_election: true
I20260709 13:16:44.719077 13692 leader_election.cc:290] T fb03ac5b5d3043d39708846c26187472 P ee195b299eeb4155aba53cc63d88cc42 [CANDIDATE]: Term 1 pre-election: Requested pre-vote from peers 4c7de579d62741949e7751d1108611e2 (127.12.8.193:40433), 8ad273e2e2b5403f8562538bc44d227a (127.12.8.194:44271)
I20260709 13:16:44.724671 13404 leader_election.cc:304] T 120fd9af9bf346cd86fe8536f34b5deb P 4c7de579d62741949e7751d1108611e2 [CANDIDATE]: Term 1 election: Election decided. Result: candidate won. Election summary: received 3 responses out of 3 voters: 2 yes votes; 1 no votes. yes voters: 4c7de579d62741949e7751d1108611e2, 8ad273e2e2b5403f8562538bc44d227a; no voters: ee195b299eeb4155aba53cc63d88cc42
I20260709 13:16:44.724735 13718 raft_consensus.cc:2749] T 7a80fc9d731d496a96761c5508738058 P 8ad273e2e2b5403f8562538bc44d227a [term 0 FOLLOWER]: Leader pre-election lost for term 1. Reason: could not achieve majority
I20260709 13:16:44.726112 13653 leader_election.cc:290] T 1d9857032dbf482f8f731e3cb9a88630 P 8ad273e2e2b5403f8562538bc44d227a [CANDIDATE]: Term 1 pre-election: Requested pre-vote from peers 4c7de579d62741949e7751d1108611e2 (127.12.8.193:40433), ee195b299eeb4155aba53cc63d88cc42 (127.12.8.195:44323)
I20260709 13:16:44.724702 13588 tablet_service.cc:1917] Received RequestConsensusVote() RPC: tablet_id: "1d9857032dbf482f8f731e3cb9a88630" candidate_uuid: "8ad273e2e2b5403f8562538bc44d227a" candidate_term: 1 candidate_status { last_received { term: 0 index: 0 } } ignore_live_leader: false dest_uuid: "ee195b299eeb4155aba53cc63d88cc42" is_pre_election: true
W20260709 13:16:44.740618 13553 leader_election.cc:343] T fb03ac5b5d3043d39708846c26187472 P ee195b299eeb4155aba53cc63d88cc42 [CANDIDATE]: Term 1 pre-election: Tablet error from VoteRequest() call to peer 8ad273e2e2b5403f8562538bc44d227a (127.12.8.194:44271): Illegal state: must be running to vote when last-logged opid is not known
I20260709 13:16:44.741775 13715 raft_consensus.cc:2804] T 120fd9af9bf346cd86fe8536f34b5deb P 4c7de579d62741949e7751d1108611e2 [term 1 FOLLOWER]: Leader election won for term 1
