I20260709 12:56:30.593163   948 catalog_manager.cc:5697] T 6d9ebf88020643e6831d2b46ded506e2 P fe896013f6684f1ba3933e0ccc6dc697 reported cstate change: term changed from 0 to 1, leader changed from <none> to fe896013f6684f1ba3933e0ccc6dc697 (127.0.107.193). New cstate: current_term: 1 leader_uuid: "fe896013f6684f1ba3933e0ccc6dc697" committed_config { opid_index: -1 OBSOLETE_local: false peers { permanent_uuid: "fe896013f6684f1ba3933e0ccc6dc697" member_type: VOTER last_known_addr { host: "127.0.107.193" port: 42151 } health_report { overall_health: HEALTHY } } peers { permanent_uuid: "5b37a6e44b9642d3aae761ba1e3ab81a" member_type: VOTER last_known_addr { host: "127.0.107.194" port: 33449 } health_report { overall_health: UNKNOWN } } peers { permanent_uuid: "5578653d4d884a2c823c509114162652" member_type: VOTER last_known_addr { host: "127.0.107.195" port: 46167 } health_report { overall_health: UNKNOWN } } }
W20260709 12:56:30.650435  1014 leader_election.cc:343] T 31d73209b7cb4df7a0d4c5da8ec39afc P fe896013f6684f1ba3933e0ccc6dc697 [CANDIDATE]: Term 1 pre-election: Tablet error from VoteRequest() call to peer 5578653d4d884a2c823c509114162652 (127.0.107.195:46167): Illegal state: must be running to vote when last-logged opid is not known
I20260709 12:56:30.651405  1242 ts_tablet_manager.cc:1403] T 670b2d16e8a0483fb5c210a477dba54d P 5578653d4d884a2c823c509114162652: Time spent bootstrapping tablet: real 0.091s	user 0.035s	sys 0.029s
I20260709 12:56:30.653775  1017 leader_election.cc:304] T 31d73209b7cb4df7a0d4c5da8ec39afc P fe896013f6684f1ba3933e0ccc6dc697 [CANDIDATE]: Term 1 pre-election: Election decided. Result: candidate won. Election summary: received 3 responses out of 3 voters: 2 yes votes; 1 no votes. yes voters: 5b37a6e44b9642d3aae761ba1e3ab81a, fe896013f6684f1ba3933e0ccc6dc697; no voters: 5578653d4d884a2c823c509114162652
I20260709 12:56:30.656795  1126 raft_consensus.cc:2468] T bc5c594ddbf54bebb5a827a1b97fbee6 P 5b37a6e44b9642d3aae761ba1e3ab81a [term 1 FOLLOWER]: Leader election vote request: Granting yes vote for candidate fe896013f6684f1ba3933e0ccc6dc697 in term 1.
I20260709 12:56:30.657722  1250 raft_consensus.cc:2804] T 31d73209b7cb4df7a0d4c5da8ec39afc P fe896013f6684f1ba3933e0ccc6dc697 [term 0 FOLLOWER]: Leader pre-election won for term 1
I20260709 12:56:30.658103  1250 raft_consensus.cc:493] T 31d73209b7cb4df7a0d4c5da8ec39afc P fe896013f6684f1ba3933e0ccc6dc697 [term 0 FOLLOWER]: Starting leader election (no leader contacted us within the election timeout)
I20260709 12:56:30.658429  1250 raft_consensus.cc:3060] T 31d73209b7cb4df7a0d4c5da8ec39afc P fe896013f6684f1ba3933e0ccc6dc697 [term 0 FOLLOWER]: Advancing to term 1
I20260709 12:56:30.657047  1242 raft_consensus.cc:359] T 670b2d16e8a0483fb5c210a477dba54d P 5578653d4d884a2c823c509114162652 [term 0 FOLLOWER]: Replica starting. Triggering 0 pending ops. Active config: opid_index: -1 OBSOLETE_local: false peers { permanent_uuid: "fe896013f6684f1ba3933e0ccc6dc697" member_type: VOTER last_known_addr { host: "127.0.107.193" port: 42151 } } peers { permanent_uuid: "5b37a6e44b9642d3aae761ba1e3ab81a" member_type: VOTER last_known_addr { host: "127.0.107.194" port: 33449 } } peers { permanent_uuid: "5578653d4d884a2c823c509114162652" member_type: VOTER last_known_addr { host: "127.0.107.195" port: 46167 } }
I20260709 12:56:30.660075  1242 raft_consensus.cc:385] T 670b2d16e8a0483fb5c210a477dba54d P 5578653d4d884a2c823c509114162652 [term 0 FOLLOWER]: Consensus starting up: Expiring failure detector timer to make a prompt election more likely
I20260709 12:56:30.660547  1242 raft_consensus.cc:740] T 670b2d16e8a0483fb5c210a477dba54d P 5578653d4d884a2c823c509114162652 [term 0 FOLLOWER]: Becoming Follower/Learner. State: Replica: 5578653d4d884a2c823c509114162652, State: Initialized, Role: FOLLOWER
I20260709 12:56:30.661608  1242 consensus_queue.cc:260] T 670b2d16e8a0483fb5c210a477dba54d P 5578653d4d884a2c823c509114162652 [NON_LEADER]: Queue going to NON_LEADER mode. State: All replicated index: 0, Majority replicated index: 0, Committed index: 0, Last appended: 0.0, Last appended by leader: 0, Current term: 0, Majority size: -1, State: 0, Mode: NON_LEADER, active raft config: opid_index: -1 OBSOLETE_local: false peers { permanent_uuid: "fe896013f6684f1ba3933e0ccc6dc697" member_type: VOTER last_known_addr { host: "127.0.107.193" port: 42151 } } peers { permanent_uuid: "5b37a6e44b9642d3aae761ba1e3ab81a" member_type: VOTER last_known_addr { host: "127.0.107.194" port: 33449 } } peers { permanent_uuid: "5578653d4d884a2c823c509114162652" member_type: VOTER last_known_addr { host: "127.0.107.195" port: 46167 } }
I20260709 12:56:30.666307  1242 ts_tablet_manager.cc:1434] T 670b2d16e8a0483fb5c210a477dba54d P 5578653d4d884a2c823c509114162652: Time spent starting tablet: real 0.014s	user 0.008s	sys 0.000s
I20260709 12:56:30.668587  1246 raft_consensus.cc:493] T f1944531c8de47b3b66ff489ec36fc58 P fe896013f6684f1ba3933e0ccc6dc697 [term 0 FOLLOWER]: Starting pre-election (no leader contacted us within the election timeout)
I20260709 12:56:30.668970  1249 raft_consensus.cc:493] T f1944531c8de47b3b66ff489ec36fc58 P 5b37a6e44b9642d3aae761ba1e3ab81a [term 0 FOLLOWER]: Starting pre-election (no leader contacted us within the election timeout)
I20260709 12:56:30.669102  1246 raft_consensus.cc:515] T f1944531c8de47b3b66ff489ec36fc58 P fe896013f6684f1ba3933e0ccc6dc697 [term 0 FOLLOWER]: Starting pre-election with config: opid_index: -1 OBSOLETE_local: false peers { permanent_uuid: "fe896013f6684f1ba3933e0ccc6dc697" member_type: VOTER last_known_addr { host: "127.0.107.193" port: 42151 } } peers { permanent_uuid: "5b37a6e44b9642d3aae761ba1e3ab81a" member_type: VOTER last_known_addr { host: "127.0.107.194" port: 33449 } } peers { permanent_uuid: "5578653d4d884a2c823c509114162652" member_type: VOTER last_known_addr { host: "127.0.107.195" port: 46167 } }
I20260709 12:56:30.669474  1249 raft_consensus.cc:515] T f1944531c8de47b3b66ff489ec36fc58 P 5b37a6e44b9642d3aae761ba1e3ab81a [term 0 FOLLOWER]: Starting pre-election with config: opid_index: -1 OBSOLETE_local: false peers { permanent_uuid: "fe896013f6684f1ba3933e0ccc6dc697" member_type: VOTER last_known_addr { host: "127.0.107.193" port: 42151 } } peers { permanent_uuid: "5b37a6e44b9642d3aae761ba1e3ab81a" member_type: VOTER last_known_addr { host: "127.0.107.194" port: 33449 } } peers { permanent_uuid: "5578653d4d884a2c823c509114162652" member_type: VOTER last_known_addr { host: "127.0.107.195" port: 46167 } }
I20260709 12:56:30.670234  1241 tablet_bootstrap.cc:492] T 5442907d2bf04b1aac303b6bb60f4f97 P 5b37a6e44b9642d3aae761ba1e3ab81a: No bootstrap required, opened a new log
I20260709 12:56:30.670717  1241 ts_tablet_manager.cc:1403] T 5442907d2bf04b1aac303b6bb60f4f97 P 5b37a6e44b9642d3aae761ba1e3ab81a: Time spent bootstrapping tablet: real 0.102s	user 0.037s	sys 0.038s
I20260709 12:56:30.671325  1249 leader_election.cc:290] T f1944531c8de47b3b66ff489ec36fc58 P 5b37a6e44b9642d3aae761ba1e3ab81a [CANDIDATE]: Term 1 pre-election: Requested pre-vote from peers fe896013f6684f1ba3933e0ccc6dc697 (127.0.107.193:42151), 5578653d4d884a2c823c509114162652 (127.0.107.195:46167)
I20260709 12:56:30.672340  1200 tablet_service.cc:1917] Received RequestConsensusVote() RPC: tablet_id: "f1944531c8de47b3b66ff489ec36fc58" candidate_uuid: "fe896013f6684f1ba3933e0ccc6dc697" candidate_term: 1 candidate_status { last_received { term: 0 index: 0 } } ignore_live_leader: false dest_uuid: "5578653d4d884a2c823c509114162652" is_pre_election: true
I20260709 12:56:30.673017  1200 raft_consensus.cc:2468] T f1944531c8de47b3b66ff489ec36fc58 P 5578653d4d884a2c823c509114162652 [term 0 FOLLOWER]: Leader pre-election vote request: Granting yes vote for candidate fe896013f6684f1ba3933e0ccc6dc697 in term 0.
I20260709 12:56:30.674643  1014 leader_election.cc:304] T f1944531c8de47b3b66ff489ec36fc58 P fe896013f6684f1ba3933e0ccc6dc697 [CANDIDATE]: Term 1 pre-election: Election decided. Result: candidate won. Election summary: received 2 responses out of 3 voters: 2 yes votes; 0 no votes. yes voters: 5578653d4d884a2c823c509114162652, fe896013f6684f1ba3933e0ccc6dc697; no voters: 
I20260709 12:56:30.676008  1241 raft_consensus.cc:359] T 5442907d2bf04b1aac303b6bb60f4f97 P 5b37a6e44b9642d3aae761ba1e3ab81a [term 0 FOLLOWER]: Replica starting. Triggering 0 pending ops. Active config: opid_index: -1 OBSOLETE_local: false peers { permanent_uuid: "fe896013f6684f1ba3933e0ccc6dc697" member_type: VOTER last_known_addr { host: "127.0.107.193" port: 42151 } } peers { permanent_uuid: "5b37a6e44b9642d3aae761ba1e3ab81a" member_type: VOTER last_known_addr { host: "127.0.107.194" port: 33449 } } peers { permanent_uuid: "5578653d4d884a2c823c509114162652" member_type: VOTER last_known_addr { host: "127.0.107.195" port: 46167 } }
I20260709 12:56:30.676316  1250 raft_consensus.cc:515] T 31d73209b7cb4df7a0d4c5da8ec39afc P fe896013f6684f1ba3933e0ccc6dc697 [term 1 FOLLOWER]: Starting leader election with config: opid_index: -1 OBSOLETE_local: false peers { permanent_uuid: "fe896013f6684f1ba3933e0ccc6dc697" member_type: VOTER last_known_addr { host: "127.0.107.193" port: 42151 } } peers { permanent_uuid: "5b37a6e44b9642d3aae761ba1e3ab81a" member_type: VOTER last_known_addr { host: "127.0.107.194" port: 33449 } } peers { permanent_uuid: "5578653d4d884a2c823c509114162652" member_type: VOTER last_known_addr { host: "127.0.107.195" port: 46167 } }
I20260709 12:56:30.676740  1241 raft_consensus.cc:385] T 5442907d2bf04b1aac303b6bb60f4f97 P 5b37a6e44b9642d3aae761ba1e3ab81a [term 0 FOLLOWER]: Consensus starting up: Expiring failure detector timer to make a prompt election more likely
I20260709 12:56:30.677223  1241 raft_consensus.cc:740] T 5442907d2bf04b1aac303b6bb60f4f97 P 5b37a6e44b9642d3aae761ba1e3ab81a [term 0 FOLLOWER]: Becoming Follower/Learner. State: Replica: 5b37a6e44b9642d3aae761ba1e3ab81a, State: Initialized, Role: FOLLOWER
I20260709 12:56:30.678054  1241 consensus_queue.cc:260] T 5442907d2bf04b1aac303b6bb60f4f97 P 5b37a6e44b9642d3aae761ba1e3ab81a [NON_LEADER]: Queue going to NON_LEADER mode. State: All replicated index: 0, Majority replicated index: 0, Committed index: 0, Last appended: 0.0, Last appended by leader: 0, Current term: 0, Majority size: -1, State: 0, Mode: NON_LEADER, active raft config: opid_index: -1 OBSOLETE_local: false peers { permanent_uuid: "fe896013f6684f1ba3933e0ccc6dc697" member_type: VOTER last_known_addr { host: "127.0.107.193" port: 42151 } } peers { permanent_uuid: "5b37a6e44b9642d3aae761ba1e3ab81a" member_type: VOTER last_known_addr { host: "127.0.107.194" port: 33449 } } peers { permanent_uuid: "5578653d4d884a2c823c509114162652" member_type: VOTER last_known_addr { host: "127.0.107.195" port: 46167 } }
I20260709 12:56:30.680228  1242 tablet_bootstrap.cc:492] T c921f529caa548ffbd40f4e497c92ec6 P 5578653d4d884a2c823c509114162652: Bootstrap starting.
I20260709 12:56:30.684908  1241 ts_tablet_manager.cc:1434] T 5442907d2bf04b1aac303b6bb60f4f97 P 5b37a6e44b9642d3aae761ba1e3ab81a: Time spent starting tablet: real 0.014s	user 0.005s	sys 0.000s
I20260709 12:56:30.685648  1249 raft_consensus.cc:493] T c921f529caa548ffbd40f4e497c92ec6 P 5b37a6e44b9642d3aae761ba1e3ab81a [term 0 FOLLOWER]: Starting pre-election (no leader contacted us within the election timeout)
I20260709 12:56:30.685990  1241 tablet_bootstrap.cc:492] T 1a8b9ea7795b4170b812b66a3379ed1f P 5b37a6e44b9642d3aae761ba1e3ab81a: Bootstrap starting.
I20260709 12:56:30.686101  1249 raft_consensus.cc:515] T c921f529caa548ffbd40f4e497c92ec6 P 5b37a6e44b9642d3aae761ba1e3ab81a [term 0 FOLLOWER]: Starting pre-election with config: opid_index: -1 OBSOLETE_local: false peers { permanent_uuid: "fe896013f6684f1ba3933e0ccc6dc697" member_type: VOTER last_known_addr { host: "127.0.107.193" port: 42151 } } peers { permanent_uuid: "5b37a6e44b9642d3aae761ba1e3ab81a" member_type: VOTER last_known_addr { host: "127.0.107.194" port: 33449 } } peers { permanent_uuid: "5578653d4d884a2c823c509114162652" member_type: VOTER last_known_addr { host: "127.0.107.195" port: 46167 } }
I20260709 12:56:30.687976  1240 tablet_bootstrap.cc:654] T 5442907d2bf04b1aac303b6bb60f4f97 P fe896013f6684f1ba3933e0ccc6dc697: Neither blocks nor log segments found. Creating new log.
I20260709 12:56:30.688143  1249 leader_election.cc:290] T c921f529caa548ffbd40f4e497c92ec6 P 5b37a6e44b9642d3aae761ba1e3ab81a [CANDIDATE]: Term 1 pre-election: Requested pre-vote from peers fe896013f6684f1ba3933e0ccc6dc697 (127.0.107.193:42151), 5578653d4d884a2c823c509114162652 (127.0.107.195:46167)
I20260709 12:56:30.679035  1126 tablet_service.cc:1917] Received RequestConsensusVote() RPC: tablet_id: "f1944531c8de47b3b66ff489ec36fc58" candidate_uuid: "fe896013f6684f1ba3933e0ccc6dc697" candidate_term: 1 candidate_status { last_received { term: 0 index: 0 } } ignore_live_leader: false dest_uuid: "5b37a6e44b9642d3aae761ba1e3ab81a" is_pre_election: true
I20260709 12:56:30.690531  1126 raft_consensus.cc:2468] T f1944531c8de47b3b66ff489ec36fc58 P 5b37a6e44b9642d3aae761ba1e3ab81a [term 0 FOLLOWER]: Leader pre-election vote request: Granting yes vote for candidate fe896013f6684f1ba3933e0ccc6dc697 in term 0.
I20260709 12:56:30.672374  1246 leader_election.cc:290] T f1944531c8de47b3b66ff489ec36fc58 P fe896013f6684f1ba3933e0ccc6dc697 [CANDIDATE]: Term 1 pre-election: Requested pre-vote from peers 5b37a6e44b9642d3aae761ba1e3ab81a (127.0.107.194:33449), 5578653d4d884a2c823c509114162652 (127.0.107.195:46167)
I20260709 12:56:30.695874  1242 tablet_bootstrap.cc:654] T c921f529caa548ffbd40f4e497c92ec6 P 5578653d4d884a2c823c509114162652: Neither blocks nor log segments found. Creating new log.
I20260709 12:56:30.701622  1051 tablet_service.cc:1917] Received RequestConsensusVote() RPC: tablet_id: "31d73209b7cb4df7a0d4c5da8ec39afc" candidate_uuid: "5b37a6e44b9642d3aae761ba1e3ab81a" candidate_term: 1 candidate_status { last_received { term: 0 index: 0 } } ignore_live_leader: false dest_uuid: "fe896013f6684f1ba3933e0ccc6dc697" is_pre_election: true
I20260709 12:56:30.701790  1050 tablet_service.cc:1917] Received RequestConsensusVote() RPC: tablet_id: "f1944531c8de47b3b66ff489ec36fc58" candidate_uuid: "5b37a6e44b9642d3aae761ba1e3ab81a" candidate_term: 1 candidate_status { last_received { term: 0 index: 0 } } ignore_live_leader: false dest_uuid: "fe896013f6684f1ba3933e0ccc6dc697" is_pre_election: true
I20260709 12:56:30.702768  1051 raft_consensus.cc:2393] T 31d73209b7cb4df7a0d4c5da8ec39afc P fe896013f6684f1ba3933e0ccc6dc697 [term 1 FOLLOWER]: Leader pre-election vote request: Denying vote to candidate 5b37a6e44b9642d3aae761ba1e3ab81a in current term 1: Already voted for candidate fe896013f6684f1ba3933e0ccc6dc697 in this term.
I20260709 12:56:30.693552  1246 raft_consensus.cc:2804] T f1944531c8de47b3b66ff489ec36fc58 P fe896013f6684f1ba3933e0ccc6dc697 [term 0 FOLLOWER]: Leader pre-election won for term 1
I20260709 12:56:30.703332  1049 tablet_service.cc:1917] Received RequestConsensusVote() RPC: tablet_id: "c921f529caa548ffbd40f4e497c92ec6" candidate_uuid: "5b37a6e44b9642d3aae761ba1e3ab81a" candidate_term: 1 candidate_status { last_received { term: 0 index: 0 } } ignore_live_leader: false dest_uuid: "fe896013f6684f1ba3933e0ccc6dc697" is_pre_election: true
I20260709 12:56:30.706033  1126 tablet_service.cc:1917] Received RequestConsensusVote() RPC: tablet_id: "31d73209b7cb4df7a0d4c5da8ec39afc" candidate_uuid: "fe896013f6684f1ba3933e0ccc6dc697" candidate_term: 1 candidate_status { last_received { term: 0 index: 0 } } ignore_live_leader: false dest_uuid: "5b37a6e44b9642d3aae761ba1e3ab81a"
I20260709 12:56:30.706343  1049 raft_consensus.cc:2468] T c921f529caa548ffbd40f4e497c92ec6 P fe896013f6684f1ba3933e0ccc6dc697 [term 0 FOLLOWER]: Leader pre-election vote request: Granting yes vote for candidate 5b37a6e44b9642d3aae761ba1e3ab81a in term 0.
I20260709 12:56:30.706772  1126 raft_consensus.cc:3060] T 31d73209b7cb4df7a0d4c5da8ec39afc P 5b37a6e44b9642d3aae761ba1e3ab81a [term 0 FOLLOWER]: Advancing to term 1
I20260709 12:56:30.707104  1246 raft_consensus.cc:493] T f1944531c8de47b3b66ff489ec36fc58 P fe896013f6684f1ba3933e0ccc6dc697 [term 0 FOLLOWER]: Starting leader election (no leader contacted us within the election timeout)
I20260709 12:56:30.707520  1091 leader_election.cc:304] T c921f529caa548ffbd40f4e497c92ec6 P 5b37a6e44b9642d3aae761ba1e3ab81a [CANDIDATE]: Term 1 pre-election: Election decided. Result: candidate won. Election summary: received 2 responses out of 3 voters: 2 yes votes; 0 no votes. yes voters: 5b37a6e44b9642d3aae761ba1e3ab81a, fe896013f6684f1ba3933e0ccc6dc697; no voters: 
I20260709 12:56:30.708045  1250 leader_election.cc:290] T 31d73209b7cb4df7a0d4c5da8ec39afc P fe896013f6684f1ba3933e0ccc6dc697 [CANDIDATE]: Term 1 election: Requested vote from peers 5b37a6e44b9642d3aae761ba1e3ab81a (127.0.107.194:33449), 5578653d4d884a2c823c509114162652 (127.0.107.195:46167)
I20260709 12:56:30.707518  1246 raft_consensus.cc:3060] T f1944531c8de47b3b66ff489ec36fc58 P fe896013f6684f1ba3933e0ccc6dc697 [term 0 FOLLOWER]: Advancing to term 1
I20260709 12:56:30.709249  1200 tablet_service.cc:1917] Received RequestConsensusVote() RPC: tablet_id: "31d73209b7cb4df7a0d4c5da8ec39afc" candidate_uuid: "fe896013f6684f1ba3933e0ccc6dc697" candidate_term: 1 candidate_status { last_received { term: 0 index: 0 } } ignore_live_leader: false dest_uuid: "5578653d4d884a2c823c509114162652"
W20260709 12:56:30.710637  1014 leader_election.cc:343] T 31d73209b7cb4df7a0d4c5da8ec39afc P fe896013f6684f1ba3933e0ccc6dc697 [CANDIDATE]: Term 1 election: Tablet error from VoteRequest() call to peer 5578653d4d884a2c823c509114162652 (127.0.107.195:46167): Illegal state: must be running to vote when last-logged opid is not known
I20260709 12:56:30.711359  1199 tablet_service.cc:1917] Received RequestConsensusVote() RPC: tablet_id: "f1944531c8de47b3b66ff489ec36fc58" candidate_uuid: "5b37a6e44b9642d3aae761ba1e3ab81a" candidate_term: 1 candidate_status { last_received { term: 0 index: 0 } } ignore_live_leader: false dest_uuid: "5578653d4d884a2c823c509114162652" is_pre_election: true
I20260709 12:56:30.711964  1242 tablet_bootstrap.cc:492] T c921f529caa548ffbd40f4e497c92ec6 P 5578653d4d884a2c823c509114162652: No bootstrap required, opened a new log
I20260709 12:56:30.711997  1199 raft_consensus.cc:2468] T f1944531c8de47b3b66ff489ec36fc58 P 5578653d4d884a2c823c509114162652 [term 0 FOLLOWER]: Leader pre-election vote request: Granting yes vote for candidate 5b37a6e44b9642d3aae761ba1e3ab81a in term 0.
I20260709 12:56:30.712600  1242 ts_tablet_manager.cc:1403] T c921f529caa548ffbd40f4e497c92ec6 P 5578653d4d884a2c823c509114162652: Time spent bootstrapping tablet: real 0.033s	user 0.012s	sys 0.004s
I20260709 12:56:30.713330  1240 tablet_bootstrap.cc:492] T 5442907d2bf04b1aac303b6bb60f4f97 P fe896013f6684f1ba3933e0ccc6dc697: No bootstrap required, opened a new log
I20260709 12:56:30.713282  1198 tablet_service.cc:1917] Received RequestConsensusVote() RPC: tablet_id: "c921f529caa548ffbd40f4e497c92ec6" candidate_uuid: "5b37a6e44b9642d3aae761ba1e3ab81a" candidate_term: 1 candidate_status { last_received { term: 0 index: 0 } } ignore_live_leader: false dest_uuid: "5578653d4d884a2c823c509114162652" is_pre_election: true
I20260709 12:56:30.713826  1240 ts_tablet_manager.cc:1403] T 5442907d2bf04b1aac303b6bb60f4f97 P fe896013f6684f1ba3933e0ccc6dc697: Time spent bootstrapping tablet: real 0.097s	user 0.008s	sys 0.012s
I20260709 12:56:30.714707  1249 raft_consensus.cc:2804] T c921f529caa548ffbd40f4e497c92ec6 P 5b37a6e44b9642d3aae761ba1e3ab81a [term 0 FOLLOWER]: Leader pre-election won for term 1
I20260709 12:56:30.715080  1249 raft_consensus.cc:493] T c921f529caa548ffbd40f4e497c92ec6 P 5b37a6e44b9642d3aae761ba1e3ab81a [term 0 FOLLOWER]: Starting leader election (no leader contacted us within the election timeout)
I20260709 12:56:30.715447  1249 raft_consensus.cc:3060] T c921f529caa548ffbd40f4e497c92ec6 P 5b37a6e44b9642d3aae761ba1e3ab81a [term 0 FOLLOWER]: Advancing to term 1
I20260709 12:56:30.716099  1242 raft_consensus.cc:359] T c921f529caa548ffbd40f4e497c92ec6 P 5578653d4d884a2c823c509114162652 [term 0 FOLLOWER]: Replica starting. Triggering 0 pending ops. Active config: opid_index: -1 OBSOLETE_local: false peers { permanent_uuid: "fe896013f6684f1ba3933e0ccc6dc697" member_type: VOTER last_known_addr { host: "127.0.107.193" port: 42151 } } peers { permanent_uuid: "5b37a6e44b9642d3aae761ba1e3ab81a" member_type: VOTER last_known_addr { host: "127.0.107.194" port: 33449 } } peers { permanent_uuid: "5578653d4d884a2c823c509114162652" member_type: VOTER last_known_addr { host: "127.0.107.195" port: 46167 } }
I20260709 12:56:30.716415  1240 raft_consensus.cc:359] T 5442907d2bf04b1aac303b6bb60f4f97 P fe896013f6684f1ba3933e0ccc6dc697 [term 0 FOLLOWER]: Replica starting. Triggering 0 pending ops. Active config: opid_index: -1 OBSOLETE_local: false peers { permanent_uuid: "fe896013f6684f1ba3933e0ccc6dc697" member_type: VOTER last_known_addr { host: "127.0.107.193" port: 42151 } } peers { permanent_uuid: "5b37a6e44b9642d3aae761ba1e3ab81a" member_type: VOTER last_known_addr { host: "127.0.107.194" port: 33449 } } peers { permanent_uuid: "5578653d4d884a2c823c509114162652" member_type: VOTER last_known_addr { host: "127.0.107.195" port: 46167 } }
I20260709 12:56:30.716478  1246 raft_consensus.cc:515] T f1944531c8de47b3b66ff489ec36fc58 P fe896013f6684f1ba3933e0ccc6dc697 [term 1 FOLLOWER]: Starting leader election with config: opid_index: -1 OBSOLETE_local: false peers { permanent_uuid: "fe896013f6684f1ba3933e0ccc6dc697" member_type: VOTER last_known_addr { host: "127.0.107.193" port: 42151 } } peers { permanent_uuid: "5b37a6e44b9642d3aae761ba1e3ab81a" member_type: VOTER last_known_addr { host: "127.0.107.194" port: 33449 } } peers { permanent_uuid: "5578653d4d884a2c823c509114162652" member_type: VOTER last_known_addr { host: "127.0.107.195" port: 46167 } }
I20260709 12:56:30.717185  1240 raft_consensus.cc:385] T 5442907d2bf04b1aac303b6bb60f4f97 P fe896013f6684f1ba3933e0ccc6dc697 [term 0 FOLLOWER]: Consensus starting up: Expiring failure detector timer to make a prompt election more likely
I20260709 12:56:30.717243  1200 tablet_service.cc:1917] Received RequestConsensusVote() RPC: tablet_id: "31d73209b7cb4df7a0d4c5da8ec39afc" candidate_uuid: "5b37a6e44b9642d3aae761ba1e3ab81a" candidate_term: 1 candidate_status { last_received { term: 0 index: 0 } } ignore_live_leader: false dest_uuid: "5578653d4d884a2c823c509114162652" is_pre_election: true
I20260709 12:56:30.717557  1240 raft_consensus.cc:740] T 5442907d2bf04b1aac303b6bb60f4f97 P fe896013f6684f1ba3933e0ccc6dc697 [term 0 FOLLOWER]: Becoming Follower/Learner. State: Replica: fe896013f6684f1ba3933e0ccc6dc697, State: Initialized, Role: FOLLOWER
I20260709 12:56:30.718250  1240 consensus_queue.cc:260] T 5442907d2bf04b1aac303b6bb60f4f97 P fe896013f6684f1ba3933e0ccc6dc697 [NON_LEADER]: Queue going to NON_LEADER mode. State: All replicated index: 0, Majority replicated index: 0, Committed index: 0, Last appended: 0.0, Last appended by leader: 0, Current term: 0, Majority size: -1, State: 0, Mode: NON_LEADER, active raft config: opid_index: -1 OBSOLETE_local: false peers { permanent_uuid: "fe896013f6684f1ba3933e0ccc6dc697" member_type: VOTER last_known_addr { host: "127.0.107.193" port: 42151 } } peers { permanent_uuid: "5b37a6e44b9642d3aae761ba1e3ab81a" member_type: VOTER last_known_addr { host: "127.0.107.194" port: 33449 } } peers { permanent_uuid: "5578653d4d884a2c823c509114162652" member_type: VOTER last_known_addr { host: "127.0.107.195" port: 46167 } }
I20260709 12:56:30.719110  1089 leader_election.cc:304] T f1944531c8de47b3b66ff489ec36fc58 P 5b37a6e44b9642d3aae761ba1e3ab81a [CANDIDATE]: Term 1 pre-election: Election decided. Result: candidate won. Election summary: received 2 responses out of 3 voters: 2 yes votes; 0 no votes. yes voters: 5578653d4d884a2c823c509114162652, 5b37a6e44b9642d3aae761ba1e3ab81a; no voters: 
I20260709 12:56:30.719767  1246 leader_election.cc:290] T f1944531c8de47b3b66ff489ec36fc58 P fe896013f6684f1ba3933e0ccc6dc697 [CANDIDATE]: Term 1 election: Requested vote from peers 5b37a6e44b9642d3aae761ba1e3ab81a (127.0.107.194:33449), 5578653d4d884a2c823c509114162652 (127.0.107.195:46167)
I20260709 12:56:30.720233  1240 ts_tablet_manager.cc:1434] T 5442907d2bf04b1aac303b6bb60f4f97 P fe896013f6684f1ba3933e0ccc6dc697: Time spent starting tablet: real 0.006s	user 0.004s	sys 0.000s
I20260709 12:56:30.716811  1242 raft_consensus.cc:385] T c921f529caa548ffbd40f4e497c92ec6 P 5578653d4d884a2c823c509114162652 [term 0 FOLLOWER]: Consensus starting up: Expiring failure detector timer to make a prompt election more likely
I20260709 12:56:30.720504  1200 tablet_service.cc:1917] Received RequestConsensusVote() RPC: tablet_id: "f1944531c8de47b3b66ff489ec36fc58" candidate_uuid: "fe896013f6684f1ba3933e0ccc6dc697" candidate_term: 1 candidate_status { last_received { term: 0 index: 0 } } ignore_live_leader: false dest_uuid: "5578653d4d884a2c823c509114162652"
I20260709 12:56:30.720768  1050 raft_consensus.cc:2393] T f1944531c8de47b3b66ff489ec36fc58 P fe896013f6684f1ba3933e0ccc6dc697 [term 1 FOLLOWER]: Leader pre-election vote request: Denying vote to candidate 5b37a6e44b9642d3aae761ba1e3ab81a in current term 1: Already voted for candidate fe896013f6684f1ba3933e0ccc6dc697 in this term.
I20260709 12:56:30.720898  1242 raft_consensus.cc:740] T c921f529caa548ffbd40f4e497c92ec6 P 5578653d4d884a2c823c509114162652 [term 0 FOLLOWER]: Becoming Follower/Learner. State: Replica: 5578653d4d884a2c823c509114162652, State: Initialized, Role: FOLLOWER
I20260709 12:56:30.721145  1200 raft_consensus.cc:3060] T f1944531c8de47b3b66ff489ec36fc58 P 5578653d4d884a2c823c509114162652 [term 0 FOLLOWER]: Advancing to term 1
I20260709 12:56:30.721771  1242 consensus_queue.cc:260] T c921f529caa548ffbd40f4e497c92ec6 P 5578653d4d884a2c823c509114162652 [NON_LEADER]: Queue going to NON_LEADER mode. State: All replicated index: 0, Majority replicated index: 0, Committed index: 0, Last appended: 0.0, Last appended by leader: 0, Current term: 0, Majority size: -1, State: 0, Mode: NON_LEADER, active raft config: opid_index: -1 OBSOLETE_local: false peers { permanent_uuid: "fe896013f6684f1ba3933e0ccc6dc697" member_type: VOTER last_known_addr { host: "127.0.107.193" port: 42151 } } peers { permanent_uuid: "5b37a6e44b9642d3aae761ba1e3ab81a" member_type: VOTER last_known_addr { host: "127.0.107.194" port: 33449 } } peers { permanent_uuid: "5578653d4d884a2c823c509114162652" member_type: VOTER last_known_addr { host: "127.0.107.195" port: 46167 } }
I20260709 12:56:30.724000  1242 ts_tablet_manager.cc:1434] T c921f529caa548ffbd40f4e497c92ec6 P 5578653d4d884a2c823c509114162652: Time spent starting tablet: real 0.011s	user 0.003s	sys 0.001s
I20260709 12:56:30.724941  1242 tablet_bootstrap.cc:492] T 5dd09af3f24f4b02802550889053be54 P 5578653d4d884a2c823c509114162652: Bootstrap starting.
I20260709 12:56:30.728116  1125 tablet_service.cc:1917] Received RequestConsensusVote() RPC: tablet_id: "f1944531c8de47b3b66ff489ec36fc58" candidate_uuid: "fe896013f6684f1ba3933e0ccc6dc697" candidate_term: 1 candidate_status { last_received { term: 0 index: 0 } } ignore_live_leader: false dest_uuid: "5b37a6e44b9642d3aae761ba1e3ab81a"
I20260709 12:56:30.728768  1125 raft_consensus.cc:3060] T f1944531c8de47b3b66ff489ec36fc58 P 5b37a6e44b9642d3aae761ba1e3ab81a [term 0 FOLLOWER]: Advancing to term 1
I20260709 12:56:30.728700   948 catalog_manager.cc:5697] T bc5c594ddbf54bebb5a827a1b97fbee6 P fe896013f6684f1ba3933e0ccc6dc697 reported cstate change: term changed from 0 to 1, leader changed from <none> to fe896013f6684f1ba3933e0ccc6dc697 (127.0.107.193). New cstate: current_term: 1 leader_uuid: "fe896013f6684f1ba3933e0ccc6dc697" committed_config { opid_index: -1 OBSOLETE_local: false peers { permanent_uuid: "fe896013f6684f1ba3933e0ccc6dc697" member_type: VOTER last_known_addr { host: "127.0.107.193" port: 42151 } health_report { overall_health: HEALTHY } } peers { permanent_uuid: "5b37a6e44b9642d3aae761ba1e3ab81a" member_type: VOTER last_known_addr { host: "127.0.107.194" port: 33449 } health_report { overall_health: UNKNOWN } } peers { permanent_uuid: "5578653d4d884a2c823c509114162652" member_type: VOTER last_known_addr { host: "127.0.107.195" port: 46167 } health_report { overall_health: UNKNOWN } } }
I20260709 12:56:30.731391  1242 tablet_bootstrap.cc:654] T 5dd09af3f24f4b02802550889053be54 P 5578653d4d884a2c823c509114162652: Neither blocks nor log segments found. Creating new log.
I20260709 12:56:30.736446  1247 raft_consensus.cc:493] T 670b2d16e8a0483fb5c210a477dba54d P 5578653d4d884a2c823c509114162652 [term 0 FOLLOWER]: Starting pre-election (no leader contacted us within the election timeout)
I20260709 12:56:30.736961  1247 raft_consensus.cc:515] T 670b2d16e8a0483fb5c210a477dba54d P 5578653d4d884a2c823c509114162652 [term 0 FOLLOWER]: Starting pre-election with config: opid_index: -1 OBSOLETE_local: false peers { permanent_uuid: "fe896013f6684f1ba3933e0ccc6dc697" member_type: VOTER last_known_addr { host: "127.0.107.193" port: 42151 } } peers { permanent_uuid: "5b37a6e44b9642d3aae761ba1e3ab81a" member_type: VOTER last_known_addr { host: "127.0.107.194" port: 33449 } } peers { permanent_uuid: "5578653d4d884a2c823c509114162652" member_type: VOTER last_known_addr { host: "127.0.107.195" port: 46167 } }
W20260709 12:56:30.741802  1089 leader_election.cc:343] T c921f529caa548ffbd40f4e497c92ec6 P 5b37a6e44b9642d3aae761ba1e3ab81a [CANDIDATE]: Term 1 pre-election: Tablet error from VoteRequest() call to peer 5578653d4d884a2c823c509114162652 (127.0.107.195:46167): Illegal state: must be running to vote when last-logged opid is not known
W20260709 12:56:30.742820  1089 leader_election.cc:343] T 31d73209b7cb4df7a0d4c5da8ec39afc P 5b37a6e44b9642d3aae761ba1e3ab81a [CANDIDATE]: Term 1 pre-election: Tablet error from VoteRequest() call to peer 5578653d4d884a2c823c509114162652 (127.0.107.195:46167): Illegal state: must be running to vote when last-logged opid is not known
I20260709 12:56:30.743244  1089 leader_election.cc:304] T 31d73209b7cb4df7a0d4c5da8ec39afc P 5b37a6e44b9642d3aae761ba1e3ab81a [CANDIDATE]: Term 1 pre-election: Election decided. Result: candidate lost. Election summary: received 3 responses out of 3 voters: 1 yes votes; 2 no votes. yes voters: 5b37a6e44b9642d3aae761ba1e3ab81a; no voters: 5578653d4d884a2c823c509114162652, fe896013f6684f1ba3933e0ccc6dc697
I20260709 12:56:30.744300  1242 tablet_bootstrap.cc:492] T 5dd09af3f24f4b02802550889053be54 P 5578653d4d884a2c823c509114162652: No bootstrap required, opened a new log
I20260709 12:56:30.744822  1242 ts_tablet_manager.cc:1403] T 5dd09af3f24f4b02802550889053be54 P 5578653d4d884a2c823c509114162652: Time spent bootstrapping tablet: real 0.020s	user 0.015s	sys 0.003s
I20260709 12:56:30.746562  1247 leader_election.cc:290] T 670b2d16e8a0483fb5c210a477dba54d P 5578653d4d884a2c823c509114162652 [CANDIDATE]: Term 1 pre-election: Requested pre-vote from peers fe896013f6684f1ba3933e0ccc6dc697 (127.0.107.193:42151), 5b37a6e44b9642d3aae761ba1e3ab81a (127.0.107.194:33449)
I20260709 12:56:30.747695  1125 raft_consensus.cc:2468] T f1944531c8de47b3b66ff489ec36fc58 P 5b37a6e44b9642d3aae761ba1e3ab81a [term 1 FOLLOWER]: Leader election vote request: Granting yes vote for candidate fe896013f6684f1ba3933e0ccc6dc697 in term 1.
I20260709 12:56:30.747895  1242 raft_consensus.cc:359] T 5dd09af3f24f4b02802550889053be54 P 5578653d4d884a2c823c509114162652 [term 0 FOLLOWER]: Replica starting. Triggering 0 pending ops. Active config: opid_index: -1 OBSOLETE_local: false peers { permanent_uuid: "fe896013f6684f1ba3933e0ccc6dc697" member_type: VOTER last_known_addr { host: "127.0.107.193" port: 42151 } } peers { permanent_uuid: "5b37a6e44b9642d3aae761ba1e3ab81a" member_type: VOTER last_known_addr { host: "127.0.107.194" port: 33449 } } peers { permanent_uuid: "5578653d4d884a2c823c509114162652" member_type: VOTER last_known_addr { host: "127.0.107.195" port: 46167 } }
I20260709 12:56:30.748718  1242 raft_consensus.cc:385] T 5dd09af3f24f4b02802550889053be54 P 5578653d4d884a2c823c509114162652 [term 0 FOLLOWER]: Consensus starting up: Expiring failure detector timer to make a prompt election more likely
I20260709 12:56:30.748968  1017 leader_election.cc:304] T f1944531c8de47b3b66ff489ec36fc58 P fe896013f6684f1ba3933e0ccc6dc697 [CANDIDATE]: Term 1 election: Election decided. Result: candidate won. Election summary: received 2 responses out of 3 voters: 2 yes votes; 0 no votes. yes voters: 5b37a6e44b9642d3aae761ba1e3ab81a, fe896013f6684f1ba3933e0ccc6dc697; no voters: 
I20260709 12:56:30.749089  1242 raft_consensus.cc:740] T 5dd09af3f24f4b02802550889053be54 P 5578653d4d884a2c823c509114162652 [term 0 FOLLOWER]: Becoming Follower/Learner. State: Replica: 5578653d4d884a2c823c509114162652, State: Initialized, Role: FOLLOWER
I20260709 12:56:30.749825  1250 raft_consensus.cc:2804] T f1944531c8de47b3b66ff489ec36fc58 P fe896013f6684f1ba3933e0ccc6dc697 [term 1 FOLLOWER]: Leader election won for term 1
I20260709 12:56:30.750389  1250 raft_consensus.cc:697] T f1944531c8de47b3b66ff489ec36fc58 P fe896013f6684f1ba3933e0ccc6dc697 [term 1 LEADER]: Becoming Leader. State: Replica: fe896013f6684f1ba3933e0ccc6dc697, State: Running, Role: LEADER
I20260709 12:56:30.750226  1242 consensus_queue.cc:260] T 5dd09af3f24f4b02802550889053be54 P 5578653d4d884a2c823c509114162652 [NON_LEADER]: Queue going to NON_LEADER mode. State: All replicated index: 0, Majority replicated index: 0, Committed index: 0, Last appended: 0.0, Last appended by leader: 0, Current term: 0, Majority size: -1, State: 0, Mode: NON_LEADER, active raft config: opid_index: -1 OBSOLETE_local: false peers { permanent_uuid: "fe896013f6684f1ba3933e0ccc6dc697" member_type: VOTER last_known_addr { host: "127.0.107.193" port: 42151 } } peers { permanent_uuid: "5b37a6e44b9642d3aae761ba1e3ab81a" member_type: VOTER last_known_addr { host: "127.0.107.194" port: 33449 } } peers { permanent_uuid: "5578653d4d884a2c823c509114162652" member_type: VOTER last_known_addr { host: "127.0.107.195" port: 46167 } }
I20260709 12:56:30.751073  1249 raft_consensus.cc:515] T c921f529caa548ffbd40f4e497c92ec6 P 5b37a6e44b9642d3aae761ba1e3ab81a [term 1 FOLLOWER]: Starting leader election with config: opid_index: -1 OBSOLETE_local: false peers { permanent_uuid: "fe896013f6684f1ba3933e0ccc6dc697" member_type: VOTER last_known_addr { host: "127.0.107.193" port: 42151 } } peers { permanent_uuid: "5b37a6e44b9642d3aae761ba1e3ab81a" member_type: VOTER last_known_addr { host: "127.0.107.194" port: 33449 } } peers { permanent_uuid: "5578653d4d884a2c823c509114162652" member_type: VOTER last_known_addr { host: "127.0.107.195" port: 46167 } }
I20260709 12:56:30.751418  1250 consensus_queue.cc:237] T f1944531c8de47b3b66ff489ec36fc58 P fe896013f6684f1ba3933e0ccc6dc697 [LEADER]: Queue going to LEADER mode. State: All replicated index: 0, Majority replicated index: 0, Committed index: 0, Last appended: 0.0, Last appended by leader: 0, Current term: 1, Majority size: 2, State: 0, Mode: LEADER, active raft config: opid_index: -1 OBSOLETE_local: false peers { permanent_uuid: "fe896013f6684f1ba3933e0ccc6dc697" member_type: VOTER last_known_addr { host: "127.0.107.193" port: 42151 } } peers { permanent_uuid: "5b37a6e44b9642d3aae761ba1e3ab81a" member_type: VOTER last_known_addr { host: "127.0.107.194" port: 33449 } } peers { permanent_uuid: "5578653d4d884a2c823c509114162652" member_type: VOTER last_known_addr { host: "127.0.107.195" port: 46167 } }
I20260709 12:56:30.749118  1280 raft_consensus.cc:2764] T f1944531c8de47b3b66ff489ec36fc58 P 5b37a6e44b9642d3aae761ba1e3ab81a [term 1 FOLLOWER]: Leader pre-election decision vote started in defunct term 0: won
I20260709 12:56:30.752770  1242 ts_tablet_manager.cc:1434] T 5dd09af3f24f4b02802550889053be54 P 5578653d4d884a2c823c509114162652: Time spent starting tablet: real 0.008s	user 0.003s	sys 0.003s
I20260709 12:56:30.761479  1242 tablet_bootstrap.cc:492] T 31d73209b7cb4df7a0d4c5da8ec39afc P 5578653d4d884a2c823c509114162652: Bootstrap starting.
I20260709 12:56:30.767917  1247 raft_consensus.cc:493] T 5dd09af3f24f4b02802550889053be54 P 5578653d4d884a2c823c509114162652 [term 0 FOLLOWER]: Starting pre-election (no leader contacted us within the election timeout)
I20260709 12:56:30.768455  1247 raft_consensus.cc:515] T 5dd09af3f24f4b02802550889053be54 P 5578653d4d884a2c823c509114162652 [term 0 FOLLOWER]: Starting pre-election with config: opid_index: -1 OBSOLETE_local: false peers { permanent_uuid: "fe896013f6684f1ba3933e0ccc6dc697" member_type: VOTER last_known_addr { host: "127.0.107.193" port: 42151 } } peers { permanent_uuid: "5b37a6e44b9642d3aae761ba1e3ab81a" member_type: VOTER last_known_addr { host: "127.0.107.194" port: 33449 } } peers { permanent_uuid: "5578653d4d884a2c823c509114162652" member_type: VOTER last_known_addr { host: "127.0.107.195" port: 46167 } }
I20260709 12:56:30.769358  1124 tablet_service.cc:1917] Received RequestConsensusVote() RPC: tablet_id: "670b2d16e8a0483fb5c210a477dba54d" candidate_uuid: "5578653d4d884a2c823c509114162652" candidate_term: 1 candidate_status { last_received { term: 0 index: 0 } } ignore_live_leader: false dest_uuid: "5b37a6e44b9642d3aae761ba1e3ab81a" is_pre_election: true
I20260709 12:56:30.770049  1124 raft_consensus.cc:2468] T 670b2d16e8a0483fb5c210a477dba54d P 5b37a6e44b9642d3aae761ba1e3ab81a [term 0 FOLLOWER]: Leader pre-election vote request: Granting yes vote for candidate 5578653d4d884a2c823c509114162652 in term 0.
I20260709 12:56:30.754249  1126 raft_consensus.cc:2468] T 31d73209b7cb4df7a0d4c5da8ec39afc P 5b37a6e44b9642d3aae761ba1e3ab81a [term 1 FOLLOWER]: Leader election vote request: Granting yes vote for candidate fe896013f6684f1ba3933e0ccc6dc697 in term 1.
I20260709 12:56:30.770843  1247 leader_election.cc:290] T 5dd09af3f24f4b02802550889053be54 P 5578653d4d884a2c823c509114162652 [CANDIDATE]: Term 1 pre-election: Requested pre-vote from peers fe896013f6684f1ba3933e0ccc6dc697 (127.0.107.193:42151), 5b37a6e44b9642d3aae761ba1e3ab81a (127.0.107.194:33449)
I20260709 12:56:30.773258  1017 leader_election.cc:304] T 31d73209b7cb4df7a0d4c5da8ec39afc P fe896013f6684f1ba3933e0ccc6dc697 [CANDIDATE]: Term 1 election: Election decided. Result: candidate won. Election summary: received 3 responses out of 3 voters: 2 yes votes; 1 no votes. yes voters: 5b37a6e44b9642d3aae761ba1e3ab81a, fe896013f6684f1ba3933e0ccc6dc697; no voters: 5578653d4d884a2c823c509114162652
I20260709 12:56:30.773437  1124 tablet_service.cc:1917] Received RequestConsensusVote() RPC: tablet_id: "5dd09af3f24f4b02802550889053be54" candidate_uuid: "5578653d4d884a2c823c509114162652" candidate_term: 1 candidate_status { last_received { term: 0 index: 0 } } ignore_live_leader: false dest_uuid: "5b37a6e44b9642d3aae761ba1e3ab81a" is_pre_election: true
I20260709 12:56:30.774025  1242 tablet_bootstrap.cc:654] T 31d73209b7cb4df7a0d4c5da8ec39afc P 5578653d4d884a2c823c509114162652: Neither blocks nor log segments found. Creating new log.
I20260709 12:56:30.774441  1246 raft_consensus.cc:2804] T 31d73209b7cb4df7a0d4c5da8ec39afc P fe896013f6684f1ba3933e0ccc6dc697 [term 1 FOLLOWER]: Leader election won for term 1
I20260709 12:56:30.774925  1246 raft_consensus.cc:697] T 31d73209b7cb4df7a0d4c5da8ec39afc P fe896013f6684f1ba3933e0ccc6dc697 [term 1 LEADER]: Becoming Leader. State: Replica: fe896013f6684f1ba3933e0ccc6dc697, State: Running, Role: LEADER
I20260709 12:56:30.775243  1166 leader_election.cc:304] T 670b2d16e8a0483fb5c210a477dba54d P 5578653d4d884a2c823c509114162652 [CANDIDATE]: Term 1 pre-election: Election decided. Result: candidate won. Election summary: received 2 responses out of 3 voters: 2 yes votes; 0 no votes. yes voters: 5578653d4d884a2c823c509114162652, 5b37a6e44b9642d3aae761ba1e3ab81a; no voters: 
I20260709 12:56:30.775774  1246 consensus_queue.cc:237] T 31d73209b7cb4df7a0d4c5da8ec39afc P fe896013f6684f1ba3933e0ccc6dc697 [LEADER]: Queue going to LEADER mode. State: All replicated index: 0, Majority replicated index: 0, Committed index: 0, Last appended: 0.0, Last appended by leader: 0, Current term: 1, Majority size: 2, State: 0, Mode: LEADER, active raft config: opid_index: -1 OBSOLETE_local: false peers { permanent_uuid: "fe896013f6684f1ba3933e0ccc6dc697" member_type: VOTER last_known_addr { host: "127.0.107.193" port: 42151 } } peers { permanent_uuid: "5b37a6e44b9642d3aae761ba1e3ab81a" member_type: VOTER last_known_addr { host: "127.0.107.194" port: 33449 } } peers { permanent_uuid: "5578653d4d884a2c823c509114162652" member_type: VOTER last_known_addr { host: "127.0.107.195" port: 46167 } }
W20260709 12:56:30.776247  1166 leader_election.cc:343] T 5dd09af3f24f4b02802550889053be54 P 5578653d4d884a2c823c509114162652 [CANDIDATE]: Term 1 pre-election: Tablet error from VoteRequest() call to peer 5b37a6e44b9642d3aae761ba1e3ab81a (127.0.107.194:33449): Illegal state: must be running to vote when last-logged opid is not known
I20260709 12:56:30.777081  1247 raft_consensus.cc:2804] T 670b2d16e8a0483fb5c210a477dba54d P 5578653d4d884a2c823c509114162652 [term 0 FOLLOWER]: Leader pre-election won for term 1
I20260709 12:56:30.777595  1247 raft_consensus.cc:493] T 670b2d16e8a0483fb5c210a477dba54d P 5578653d4d884a2c823c509114162652 [term 0 FOLLOWER]: Starting leader election (no leader contacted us within the election timeout)
I20260709 12:56:30.777942  1247 raft_consensus.cc:3060] T 670b2d16e8a0483fb5c210a477dba54d P 5578653d4d884a2c823c509114162652 [term 0 FOLLOWER]: Advancing to term 1
I20260709 12:56:30.770987  1249 leader_election.cc:290] T c921f529caa548ffbd40f4e497c92ec6 P 5b37a6e44b9642d3aae761ba1e3ab81a [CANDIDATE]: Term 1 election: Requested vote from peers fe896013f6684f1ba3933e0ccc6dc697 (127.0.107.193:42151), 5578653d4d884a2c823c509114162652 (127.0.107.195:46167)
I20260709 12:56:30.771932  1050 tablet_service.cc:1917] Received RequestConsensusVote() RPC: tablet_id: "c921f529caa548ffbd40f4e497c92ec6" candidate_uuid: "5b37a6e44b9642d3aae761ba1e3ab81a" candidate_term: 1 candidate_status { last_received { term: 0 index: 0 } } ignore_live_leader: false dest_uuid: "fe896013f6684f1ba3933e0ccc6dc697"
I20260709 12:56:30.780141  1050 raft_consensus.cc:3060] T c921f529caa548ffbd40f4e497c92ec6 P fe896013f6684f1ba3933e0ccc6dc697 [term 0 FOLLOWER]: Advancing to term 1
I20260709 12:56:30.759204  1241 tablet_bootstrap.cc:654] T 1a8b9ea7795b4170b812b66a3379ed1f P 5b37a6e44b9642d3aae761ba1e3ab81a: Neither blocks nor log segments found. Creating new log.
I20260709 12:56:30.772562  1280 raft_consensus.cc:2749] T 31d73209b7cb4df7a0d4c5da8ec39afc P 5b37a6e44b9642d3aae761ba1e3ab81a [term 1 FOLLOWER]: Leader pre-election lost for term 1. Reason: could not achieve majority
I20260709 12:56:30.788101  1198 raft_consensus.cc:3060] T eb9cb594846c400ead45783b786a9a0c P 5578653d4d884a2c823c509114162652 [term 0 FOLLOWER]: Advancing to term 1
I20260709 12:56:30.788566   948 catalog_manager.cc:5697] T f1944531c8de47b3b66ff489ec36fc58 P fe896013f6684f1ba3933e0ccc6dc697 reported cstate change: term changed from 0 to 1, leader changed from <none> to fe896013f6684f1ba3933e0ccc6dc697 (127.0.107.193). New cstate: current_term: 1 leader_uuid: "fe896013f6684f1ba3933e0ccc6dc697" committed_config { opid_index: -1 OBSOLETE_local: false peers { permanent_uuid: "fe896013f6684f1ba3933e0ccc6dc697" member_type: VOTER last_known_addr { host: "127.0.107.193" port: 42151 } health_report { overall_health: HEALTHY } } peers { permanent_uuid: "5b37a6e44b9642d3aae761ba1e3ab81a" member_type: VOTER last_known_addr { host: "127.0.107.194" port: 33449 } health_report { overall_health: UNKNOWN } } peers { permanent_uuid: "5578653d4d884a2c823c509114162652" member_type: VOTER last_known_addr { host: "127.0.107.195" port: 46167 } health_report { overall_health: UNKNOWN } } }
I20260709 12:56:30.756987  1200 raft_consensus.cc:2468] T f1944531c8de47b3b66ff489ec36fc58 P 5578653d4d884a2c823c509114162652 [term 1 FOLLOWER]: Leader election vote request: Granting yes vote for candidate fe896013f6684f1ba3933e0ccc6dc697 in term 1.
W20260709 12:56:30.800530  1089 outbound_call.cc:321] RPC callback for RPC call kudu.consensus.ConsensusService.RequestConsensusVote -> {remote=127.0.107.195:46167, user_credentials={real_user=slave}} blocked reactor thread for 57712.4us
I20260709 12:56:30.800987  1242 tablet_bootstrap.cc:492] T 31d73209b7cb4df7a0d4c5da8ec39afc P 5578653d4d884a2c823c509114162652: No bootstrap required, opened a new log
I20260709 12:56:30.801554  1242 ts_tablet_manager.cc:1403] T 31d73209b7cb4df7a0d4c5da8ec39afc P 5578653d4d884a2c823c509114162652: Time spent bootstrapping tablet: real 0.040s	user 0.025s	sys 0.009s
I20260709 12:56:30.802331  1200 tablet_service.cc:1917] Received RequestConsensusVote() RPC: tablet_id: "c921f529caa548ffbd40f4e497c92ec6" candidate_uuid: "5b37a6e44b9642d3aae761ba1e3ab81a" candidate_term: 1 candidate_status { last_received { term: 0 index: 0 } } ignore_live_leader: false dest_uuid: "5578653d4d884a2c823c509114162652"
I20260709 12:56:30.802906  1200 raft_consensus.cc:3060] T c921f529caa548ffbd40f4e497c92ec6 P 5578653d4d884a2c823c509114162652 [term 0 FOLLOWER]: Advancing to term 1
I20260709 12:56:30.804239  1242 raft_consensus.cc:359] T 31d73209b7cb4df7a0d4c5da8ec39afc P 5578653d4d884a2c823c509114162652 [term 0 FOLLOWER]: Replica starting. Triggering 0 pending ops. Active config: opid_index: -1 OBSOLETE_local: false peers { permanent_uuid: "fe896013f6684f1ba3933e0ccc6dc697" member_type: VOTER last_known_addr { host: "127.0.107.193" port: 42151 } } peers { permanent_uuid: "5b37a6e44b9642d3aae761ba1e3ab81a" member_type: VOTER last_known_addr { host: "127.0.107.194" port: 33449 } } peers { permanent_uuid: "5578653d4d884a2c823c509114162652" member_type: VOTER last_known_addr { host: "127.0.107.195" port: 46167 } }
I20260709 12:56:30.805012  1242 raft_consensus.cc:385] T 31d73209b7cb4df7a0d4c5da8ec39afc P 5578653d4d884a2c823c509114162652 [term 0 FOLLOWER]: Consensus starting up: Expiring failure detector timer to make a prompt election more likely
I20260709 12:56:30.805333  1242 raft_consensus.cc:740] T 31d73209b7cb4df7a0d4c5da8ec39afc P 5578653d4d884a2c823c509114162652 [term 0 FOLLOWER]: Becoming Follower/Learner. State: Replica: 5578653d4d884a2c823c509114162652, State: Initialized, Role: FOLLOWER
I20260709 12:56:30.806135  1242 consensus_queue.cc:260] T 31d73209b7cb4df7a0d4c5da8ec39afc P 5578653d4d884a2c823c509114162652 [NON_LEADER]: Queue going to NON_LEADER mode. State: All replicated index: 0, Majority replicated index: 0, Committed index: 0, Last appended: 0.0, Last appended by leader: 0, Current term: 0, Majority size: -1, State: 0, Mode: NON_LEADER, active raft config: opid_index: -1 OBSOLETE_local: false peers { permanent_uuid: "fe896013f6684f1ba3933e0ccc6dc697" member_type: VOTER last_known_addr { host: "127.0.107.193" port: 42151 } } peers { permanent_uuid: "5b37a6e44b9642d3aae761ba1e3ab81a" member_type: VOTER last_known_addr { host: "127.0.107.194" port: 33449 } } peers { permanent_uuid: "5578653d4d884a2c823c509114162652" member_type: VOTER last_known_addr { host: "127.0.107.195" port: 46167 } }
I20260709 12:56:30.810750  1284 raft_consensus.cc:493] T 5442907d2bf04b1aac303b6bb60f4f97 P 5b37a6e44b9642d3aae761ba1e3ab81a [term 0 FOLLOWER]: Starting pre-election (no leader contacted us within the election timeout)
I20260709 12:56:30.811087  1284 raft_consensus.cc:515] T 5442907d2bf04b1aac303b6bb60f4f97 P 5b37a6e44b9642d3aae761ba1e3ab81a [term 0 FOLLOWER]: Starting pre-election with config: opid_index: -1 OBSOLETE_local: false peers { permanent_uuid: "fe896013f6684f1ba3933e0ccc6dc697" member_type: VOTER last_known_addr { host: "127.0.107.193" port: 42151 } } peers { permanent_uuid: "5b37a6e44b9642d3aae761ba1e3ab81a" member_type: VOTER last_known_addr { host: "127.0.107.194" port: 33449 } } peers { permanent_uuid: "5578653d4d884a2c823c509114162652" member_type: VOTER last_known_addr { host: "127.0.107.195" port: 46167 } }
I20260709 12:56:30.811738  1246 raft_consensus.cc:493] T 670b2d16e8a0483fb5c210a477dba54d P fe896013f6684f1ba3933e0ccc6dc697 [term 0 FOLLOWER]: Starting pre-election (no leader contacted us within the election timeout)
I20260709 12:56:30.813012  1284 leader_election.cc:290] T 5442907d2bf04b1aac303b6bb60f4f97 P 5b37a6e44b9642d3aae761ba1e3ab81a [CANDIDATE]: Term 1 pre-election: Requested pre-vote from peers fe896013f6684f1ba3933e0ccc6dc697 (127.0.107.193:42151), 5578653d4d884a2c823c509114162652 (127.0.107.195:46167)
I20260709 12:56:30.813692  1049 tablet_service.cc:1917] Received RequestConsensusVote() RPC: tablet_id: "5442907d2bf04b1aac303b6bb60f4f97" candidate_uuid: "5b37a6e44b9642d3aae761ba1e3ab81a" candidate_term: 1 candidate_status { last_received { term: 0 index: 0 } } ignore_live_leader: false dest_uuid: "fe896013f6684f1ba3933e0ccc6dc697" is_pre_election: true
I20260709 12:56:30.813961  1250 consensus_queue.cc:1048] T eb9cb594846c400ead45783b786a9a0c P fe896013f6684f1ba3933e0ccc6dc697 [LEADER]: Connected to new peer: Peer: permanent_uuid: "5578653d4d884a2c823c509114162652" member_type: VOTER last_known_addr { host: "127.0.107.195" port: 46167 }, Status: LMP_MISMATCH, Last received: 0.0, Next index: 1, Last known committed idx: 0, Time since last communication: 0.001s
I20260709 12:56:30.814324  1049 raft_consensus.cc:2468] T 5442907d2bf04b1aac303b6bb60f4f97 P fe896013f6684f1ba3933e0ccc6dc697 [term 0 FOLLOWER]: Leader pre-election vote request: Granting yes vote for candidate 5b37a6e44b9642d3aae761ba1e3ab81a in term 0.
I20260709 12:56:30.816459  1091 leader_election.cc:304] T 5442907d2bf04b1aac303b6bb60f4f97 P 5b37a6e44b9642d3aae761ba1e3ab81a [CANDIDATE]: Term 1 pre-election: Election decided. Result: candidate won. Election summary: received 2 responses out of 3 voters: 2 yes votes; 0 no votes. yes voters: 5b37a6e44b9642d3aae761ba1e3ab81a, fe896013f6684f1ba3933e0ccc6dc697; no voters: 
