I20260709 13:16:37.902215  8270 raft_consensus.cc:359] T cac4c3d50133401a970e581ca61c086f P dc8d57dafd0448c2a0c83e161361fe34 [term 0 FOLLOWER]: Replica starting. Triggering 0 pending ops. Active config: opid_index: -1 OBSOLETE_local: false peers { permanent_uuid: "dc8d57dafd0448c2a0c83e161361fe34" member_type: VOTER last_known_addr { host: "127.6.200.129" port: 43645 } } peers { permanent_uuid: "0cc8904ce69b417bbd6184bedd56ca90" member_type: VOTER last_known_addr { host: "127.6.200.130" port: 46265 } } peers { permanent_uuid: "9cbf5957cb6e4c1bb15dc393d8972dc4" member_type: VOTER last_known_addr { host: "127.6.200.131" port: 41071 } }
I20260709 13:16:37.902902  8270 raft_consensus.cc:385] T cac4c3d50133401a970e581ca61c086f P dc8d57dafd0448c2a0c83e161361fe34 [term 0 FOLLOWER]: Consensus starting up: Expiring failure detector timer to make a prompt election more likely
I20260709 13:16:37.903179  8270 raft_consensus.cc:740] T cac4c3d50133401a970e581ca61c086f P dc8d57dafd0448c2a0c83e161361fe34 [term 0 FOLLOWER]: Becoming Follower/Learner. State: Replica: dc8d57dafd0448c2a0c83e161361fe34, State: Initialized, Role: FOLLOWER
I20260709 13:16:37.903834  8270 consensus_queue.cc:260] T cac4c3d50133401a970e581ca61c086f P dc8d57dafd0448c2a0c83e161361fe34 [NON_LEADER]: Queue going to NON_LEADER mode. State: All replicated index: 0, Majority replicated index: 0, Committed index: 0, Last appended: 0.0, Last appended by leader: 0, Current term: 0, Majority size: -1, State: 0, Mode: NON_LEADER, active raft config: opid_index: -1 OBSOLETE_local: false peers { permanent_uuid: "dc8d57dafd0448c2a0c83e161361fe34" member_type: VOTER last_known_addr { host: "127.6.200.129" port: 43645 } } peers { permanent_uuid: "0cc8904ce69b417bbd6184bedd56ca90" member_type: VOTER last_known_addr { host: "127.6.200.130" port: 46265 } } peers { permanent_uuid: "9cbf5957cb6e4c1bb15dc393d8972dc4" member_type: VOTER last_known_addr { host: "127.6.200.131" port: 41071 } }
I20260709 13:16:37.905946  8270 ts_tablet_manager.cc:1434] T cac4c3d50133401a970e581ca61c086f P dc8d57dafd0448c2a0c83e161361fe34: Time spent starting tablet: real 0.019s	user 0.008s	sys 0.000s
I20260709 13:16:37.906818  8270 tablet_bootstrap.cc:492] T 990ea1023b9a4537b64f06e586e1ec28 P dc8d57dafd0448c2a0c83e161361fe34: Bootstrap starting.
I20260709 13:16:37.916538  8271 tablet_bootstrap.cc:654] T 08884e3b668b49628b145689cee1dbe0 P 0cc8904ce69b417bbd6184bedd56ca90: Neither blocks nor log segments found. Creating new log.
I20260709 13:16:37.920089  8154 raft_consensus.cc:2468] T 4d900c18598d4ae89adbc649a949ff07 P 0cc8904ce69b417bbd6184bedd56ca90 [term 1 FOLLOWER]: Leader election vote request: Granting yes vote for candidate 9cbf5957cb6e4c1bb15dc393d8972dc4 in term 1.
I20260709 13:16:37.921106  8269 tablet_bootstrap.cc:492] T d4823bb7d01a4ae5ac9f5fd89e88e81d P 9cbf5957cb6e4c1bb15dc393d8972dc4: Bootstrap starting.
I20260709 13:16:37.932261  8269 tablet_bootstrap.cc:654] T d4823bb7d01a4ae5ac9f5fd89e88e81d P 9cbf5957cb6e4c1bb15dc393d8972dc4: Neither blocks nor log segments found. Creating new log.
I20260709 13:16:37.924472  8270 tablet_bootstrap.cc:654] T 990ea1023b9a4537b64f06e586e1ec28 P dc8d57dafd0448c2a0c83e161361fe34: Neither blocks nor log segments found. Creating new log.
I20260709 13:16:37.933463  8271 tablet_bootstrap.cc:492] T 08884e3b668b49628b145689cee1dbe0 P 0cc8904ce69b417bbd6184bedd56ca90: No bootstrap required, opened a new log
I20260709 13:16:37.933024  8193 leader_election.cc:304] T 4d900c18598d4ae89adbc649a949ff07 P 9cbf5957cb6e4c1bb15dc393d8972dc4 [CANDIDATE]: Term 1 election: Election decided. Result: candidate won. Election summary: received 3 responses out of 3 voters: 2 yes votes; 1 no votes. yes voters: 0cc8904ce69b417bbd6184bedd56ca90, 9cbf5957cb6e4c1bb15dc393d8972dc4; no voters: dc8d57dafd0448c2a0c83e161361fe34
I20260709 13:16:37.934471  8372 raft_consensus.cc:2804] T 4d900c18598d4ae89adbc649a949ff07 P 9cbf5957cb6e4c1bb15dc393d8972dc4 [term 1 FOLLOWER]: Leader election won for term 1
I20260709 13:16:37.924755  8153 raft_consensus.cc:2468] T 772da1f89fac476c8c8fecc65233aae4 P 0cc8904ce69b417bbd6184bedd56ca90 [term 1 FOLLOWER]: Leader election vote request: Granting yes vote for candidate 9cbf5957cb6e4c1bb15dc393d8972dc4 in term 1.
I20260709 13:16:37.934965  8372 raft_consensus.cc:697] T 4d900c18598d4ae89adbc649a949ff07 P 9cbf5957cb6e4c1bb15dc393d8972dc4 [term 1 LEADER]: Becoming Leader. State: Replica: 9cbf5957cb6e4c1bb15dc393d8972dc4, State: Running, Role: LEADER
I20260709 13:16:37.935905  8372 consensus_queue.cc:237] T 4d900c18598d4ae89adbc649a949ff07 P 9cbf5957cb6e4c1bb15dc393d8972dc4 [LEADER]: Queue going to LEADER mode. State: All replicated index: 0, Majority replicated index: 0, Committed index: 0, Last appended: 0.0, Last appended by leader: 0, Current term: 1, Majority size: 2, State: 0, Mode: LEADER, active raft config: opid_index: -1 OBSOLETE_local: false peers { permanent_uuid: "dc8d57dafd0448c2a0c83e161361fe34" member_type: VOTER last_known_addr { host: "127.6.200.129" port: 43645 } } peers { permanent_uuid: "0cc8904ce69b417bbd6184bedd56ca90" member_type: VOTER last_known_addr { host: "127.6.200.130" port: 46265 } } peers { permanent_uuid: "9cbf5957cb6e4c1bb15dc393d8972dc4" member_type: VOTER last_known_addr { host: "127.6.200.131" port: 41071 } }
I20260709 13:16:37.936849  8193 leader_election.cc:304] T 772da1f89fac476c8c8fecc65233aae4 P 9cbf5957cb6e4c1bb15dc393d8972dc4 [CANDIDATE]: Term 1 election: Election decided. Result: candidate won. Election summary: received 3 responses out of 3 voters: 2 yes votes; 1 no votes. yes voters: 0cc8904ce69b417bbd6184bedd56ca90, 9cbf5957cb6e4c1bb15dc393d8972dc4; no voters: dc8d57dafd0448c2a0c83e161361fe34
I20260709 13:16:37.937706  8274 raft_consensus.cc:2804] T 772da1f89fac476c8c8fecc65233aae4 P 9cbf5957cb6e4c1bb15dc393d8972dc4 [term 1 FOLLOWER]: Leader election won for term 1
I20260709 13:16:37.938184  8274 raft_consensus.cc:697] T 772da1f89fac476c8c8fecc65233aae4 P 9cbf5957cb6e4c1bb15dc393d8972dc4 [term 1 LEADER]: Becoming Leader. State: Replica: 9cbf5957cb6e4c1bb15dc393d8972dc4, State: Running, Role: LEADER
I20260709 13:16:37.938961  8274 consensus_queue.cc:237] T 772da1f89fac476c8c8fecc65233aae4 P 9cbf5957cb6e4c1bb15dc393d8972dc4 [LEADER]: Queue going to LEADER mode. State: All replicated index: 0, Majority replicated index: 0, Committed index: 0, Last appended: 0.0, Last appended by leader: 0, Current term: 1, Majority size: 2, State: 0, Mode: LEADER, active raft config: opid_index: -1 OBSOLETE_local: false peers { permanent_uuid: "dc8d57dafd0448c2a0c83e161361fe34" member_type: VOTER last_known_addr { host: "127.6.200.129" port: 43645 } } peers { permanent_uuid: "0cc8904ce69b417bbd6184bedd56ca90" member_type: VOTER last_known_addr { host: "127.6.200.130" port: 46265 } } peers { permanent_uuid: "9cbf5957cb6e4c1bb15dc393d8972dc4" member_type: VOTER last_known_addr { host: "127.6.200.131" port: 41071 } }
I20260709 13:16:37.944737  8271 ts_tablet_manager.cc:1403] T 08884e3b668b49628b145689cee1dbe0 P 0cc8904ce69b417bbd6184bedd56ca90: Time spent bootstrapping tablet: real 0.051s	user 0.008s	sys 0.005s
I20260709 13:16:37.951717  8271 raft_consensus.cc:359] T 08884e3b668b49628b145689cee1dbe0 P 0cc8904ce69b417bbd6184bedd56ca90 [term 0 FOLLOWER]: Replica starting. Triggering 0 pending ops. Active config: opid_index: -1 OBSOLETE_local: false peers { permanent_uuid: "dc8d57dafd0448c2a0c83e161361fe34" member_type: VOTER last_known_addr { host: "127.6.200.129" port: 43645 } } peers { permanent_uuid: "0cc8904ce69b417bbd6184bedd56ca90" member_type: VOTER last_known_addr { host: "127.6.200.130" port: 46265 } } peers { permanent_uuid: "9cbf5957cb6e4c1bb15dc393d8972dc4" member_type: VOTER last_known_addr { host: "127.6.200.131" port: 41071 } }
I20260709 13:16:37.952790  8372 raft_consensus.cc:493] T cac4c3d50133401a970e581ca61c086f P 9cbf5957cb6e4c1bb15dc393d8972dc4 [term 0 FOLLOWER]: Starting pre-election (no leader contacted us within the election timeout)
I20260709 13:16:37.955096  8271 raft_consensus.cc:385] T 08884e3b668b49628b145689cee1dbe0 P 0cc8904ce69b417bbd6184bedd56ca90 [term 0 FOLLOWER]: Consensus starting up: Expiring failure detector timer to make a prompt election more likely
I20260709 13:16:37.955487  8271 raft_consensus.cc:740] T 08884e3b668b49628b145689cee1dbe0 P 0cc8904ce69b417bbd6184bedd56ca90 [term 0 FOLLOWER]: Becoming Follower/Learner. State: Replica: 0cc8904ce69b417bbd6184bedd56ca90, State: Initialized, Role: FOLLOWER
I20260709 13:16:37.955217  8372 raft_consensus.cc:515] T cac4c3d50133401a970e581ca61c086f P 9cbf5957cb6e4c1bb15dc393d8972dc4 [term 0 FOLLOWER]: Starting pre-election with config: opid_index: -1 OBSOLETE_local: false peers { permanent_uuid: "dc8d57dafd0448c2a0c83e161361fe34" member_type: VOTER last_known_addr { host: "127.6.200.129" port: 43645 } } peers { permanent_uuid: "0cc8904ce69b417bbd6184bedd56ca90" member_type: VOTER last_known_addr { host: "127.6.200.130" port: 46265 } } peers { permanent_uuid: "9cbf5957cb6e4c1bb15dc393d8972dc4" member_type: VOTER last_known_addr { host: "127.6.200.131" port: 41071 } }
I20260709 13:16:37.956398  8271 consensus_queue.cc:260] T 08884e3b668b49628b145689cee1dbe0 P 0cc8904ce69b417bbd6184bedd56ca90 [NON_LEADER]: Queue going to NON_LEADER mode. State: All replicated index: 0, Majority replicated index: 0, Committed index: 0, Last appended: 0.0, Last appended by leader: 0, Current term: 0, Majority size: -1, State: 0, Mode: NON_LEADER, active raft config: opid_index: -1 OBSOLETE_local: false peers { permanent_uuid: "dc8d57dafd0448c2a0c83e161361fe34" member_type: VOTER last_known_addr { host: "127.6.200.129" port: 43645 } } peers { permanent_uuid: "0cc8904ce69b417bbd6184bedd56ca90" member_type: VOTER last_known_addr { host: "127.6.200.130" port: 46265 } } peers { permanent_uuid: "9cbf5957cb6e4c1bb15dc393d8972dc4" member_type: VOTER last_known_addr { host: "127.6.200.131" port: 41071 } }
I20260709 13:16:37.958840  8077 tablet_service.cc:1917] Received RequestConsensusVote() RPC: tablet_id: "cac4c3d50133401a970e581ca61c086f" candidate_uuid: "9cbf5957cb6e4c1bb15dc393d8972dc4" candidate_term: 1 candidate_status { last_received { term: 0 index: 0 } } ignore_live_leader: false dest_uuid: "dc8d57dafd0448c2a0c83e161361fe34" is_pre_election: true
I20260709 13:16:37.961081  8077 raft_consensus.cc:2468] T cac4c3d50133401a970e581ca61c086f P dc8d57dafd0448c2a0c83e161361fe34 [term 0 FOLLOWER]: Leader pre-election vote request: Granting yes vote for candidate 9cbf5957cb6e4c1bb15dc393d8972dc4 in term 0.
I20260709 13:16:37.962383  8271 ts_tablet_manager.cc:1434] T 08884e3b668b49628b145689cee1dbe0 P 0cc8904ce69b417bbd6184bedd56ca90: Time spent starting tablet: real 0.015s	user 0.005s	sys 0.001s
I20260709 13:16:37.962648  8195 leader_election.cc:304] T cac4c3d50133401a970e581ca61c086f P 9cbf5957cb6e4c1bb15dc393d8972dc4 [CANDIDATE]: Term 1 pre-election: Election decided. Result: candidate won. Election summary: received 2 responses out of 3 voters: 2 yes votes; 0 no votes. yes voters: 9cbf5957cb6e4c1bb15dc393d8972dc4, dc8d57dafd0448c2a0c83e161361fe34; no voters: 
I20260709 13:16:37.963618  8274 raft_consensus.cc:2804] T cac4c3d50133401a970e581ca61c086f P 9cbf5957cb6e4c1bb15dc393d8972dc4 [term 0 FOLLOWER]: Leader pre-election won for term 1
I20260709 13:16:37.964010  8274 raft_consensus.cc:493] T cac4c3d50133401a970e581ca61c086f P 9cbf5957cb6e4c1bb15dc393d8972dc4 [term 0 FOLLOWER]: Starting leader election (no leader contacted us within the election timeout)
I20260709 13:16:37.964383  8274 raft_consensus.cc:3060] T cac4c3d50133401a970e581ca61c086f P 9cbf5957cb6e4c1bb15dc393d8972dc4 [term 0 FOLLOWER]: Advancing to term 1
I20260709 13:16:37.965281  8372 leader_election.cc:290] T cac4c3d50133401a970e581ca61c086f P 9cbf5957cb6e4c1bb15dc393d8972dc4 [CANDIDATE]: Term 1 pre-election: Requested pre-vote from peers dc8d57dafd0448c2a0c83e161361fe34 (127.6.200.129:43645), 0cc8904ce69b417bbd6184bedd56ca90 (127.6.200.130:46265)
I20260709 13:16:37.966883  8269 tablet_bootstrap.cc:492] T d4823bb7d01a4ae5ac9f5fd89e88e81d P 9cbf5957cb6e4c1bb15dc393d8972dc4: No bootstrap required, opened a new log
I20260709 13:16:37.967490  8269 ts_tablet_manager.cc:1403] T d4823bb7d01a4ae5ac9f5fd89e88e81d P 9cbf5957cb6e4c1bb15dc393d8972dc4: Time spent bootstrapping tablet: real 0.047s	user 0.010s	sys 0.003s
I20260709 13:16:37.971083  8269 raft_consensus.cc:359] T d4823bb7d01a4ae5ac9f5fd89e88e81d P 9cbf5957cb6e4c1bb15dc393d8972dc4 [term 0 FOLLOWER]: Replica starting. Triggering 0 pending ops. Active config: opid_index: -1 OBSOLETE_local: false peers { permanent_uuid: "dc8d57dafd0448c2a0c83e161361fe34" member_type: VOTER last_known_addr { host: "127.6.200.129" port: 43645 } } peers { permanent_uuid: "0cc8904ce69b417bbd6184bedd56ca90" member_type: VOTER last_known_addr { host: "127.6.200.130" port: 46265 } } peers { permanent_uuid: "9cbf5957cb6e4c1bb15dc393d8972dc4" member_type: VOTER last_known_addr { host: "127.6.200.131" port: 41071 } }
I20260709 13:16:37.972244  8153 tablet_service.cc:1917] Received RequestConsensusVote() RPC: tablet_id: "cac4c3d50133401a970e581ca61c086f" candidate_uuid: "9cbf5957cb6e4c1bb15dc393d8972dc4" candidate_term: 1 candidate_status { last_received { term: 0 index: 0 } } ignore_live_leader: false dest_uuid: "0cc8904ce69b417bbd6184bedd56ca90" is_pre_election: true
I20260709 13:16:37.972110  8269 raft_consensus.cc:385] T d4823bb7d01a4ae5ac9f5fd89e88e81d P 9cbf5957cb6e4c1bb15dc393d8972dc4 [term 0 FOLLOWER]: Consensus starting up: Expiring failure detector timer to make a prompt election more likely
W20260709 13:16:37.974097  8193 leader_election.cc:343] T cac4c3d50133401a970e581ca61c086f P 9cbf5957cb6e4c1bb15dc393d8972dc4 [CANDIDATE]: Term 1 pre-election: Tablet error from VoteRequest() call to peer 0cc8904ce69b417bbd6184bedd56ca90 (127.6.200.130:46265): Illegal state: must be running to vote when last-logged opid is not known
I20260709 13:16:37.972923  8269 raft_consensus.cc:740] T d4823bb7d01a4ae5ac9f5fd89e88e81d P 9cbf5957cb6e4c1bb15dc393d8972dc4 [term 0 FOLLOWER]: Becoming Follower/Learner. State: Replica: 9cbf5957cb6e4c1bb15dc393d8972dc4, State: Initialized, Role: FOLLOWER
I20260709 13:16:37.975893  8269 consensus_queue.cc:260] T d4823bb7d01a4ae5ac9f5fd89e88e81d P 9cbf5957cb6e4c1bb15dc393d8972dc4 [NON_LEADER]: Queue going to NON_LEADER mode. State: All replicated index: 0, Majority replicated index: 0, Committed index: 0, Last appended: 0.0, Last appended by leader: 0, Current term: 0, Majority size: -1, State: 0, Mode: NON_LEADER, active raft config: opid_index: -1 OBSOLETE_local: false peers { permanent_uuid: "dc8d57dafd0448c2a0c83e161361fe34" member_type: VOTER last_known_addr { host: "127.6.200.129" port: 43645 } } peers { permanent_uuid: "0cc8904ce69b417bbd6184bedd56ca90" member_type: VOTER last_known_addr { host: "127.6.200.130" port: 46265 } } peers { permanent_uuid: "9cbf5957cb6e4c1bb15dc393d8972dc4" member_type: VOTER last_known_addr { host: "127.6.200.131" port: 41071 } }
I20260709 13:16:37.979008  8269 ts_tablet_manager.cc:1434] T d4823bb7d01a4ae5ac9f5fd89e88e81d P 9cbf5957cb6e4c1bb15dc393d8972dc4: Time spent starting tablet: real 0.011s	user 0.007s	sys 0.000s
I20260709 13:16:37.979526  8271 tablet_bootstrap.cc:492] T 0ca8e9462e8a4606a9a38a6eae0099e2 P 0cc8904ce69b417bbd6184bedd56ca90: Bootstrap starting.
I20260709 13:16:37.971876  7976 catalog_manager.cc:5697] T 4d900c18598d4ae89adbc649a949ff07 P 9cbf5957cb6e4c1bb15dc393d8972dc4 reported cstate change: term changed from 0 to 1, leader changed from <none> to 9cbf5957cb6e4c1bb15dc393d8972dc4 (127.6.200.131). New cstate: current_term: 1 leader_uuid: "9cbf5957cb6e4c1bb15dc393d8972dc4" committed_config { opid_index: -1 OBSOLETE_local: false peers { permanent_uuid: "dc8d57dafd0448c2a0c83e161361fe34" member_type: VOTER last_known_addr { host: "127.6.200.129" port: 43645 } health_report { overall_health: UNKNOWN } } peers { permanent_uuid: "0cc8904ce69b417bbd6184bedd56ca90" member_type: VOTER last_known_addr { host: "127.6.200.130" port: 46265 } health_report { overall_health: UNKNOWN } } peers { permanent_uuid: "9cbf5957cb6e4c1bb15dc393d8972dc4" member_type: VOTER last_known_addr { host: "127.6.200.131" port: 41071 } health_report { overall_health: HEALTHY } } }
I20260709 13:16:37.980348  8269 tablet_bootstrap.cc:492] T b2aba51d85984194852904e12ce9bd1b P 9cbf5957cb6e4c1bb15dc393d8972dc4: Bootstrap starting.
I20260709 13:16:37.981666  7976 catalog_manager.cc:5697] T 772da1f89fac476c8c8fecc65233aae4 P 9cbf5957cb6e4c1bb15dc393d8972dc4 reported cstate change: term changed from 0 to 1, leader changed from <none> to 9cbf5957cb6e4c1bb15dc393d8972dc4 (127.6.200.131). New cstate: current_term: 1 leader_uuid: "9cbf5957cb6e4c1bb15dc393d8972dc4" committed_config { opid_index: -1 OBSOLETE_local: false peers { permanent_uuid: "dc8d57dafd0448c2a0c83e161361fe34" member_type: VOTER last_known_addr { host: "127.6.200.129" port: 43645 } health_report { overall_health: UNKNOWN } } peers { permanent_uuid: "0cc8904ce69b417bbd6184bedd56ca90" member_type: VOTER last_known_addr { host: "127.6.200.130" port: 46265 } health_report { overall_health: UNKNOWN } } peers { permanent_uuid: "9cbf5957cb6e4c1bb15dc393d8972dc4" member_type: VOTER last_known_addr { host: "127.6.200.131" port: 41071 } health_report { overall_health: HEALTHY } } }
I20260709 13:16:37.979008  8274 raft_consensus.cc:515] T cac4c3d50133401a970e581ca61c086f P 9cbf5957cb6e4c1bb15dc393d8972dc4 [term 1 FOLLOWER]: Starting leader election with config: opid_index: -1 OBSOLETE_local: false peers { permanent_uuid: "dc8d57dafd0448c2a0c83e161361fe34" member_type: VOTER last_known_addr { host: "127.6.200.129" port: 43645 } } peers { permanent_uuid: "0cc8904ce69b417bbd6184bedd56ca90" member_type: VOTER last_known_addr { host: "127.6.200.130" port: 46265 } } peers { permanent_uuid: "9cbf5957cb6e4c1bb15dc393d8972dc4" member_type: VOTER last_known_addr { host: "127.6.200.131" port: 41071 } }
I20260709 13:16:37.984910  8274 leader_election.cc:290] T cac4c3d50133401a970e581ca61c086f P 9cbf5957cb6e4c1bb15dc393d8972dc4 [CANDIDATE]: Term 1 election: Requested vote from peers dc8d57dafd0448c2a0c83e161361fe34 (127.6.200.129:43645), 0cc8904ce69b417bbd6184bedd56ca90 (127.6.200.130:46265)
I20260709 13:16:37.985600  8270 tablet_bootstrap.cc:492] T 990ea1023b9a4537b64f06e586e1ec28 P dc8d57dafd0448c2a0c83e161361fe34: No bootstrap required, opened a new log
I20260709 13:16:37.988389  8269 tablet_bootstrap.cc:654] T b2aba51d85984194852904e12ce9bd1b P 9cbf5957cb6e4c1bb15dc393d8972dc4: Neither blocks nor log segments found. Creating new log.
I20260709 13:16:37.988687  8270 ts_tablet_manager.cc:1403] T 990ea1023b9a4537b64f06e586e1ec28 P dc8d57dafd0448c2a0c83e161361fe34: Time spent bootstrapping tablet: real 0.082s	user 0.011s	sys 0.044s
I20260709 13:16:37.990010  8271 tablet_bootstrap.cc:654] T 0ca8e9462e8a4606a9a38a6eae0099e2 P 0cc8904ce69b417bbd6184bedd56ca90: Neither blocks nor log segments found. Creating new log.
I20260709 13:16:37.986186  8077 tablet_service.cc:1917] Received RequestConsensusVote() RPC: tablet_id: "cac4c3d50133401a970e581ca61c086f" candidate_uuid: "9cbf5957cb6e4c1bb15dc393d8972dc4" candidate_term: 1 candidate_status { last_received { term: 0 index: 0 } } ignore_live_leader: false dest_uuid: "dc8d57dafd0448c2a0c83e161361fe34"
I20260709 13:16:37.986289  8153 tablet_service.cc:1917] Received RequestConsensusVote() RPC: tablet_id: "cac4c3d50133401a970e581ca61c086f" candidate_uuid: "9cbf5957cb6e4c1bb15dc393d8972dc4" candidate_term: 1 candidate_status { last_received { term: 0 index: 0 } } ignore_live_leader: false dest_uuid: "0cc8904ce69b417bbd6184bedd56ca90"
I20260709 13:16:37.990890  8077 raft_consensus.cc:3060] T cac4c3d50133401a970e581ca61c086f P dc8d57dafd0448c2a0c83e161361fe34 [term 0 FOLLOWER]: Advancing to term 1
I20260709 13:16:37.991289  8270 raft_consensus.cc:359] T 990ea1023b9a4537b64f06e586e1ec28 P dc8d57dafd0448c2a0c83e161361fe34 [term 0 FOLLOWER]: Replica starting. Triggering 0 pending ops. Active config: opid_index: -1 OBSOLETE_local: false peers { permanent_uuid: "dc8d57dafd0448c2a0c83e161361fe34" member_type: VOTER last_known_addr { host: "127.6.200.129" port: 43645 } } peers { permanent_uuid: "0cc8904ce69b417bbd6184bedd56ca90" member_type: VOTER last_known_addr { host: "127.6.200.130" port: 46265 } } peers { permanent_uuid: "9cbf5957cb6e4c1bb15dc393d8972dc4" member_type: VOTER last_known_addr { host: "127.6.200.131" port: 41071 } }
W20260709 13:16:37.991927  8193 leader_election.cc:343] T cac4c3d50133401a970e581ca61c086f P 9cbf5957cb6e4c1bb15dc393d8972dc4 [CANDIDATE]: Term 1 election: Tablet error from VoteRequest() call to peer 0cc8904ce69b417bbd6184bedd56ca90 (127.6.200.130:46265): Illegal state: must be running to vote when last-logged opid is not known
I20260709 13:16:37.992007  8270 raft_consensus.cc:385] T 990ea1023b9a4537b64f06e586e1ec28 P dc8d57dafd0448c2a0c83e161361fe34 [term 0 FOLLOWER]: Consensus starting up: Expiring failure detector timer to make a prompt election more likely
I20260709 13:16:37.993288  8270 raft_consensus.cc:740] T 990ea1023b9a4537b64f06e586e1ec28 P dc8d57dafd0448c2a0c83e161361fe34 [term 0 FOLLOWER]: Becoming Follower/Learner. State: Replica: dc8d57dafd0448c2a0c83e161361fe34, State: Initialized, Role: FOLLOWER
I20260709 13:16:37.994230  8270 consensus_queue.cc:260] T 990ea1023b9a4537b64f06e586e1ec28 P dc8d57dafd0448c2a0c83e161361fe34 [NON_LEADER]: Queue going to NON_LEADER mode. State: All replicated index: 0, Majority replicated index: 0, Committed index: 0, Last appended: 0.0, Last appended by leader: 0, Current term: 0, Majority size: -1, State: 0, Mode: NON_LEADER, active raft config: opid_index: -1 OBSOLETE_local: false peers { permanent_uuid: "dc8d57dafd0448c2a0c83e161361fe34" member_type: VOTER last_known_addr { host: "127.6.200.129" port: 43645 } } peers { permanent_uuid: "0cc8904ce69b417bbd6184bedd56ca90" member_type: VOTER last_known_addr { host: "127.6.200.130" port: 46265 } } peers { permanent_uuid: "9cbf5957cb6e4c1bb15dc393d8972dc4" member_type: VOTER last_known_addr { host: "127.6.200.131" port: 41071 } }
I20260709 13:16:37.996222  8270 ts_tablet_manager.cc:1434] T 990ea1023b9a4537b64f06e586e1ec28 P dc8d57dafd0448c2a0c83e161361fe34: Time spent starting tablet: real 0.007s	user 0.004s	sys 0.000s
I20260709 13:16:37.998988  8077 raft_consensus.cc:2468] T cac4c3d50133401a970e581ca61c086f P dc8d57dafd0448c2a0c83e161361fe34 [term 1 FOLLOWER]: Leader election vote request: Granting yes vote for candidate 9cbf5957cb6e4c1bb15dc393d8972dc4 in term 1.
I20260709 13:16:38.000267  8195 leader_election.cc:304] T cac4c3d50133401a970e581ca61c086f P 9cbf5957cb6e4c1bb15dc393d8972dc4 [CANDIDATE]: Term 1 election: Election decided. Result: candidate won. Election summary: received 3 responses out of 3 voters: 2 yes votes; 1 no votes. yes voters: 9cbf5957cb6e4c1bb15dc393d8972dc4, dc8d57dafd0448c2a0c83e161361fe34; no voters: 0cc8904ce69b417bbd6184bedd56ca90
I20260709 13:16:38.001187  8274 raft_consensus.cc:2804] T cac4c3d50133401a970e581ca61c086f P 9cbf5957cb6e4c1bb15dc393d8972dc4 [term 1 FOLLOWER]: Leader election won for term 1
I20260709 13:16:38.001698  8274 raft_consensus.cc:697] T cac4c3d50133401a970e581ca61c086f P 9cbf5957cb6e4c1bb15dc393d8972dc4 [term 1 LEADER]: Becoming Leader. State: Replica: 9cbf5957cb6e4c1bb15dc393d8972dc4, State: Running, Role: LEADER
I20260709 13:16:38.002528  8274 consensus_queue.cc:237] T cac4c3d50133401a970e581ca61c086f P 9cbf5957cb6e4c1bb15dc393d8972dc4 [LEADER]: Queue going to LEADER mode. State: All replicated index: 0, Majority replicated index: 0, Committed index: 0, Last appended: 0.0, Last appended by leader: 0, Current term: 1, Majority size: 2, State: 0, Mode: LEADER, active raft config: opid_index: -1 OBSOLETE_local: false peers { permanent_uuid: "dc8d57dafd0448c2a0c83e161361fe34" member_type: VOTER last_known_addr { host: "127.6.200.129" port: 43645 } } peers { permanent_uuid: "0cc8904ce69b417bbd6184bedd56ca90" member_type: VOTER last_known_addr { host: "127.6.200.130" port: 46265 } } peers { permanent_uuid: "9cbf5957cb6e4c1bb15dc393d8972dc4" member_type: VOTER last_known_addr { host: "127.6.200.131" port: 41071 } }
I20260709 13:16:38.003415  8270 tablet_bootstrap.cc:492] T 08884e3b668b49628b145689cee1dbe0 P dc8d57dafd0448c2a0c83e161361fe34: Bootstrap starting.
I20260709 13:16:38.005848  8271 tablet_bootstrap.cc:492] T 0ca8e9462e8a4606a9a38a6eae0099e2 P 0cc8904ce69b417bbd6184bedd56ca90: No bootstrap required, opened a new log
I20260709 13:16:38.006805  8271 ts_tablet_manager.cc:1403] T 0ca8e9462e8a4606a9a38a6eae0099e2 P 0cc8904ce69b417bbd6184bedd56ca90: Time spent bootstrapping tablet: real 0.043s	user 0.010s	sys 0.002s
I20260709 13:16:38.009770  8270 tablet_bootstrap.cc:654] T 08884e3b668b49628b145689cee1dbe0 P dc8d57dafd0448c2a0c83e161361fe34: Neither blocks nor log segments found. Creating new log.
I20260709 13:16:38.009902  8269 tablet_bootstrap.cc:492] T b2aba51d85984194852904e12ce9bd1b P 9cbf5957cb6e4c1bb15dc393d8972dc4: No bootstrap required, opened a new log
I20260709 13:16:38.010440  8269 ts_tablet_manager.cc:1403] T b2aba51d85984194852904e12ce9bd1b P 9cbf5957cb6e4c1bb15dc393d8972dc4: Time spent bootstrapping tablet: real 0.030s	user 0.013s	sys 0.003s
I20260709 13:16:38.014489  8271 raft_consensus.cc:359] T 0ca8e9462e8a4606a9a38a6eae0099e2 P 0cc8904ce69b417bbd6184bedd56ca90 [term 0 FOLLOWER]: Replica starting. Triggering 0 pending ops. Active config: opid_index: -1 OBSOLETE_local: false peers { permanent_uuid: "dc8d57dafd0448c2a0c83e161361fe34" member_type: VOTER last_known_addr { host: "127.6.200.129" port: 43645 } } peers { permanent_uuid: "0cc8904ce69b417bbd6184bedd56ca90" member_type: VOTER last_known_addr { host: "127.6.200.130" port: 46265 } } peers { permanent_uuid: "9cbf5957cb6e4c1bb15dc393d8972dc4" member_type: VOTER last_known_addr { host: "127.6.200.131" port: 41071 } }
I20260709 13:16:38.015676  8271 raft_consensus.cc:385] T 0ca8e9462e8a4606a9a38a6eae0099e2 P 0cc8904ce69b417bbd6184bedd56ca90 [term 0 FOLLOWER]: Consensus starting up: Expiring failure detector timer to make a prompt election more likely
I20260709 13:16:38.016069  8271 raft_consensus.cc:740] T 0ca8e9462e8a4606a9a38a6eae0099e2 P 0cc8904ce69b417bbd6184bedd56ca90 [term 0 FOLLOWER]: Becoming Follower/Learner. State: Replica: 0cc8904ce69b417bbd6184bedd56ca90, State: Initialized, Role: FOLLOWER
I20260709 13:16:38.016858  8271 consensus_queue.cc:260] T 0ca8e9462e8a4606a9a38a6eae0099e2 P 0cc8904ce69b417bbd6184bedd56ca90 [NON_LEADER]: Queue going to NON_LEADER mode. State: All replicated index: 0, Majority replicated index: 0, Committed index: 0, Last appended: 0.0, Last appended by leader: 0, Current term: 0, Majority size: -1, State: 0, Mode: NON_LEADER, active raft config: opid_index: -1 OBSOLETE_local: false peers { permanent_uuid: "dc8d57dafd0448c2a0c83e161361fe34" member_type: VOTER last_known_addr { host: "127.6.200.129" port: 43645 } } peers { permanent_uuid: "0cc8904ce69b417bbd6184bedd56ca90" member_type: VOTER last_known_addr { host: "127.6.200.130" port: 46265 } } peers { permanent_uuid: "9cbf5957cb6e4c1bb15dc393d8972dc4" member_type: VOTER last_known_addr { host: "127.6.200.131" port: 41071 } }
I20260709 13:16:38.018560  8271 ts_tablet_manager.cc:1434] T 0ca8e9462e8a4606a9a38a6eae0099e2 P 0cc8904ce69b417bbd6184bedd56ca90: Time spent starting tablet: real 0.011s	user 0.006s	sys 0.000s
I20260709 13:16:38.019150  8270 tablet_bootstrap.cc:492] T 08884e3b668b49628b145689cee1dbe0 P dc8d57dafd0448c2a0c83e161361fe34: No bootstrap required, opened a new log
I20260709 13:16:38.017004  8269 raft_consensus.cc:359] T b2aba51d85984194852904e12ce9bd1b P 9cbf5957cb6e4c1bb15dc393d8972dc4 [term 0 FOLLOWER]: Replica starting. Triggering 0 pending ops. Active config: opid_index: -1 OBSOLETE_local: false peers { permanent_uuid: "dc8d57dafd0448c2a0c83e161361fe34" member_type: VOTER last_known_addr { host: "127.6.200.129" port: 43645 } } peers { permanent_uuid: "0cc8904ce69b417bbd6184bedd56ca90" member_type: VOTER last_known_addr { host: "127.6.200.130" port: 46265 } } peers { permanent_uuid: "9cbf5957cb6e4c1bb15dc393d8972dc4" member_type: VOTER last_known_addr { host: "127.6.200.131" port: 41071 } }
I20260709 13:16:38.019570  8269 raft_consensus.cc:385] T b2aba51d85984194852904e12ce9bd1b P 9cbf5957cb6e4c1bb15dc393d8972dc4 [term 0 FOLLOWER]: Consensus starting up: Expiring failure detector timer to make a prompt election more likely
I20260709 13:16:38.019620  8270 ts_tablet_manager.cc:1403] T 08884e3b668b49628b145689cee1dbe0 P dc8d57dafd0448c2a0c83e161361fe34: Time spent bootstrapping tablet: real 0.016s	user 0.005s	sys 0.008s
I20260709 13:16:38.020116  8271 tablet_bootstrap.cc:492] T 2ef3c2e2359e40f79ef5b473107d68a5 P 0cc8904ce69b417bbd6184bedd56ca90: Bootstrap starting.
I20260709 13:16:38.019935  7977 catalog_manager.cc:5697] T cac4c3d50133401a970e581ca61c086f P 9cbf5957cb6e4c1bb15dc393d8972dc4 reported cstate change: term changed from 0 to 1, leader changed from <none> to 9cbf5957cb6e4c1bb15dc393d8972dc4 (127.6.200.131). New cstate: current_term: 1 leader_uuid: "9cbf5957cb6e4c1bb15dc393d8972dc4" committed_config { opid_index: -1 OBSOLETE_local: false peers { permanent_uuid: "dc8d57dafd0448c2a0c83e161361fe34" member_type: VOTER last_known_addr { host: "127.6.200.129" port: 43645 } health_report { overall_health: UNKNOWN } } peers { permanent_uuid: "0cc8904ce69b417bbd6184bedd56ca90" member_type: VOTER last_known_addr { host: "127.6.200.130" port: 46265 } health_report { overall_health: UNKNOWN } } peers { permanent_uuid: "9cbf5957cb6e4c1bb15dc393d8972dc4" member_type: VOTER last_known_addr { host: "127.6.200.131" port: 41071 } health_report { overall_health: HEALTHY } } }
I20260709 13:16:38.023481  8270 raft_consensus.cc:359] T 08884e3b668b49628b145689cee1dbe0 P dc8d57dafd0448c2a0c83e161361fe34 [term 0 FOLLOWER]: Replica starting. Triggering 0 pending ops. Active config: opid_index: -1 OBSOLETE_local: false peers { permanent_uuid: "dc8d57dafd0448c2a0c83e161361fe34" member_type: VOTER last_known_addr { host: "127.6.200.129" port: 43645 } } peers { permanent_uuid: "0cc8904ce69b417bbd6184bedd56ca90" member_type: VOTER last_known_addr { host: "127.6.200.130" port: 46265 } } peers { permanent_uuid: "9cbf5957cb6e4c1bb15dc393d8972dc4" member_type: VOTER last_known_addr { host: "127.6.200.131" port: 41071 } }
I20260709 13:16:38.024235  8270 raft_consensus.cc:385] T 08884e3b668b49628b145689cee1dbe0 P dc8d57dafd0448c2a0c83e161361fe34 [term 0 FOLLOWER]: Consensus starting up: Expiring failure detector timer to make a prompt election more likely
I20260709 13:16:38.019968  8269 raft_consensus.cc:740] T b2aba51d85984194852904e12ce9bd1b P 9cbf5957cb6e4c1bb15dc393d8972dc4 [term 0 FOLLOWER]: Becoming Follower/Learner. State: Replica: 9cbf5957cb6e4c1bb15dc393d8972dc4, State: Initialized, Role: FOLLOWER
I20260709 13:16:38.024847  8270 raft_consensus.cc:740] T 08884e3b668b49628b145689cee1dbe0 P dc8d57dafd0448c2a0c83e161361fe34 [term 0 FOLLOWER]: Becoming Follower/Learner. State: Replica: dc8d57dafd0448c2a0c83e161361fe34, State: Initialized, Role: FOLLOWER
I20260709 13:16:38.025543  8269 consensus_queue.cc:260] T b2aba51d85984194852904e12ce9bd1b P 9cbf5957cb6e4c1bb15dc393d8972dc4 [NON_LEADER]: Queue going to NON_LEADER mode. State: All replicated index: 0, Majority replicated index: 0, Committed index: 0, Last appended: 0.0, Last appended by leader: 0, Current term: 0, Majority size: -1, State: 0, Mode: NON_LEADER, active raft config: opid_index: -1 OBSOLETE_local: false peers { permanent_uuid: "dc8d57dafd0448c2a0c83e161361fe34" member_type: VOTER last_known_addr { host: "127.6.200.129" port: 43645 } } peers { permanent_uuid: "0cc8904ce69b417bbd6184bedd56ca90" member_type: VOTER last_known_addr { host: "127.6.200.130" port: 46265 } } peers { permanent_uuid: "9cbf5957cb6e4c1bb15dc393d8972dc4" member_type: VOTER last_known_addr { host: "127.6.200.131" port: 41071 } }
I20260709 13:16:38.025838  8270 consensus_queue.cc:260] T 08884e3b668b49628b145689cee1dbe0 P dc8d57dafd0448c2a0c83e161361fe34 [NON_LEADER]: Queue going to NON_LEADER mode. State: All replicated index: 0, Majority replicated index: 0, Committed index: 0, Last appended: 0.0, Last appended by leader: 0, Current term: 0, Majority size: -1, State: 0, Mode: NON_LEADER, active raft config: opid_index: -1 OBSOLETE_local: false peers { permanent_uuid: "dc8d57dafd0448c2a0c83e161361fe34" member_type: VOTER last_known_addr { host: "127.6.200.129" port: 43645 } } peers { permanent_uuid: "0cc8904ce69b417bbd6184bedd56ca90" member_type: VOTER last_known_addr { host: "127.6.200.130" port: 46265 } } peers { permanent_uuid: "9cbf5957cb6e4c1bb15dc393d8972dc4" member_type: VOTER last_known_addr { host: "127.6.200.131" port: 41071 } }
I20260709 13:16:38.026839  8271 tablet_bootstrap.cc:654] T 2ef3c2e2359e40f79ef5b473107d68a5 P 0cc8904ce69b417bbd6184bedd56ca90: Neither blocks nor log segments found. Creating new log.
I20260709 13:16:38.028292  8270 ts_tablet_manager.cc:1434] T 08884e3b668b49628b145689cee1dbe0 P dc8d57dafd0448c2a0c83e161361fe34: Time spent starting tablet: real 0.008s	user 0.003s	sys 0.003s
I20260709 13:16:38.028470  8269 ts_tablet_manager.cc:1434] T b2aba51d85984194852904e12ce9bd1b P 9cbf5957cb6e4c1bb15dc393d8972dc4: Time spent starting tablet: real 0.017s	user 0.006s	sys 0.000s
I20260709 13:16:38.029346  8270 tablet_bootstrap.cc:492] T 370c4ccc2db64a93be75402173e83592 P dc8d57dafd0448c2a0c83e161361fe34: Bootstrap starting.
I20260709 13:16:38.029510  8269 tablet_bootstrap.cc:492] T 8ce364019cd648e9a79e43790d892311 P 9cbf5957cb6e4c1bb15dc393d8972dc4: Bootstrap starting.
I20260709 13:16:38.036379  8269 tablet_bootstrap.cc:654] T 8ce364019cd648e9a79e43790d892311 P 9cbf5957cb6e4c1bb15dc393d8972dc4: Neither blocks nor log segments found. Creating new log.
I20260709 13:16:38.036576  8270 tablet_bootstrap.cc:654] T 370c4ccc2db64a93be75402173e83592 P dc8d57dafd0448c2a0c83e161361fe34: Neither blocks nor log segments found. Creating new log.
I20260709 13:16:38.055572  8270 tablet_bootstrap.cc:492] T 370c4ccc2db64a93be75402173e83592 P dc8d57dafd0448c2a0c83e161361fe34: No bootstrap required, opened a new log
I20260709 13:16:38.056171  8270 ts_tablet_manager.cc:1403] T 370c4ccc2db64a93be75402173e83592 P dc8d57dafd0448c2a0c83e161361fe34: Time spent bootstrapping tablet: real 0.027s	user 0.003s	sys 0.015s
I20260709 13:16:38.059264  8270 raft_consensus.cc:359] T 370c4ccc2db64a93be75402173e83592 P dc8d57dafd0448c2a0c83e161361fe34 [term 0 FOLLOWER]: Replica starting. Triggering 0 pending ops. Active config: opid_index: -1 OBSOLETE_local: false peers { permanent_uuid: "dc8d57dafd0448c2a0c83e161361fe34" member_type: VOTER last_known_addr { host: "127.6.200.129" port: 43645 } } peers { permanent_uuid: "0cc8904ce69b417bbd6184bedd56ca90" member_type: VOTER last_known_addr { host: "127.6.200.130" port: 46265 } } peers { permanent_uuid: "9cbf5957cb6e4c1bb15dc393d8972dc4" member_type: VOTER last_known_addr { host: "127.6.200.131" port: 41071 } }
I20260709 13:16:38.060041  8270 raft_consensus.cc:385] T 370c4ccc2db64a93be75402173e83592 P dc8d57dafd0448c2a0c83e161361fe34 [term 0 FOLLOWER]: Consensus starting up: Expiring failure detector timer to make a prompt election more likely
I20260709 13:16:38.060361  8270 raft_consensus.cc:740] T 370c4ccc2db64a93be75402173e83592 P dc8d57dafd0448c2a0c83e161361fe34 [term 0 FOLLOWER]: Becoming Follower/Learner. State: Replica: dc8d57dafd0448c2a0c83e161361fe34, State: Initialized, Role: FOLLOWER
I20260709 13:16:38.061321  8270 consensus_queue.cc:260] T 370c4ccc2db64a93be75402173e83592 P dc8d57dafd0448c2a0c83e161361fe34 [NON_LEADER]: Queue going to NON_LEADER mode. State: All replicated index: 0, Majority replicated index: 0, Committed index: 0, Last appended: 0.0, Last appended by leader: 0, Current term: 0, Majority size: -1, State: 0, Mode: NON_LEADER, active raft config: opid_index: -1 OBSOLETE_local: false peers { permanent_uuid: "dc8d57dafd0448c2a0c83e161361fe34" member_type: VOTER last_known_addr { host: "127.6.200.129" port: 43645 } } peers { permanent_uuid: "0cc8904ce69b417bbd6184bedd56ca90" member_type: VOTER last_known_addr { host: "127.6.200.130" port: 46265 } } peers { permanent_uuid: "9cbf5957cb6e4c1bb15dc393d8972dc4" member_type: VOTER last_known_addr { host: "127.6.200.131" port: 41071 } }
I20260709 13:16:38.063868  8270 ts_tablet_manager.cc:1434] T 370c4ccc2db64a93be75402173e83592 P dc8d57dafd0448c2a0c83e161361fe34: Time spent starting tablet: real 0.007s	user 0.006s	sys 0.000s
I20260709 13:16:38.064970  8270 tablet_bootstrap.cc:492] T 772da1f89fac476c8c8fecc65233aae4 P dc8d57dafd0448c2a0c83e161361fe34: Bootstrap starting.
I20260709 13:16:38.071483  8270 tablet_bootstrap.cc:654] T 772da1f89fac476c8c8fecc65233aae4 P dc8d57dafd0448c2a0c83e161361fe34: Neither blocks nor log segments found. Creating new log.
I20260709 13:16:38.077265  8153 raft_consensus.cc:3060] T 0ca8e9462e8a4606a9a38a6eae0099e2 P 0cc8904ce69b417bbd6184bedd56ca90 [term 0 FOLLOWER]: Advancing to term 1
I20260709 13:16:38.083663  8269 tablet_bootstrap.cc:492] T 8ce364019cd648e9a79e43790d892311 P 9cbf5957cb6e4c1bb15dc393d8972dc4: No bootstrap required, opened a new log
I20260709 13:16:38.084218  8269 ts_tablet_manager.cc:1403] T 8ce364019cd648e9a79e43790d892311 P 9cbf5957cb6e4c1bb15dc393d8972dc4: Time spent bootstrapping tablet: real 0.055s	user 0.013s	sys 0.035s
I20260709 13:16:38.087333  8269 raft_consensus.cc:359] T 8ce364019cd648e9a79e43790d892311 P 9cbf5957cb6e4c1bb15dc393d8972dc4 [term 0 FOLLOWER]: Replica starting. Triggering 0 pending ops. Active config: opid_index: -1 OBSOLETE_local: false peers { permanent_uuid: "dc8d57dafd0448c2a0c83e161361fe34" member_type: VOTER last_known_addr { host: "127.6.200.129" port: 43645 } } peers { permanent_uuid: "0cc8904ce69b417bbd6184bedd56ca90" member_type: VOTER last_known_addr { host: "127.6.200.130" port: 46265 } } peers { permanent_uuid: "9cbf5957cb6e4c1bb15dc393d8972dc4" member_type: VOTER last_known_addr { host: "127.6.200.131" port: 41071 } }
I20260709 13:16:38.088099  8269 raft_consensus.cc:385] T 8ce364019cd648e9a79e43790d892311 P 9cbf5957cb6e4c1bb15dc393d8972dc4 [term 0 FOLLOWER]: Consensus starting up: Expiring failure detector timer to make a prompt election more likely
I20260709 13:16:38.100138  8269 raft_consensus.cc:740] T 8ce364019cd648e9a79e43790d892311 P 9cbf5957cb6e4c1bb15dc393d8972dc4 [term 0 FOLLOWER]: Becoming Follower/Learner. State: Replica: 9cbf5957cb6e4c1bb15dc393d8972dc4, State: Initialized, Role: FOLLOWER
I20260709 13:16:38.104213  8269 consensus_queue.cc:260] T 8ce364019cd648e9a79e43790d892311 P 9cbf5957cb6e4c1bb15dc393d8972dc4 [NON_LEADER]: Queue going to NON_LEADER mode. State: All replicated index: 0, Majority replicated index: 0, Committed index: 0, Last appended: 0.0, Last appended by leader: 0, Current term: 0, Majority size: -1, State: 0, Mode: NON_LEADER, active raft config: opid_index: -1 OBSOLETE_local: false peers { permanent_uuid: "dc8d57dafd0448c2a0c83e161361fe34" member_type: VOTER last_known_addr { host: "127.6.200.129" port: 43645 } } peers { permanent_uuid: "0cc8904ce69b417bbd6184bedd56ca90" member_type: VOTER last_known_addr { host: "127.6.200.130" port: 46265 } } peers { permanent_uuid: "9cbf5957cb6e4c1bb15dc393d8972dc4" member_type: VOTER last_known_addr { host: "127.6.200.131" port: 41071 } }
I20260709 13:16:38.107151  8269 ts_tablet_manager.cc:1434] T 8ce364019cd648e9a79e43790d892311 P 9cbf5957cb6e4c1bb15dc393d8972dc4: Time spent starting tablet: real 0.023s	user 0.006s	sys 0.000s
I20260709 13:16:38.108831  8269 tablet_bootstrap.cc:492] T 74e972ea2d9b4520a261bb8187c597a6 P 9cbf5957cb6e4c1bb15dc393d8972dc4: Bootstrap starting.
I20260709 13:16:38.115470  8269 tablet_bootstrap.cc:654] T 74e972ea2d9b4520a261bb8187c597a6 P 9cbf5957cb6e4c1bb15dc393d8972dc4: Neither blocks nor log segments found. Creating new log.
I20260709 13:16:38.119707  8352 raft_consensus.cc:493] T 08884e3b668b49628b145689cee1dbe0 P dc8d57dafd0448c2a0c83e161361fe34 [term 0 FOLLOWER]: Starting pre-election (no leader contacted us within the election timeout)
I20260709 13:16:38.120230  8352 raft_consensus.cc:515] T 08884e3b668b49628b145689cee1dbe0 P dc8d57dafd0448c2a0c83e161361fe34 [term 0 FOLLOWER]: Starting pre-election with config: opid_index: -1 OBSOLETE_local: false peers { permanent_uuid: "dc8d57dafd0448c2a0c83e161361fe34" member_type: VOTER last_known_addr { host: "127.6.200.129" port: 43645 } } peers { permanent_uuid: "0cc8904ce69b417bbd6184bedd56ca90" member_type: VOTER last_known_addr { host: "127.6.200.130" port: 46265 } } peers { permanent_uuid: "9cbf5957cb6e4c1bb15dc393d8972dc4" member_type: VOTER last_known_addr { host: "127.6.200.131" port: 41071 } }
I20260709 13:16:38.122368  8352 leader_election.cc:290] T 08884e3b668b49628b145689cee1dbe0 P dc8d57dafd0448c2a0c83e161361fe34 [CANDIDATE]: Term 1 pre-election: Requested pre-vote from peers 0cc8904ce69b417bbd6184bedd56ca90 (127.6.200.130:46265), 9cbf5957cb6e4c1bb15dc393d8972dc4 (127.6.200.131:41071)
W20260709 13:16:38.123409  8026 auto_rebalancer.cc:288] Could not retrieve cluster info: Service unavailable: Tablet not running
I20260709 13:16:38.123799  8154 tablet_service.cc:1917] Received RequestConsensusVote() RPC: tablet_id: "08884e3b668b49628b145689cee1dbe0" candidate_uuid: "dc8d57dafd0448c2a0c83e161361fe34" candidate_term: 1 candidate_status { last_received { term: 0 index: 0 } } ignore_live_leader: false dest_uuid: "0cc8904ce69b417bbd6184bedd56ca90" is_pre_election: true
I20260709 13:16:38.124465  8154 raft_consensus.cc:2468] T 08884e3b668b49628b145689cee1dbe0 P 0cc8904ce69b417bbd6184bedd56ca90 [term 0 FOLLOWER]: Leader pre-election vote request: Granting yes vote for candidate dc8d57dafd0448c2a0c83e161361fe34 in term 0.
I20260709 13:16:38.125784  8044 leader_election.cc:304] T 08884e3b668b49628b145689cee1dbe0 P dc8d57dafd0448c2a0c83e161361fe34 [CANDIDATE]: Term 1 pre-election: Election decided. Result: candidate won. Election summary: received 2 responses out of 3 voters: 2 yes votes; 0 no votes. yes voters: 0cc8904ce69b417bbd6184bedd56ca90, dc8d57dafd0448c2a0c83e161361fe34; no voters: 
I20260709 13:16:38.127265  8269 tablet_bootstrap.cc:492] T 74e972ea2d9b4520a261bb8187c597a6 P 9cbf5957cb6e4c1bb15dc393d8972dc4: No bootstrap required, opened a new log
I20260709 13:16:38.128526  8274 raft_consensus.cc:493] T 8ce364019cd648e9a79e43790d892311 P 9cbf5957cb6e4c1bb15dc393d8972dc4 [term 0 FOLLOWER]: Starting pre-election (no leader contacted us within the election timeout)
I20260709 13:16:38.131420  8274 raft_consensus.cc:515] T 8ce364019cd648e9a79e43790d892311 P 9cbf5957cb6e4c1bb15dc393d8972dc4 [term 0 FOLLOWER]: Starting pre-election with config: opid_index: -1 OBSOLETE_local: false peers { permanent_uuid: "dc8d57dafd0448c2a0c83e161361fe34" member_type: VOTER last_known_addr { host: "127.6.200.129" port: 43645 } } peers { permanent_uuid: "0cc8904ce69b417bbd6184bedd56ca90" member_type: VOTER last_known_addr { host: "127.6.200.130" port: 46265 } } peers { permanent_uuid: "9cbf5957cb6e4c1bb15dc393d8972dc4" member_type: VOTER last_known_addr { host: "127.6.200.131" port: 41071 } }
I20260709 13:16:38.132223  8271 tablet_bootstrap.cc:492] T 2ef3c2e2359e40f79ef5b473107d68a5 P 0cc8904ce69b417bbd6184bedd56ca90: No bootstrap required, opened a new log
I20260709 13:16:38.128599  8228 tablet_service.cc:1917] Received RequestConsensusVote() RPC: tablet_id: "08884e3b668b49628b145689cee1dbe0" candidate_uuid: "dc8d57dafd0448c2a0c83e161361fe34" candidate_term: 1 candidate_status { last_received { term: 0 index: 0 } } ignore_live_leader: false dest_uuid: "9cbf5957cb6e4c1bb15dc393d8972dc4" is_pre_election: true
I20260709 13:16:38.133952  8271 ts_tablet_manager.cc:1403] T 2ef3c2e2359e40f79ef5b473107d68a5 P 0cc8904ce69b417bbd6184bedd56ca90: Time spent bootstrapping tablet: real 0.114s	user 0.044s	sys 0.039s
I20260709 13:16:38.134059  8228 raft_consensus.cc:2468] T 08884e3b668b49628b145689cee1dbe0 P 9cbf5957cb6e4c1bb15dc393d8972dc4 [term 0 FOLLOWER]: Leader pre-election vote request: Granting yes vote for candidate dc8d57dafd0448c2a0c83e161361fe34 in term 0.
I20260709 13:16:38.135428  8274 leader_election.cc:290] T 8ce364019cd648e9a79e43790d892311 P 9cbf5957cb6e4c1bb15dc393d8972dc4 [CANDIDATE]: Term 1 pre-election: Requested pre-vote from peers dc8d57dafd0448c2a0c83e161361fe34 (127.6.200.129:43645), 0cc8904ce69b417bbd6184bedd56ca90 (127.6.200.130:46265)
I20260709 13:16:38.127820  8269 ts_tablet_manager.cc:1403] T 74e972ea2d9b4520a261bb8187c597a6 P 9cbf5957cb6e4c1bb15dc393d8972dc4: Time spent bootstrapping tablet: real 0.019s	user 0.015s	sys 0.001s
I20260709 13:16:38.136583  8271 raft_consensus.cc:359] T 2ef3c2e2359e40f79ef5b473107d68a5 P 0cc8904ce69b417bbd6184bedd56ca90 [term 0 FOLLOWER]: Replica starting. Triggering 0 pending ops. Active config: opid_index: -1 OBSOLETE_local: false peers { permanent_uuid: "dc8d57dafd0448c2a0c83e161361fe34" member_type: VOTER last_known_addr { host: "127.6.200.129" port: 43645 } } peers { permanent_uuid: "0cc8904ce69b417bbd6184bedd56ca90" member_type: VOTER last_known_addr { host: "127.6.200.130" port: 46265 } } peers { permanent_uuid: "9cbf5957cb6e4c1bb15dc393d8972dc4" member_type: VOTER last_known_addr { host: "127.6.200.131" port: 41071 } }
I20260709 13:16:38.136838  8077 tablet_service.cc:1917] Received RequestConsensusVote() RPC: tablet_id: "8ce364019cd648e9a79e43790d892311" candidate_uuid: "9cbf5957cb6e4c1bb15dc393d8972dc4" candidate_term: 1 candidate_status { last_received { term: 0 index: 0 } } ignore_live_leader: false dest_uuid: "dc8d57dafd0448c2a0c83e161361fe34" is_pre_election: true
I20260709 13:16:38.137219  8271 raft_consensus.cc:385] T 2ef3c2e2359e40f79ef5b473107d68a5 P 0cc8904ce69b417bbd6184bedd56ca90 [term 0 FOLLOWER]: Consensus starting up: Expiring failure detector timer to make a prompt election more likely
I20260709 13:16:38.137452  8271 raft_consensus.cc:740] T 2ef3c2e2359e40f79ef5b473107d68a5 P 0cc8904ce69b417bbd6184bedd56ca90 [term 0 FOLLOWER]: Becoming Follower/Learner. State: Replica: 0cc8904ce69b417bbd6184bedd56ca90, State: Initialized, Role: FOLLOWER
I20260709 13:16:38.137920  8271 consensus_queue.cc:260] T 2ef3c2e2359e40f79ef5b473107d68a5 P 0cc8904ce69b417bbd6184bedd56ca90 [NON_LEADER]: Queue going to NON_LEADER mode. State: All replicated index: 0, Majority replicated index: 0, Committed index: 0, Last appended: 0.0, Last appended by leader: 0, Current term: 0, Majority size: -1, State: 0, Mode: NON_LEADER, active raft config: opid_index: -1 OBSOLETE_local: false peers { permanent_uuid: "dc8d57dafd0448c2a0c83e161361fe34" member_type: VOTER last_known_addr { host: "127.6.200.129" port: 43645 } } peers { permanent_uuid: "0cc8904ce69b417bbd6184bedd56ca90" member_type: VOTER last_known_addr { host: "127.6.200.130" port: 46265 } } peers { permanent_uuid: "9cbf5957cb6e4c1bb15dc393d8972dc4" member_type: VOTER last_known_addr { host: "127.6.200.131" port: 41071 } }
W20260709 13:16:38.138549  8195 leader_election.cc:343] T 8ce364019cd648e9a79e43790d892311 P 9cbf5957cb6e4c1bb15dc393d8972dc4 [CANDIDATE]: Term 1 pre-election: Tablet error from VoteRequest() call to peer dc8d57dafd0448c2a0c83e161361fe34 (127.6.200.129:43645): Illegal state: must be running to vote when last-logged opid is not known
I20260709 13:16:38.138765  8269 raft_consensus.cc:359] T 74e972ea2d9b4520a261bb8187c597a6 P 9cbf5957cb6e4c1bb15dc393d8972dc4 [term 0 FOLLOWER]: Replica starting. Triggering 0 pending ops. Active config: opid_index: -1 OBSOLETE_local: false peers { permanent_uuid: "dc8d57dafd0448c2a0c83e161361fe34" member_type: VOTER last_known_addr { host: "127.6.200.129" port: 43645 } } peers { permanent_uuid: "0cc8904ce69b417bbd6184bedd56ca90" member_type: VOTER last_known_addr { host: "127.6.200.130" port: 46265 } } peers { permanent_uuid: "9cbf5957cb6e4c1bb15dc393d8972dc4" member_type: VOTER last_known_addr { host: "127.6.200.131" port: 41071 } }
I20260709 13:16:38.139315  8271 ts_tablet_manager.cc:1434] T 2ef3c2e2359e40f79ef5b473107d68a5 P 0cc8904ce69b417bbd6184bedd56ca90: Time spent starting tablet: real 0.005s	user 0.002s	sys 0.000s
I20260709 13:16:38.139389  8269 raft_consensus.cc:385] T 74e972ea2d9b4520a261bb8187c597a6 P 9cbf5957cb6e4c1bb15dc393d8972dc4 [term 0 FOLLOWER]: Consensus starting up: Expiring failure detector timer to make a prompt election more likely
I20260709 13:16:38.136617  8154 tablet_service.cc:1917] Received RequestConsensusVote() RPC: tablet_id: "8ce364019cd648e9a79e43790d892311" candidate_uuid: "9cbf5957cb6e4c1bb15dc393d8972dc4" candidate_term: 1 candidate_status { last_received { term: 0 index: 0 } } ignore_live_leader: false dest_uuid: "0cc8904ce69b417bbd6184bedd56ca90" is_pre_election: true
I20260709 13:16:38.139853  8269 raft_consensus.cc:740] T 74e972ea2d9b4520a261bb8187c597a6 P 9cbf5957cb6e4c1bb15dc393d8972dc4 [term 0 FOLLOWER]: Becoming Follower/Learner. State: Replica: 9cbf5957cb6e4c1bb15dc393d8972dc4, State: Initialized, Role: FOLLOWER
I20260709 13:16:38.140354  8271 tablet_bootstrap.cc:492] T d4823bb7d01a4ae5ac9f5fd89e88e81d P 0cc8904ce69b417bbd6184bedd56ca90: Bootstrap starting.
I20260709 13:16:38.129026  8352 raft_consensus.cc:2804] T 08884e3b668b49628b145689cee1dbe0 P dc8d57dafd0448c2a0c83e161361fe34 [term 0 FOLLOWER]: Leader pre-election won for term 1
I20260709 13:16:38.140754  8352 raft_consensus.cc:493] T 08884e3b668b49628b145689cee1dbe0 P dc8d57dafd0448c2a0c83e161361fe34 [term 0 FOLLOWER]: Starting leader election (no leader contacted us within the election timeout)
