I20260709 13:16:10.045032 16864 consensus_queue.cc:260] T b54b35eae161400bbb376ff9a44d3b6b P 13180aec60fe4132906e470c99b67d79 [NON_LEADER]: Queue going to NON_LEADER mode. State: All replicated index: 0, Majority replicated index: 3, Committed index: 3, Last appended: 3.3, Last appended by leader: 3, Current term: 3, Majority size: -1, State: 0, Mode: NON_LEADER, active raft config: opid_index: -1 OBSOLETE_local: false peers { permanent_uuid: "b9dc4cc3a4f6436cb46da94d6092a44e" member_type: VOTER last_known_addr { host: "127.16.49.1" port: 43699 } } peers { permanent_uuid: "2823e40dc739497387ab45241071f895" member_type: VOTER last_known_addr { host: "127.16.49.2" port: 37215 } } peers { permanent_uuid: "13180aec60fe4132906e470c99b67d79" member_type: VOTER last_known_addr { host: "127.16.49.3" port: 43305 } }
I20260709 13:16:10.046072 16864 raft_consensus.cc:3060] T b54b35eae161400bbb376ff9a44d3b6b P 13180aec60fe4132906e470c99b67d79 [term 3 FOLLOWER]: Advancing to term 4
I20260709 13:16:10.048286 16715 raft_consensus.cc:2468] T b54b35eae161400bbb376ff9a44d3b6b P b9dc4cc3a4f6436cb46da94d6092a44e [term 4 FOLLOWER]: Leader election vote request: Granting yes vote for candidate 2823e40dc739497387ab45241071f895 in term 4.
I20260709 13:16:10.049098 16754 leader_election.cc:304] T b54b35eae161400bbb376ff9a44d3b6b P 2823e40dc739497387ab45241071f895 [CANDIDATE]: Term 4 election: Election decided. Result: candidate won. Election summary: received 2 responses out of 3 voters: 2 yes votes; 0 no votes. yes voters: 2823e40dc739497387ab45241071f895, b9dc4cc3a4f6436cb46da94d6092a44e; no voters: 
I20260709 13:16:10.049666 17024 raft_consensus.cc:2804] T b54b35eae161400bbb376ff9a44d3b6b P 2823e40dc739497387ab45241071f895 [term 4 FOLLOWER]: Leader election won for term 4
I20260709 13:16:10.050069 17024 raft_consensus.cc:697] T b54b35eae161400bbb376ff9a44d3b6b P 2823e40dc739497387ab45241071f895 [term 4 LEADER]: Becoming Leader. State: Replica: 2823e40dc739497387ab45241071f895, State: Running, Role: LEADER
I20260709 13:16:10.051011 17024 consensus_queue.cc:237] T b54b35eae161400bbb376ff9a44d3b6b P 2823e40dc739497387ab45241071f895 [LEADER]: Queue going to LEADER mode. State: All replicated index: 0, Majority replicated index: 3, Committed index: 3, Last appended: 3.3, Last appended by leader: 3, Current term: 4, Majority size: 2, State: 0, Mode: LEADER, active raft config: opid_index: -1 OBSOLETE_local: false peers { permanent_uuid: "b9dc4cc3a4f6436cb46da94d6092a44e" member_type: VOTER last_known_addr { host: "127.16.49.1" port: 43699 } } peers { permanent_uuid: "2823e40dc739497387ab45241071f895" member_type: VOTER last_known_addr { host: "127.16.49.2" port: 37215 } } peers { permanent_uuid: "13180aec60fe4132906e470c99b67d79" member_type: VOTER last_known_addr { host: "127.16.49.3" port: 43305 } }
I20260709 13:16:10.051559 16864 raft_consensus.cc:2468] T b54b35eae161400bbb376ff9a44d3b6b P 13180aec60fe4132906e470c99b67d79 [term 4 FOLLOWER]: Leader election vote request: Granting yes vote for candidate 2823e40dc739497387ab45241071f895 in term 4.
I20260709 13:16:10.056267 16609 catalog_manager.cc:5697] T b54b35eae161400bbb376ff9a44d3b6b P 2823e40dc739497387ab45241071f895 reported cstate change: term changed from 3 to 4, leader changed from 13180aec60fe4132906e470c99b67d79 (127.16.49.3) to 2823e40dc739497387ab45241071f895 (127.16.49.2). New cstate: current_term: 4 leader_uuid: "2823e40dc739497387ab45241071f895" committed_config { opid_index: -1 OBSOLETE_local: false peers { permanent_uuid: "b9dc4cc3a4f6436cb46da94d6092a44e" member_type: VOTER last_known_addr { host: "127.16.49.1" port: 43699 } health_report { overall_health: UNKNOWN } } peers { permanent_uuid: "2823e40dc739497387ab45241071f895" member_type: VOTER last_known_addr { host: "127.16.49.2" port: 37215 } health_report { overall_health: HEALTHY } } peers { permanent_uuid: "13180aec60fe4132906e470c99b67d79" member_type: VOTER last_known_addr { host: "127.16.49.3" port: 43305 } health_report { overall_health: UNKNOWN } } }
I20260709 13:16:10.289067 16715 raft_consensus.cc:1275] T b729d69e330f438881cd00ef3e9f8e3e P b9dc4cc3a4f6436cb46da94d6092a44e [term 2 FOLLOWER]: Refusing update from remote peer 2823e40dc739497387ab45241071f895: Log matching property violated. Preceding OpId in replica: term: 1 index: 1. Preceding OpId from leader: term: 2 index: 2. (index mismatch)
I20260709 13:16:10.290283 17025 consensus_queue.cc:1048] T b729d69e330f438881cd00ef3e9f8e3e P 2823e40dc739497387ab45241071f895 [LEADER]: Connected to new peer: Peer: permanent_uuid: "b9dc4cc3a4f6436cb46da94d6092a44e" member_type: VOTER last_known_addr { host: "127.16.49.1" port: 43699 }, Status: LMP_MISMATCH, Last received: 0.0, Next index: 2, Last known committed idx: 1, Time since last communication: 0.000s
I20260709 13:16:10.302963 16713 raft_consensus.cc:1275] T fe21a74f69bf4361bfeaaea040faaaf6 P b9dc4cc3a4f6436cb46da94d6092a44e [term 3 FOLLOWER]: Refusing update from remote peer 2823e40dc739497387ab45241071f895: Log matching property violated. Preceding OpId in replica: term: 2 index: 2. Preceding OpId from leader: term: 3 index: 3. (index mismatch)
I20260709 13:16:10.304553 17025 consensus_queue.cc:1048] T fe21a74f69bf4361bfeaaea040faaaf6 P 2823e40dc739497387ab45241071f895 [LEADER]: Connected to new peer: Peer: permanent_uuid: "b9dc4cc3a4f6436cb46da94d6092a44e" member_type: VOTER last_known_addr { host: "127.16.49.1" port: 43699 }, Status: LMP_MISMATCH, Last received: 0.0, Next index: 3, Last known committed idx: 2, Time since last communication: 0.000s
I20260709 13:16:10.307031 16864 raft_consensus.cc:1275] T b729d69e330f438881cd00ef3e9f8e3e P 13180aec60fe4132906e470c99b67d79 [term 2 FOLLOWER]: Refusing update from remote peer 2823e40dc739497387ab45241071f895: Log matching property violated. Preceding OpId in replica: term: 1 index: 1. Preceding OpId from leader: term: 2 index: 2. (index mismatch)
I20260709 13:16:10.308960 17023 consensus_queue.cc:1048] T b729d69e330f438881cd00ef3e9f8e3e P 2823e40dc739497387ab45241071f895 [LEADER]: Connected to new peer: Peer: permanent_uuid: "13180aec60fe4132906e470c99b67d79" member_type: VOTER last_known_addr { host: "127.16.49.3" port: 43305 }, Status: LMP_MISMATCH, Last received: 0.0, Next index: 2, Last known committed idx: 1, Time since last communication: 0.000s
I20260709 13:16:10.330042 16864 raft_consensus.cc:1275] T fe21a74f69bf4361bfeaaea040faaaf6 P 13180aec60fe4132906e470c99b67d79 [term 3 FOLLOWER]: Refusing update from remote peer 2823e40dc739497387ab45241071f895: Log matching property violated. Preceding OpId in replica: term: 2 index: 2. Preceding OpId from leader: term: 3 index: 3. (index mismatch)
I20260709 13:16:10.332305 17022 consensus_queue.cc:1048] T fe21a74f69bf4361bfeaaea040faaaf6 P 2823e40dc739497387ab45241071f895 [LEADER]: Connected to new peer: Peer: permanent_uuid: "13180aec60fe4132906e470c99b67d79" member_type: VOTER last_known_addr { host: "127.16.49.3" port: 43305 }, Status: LMP_MISMATCH, Last received: 0.0, Next index: 3, Last known committed idx: 2, Time since last communication: 0.000s
I20260709 13:16:10.394618 16715 raft_consensus.cc:1275] T b69e54aa29eb4522a566a4a11d47c967 P b9dc4cc3a4f6436cb46da94d6092a44e [term 3 FOLLOWER]: Refusing update from remote peer 2823e40dc739497387ab45241071f895: Log matching property violated. Preceding OpId in replica: term: 2 index: 2. Preceding OpId from leader: term: 3 index: 3. (index mismatch)
I20260709 13:16:10.395906 17024 consensus_queue.cc:1048] T b69e54aa29eb4522a566a4a11d47c967 P 2823e40dc739497387ab45241071f895 [LEADER]: Connected to new peer: Peer: permanent_uuid: "b9dc4cc3a4f6436cb46da94d6092a44e" member_type: VOTER last_known_addr { host: "127.16.49.1" port: 43699 }, Status: LMP_MISMATCH, Last received: 0.0, Next index: 3, Last known committed idx: 2, Time since last communication: 0.000s
I20260709 13:16:10.406244 16862 raft_consensus.cc:1275] T b69e54aa29eb4522a566a4a11d47c967 P 13180aec60fe4132906e470c99b67d79 [term 3 FOLLOWER]: Refusing update from remote peer 2823e40dc739497387ab45241071f895: Log matching property violated. Preceding OpId in replica: term: 2 index: 2. Preceding OpId from leader: term: 3 index: 3. (index mismatch)
I20260709 13:16:10.408046 17025 consensus_queue.cc:1048] T b69e54aa29eb4522a566a4a11d47c967 P 2823e40dc739497387ab45241071f895 [LEADER]: Connected to new peer: Peer: permanent_uuid: "13180aec60fe4132906e470c99b67d79" member_type: VOTER last_known_addr { host: "127.16.49.3" port: 43305 }, Status: LMP_MISMATCH, Last received: 0.0, Next index: 3, Last known committed idx: 2, Time since last communication: 0.000s
I20260709 13:16:10.433297 16862 raft_consensus.cc:1275] T 01ede12fcee140c5a26dae35e1070386 P 13180aec60fe4132906e470c99b67d79 [term 4 FOLLOWER]: Refusing update from remote peer 2823e40dc739497387ab45241071f895: Log matching property violated. Preceding OpId in replica: term: 3 index: 3. Preceding OpId from leader: term: 4 index: 4. (index mismatch)
I20260709 13:16:10.434509 17022 consensus_queue.cc:1048] T 01ede12fcee140c5a26dae35e1070386 P 2823e40dc739497387ab45241071f895 [LEADER]: Connected to new peer: Peer: permanent_uuid: "13180aec60fe4132906e470c99b67d79" member_type: VOTER last_known_addr { host: "127.16.49.3" port: 43305 }, Status: LMP_MISMATCH, Last received: 0.0, Next index: 4, Last known committed idx: 3, Time since last communication: 0.000s
I20260709 13:16:10.443274 16715 raft_consensus.cc:1275] T 01ede12fcee140c5a26dae35e1070386 P b9dc4cc3a4f6436cb46da94d6092a44e [term 4 FOLLOWER]: Refusing update from remote peer 2823e40dc739497387ab45241071f895: Log matching property violated. Preceding OpId in replica: term: 3 index: 3. Preceding OpId from leader: term: 4 index: 4. (index mismatch)
I20260709 13:16:10.445077 17022 consensus_queue.cc:1048] T 01ede12fcee140c5a26dae35e1070386 P 2823e40dc739497387ab45241071f895 [LEADER]: Connected to new peer: Peer: permanent_uuid: "b9dc4cc3a4f6436cb46da94d6092a44e" member_type: VOTER last_known_addr { host: "127.16.49.1" port: 43699 }, Status: LMP_MISMATCH, Last received: 0.0, Next index: 4, Last known committed idx: 3, Time since last communication: 0.000s
I20260709 13:16:10.548200 16715 raft_consensus.cc:1275] T b54b35eae161400bbb376ff9a44d3b6b P b9dc4cc3a4f6436cb46da94d6092a44e [term 4 FOLLOWER]: Refusing update from remote peer 2823e40dc739497387ab45241071f895: Log matching property violated. Preceding OpId in replica: term: 3 index: 3. Preceding OpId from leader: term: 4 index: 4. (index mismatch)
I20260709 13:16:10.549437 17022 consensus_queue.cc:1048] T b54b35eae161400bbb376ff9a44d3b6b P 2823e40dc739497387ab45241071f895 [LEADER]: Connected to new peer: Peer: permanent_uuid: "b9dc4cc3a4f6436cb46da94d6092a44e" member_type: VOTER last_known_addr { host: "127.16.49.1" port: 43699 }, Status: LMP_MISMATCH, Last received: 0.0, Next index: 4, Last known committed idx: 3, Time since last communication: 0.000s
I20260709 13:16:10.560781 16862 raft_consensus.cc:1275] T b54b35eae161400bbb376ff9a44d3b6b P 13180aec60fe4132906e470c99b67d79 [term 4 FOLLOWER]: Refusing update from remote peer 2823e40dc739497387ab45241071f895: Log matching property violated. Preceding OpId in replica: term: 3 index: 3. Preceding OpId from leader: term: 4 index: 4. (index mismatch)
I20260709 13:16:10.562271 17023 consensus_queue.cc:1048] T b54b35eae161400bbb376ff9a44d3b6b P 2823e40dc739497387ab45241071f895 [LEADER]: Connected to new peer: Peer: permanent_uuid: "13180aec60fe4132906e470c99b67d79" member_type: VOTER last_known_addr { host: "127.16.49.3" port: 43305 }, Status: LMP_MISMATCH, Last received: 0.0, Next index: 4, Last known committed idx: 3, Time since last communication: 0.000s
I20260709 13:16:12.691390 16580 auto_leader_rebalancer.cc:141] leader rebalance for table test-workload
I20260709 13:16:12.698086 16790 tablet_service.cc:2072] Received LeaderStepDown RPC: tablet_id: "0435fb084baf4aeaa966418c9c43963f"
dest_uuid: "2823e40dc739497387ab45241071f895"
mode: GRACEFUL
new_leader_uuid: "b9dc4cc3a4f6436cb46da94d6092a44e"
 from {username='slave'} at 127.0.0.1:58362
I20260709 13:16:12.698750 16790 raft_consensus.cc:606] T 0435fb084baf4aeaa966418c9c43963f P 2823e40dc739497387ab45241071f895 [term 2 LEADER]: Received request to transfer leadership to TS b9dc4cc3a4f6436cb46da94d6092a44e
I20260709 13:16:12.700979 16790 tablet_service.cc:2072] Received LeaderStepDown RPC: tablet_id: "569b79f4151547bba4f6512570ddb7e5"
dest_uuid: "2823e40dc739497387ab45241071f895"
mode: GRACEFUL
new_leader_uuid: "b9dc4cc3a4f6436cb46da94d6092a44e"
 from {username='slave'} at 127.0.0.1:58362
I20260709 13:16:12.701385 16790 raft_consensus.cc:606] T 569b79f4151547bba4f6512570ddb7e5 P 2823e40dc739497387ab45241071f895 [term 2 LEADER]: Received request to transfer leadership to TS b9dc4cc3a4f6436cb46da94d6092a44e
I20260709 13:16:12.703251 16790 tablet_service.cc:2072] Received LeaderStepDown RPC: tablet_id: "929162d287ea4a0e95d90b8d5c0b3458"
dest_uuid: "2823e40dc739497387ab45241071f895"
mode: GRACEFUL
new_leader_uuid: "b9dc4cc3a4f6436cb46da94d6092a44e"
 from {username='slave'} at 127.0.0.1:58362
I20260709 13:16:12.703614 16790 raft_consensus.cc:606] T 929162d287ea4a0e95d90b8d5c0b3458 P 2823e40dc739497387ab45241071f895 [term 2 LEADER]: Received request to transfer leadership to TS b9dc4cc3a4f6436cb46da94d6092a44e
I20260709 13:16:12.705371 16790 tablet_service.cc:2072] Received LeaderStepDown RPC: tablet_id: "b729d69e330f438881cd00ef3e9f8e3e"
dest_uuid: "2823e40dc739497387ab45241071f895"
mode: GRACEFUL
new_leader_uuid: "13180aec60fe4132906e470c99b67d79"
 from {username='slave'} at 127.0.0.1:58362
I20260709 13:16:12.705713 16790 raft_consensus.cc:606] T b729d69e330f438881cd00ef3e9f8e3e P 2823e40dc739497387ab45241071f895 [term 2 LEADER]: Received request to transfer leadership to TS 13180aec60fe4132906e470c99b67d79
I20260709 13:16:12.707522 16790 tablet_service.cc:2072] Received LeaderStepDown RPC: tablet_id: "fe21a74f69bf4361bfeaaea040faaaf6"
dest_uuid: "2823e40dc739497387ab45241071f895"
mode: GRACEFUL
new_leader_uuid: "13180aec60fe4132906e470c99b67d79"
 from {username='slave'} at 127.0.0.1:58362
I20260709 13:16:12.707870 16790 raft_consensus.cc:606] T fe21a74f69bf4361bfeaaea040faaaf6 P 2823e40dc739497387ab45241071f895 [term 3 LEADER]: Received request to transfer leadership to TS 13180aec60fe4132906e470c99b67d79
I20260709 13:16:12.708750 16580 auto_leader_rebalancer.cc:452] table: test-workload, leader rebalance finish, leader transfer count: 5
I20260709 13:16:12.709095 16580 auto_leader_rebalancer.cc:527] All tables' leader rebalancing finished this round
I20260709 13:16:12.743832 17047 raft_consensus.cc:993] T fe21a74f69bf4361bfeaaea040faaaf6 P 2823e40dc739497387ab45241071f895: : Instructing follower 13180aec60fe4132906e470c99b67d79 to start an election
I20260709 13:16:12.744287 17025 raft_consensus.cc:1081] T fe21a74f69bf4361bfeaaea040faaaf6 P 2823e40dc739497387ab45241071f895 [term 3 LEADER]: Signalling peer 13180aec60fe4132906e470c99b67d79 to start an election
I20260709 13:16:12.745647 16864 tablet_service.cc:2044] Received Run Leader Election RPC: tablet_id: "fe21a74f69bf4361bfeaaea040faaaf6"
dest_uuid: "13180aec60fe4132906e470c99b67d79"
 from {username='slave'} at 127.0.0.1:42790
I20260709 13:16:12.746037 16864 raft_consensus.cc:493] T fe21a74f69bf4361bfeaaea040faaaf6 P 13180aec60fe4132906e470c99b67d79 [term 3 FOLLOWER]: Starting forced leader election (received explicit request)
I20260709 13:16:12.746287 16864 raft_consensus.cc:3060] T fe21a74f69bf4361bfeaaea040faaaf6 P 13180aec60fe4132906e470c99b67d79 [term 3 FOLLOWER]: Advancing to term 4
I20260709 13:16:12.750844 16864 raft_consensus.cc:515] T fe21a74f69bf4361bfeaaea040faaaf6 P 13180aec60fe4132906e470c99b67d79 [term 4 FOLLOWER]: Starting forced leader election with config: opid_index: -1 OBSOLETE_local: false peers { permanent_uuid: "b9dc4cc3a4f6436cb46da94d6092a44e" member_type: VOTER last_known_addr { host: "127.16.49.1" port: 43699 } } peers { permanent_uuid: "2823e40dc739497387ab45241071f895" member_type: VOTER last_known_addr { host: "127.16.49.2" port: 37215 } } peers { permanent_uuid: "13180aec60fe4132906e470c99b67d79" member_type: VOTER last_known_addr { host: "127.16.49.3" port: 43305 } }
I20260709 13:16:12.752218 16864 leader_election.cc:290] T fe21a74f69bf4361bfeaaea040faaaf6 P 13180aec60fe4132906e470c99b67d79 [CANDIDATE]: Term 4 election: Requested vote from peers b9dc4cc3a4f6436cb46da94d6092a44e (127.16.49.1:43699), 2823e40dc739497387ab45241071f895 (127.16.49.2:37215)
I20260709 13:16:12.753077 16715 tablet_service.cc:1917] Received RequestConsensusVote() RPC: tablet_id: "fe21a74f69bf4361bfeaaea040faaaf6" candidate_uuid: "13180aec60fe4132906e470c99b67d79" candidate_term: 4 candidate_status { last_received { term: 3 index: 3 } } ignore_live_leader: true dest_uuid: "b9dc4cc3a4f6436cb46da94d6092a44e"
I20260709 13:16:12.753203 16790 tablet_service.cc:1917] Received RequestConsensusVote() RPC: tablet_id: "fe21a74f69bf4361bfeaaea040faaaf6" candidate_uuid: "13180aec60fe4132906e470c99b67d79" candidate_term: 4 candidate_status { last_received { term: 3 index: 3 } } ignore_live_leader: true dest_uuid: "2823e40dc739497387ab45241071f895"
I20260709 13:16:12.753697 16715 raft_consensus.cc:3060] T fe21a74f69bf4361bfeaaea040faaaf6 P b9dc4cc3a4f6436cb46da94d6092a44e [term 3 FOLLOWER]: Advancing to term 4
I20260709 13:16:12.753763 16790 raft_consensus.cc:3055] T fe21a74f69bf4361bfeaaea040faaaf6 P 2823e40dc739497387ab45241071f895 [term 3 LEADER]: Stepping down as leader of term 3
I20260709 13:16:12.754055 16790 raft_consensus.cc:740] T fe21a74f69bf4361bfeaaea040faaaf6 P 2823e40dc739497387ab45241071f895 [term 3 LEADER]: Becoming Follower/Learner. State: Replica: 2823e40dc739497387ab45241071f895, State: Running, Role: LEADER
I20260709 13:16:12.754660 16790 consensus_queue.cc:260] T fe21a74f69bf4361bfeaaea040faaaf6 P 2823e40dc739497387ab45241071f895 [NON_LEADER]: Queue going to NON_LEADER mode. State: All replicated index: 0, Majority replicated index: 3, Committed index: 3, Last appended: 3.3, Last appended by leader: 3, Current term: 3, Majority size: -1, State: 0, Mode: NON_LEADER, active raft config: opid_index: -1 OBSOLETE_local: false peers { permanent_uuid: "b9dc4cc3a4f6436cb46da94d6092a44e" member_type: VOTER last_known_addr { host: "127.16.49.1" port: 43699 } } peers { permanent_uuid: "2823e40dc739497387ab45241071f895" member_type: VOTER last_known_addr { host: "127.16.49.2" port: 37215 } } peers { permanent_uuid: "13180aec60fe4132906e470c99b67d79" member_type: VOTER last_known_addr { host: "127.16.49.3" port: 43305 } }
I20260709 13:16:12.755484 16790 raft_consensus.cc:3060] T fe21a74f69bf4361bfeaaea040faaaf6 P 2823e40dc739497387ab45241071f895 [term 3 FOLLOWER]: Advancing to term 4
I20260709 13:16:12.757882 16715 raft_consensus.cc:2468] T fe21a74f69bf4361bfeaaea040faaaf6 P b9dc4cc3a4f6436cb46da94d6092a44e [term 4 FOLLOWER]: Leader election vote request: Granting yes vote for candidate 13180aec60fe4132906e470c99b67d79 in term 4.
I20260709 13:16:12.758874 16828 leader_election.cc:304] T fe21a74f69bf4361bfeaaea040faaaf6 P 13180aec60fe4132906e470c99b67d79 [CANDIDATE]: Term 4 election: Election decided. Result: candidate won. Election summary: received 2 responses out of 3 voters: 2 yes votes; 0 no votes. yes voters: 13180aec60fe4132906e470c99b67d79, b9dc4cc3a4f6436cb46da94d6092a44e; no voters: 
I20260709 13:16:12.759662 17015 raft_consensus.cc:2804] T fe21a74f69bf4361bfeaaea040faaaf6 P 13180aec60fe4132906e470c99b67d79 [term 4 FOLLOWER]: Leader election won for term 4
I20260709 13:16:12.759838 16790 raft_consensus.cc:2468] T fe21a74f69bf4361bfeaaea040faaaf6 P 2823e40dc739497387ab45241071f895 [term 4 FOLLOWER]: Leader election vote request: Granting yes vote for candidate 13180aec60fe4132906e470c99b67d79 in term 4.
I20260709 13:16:12.760643 17015 raft_consensus.cc:697] T fe21a74f69bf4361bfeaaea040faaaf6 P 13180aec60fe4132906e470c99b67d79 [term 4 LEADER]: Becoming Leader. State: Replica: 13180aec60fe4132906e470c99b67d79, State: Running, Role: LEADER
I20260709 13:16:12.761436 17015 consensus_queue.cc:237] T fe21a74f69bf4361bfeaaea040faaaf6 P 13180aec60fe4132906e470c99b67d79 [LEADER]: Queue going to LEADER mode. State: All replicated index: 0, Majority replicated index: 3, Committed index: 3, Last appended: 3.3, Last appended by leader: 3, Current term: 4, Majority size: 2, State: 0, Mode: LEADER, active raft config: opid_index: -1 OBSOLETE_local: false peers { permanent_uuid: "b9dc4cc3a4f6436cb46da94d6092a44e" member_type: VOTER last_known_addr { host: "127.16.49.1" port: 43699 } } peers { permanent_uuid: "2823e40dc739497387ab45241071f895" member_type: VOTER last_known_addr { host: "127.16.49.2" port: 37215 } } peers { permanent_uuid: "13180aec60fe4132906e470c99b67d79" member_type: VOTER last_known_addr { host: "127.16.49.3" port: 43305 } }
I20260709 13:16:12.767774 16609 catalog_manager.cc:5697] T fe21a74f69bf4361bfeaaea040faaaf6 P 13180aec60fe4132906e470c99b67d79 reported cstate change: term changed from 3 to 4, leader changed from 2823e40dc739497387ab45241071f895 (127.16.49.2) to 13180aec60fe4132906e470c99b67d79 (127.16.49.3). New cstate: current_term: 4 leader_uuid: "13180aec60fe4132906e470c99b67d79" committed_config { opid_index: -1 OBSOLETE_local: false peers { permanent_uuid: "b9dc4cc3a4f6436cb46da94d6092a44e" member_type: VOTER last_known_addr { host: "127.16.49.1" port: 43699 } health_report { overall_health: UNKNOWN } } peers { permanent_uuid: "2823e40dc739497387ab45241071f895" member_type: VOTER last_known_addr { host: "127.16.49.2" port: 37215 } health_report { overall_health: UNKNOWN } } peers { permanent_uuid: "13180aec60fe4132906e470c99b67d79" member_type: VOTER last_known_addr { host: "127.16.49.3" port: 43305 } health_report { overall_health: HEALTHY } } }
I20260709 13:16:12.883425 17047 raft_consensus.cc:993] T b729d69e330f438881cd00ef3e9f8e3e P 2823e40dc739497387ab45241071f895: : Instructing follower 13180aec60fe4132906e470c99b67d79 to start an election
I20260709 13:16:12.883806 17025 raft_consensus.cc:1081] T b729d69e330f438881cd00ef3e9f8e3e P 2823e40dc739497387ab45241071f895 [term 2 LEADER]: Signalling peer 13180aec60fe4132906e470c99b67d79 to start an election
I20260709 13:16:12.885128 16864 tablet_service.cc:2044] Received Run Leader Election RPC: tablet_id: "b729d69e330f438881cd00ef3e9f8e3e"
dest_uuid: "13180aec60fe4132906e470c99b67d79"
 from {username='slave'} at 127.0.0.1:42790
I20260709 13:16:12.885502 16864 raft_consensus.cc:493] T b729d69e330f438881cd00ef3e9f8e3e P 13180aec60fe4132906e470c99b67d79 [term 2 FOLLOWER]: Starting forced leader election (received explicit request)
I20260709 13:16:12.885782 16864 raft_consensus.cc:3060] T b729d69e330f438881cd00ef3e9f8e3e P 13180aec60fe4132906e470c99b67d79 [term 2 FOLLOWER]: Advancing to term 3
I20260709 13:16:12.889331 16864 raft_consensus.cc:515] T b729d69e330f438881cd00ef3e9f8e3e P 13180aec60fe4132906e470c99b67d79 [term 3 FOLLOWER]: Starting forced leader election with config: opid_index: -1 OBSOLETE_local: false peers { permanent_uuid: "b9dc4cc3a4f6436cb46da94d6092a44e" member_type: VOTER last_known_addr { host: "127.16.49.1" port: 43699 } } peers { permanent_uuid: "2823e40dc739497387ab45241071f895" member_type: VOTER last_known_addr { host: "127.16.49.2" port: 37215 } } peers { permanent_uuid: "13180aec60fe4132906e470c99b67d79" member_type: VOTER last_known_addr { host: "127.16.49.3" port: 43305 } }
I20260709 13:16:12.890848 16864 leader_election.cc:290] T b729d69e330f438881cd00ef3e9f8e3e P 13180aec60fe4132906e470c99b67d79 [CANDIDATE]: Term 3 election: Requested vote from peers b9dc4cc3a4f6436cb46da94d6092a44e (127.16.49.1:43699), 2823e40dc739497387ab45241071f895 (127.16.49.2:37215)
I20260709 13:16:12.891608 16713 tablet_service.cc:1917] Received RequestConsensusVote() RPC: tablet_id: "b729d69e330f438881cd00ef3e9f8e3e" candidate_uuid: "13180aec60fe4132906e470c99b67d79" candidate_term: 3 candidate_status { last_received { term: 2 index: 2 } } ignore_live_leader: true dest_uuid: "b9dc4cc3a4f6436cb46da94d6092a44e"
I20260709 13:16:12.891798 16790 tablet_service.cc:1917] Received RequestConsensusVote() RPC: tablet_id: "b729d69e330f438881cd00ef3e9f8e3e" candidate_uuid: "13180aec60fe4132906e470c99b67d79" candidate_term: 3 candidate_status { last_received { term: 2 index: 2 } } ignore_live_leader: true dest_uuid: "2823e40dc739497387ab45241071f895"
I20260709 13:16:12.892167 16713 raft_consensus.cc:3060] T b729d69e330f438881cd00ef3e9f8e3e P b9dc4cc3a4f6436cb46da94d6092a44e [term 2 FOLLOWER]: Advancing to term 3
I20260709 13:16:12.892304 16790 raft_consensus.cc:3055] T b729d69e330f438881cd00ef3e9f8e3e P 2823e40dc739497387ab45241071f895 [term 2 LEADER]: Stepping down as leader of term 2
I20260709 13:16:12.892644 16790 raft_consensus.cc:740] T b729d69e330f438881cd00ef3e9f8e3e P 2823e40dc739497387ab45241071f895 [term 2 LEADER]: Becoming Follower/Learner. State: Replica: 2823e40dc739497387ab45241071f895, State: Running, Role: LEADER
I20260709 13:16:12.893343 16790 consensus_queue.cc:260] T b729d69e330f438881cd00ef3e9f8e3e P 2823e40dc739497387ab45241071f895 [NON_LEADER]: Queue going to NON_LEADER mode. State: All replicated index: 0, Majority replicated index: 2, Committed index: 2, Last appended: 2.2, Last appended by leader: 2, Current term: 2, Majority size: -1, State: 0, Mode: NON_LEADER, active raft config: opid_index: -1 OBSOLETE_local: false peers { permanent_uuid: "b9dc4cc3a4f6436cb46da94d6092a44e" member_type: VOTER last_known_addr { host: "127.16.49.1" port: 43699 } } peers { permanent_uuid: "2823e40dc739497387ab45241071f895" member_type: VOTER last_known_addr { host: "127.16.49.2" port: 37215 } } peers { permanent_uuid: "13180aec60fe4132906e470c99b67d79" member_type: VOTER last_known_addr { host: "127.16.49.3" port: 43305 } }
I20260709 13:16:12.894310 16790 raft_consensus.cc:3060] T b729d69e330f438881cd00ef3e9f8e3e P 2823e40dc739497387ab45241071f895 [term 2 FOLLOWER]: Advancing to term 3
I20260709 13:16:12.895153 17047 raft_consensus.cc:993] T 569b79f4151547bba4f6512570ddb7e5 P 2823e40dc739497387ab45241071f895: : Instructing follower b9dc4cc3a4f6436cb46da94d6092a44e to start an election
I20260709 13:16:12.895556 17025 raft_consensus.cc:1081] T 569b79f4151547bba4f6512570ddb7e5 P 2823e40dc739497387ab45241071f895 [term 2 LEADER]: Signalling peer b9dc4cc3a4f6436cb46da94d6092a44e to start an election
I20260709 13:16:12.897006 16715 tablet_service.cc:2044] Received Run Leader Election RPC: tablet_id: "569b79f4151547bba4f6512570ddb7e5"
dest_uuid: "b9dc4cc3a4f6436cb46da94d6092a44e"
 from {username='slave'} at 127.0.0.1:43738
I20260709 13:16:12.897363 16713 raft_consensus.cc:2468] T b729d69e330f438881cd00ef3e9f8e3e P b9dc4cc3a4f6436cb46da94d6092a44e [term 3 FOLLOWER]: Leader election vote request: Granting yes vote for candidate 13180aec60fe4132906e470c99b67d79 in term 3.
I20260709 13:16:12.897442 16715 raft_consensus.cc:493] T 569b79f4151547bba4f6512570ddb7e5 P b9dc4cc3a4f6436cb46da94d6092a44e [term 2 FOLLOWER]: Starting forced leader election (received explicit request)
I20260709 13:16:12.897821 16715 raft_consensus.cc:3060] T 569b79f4151547bba4f6512570ddb7e5 P b9dc4cc3a4f6436cb46da94d6092a44e [term 2 FOLLOWER]: Advancing to term 3
I20260709 13:16:12.898350 16828 leader_election.cc:304] T b729d69e330f438881cd00ef3e9f8e3e P 13180aec60fe4132906e470c99b67d79 [CANDIDATE]: Term 3 election: Election decided. Result: candidate won. Election summary: received 2 responses out of 3 voters: 2 yes votes; 0 no votes. yes voters: 13180aec60fe4132906e470c99b67d79, b9dc4cc3a4f6436cb46da94d6092a44e; no voters: 
I20260709 13:16:12.899030 16790 raft_consensus.cc:2468] T b729d69e330f438881cd00ef3e9f8e3e P 2823e40dc739497387ab45241071f895 [term 3 FOLLOWER]: Leader election vote request: Granting yes vote for candidate 13180aec60fe4132906e470c99b67d79 in term 3.
I20260709 13:16:12.899088 17015 raft_consensus.cc:2804] T b729d69e330f438881cd00ef3e9f8e3e P 13180aec60fe4132906e470c99b67d79 [term 3 FOLLOWER]: Leader election won for term 3
I20260709 13:16:12.899703 17015 raft_consensus.cc:697] T b729d69e330f438881cd00ef3e9f8e3e P 13180aec60fe4132906e470c99b67d79 [term 3 LEADER]: Becoming Leader. State: Replica: 13180aec60fe4132906e470c99b67d79, State: Running, Role: LEADER
I20260709 13:16:12.900542 17015 consensus_queue.cc:237] T b729d69e330f438881cd00ef3e9f8e3e P 13180aec60fe4132906e470c99b67d79 [LEADER]: Queue going to LEADER mode. State: All replicated index: 0, Majority replicated index: 2, Committed index: 2, Last appended: 2.2, Last appended by leader: 2, Current term: 3, Majority size: 2, State: 0, Mode: LEADER, active raft config: opid_index: -1 OBSOLETE_local: false peers { permanent_uuid: "b9dc4cc3a4f6436cb46da94d6092a44e" member_type: VOTER last_known_addr { host: "127.16.49.1" port: 43699 } } peers { permanent_uuid: "2823e40dc739497387ab45241071f895" member_type: VOTER last_known_addr { host: "127.16.49.2" port: 37215 } } peers { permanent_uuid: "13180aec60fe4132906e470c99b67d79" member_type: VOTER last_known_addr { host: "127.16.49.3" port: 43305 } }
I20260709 13:16:12.902733 17047 raft_consensus.cc:993] T 929162d287ea4a0e95d90b8d5c0b3458 P 2823e40dc739497387ab45241071f895: : Instructing follower b9dc4cc3a4f6436cb46da94d6092a44e to start an election
I20260709 13:16:12.902945 16715 raft_consensus.cc:515] T 569b79f4151547bba4f6512570ddb7e5 P b9dc4cc3a4f6436cb46da94d6092a44e [term 3 FOLLOWER]: Starting forced leader election with config: opid_index: -1 OBSOLETE_local: false peers { permanent_uuid: "b9dc4cc3a4f6436cb46da94d6092a44e" member_type: VOTER last_known_addr { host: "127.16.49.1" port: 43699 } } peers { permanent_uuid: "2823e40dc739497387ab45241071f895" member_type: VOTER last_known_addr { host: "127.16.49.2" port: 37215 } } peers { permanent_uuid: "13180aec60fe4132906e470c99b67d79" member_type: VOTER last_known_addr { host: "127.16.49.3" port: 43305 } }
I20260709 13:16:12.903198 17025 raft_consensus.cc:1081] T 929162d287ea4a0e95d90b8d5c0b3458 P 2823e40dc739497387ab45241071f895 [term 2 LEADER]: Signalling peer b9dc4cc3a4f6436cb46da94d6092a44e to start an election
I20260709 13:16:12.904536 16715 leader_election.cc:290] T 569b79f4151547bba4f6512570ddb7e5 P b9dc4cc3a4f6436cb46da94d6092a44e [CANDIDATE]: Term 3 election: Requested vote from peers 2823e40dc739497387ab45241071f895 (127.16.49.2:37215), 13180aec60fe4132906e470c99b67d79 (127.16.49.3:43305)
I20260709 13:16:12.905151 16713 tablet_service.cc:2044] Received Run Leader Election RPC: tablet_id: "929162d287ea4a0e95d90b8d5c0b3458"
dest_uuid: "b9dc4cc3a4f6436cb46da94d6092a44e"
 from {username='slave'} at 127.0.0.1:43738
I20260709 13:16:12.905645 16864 tablet_service.cc:1917] Received RequestConsensusVote() RPC: tablet_id: "569b79f4151547bba4f6512570ddb7e5" candidate_uuid: "b9dc4cc3a4f6436cb46da94d6092a44e" candidate_term: 3 candidate_status { last_received { term: 2 index: 2 } } ignore_live_leader: true dest_uuid: "13180aec60fe4132906e470c99b67d79"
I20260709 13:16:12.905712 16713 raft_consensus.cc:493] T 929162d287ea4a0e95d90b8d5c0b3458 P b9dc4cc3a4f6436cb46da94d6092a44e [term 2 FOLLOWER]: Starting forced leader election (received explicit request)
I20260709 13:16:12.906122 16713 raft_consensus.cc:3060] T 929162d287ea4a0e95d90b8d5c0b3458 P b9dc4cc3a4f6436cb46da94d6092a44e [term 2 FOLLOWER]: Advancing to term 3
I20260709 13:16:12.906453 16790 tablet_service.cc:1917] Received RequestConsensusVote() RPC: tablet_id: "569b79f4151547bba4f6512570ddb7e5" candidate_uuid: "b9dc4cc3a4f6436cb46da94d6092a44e" candidate_term: 3 candidate_status { last_received { term: 2 index: 2 } } ignore_live_leader: true dest_uuid: "2823e40dc739497387ab45241071f895"
I20260709 13:16:12.906818 16790 raft_consensus.cc:3055] T 569b79f4151547bba4f6512570ddb7e5 P 2823e40dc739497387ab45241071f895 [term 2 LEADER]: Stepping down as leader of term 2
I20260709 13:16:12.907019 16790 raft_consensus.cc:740] T 569b79f4151547bba4f6512570ddb7e5 P 2823e40dc739497387ab45241071f895 [term 2 LEADER]: Becoming Follower/Learner. State: Replica: 2823e40dc739497387ab45241071f895, State: Running, Role: LEADER
I20260709 13:16:12.907613 16790 consensus_queue.cc:260] T 569b79f4151547bba4f6512570ddb7e5 P 2823e40dc739497387ab45241071f895 [NON_LEADER]: Queue going to NON_LEADER mode. State: All replicated index: 0, Majority replicated index: 2, Committed index: 2, Last appended: 2.2, Last appended by leader: 2, Current term: 2, Majority size: -1, State: 0, Mode: NON_LEADER, active raft config: opid_index: -1 OBSOLETE_local: false peers { permanent_uuid: "b9dc4cc3a4f6436cb46da94d6092a44e" member_type: VOTER last_known_addr { host: "127.16.49.1" port: 43699 } } peers { permanent_uuid: "2823e40dc739497387ab45241071f895" member_type: VOTER last_known_addr { host: "127.16.49.2" port: 37215 } } peers { permanent_uuid: "13180aec60fe4132906e470c99b67d79" member_type: VOTER last_known_addr { host: "127.16.49.3" port: 43305 } }
I20260709 13:16:12.908448 16790 raft_consensus.cc:3060] T 569b79f4151547bba4f6512570ddb7e5 P 2823e40dc739497387ab45241071f895 [term 2 FOLLOWER]: Advancing to term 3
I20260709 13:16:12.906090 16864 raft_consensus.cc:3060] T 569b79f4151547bba4f6512570ddb7e5 P 13180aec60fe4132906e470c99b67d79 [term 2 FOLLOWER]: Advancing to term 3
I20260709 13:16:12.911767 16790 raft_consensus.cc:2468] T 569b79f4151547bba4f6512570ddb7e5 P 2823e40dc739497387ab45241071f895 [term 3 FOLLOWER]: Leader election vote request: Granting yes vote for candidate b9dc4cc3a4f6436cb46da94d6092a44e in term 3.
I20260709 13:16:12.911767 16713 raft_consensus.cc:515] T 929162d287ea4a0e95d90b8d5c0b3458 P b9dc4cc3a4f6436cb46da94d6092a44e [term 3 FOLLOWER]: Starting forced leader election with config: opid_index: -1 OBSOLETE_local: false peers { permanent_uuid: "b9dc4cc3a4f6436cb46da94d6092a44e" member_type: VOTER last_known_addr { host: "127.16.49.1" port: 43699 } } peers { permanent_uuid: "2823e40dc739497387ab45241071f895" member_type: VOTER last_known_addr { host: "127.16.49.2" port: 37215 } } peers { permanent_uuid: "13180aec60fe4132906e470c99b67d79" member_type: VOTER last_known_addr { host: "127.16.49.3" port: 43305 } }
I20260709 13:16:12.912997 16681 leader_election.cc:304] T 569b79f4151547bba4f6512570ddb7e5 P b9dc4cc3a4f6436cb46da94d6092a44e [CANDIDATE]: Term 3 election: Election decided. Result: candidate won. Election summary: received 2 responses out of 3 voters: 2 yes votes; 0 no votes. yes voters: 2823e40dc739497387ab45241071f895, b9dc4cc3a4f6436cb46da94d6092a44e; no voters: 
I20260709 13:16:12.914005 16713 leader_election.cc:290] T 929162d287ea4a0e95d90b8d5c0b3458 P b9dc4cc3a4f6436cb46da94d6092a44e [CANDIDATE]: Term 3 election: Requested vote from peers 2823e40dc739497387ab45241071f895 (127.16.49.2:37215), 13180aec60fe4132906e470c99b67d79 (127.16.49.3:43305)
I20260709 13:16:12.915316 16862 tablet_service.cc:1917] Received RequestConsensusVote() RPC: tablet_id: "929162d287ea4a0e95d90b8d5c0b3458" candidate_uuid: "b9dc4cc3a4f6436cb46da94d6092a44e" candidate_term: 3 candidate_status { last_received { term: 2 index: 2 } } ignore_live_leader: true dest_uuid: "13180aec60fe4132906e470c99b67d79"
I20260709 13:16:12.915920 16862 raft_consensus.cc:3060] T 929162d287ea4a0e95d90b8d5c0b3458 P 13180aec60fe4132906e470c99b67d79 [term 2 FOLLOWER]: Advancing to term 3
I20260709 13:16:12.918659 17055 raft_consensus.cc:2804] T 569b79f4151547bba4f6512570ddb7e5 P b9dc4cc3a4f6436cb46da94d6092a44e [term 3 FOLLOWER]: Leader election won for term 3
I20260709 13:16:12.920274 16864 raft_consensus.cc:2468] T 569b79f4151547bba4f6512570ddb7e5 P 13180aec60fe4132906e470c99b67d79 [term 3 FOLLOWER]: Leader election vote request: Granting yes vote for candidate b9dc4cc3a4f6436cb46da94d6092a44e in term 3.
I20260709 13:16:12.921470 16862 raft_consensus.cc:2468] T 929162d287ea4a0e95d90b8d5c0b3458 P 13180aec60fe4132906e470c99b67d79 [term 3 FOLLOWER]: Leader election vote request: Granting yes vote for candidate b9dc4cc3a4f6436cb46da94d6092a44e in term 3.
I20260709 13:16:12.920989 16609 catalog_manager.cc:5697] T b729d69e330f438881cd00ef3e9f8e3e P 13180aec60fe4132906e470c99b67d79 reported cstate change: term changed from 2 to 3, leader changed from 2823e40dc739497387ab45241071f895 (127.16.49.2) to 13180aec60fe4132906e470c99b67d79 (127.16.49.3). New cstate: current_term: 3 leader_uuid: "13180aec60fe4132906e470c99b67d79" committed_config { opid_index: -1 OBSOLETE_local: false peers { permanent_uuid: "b9dc4cc3a4f6436cb46da94d6092a44e" member_type: VOTER last_known_addr { host: "127.16.49.1" port: 43699 } health_report { overall_health: UNKNOWN } } peers { permanent_uuid: "2823e40dc739497387ab45241071f895" member_type: VOTER last_known_addr { host: "127.16.49.2" port: 37215 } health_report { overall_health: UNKNOWN } } peers { permanent_uuid: "13180aec60fe4132906e470c99b67d79" member_type: VOTER last_known_addr { host: "127.16.49.3" port: 43305 } health_report { overall_health: HEALTHY } } }
I20260709 13:16:12.922470 16790 tablet_service.cc:1917] Received RequestConsensusVote() RPC: tablet_id: "929162d287ea4a0e95d90b8d5c0b3458" candidate_uuid: "b9dc4cc3a4f6436cb46da94d6092a44e" candidate_term: 3 candidate_status { last_received { term: 2 index: 2 } } ignore_live_leader: true dest_uuid: "2823e40dc739497387ab45241071f895"
I20260709 13:16:12.922756 16678 leader_election.cc:304] T 929162d287ea4a0e95d90b8d5c0b3458 P b9dc4cc3a4f6436cb46da94d6092a44e [CANDIDATE]: Term 3 election: Election decided. Result: candidate won. Election summary: received 2 responses out of 3 voters: 2 yes votes; 0 no votes. yes voters: 13180aec60fe4132906e470c99b67d79, b9dc4cc3a4f6436cb46da94d6092a44e; no voters: 
I20260709 13:16:12.922977 16790 raft_consensus.cc:3055] T 929162d287ea4a0e95d90b8d5c0b3458 P 2823e40dc739497387ab45241071f895 [term 2 LEADER]: Stepping down as leader of term 2
I20260709 13:16:12.923242 16790 raft_consensus.cc:740] T 929162d287ea4a0e95d90b8d5c0b3458 P 2823e40dc739497387ab45241071f895 [term 2 LEADER]: Becoming Follower/Learner. State: Replica: 2823e40dc739497387ab45241071f895, State: Running, Role: LEADER
I20260709 13:16:12.923629 17056 raft_consensus.cc:2804] T 929162d287ea4a0e95d90b8d5c0b3458 P b9dc4cc3a4f6436cb46da94d6092a44e [term 3 FOLLOWER]: Leader election won for term 3
I20260709 13:16:12.923913 16790 consensus_queue.cc:260] T 929162d287ea4a0e95d90b8d5c0b3458 P 2823e40dc739497387ab45241071f895 [NON_LEADER]: Queue going to NON_LEADER mode. State: All replicated index: 0, Majority replicated index: 2, Committed index: 2, Last appended: 2.2, Last appended by leader: 2, Current term: 2, Majority size: -1, State: 0, Mode: NON_LEADER, active raft config: opid_index: -1 OBSOLETE_local: false peers { permanent_uuid: "b9dc4cc3a4f6436cb46da94d6092a44e" member_type: VOTER last_known_addr { host: "127.16.49.1" port: 43699 } } peers { permanent_uuid: "2823e40dc739497387ab45241071f895" member_type: VOTER last_known_addr { host: "127.16.49.2" port: 37215 } } peers { permanent_uuid: "13180aec60fe4132906e470c99b67d79" member_type: VOTER last_known_addr { host: "127.16.49.3" port: 43305 } }
I20260709 13:16:12.924896 17056 raft_consensus.cc:697] T 929162d287ea4a0e95d90b8d5c0b3458 P b9dc4cc3a4f6436cb46da94d6092a44e [term 3 LEADER]: Becoming Leader. State: Replica: b9dc4cc3a4f6436cb46da94d6092a44e, State: Running, Role: LEADER
I20260709 13:16:12.925136 17055 raft_consensus.cc:697] T 569b79f4151547bba4f6512570ddb7e5 P b9dc4cc3a4f6436cb46da94d6092a44e [term 3 LEADER]: Becoming Leader. State: Replica: b9dc4cc3a4f6436cb46da94d6092a44e, State: Running, Role: LEADER
I20260709 13:16:12.925664 17056 consensus_queue.cc:237] T 929162d287ea4a0e95d90b8d5c0b3458 P b9dc4cc3a4f6436cb46da94d6092a44e [LEADER]: Queue going to LEADER mode. State: All replicated index: 0, Majority replicated index: 2, Committed index: 2, Last appended: 2.2, Last appended by leader: 2, Current term: 3, Majority size: 2, State: 0, Mode: LEADER, active raft config: opid_index: -1 OBSOLETE_local: false peers { permanent_uuid: "b9dc4cc3a4f6436cb46da94d6092a44e" member_type: VOTER last_known_addr { host: "127.16.49.1" port: 43699 } } peers { permanent_uuid: "2823e40dc739497387ab45241071f895" member_type: VOTER last_known_addr { host: "127.16.49.2" port: 37215 } } peers { permanent_uuid: "13180aec60fe4132906e470c99b67d79" member_type: VOTER last_known_addr { host: "127.16.49.3" port: 43305 } }
I20260709 13:16:12.926044 17055 consensus_queue.cc:237] T 569b79f4151547bba4f6512570ddb7e5 P b9dc4cc3a4f6436cb46da94d6092a44e [LEADER]: Queue going to LEADER mode. State: All replicated index: 0, Majority replicated index: 2, Committed index: 2, Last appended: 2.2, Last appended by leader: 2, Current term: 3, Majority size: 2, State: 0, Mode: LEADER, active raft config: opid_index: -1 OBSOLETE_local: false peers { permanent_uuid: "b9dc4cc3a4f6436cb46da94d6092a44e" member_type: VOTER last_known_addr { host: "127.16.49.1" port: 43699 } } peers { permanent_uuid: "2823e40dc739497387ab45241071f895" member_type: VOTER last_known_addr { host: "127.16.49.2" port: 37215 } } peers { permanent_uuid: "13180aec60fe4132906e470c99b67d79" member_type: VOTER last_known_addr { host: "127.16.49.3" port: 43305 } }
I20260709 13:16:12.924985 16790 raft_consensus.cc:3060] T 929162d287ea4a0e95d90b8d5c0b3458 P 2823e40dc739497387ab45241071f895 [term 2 FOLLOWER]: Advancing to term 3
I20260709 13:16:12.933701 16790 raft_consensus.cc:2468] T 929162d287ea4a0e95d90b8d5c0b3458 P 2823e40dc739497387ab45241071f895 [term 3 FOLLOWER]: Leader election vote request: Granting yes vote for candidate b9dc4cc3a4f6436cb46da94d6092a44e in term 3.
I20260709 13:16:12.937305 16609 catalog_manager.cc:5697] T 569b79f4151547bba4f6512570ddb7e5 P b9dc4cc3a4f6436cb46da94d6092a44e reported cstate change: term changed from 2 to 3, leader changed from 2823e40dc739497387ab45241071f895 (127.16.49.2) to b9dc4cc3a4f6436cb46da94d6092a44e (127.16.49.1). New cstate: current_term: 3 leader_uuid: "b9dc4cc3a4f6436cb46da94d6092a44e" committed_config { opid_index: -1 OBSOLETE_local: false peers { permanent_uuid: "b9dc4cc3a4f6436cb46da94d6092a44e" member_type: VOTER last_known_addr { host: "127.16.49.1" port: 43699 } health_report { overall_health: HEALTHY } } peers { permanent_uuid: "2823e40dc739497387ab45241071f895" member_type: VOTER last_known_addr { host: "127.16.49.2" port: 37215 } health_report { overall_health: UNKNOWN } } peers { permanent_uuid: "13180aec60fe4132906e470c99b67d79" member_type: VOTER last_known_addr { host: "127.16.49.3" port: 43305 } health_report { overall_health: UNKNOWN } } }
I20260709 13:16:12.946533 16609 catalog_manager.cc:5697] T 929162d287ea4a0e95d90b8d5c0b3458 P b9dc4cc3a4f6436cb46da94d6092a44e reported cstate change: term changed from 2 to 3, leader changed from 2823e40dc739497387ab45241071f895 (127.16.49.2) to b9dc4cc3a4f6436cb46da94d6092a44e (127.16.49.1). New cstate: current_term: 3 leader_uuid: "b9dc4cc3a4f6436cb46da94d6092a44e" committed_config { opid_index: -1 OBSOLETE_local: false peers { permanent_uuid: "b9dc4cc3a4f6436cb46da94d6092a44e" member_type: VOTER last_known_addr { host: "127.16.49.1" port: 43699 } health_report { overall_health: HEALTHY } } peers { permanent_uuid: "2823e40dc739497387ab45241071f895" member_type: VOTER last_known_addr { host: "127.16.49.2" port: 37215 } health_report { overall_health: UNKNOWN } } peers { permanent_uuid: "13180aec60fe4132906e470c99b67d79" member_type: VOTER last_known_addr { host: "127.16.49.3" port: 43305 } health_report { overall_health: UNKNOWN } } }
I20260709 13:16:13.013336 17025 raft_consensus.cc:993] T 0435fb084baf4aeaa966418c9c43963f P 2823e40dc739497387ab45241071f895: : Instructing follower b9dc4cc3a4f6436cb46da94d6092a44e to start an election
I20260709 13:16:13.013705 17047 raft_consensus.cc:1081] T 0435fb084baf4aeaa966418c9c43963f P 2823e40dc739497387ab45241071f895 [term 2 LEADER]: Signalling peer b9dc4cc3a4f6436cb46da94d6092a44e to start an election
I20260709 13:16:13.014962 16713 tablet_service.cc:2044] Received Run Leader Election RPC: tablet_id: "0435fb084baf4aeaa966418c9c43963f"
dest_uuid: "b9dc4cc3a4f6436cb46da94d6092a44e"
 from {username='slave'} at 127.0.0.1:43738
I20260709 13:16:13.015340 16713 raft_consensus.cc:493] T 0435fb084baf4aeaa966418c9c43963f P b9dc4cc3a4f6436cb46da94d6092a44e [term 2 FOLLOWER]: Starting forced leader election (received explicit request)
I20260709 13:16:13.015579 16713 raft_consensus.cc:3060] T 0435fb084baf4aeaa966418c9c43963f P b9dc4cc3a4f6436cb46da94d6092a44e [term 2 FOLLOWER]: Advancing to term 3
I20260709 13:16:13.019315 16713 raft_consensus.cc:515] T 0435fb084baf4aeaa966418c9c43963f P b9dc4cc3a4f6436cb46da94d6092a44e [term 3 FOLLOWER]: Starting forced leader election with config: opid_index: -1 OBSOLETE_local: false peers { permanent_uuid: "b9dc4cc3a4f6436cb46da94d6092a44e" member_type: VOTER last_known_addr { host: "127.16.49.1" port: 43699 } } peers { permanent_uuid: "2823e40dc739497387ab45241071f895" member_type: VOTER last_known_addr { host: "127.16.49.2" port: 37215 } } peers { permanent_uuid: "13180aec60fe4132906e470c99b67d79" member_type: VOTER last_known_addr { host: "127.16.49.3" port: 43305 } }
I20260709 13:16:13.020778 16713 leader_election.cc:290] T 0435fb084baf4aeaa966418c9c43963f P b9dc4cc3a4f6436cb46da94d6092a44e [CANDIDATE]: Term 3 election: Requested vote from peers 2823e40dc739497387ab45241071f895 (127.16.49.2:37215), 13180aec60fe4132906e470c99b67d79 (127.16.49.3:43305)
I20260709 13:16:13.021397 16790 tablet_service.cc:1917] Received RequestConsensusVote() RPC: tablet_id: "0435fb084baf4aeaa966418c9c43963f" candidate_uuid: "b9dc4cc3a4f6436cb46da94d6092a44e" candidate_term: 3 candidate_status { last_received { term: 2 index: 2 } } ignore_live_leader: true dest_uuid: "2823e40dc739497387ab45241071f895"
I20260709 13:16:13.021683 16862 tablet_service.cc:1917] Received RequestConsensusVote() RPC: tablet_id: "0435fb084baf4aeaa966418c9c43963f" candidate_uuid: "b9dc4cc3a4f6436cb46da94d6092a44e" candidate_term: 3 candidate_status { last_received { term: 2 index: 2 } } ignore_live_leader: true dest_uuid: "13180aec60fe4132906e470c99b67d79"
I20260709 13:16:13.021848 16790 raft_consensus.cc:3055] T 0435fb084baf4aeaa966418c9c43963f P 2823e40dc739497387ab45241071f895 [term 2 LEADER]: Stepping down as leader of term 2
I20260709 13:16:13.022135 16790 raft_consensus.cc:740] T 0435fb084baf4aeaa966418c9c43963f P 2823e40dc739497387ab45241071f895 [term 2 LEADER]: Becoming Follower/Learner. State: Replica: 2823e40dc739497387ab45241071f895, State: Running, Role: LEADER
I20260709 13:16:13.022150 16862 raft_consensus.cc:3060] T 0435fb084baf4aeaa966418c9c43963f P 13180aec60fe4132906e470c99b67d79 [term 2 FOLLOWER]: Advancing to term 3
I20260709 13:16:13.022773 16790 consensus_queue.cc:260] T 0435fb084baf4aeaa966418c9c43963f P 2823e40dc739497387ab45241071f895 [NON_LEADER]: Queue going to NON_LEADER mode. State: All replicated index: 0, Majority replicated index: 2, Committed index: 2, Last appended: 2.2, Last appended by leader: 2, Current term: 2, Majority size: -1, State: 0, Mode: NON_LEADER, active raft config: opid_index: -1 OBSOLETE_local: false peers { permanent_uuid: "b9dc4cc3a4f6436cb46da94d6092a44e" member_type: VOTER last_known_addr { host: "127.16.49.1" port: 43699 } } peers { permanent_uuid: "2823e40dc739497387ab45241071f895" member_type: VOTER last_known_addr { host: "127.16.49.2" port: 37215 } } peers { permanent_uuid: "13180aec60fe4132906e470c99b67d79" member_type: VOTER last_known_addr { host: "127.16.49.3" port: 43305 } }
I20260709 13:16:13.023553 16790 raft_consensus.cc:3060] T 0435fb084baf4aeaa966418c9c43963f P 2823e40dc739497387ab45241071f895 [term 2 FOLLOWER]: Advancing to term 3
I20260709 13:16:13.026335 16862 raft_consensus.cc:2468] T 0435fb084baf4aeaa966418c9c43963f P 13180aec60fe4132906e470c99b67d79 [term 3 FOLLOWER]: Leader election vote request: Granting yes vote for candidate b9dc4cc3a4f6436cb46da94d6092a44e in term 3.
I20260709 13:16:13.027144 16790 raft_consensus.cc:2468] T 0435fb084baf4aeaa966418c9c43963f P 2823e40dc739497387ab45241071f895 [term 3 FOLLOWER]: Leader election vote request: Granting yes vote for candidate b9dc4cc3a4f6436cb46da94d6092a44e in term 3.
I20260709 13:16:13.027244 16678 leader_election.cc:304] T 0435fb084baf4aeaa966418c9c43963f P b9dc4cc3a4f6436cb46da94d6092a44e [CANDIDATE]: Term 3 election: Election decided. Result: candidate won. Election summary: received 2 responses out of 3 voters: 2 yes votes; 0 no votes. yes voters: 13180aec60fe4132906e470c99b67d79, b9dc4cc3a4f6436cb46da94d6092a44e; no voters: 
I20260709 13:16:13.028028 17055 raft_consensus.cc:2804] T 0435fb084baf4aeaa966418c9c43963f P b9dc4cc3a4f6436cb46da94d6092a44e [term 3 FOLLOWER]: Leader election won for term 3
I20260709 13:16:13.028420 17055 raft_consensus.cc:697] T 0435fb084baf4aeaa966418c9c43963f P b9dc4cc3a4f6436cb46da94d6092a44e [term 3 LEADER]: Becoming Leader. State: Replica: b9dc4cc3a4f6436cb46da94d6092a44e, State: Running, Role: LEADER
I20260709 13:16:13.029218 17055 consensus_queue.cc:237] T 0435fb084baf4aeaa966418c9c43963f P b9dc4cc3a4f6436cb46da94d6092a44e [LEADER]: Queue going to LEADER mode. State: All replicated index: 0, Majority replicated index: 2, Committed index: 2, Last appended: 2.2, Last appended by leader: 2, Current term: 3, Majority size: 2, State: 0, Mode: LEADER, active raft config: opid_index: -1 OBSOLETE_local: false peers { permanent_uuid: "b9dc4cc3a4f6436cb46da94d6092a44e" member_type: VOTER last_known_addr { host: "127.16.49.1" port: 43699 } } peers { permanent_uuid: "2823e40dc739497387ab45241071f895" member_type: VOTER last_known_addr { host: "127.16.49.2" port: 37215 } } peers { permanent_uuid: "13180aec60fe4132906e470c99b67d79" member_type: VOTER last_known_addr { host: "127.16.49.3" port: 43305 } }
