I20260709 12:58:58.627842  1726 consensus_queue.cc:260] T 53d29bb605a44bd1b2db6647eb32cce7 P cb34f5c6c7e8422ab08c8780d85b2e0a [NON_LEADER]: Queue going to NON_LEADER mode. State: All replicated index: 0, Majority replicated index: 0, Committed index: 0, Last appended: 0.0, Last appended by leader: 0, Current term: 0, Majority size: -1, State: 0, Mode: NON_LEADER, active raft config: opid_index: -1 OBSOLETE_local: false peers { permanent_uuid: "36f01b6793b842dd8b5c61ce51e28fa4" member_type: VOTER last_known_addr { host: "127.0.107.193" port: 43069 } } peers { permanent_uuid: "cb34f5c6c7e8422ab08c8780d85b2e0a" member_type: VOTER last_known_addr { host: "127.0.107.194" port: 38893 } } peers { permanent_uuid: "279ddd16f57541fe8985604257ecafe6" member_type: VOTER last_known_addr { host: "127.0.107.195" port: 33633 } }
I20260709 12:58:58.628934  1432 catalog_manager.cc:5697] T eabcdb4558a14a87a477cb7eefd45a47 P 279ddd16f57541fe8985604257ecafe6 reported cstate change: term changed from 0 to 1, leader changed from <none> to 279ddd16f57541fe8985604257ecafe6 (127.0.107.195). New cstate: current_term: 1 leader_uuid: "279ddd16f57541fe8985604257ecafe6" committed_config { opid_index: -1 OBSOLETE_local: false peers { permanent_uuid: "36f01b6793b842dd8b5c61ce51e28fa4" member_type: VOTER last_known_addr { host: "127.0.107.193" port: 43069 } health_report { overall_health: UNKNOWN } } peers { permanent_uuid: "cb34f5c6c7e8422ab08c8780d85b2e0a" member_type: VOTER last_known_addr { host: "127.0.107.194" port: 38893 } health_report { overall_health: UNKNOWN } } peers { permanent_uuid: "279ddd16f57541fe8985604257ecafe6" member_type: VOTER last_known_addr { host: "127.0.107.195" port: 33633 } health_report { overall_health: HEALTHY } } }
I20260709 12:58:58.630983  1726 ts_tablet_manager.cc:1434] T 53d29bb605a44bd1b2db6647eb32cce7 P cb34f5c6c7e8422ab08c8780d85b2e0a: Time spent starting tablet: real 0.011s	user 0.009s	sys 0.001s
I20260709 12:58:58.634095  1726 tablet_bootstrap.cc:492] T 48410bc9d0cf4355961820c1ea2661f2 P cb34f5c6c7e8422ab08c8780d85b2e0a: Bootstrap starting.
I20260709 12:58:58.594117  1942 consensus_queue.cc:1048] T 940c1f66f75a4f2b936b019fdc3f4ec2 P 279ddd16f57541fe8985604257ecafe6 [LEADER]: Connected to new peer: Peer: permanent_uuid: "cb34f5c6c7e8422ab08c8780d85b2e0a" member_type: VOTER last_known_addr { host: "127.0.107.194" port: 38893 }, Status: LMP_MISMATCH, Last received: 0.0, Next index: 1, Last known committed idx: 0, Time since last communication: 0.001s
I20260709 12:58:58.641387  1726 tablet_bootstrap.cc:654] T 48410bc9d0cf4355961820c1ea2661f2 P cb34f5c6c7e8422ab08c8780d85b2e0a: Neither blocks nor log segments found. Creating new log.
I20260709 12:58:58.615823  1724 tablet_bootstrap.cc:654] T deca9c663ceb4ee4ab33369aafa4e80f P 279ddd16f57541fe8985604257ecafe6: Neither blocks nor log segments found. Creating new log.
I20260709 12:58:58.648880  1725 tablet_bootstrap.cc:492] T eabcdb4558a14a87a477cb7eefd45a47 P 36f01b6793b842dd8b5c61ce51e28fa4: No bootstrap required, opened a new log
I20260709 12:58:58.649415  1724 tablet_bootstrap.cc:492] T deca9c663ceb4ee4ab33369aafa4e80f P 279ddd16f57541fe8985604257ecafe6: No bootstrap required, opened a new log
I20260709 12:58:58.649566  1725 ts_tablet_manager.cc:1403] T eabcdb4558a14a87a477cb7eefd45a47 P 36f01b6793b842dd8b5c61ce51e28fa4: Time spent bootstrapping tablet: real 0.139s	user 0.012s	sys 0.005s
I20260709 12:58:58.650039  1724 ts_tablet_manager.cc:1403] T deca9c663ceb4ee4ab33369aafa4e80f P 279ddd16f57541fe8985604257ecafe6: Time spent bootstrapping tablet: real 0.128s	user 0.010s	sys 0.002s
I20260709 12:58:58.652716  1724 raft_consensus.cc:359] T deca9c663ceb4ee4ab33369aafa4e80f P 279ddd16f57541fe8985604257ecafe6 [term 0 FOLLOWER]: Replica starting. Triggering 0 pending ops. Active config: opid_index: -1 OBSOLETE_local: false peers { permanent_uuid: "36f01b6793b842dd8b5c61ce51e28fa4" member_type: VOTER last_known_addr { host: "127.0.107.193" port: 43069 } } peers { permanent_uuid: "cb34f5c6c7e8422ab08c8780d85b2e0a" member_type: VOTER last_known_addr { host: "127.0.107.194" port: 38893 } } peers { permanent_uuid: "279ddd16f57541fe8985604257ecafe6" member_type: VOTER last_known_addr { host: "127.0.107.195" port: 33633 } }
I20260709 12:58:58.653450  1724 raft_consensus.cc:385] T deca9c663ceb4ee4ab33369aafa4e80f P 279ddd16f57541fe8985604257ecafe6 [term 0 FOLLOWER]: Consensus starting up: Expiring failure detector timer to make a prompt election more likely
I20260709 12:58:58.653714  1724 raft_consensus.cc:740] T deca9c663ceb4ee4ab33369aafa4e80f P 279ddd16f57541fe8985604257ecafe6 [term 0 FOLLOWER]: Becoming Follower/Learner. State: Replica: 279ddd16f57541fe8985604257ecafe6, State: Initialized, Role: FOLLOWER
I20260709 12:58:58.654453  1724 consensus_queue.cc:260] T deca9c663ceb4ee4ab33369aafa4e80f P 279ddd16f57541fe8985604257ecafe6 [NON_LEADER]: Queue going to NON_LEADER mode. State: All replicated index: 0, Majority replicated index: 0, Committed index: 0, Last appended: 0.0, Last appended by leader: 0, Current term: 0, Majority size: -1, State: 0, Mode: NON_LEADER, active raft config: opid_index: -1 OBSOLETE_local: false peers { permanent_uuid: "36f01b6793b842dd8b5c61ce51e28fa4" member_type: VOTER last_known_addr { host: "127.0.107.193" port: 43069 } } peers { permanent_uuid: "cb34f5c6c7e8422ab08c8780d85b2e0a" member_type: VOTER last_known_addr { host: "127.0.107.194" port: 38893 } } peers { permanent_uuid: "279ddd16f57541fe8985604257ecafe6" member_type: VOTER last_known_addr { host: "127.0.107.195" port: 33633 } }
I20260709 12:58:58.656989  1724 ts_tablet_manager.cc:1434] T deca9c663ceb4ee4ab33369aafa4e80f P 279ddd16f57541fe8985604257ecafe6: Time spent starting tablet: real 0.007s	user 0.008s	sys 0.000s
I20260709 12:58:58.657938  1724 tablet_bootstrap.cc:492] T 2349075bc3d04465ab36ccbcd6b367cd P 279ddd16f57541fe8985604257ecafe6: Bootstrap starting.
I20260709 12:58:58.668764  1844 raft_consensus.cc:493] T 543ca221348d42869c005fbc8bddb56c P 36f01b6793b842dd8b5c61ce51e28fa4 [term 0 FOLLOWER]: Starting pre-election (no leader contacted us within the election timeout)
I20260709 12:58:58.669364  1844 raft_consensus.cc:515] T 543ca221348d42869c005fbc8bddb56c P 36f01b6793b842dd8b5c61ce51e28fa4 [term 0 FOLLOWER]: Starting pre-election with config: opid_index: -1 OBSOLETE_local: false peers { permanent_uuid: "36f01b6793b842dd8b5c61ce51e28fa4" member_type: VOTER last_known_addr { host: "127.0.107.193" port: 43069 } } peers { permanent_uuid: "cb34f5c6c7e8422ab08c8780d85b2e0a" member_type: VOTER last_known_addr { host: "127.0.107.194" port: 38893 } } peers { permanent_uuid: "279ddd16f57541fe8985604257ecafe6" member_type: VOTER last_known_addr { host: "127.0.107.195" port: 33633 } }
I20260709 12:58:58.671512  1844 leader_election.cc:290] T 543ca221348d42869c005fbc8bddb56c P 36f01b6793b842dd8b5c61ce51e28fa4 [CANDIDATE]: Term 1 pre-election: Requested pre-vote from peers cb34f5c6c7e8422ab08c8780d85b2e0a (127.0.107.194:38893), 279ddd16f57541fe8985604257ecafe6 (127.0.107.195:33633)
I20260709 12:58:58.671942  1724 tablet_bootstrap.cc:654] T 2349075bc3d04465ab36ccbcd6b367cd P 279ddd16f57541fe8985604257ecafe6: Neither blocks nor log segments found. Creating new log.
I20260709 12:58:58.672940  1725 raft_consensus.cc:359] T eabcdb4558a14a87a477cb7eefd45a47 P 36f01b6793b842dd8b5c61ce51e28fa4 [term 0 FOLLOWER]: Replica starting. Triggering 0 pending ops. Active config: opid_index: -1 OBSOLETE_local: false peers { permanent_uuid: "36f01b6793b842dd8b5c61ce51e28fa4" member_type: VOTER last_known_addr { host: "127.0.107.193" port: 43069 } } peers { permanent_uuid: "cb34f5c6c7e8422ab08c8780d85b2e0a" member_type: VOTER last_known_addr { host: "127.0.107.194" port: 38893 } } peers { permanent_uuid: "279ddd16f57541fe8985604257ecafe6" member_type: VOTER last_known_addr { host: "127.0.107.195" port: 33633 } }
I20260709 12:58:58.673657  1725 raft_consensus.cc:385] T eabcdb4558a14a87a477cb7eefd45a47 P 36f01b6793b842dd8b5c61ce51e28fa4 [term 0 FOLLOWER]: Consensus starting up: Expiring failure detector timer to make a prompt election more likely
I20260709 12:58:58.673930  1725 raft_consensus.cc:740] T eabcdb4558a14a87a477cb7eefd45a47 P 36f01b6793b842dd8b5c61ce51e28fa4 [term 0 FOLLOWER]: Becoming Follower/Learner. State: Replica: 36f01b6793b842dd8b5c61ce51e28fa4, State: Initialized, Role: FOLLOWER
I20260709 12:58:58.674698  1725 consensus_queue.cc:260] T eabcdb4558a14a87a477cb7eefd45a47 P 36f01b6793b842dd8b5c61ce51e28fa4 [NON_LEADER]: Queue going to NON_LEADER mode. State: All replicated index: 0, Majority replicated index: 0, Committed index: 0, Last appended: 0.0, Last appended by leader: 0, Current term: 0, Majority size: -1, State: 0, Mode: NON_LEADER, active raft config: opid_index: -1 OBSOLETE_local: false peers { permanent_uuid: "36f01b6793b842dd8b5c61ce51e28fa4" member_type: VOTER last_known_addr { host: "127.0.107.193" port: 43069 } } peers { permanent_uuid: "cb34f5c6c7e8422ab08c8780d85b2e0a" member_type: VOTER last_known_addr { host: "127.0.107.194" port: 38893 } } peers { permanent_uuid: "279ddd16f57541fe8985604257ecafe6" member_type: VOTER last_known_addr { host: "127.0.107.195" port: 33633 } }
I20260709 12:58:58.675019  1680 tablet_service.cc:1917] Received RequestConsensusVote() RPC: tablet_id: "543ca221348d42869c005fbc8bddb56c" candidate_uuid: "36f01b6793b842dd8b5c61ce51e28fa4" candidate_term: 1 candidate_status { last_received { term: 0 index: 0 } } ignore_live_leader: false dest_uuid: "279ddd16f57541fe8985604257ecafe6" is_pre_election: true
I20260709 12:58:58.674902  1607 tablet_service.cc:1917] Received RequestConsensusVote() RPC: tablet_id: "543ca221348d42869c005fbc8bddb56c" candidate_uuid: "36f01b6793b842dd8b5c61ce51e28fa4" candidate_term: 1 candidate_status { last_received { term: 0 index: 0 } } ignore_live_leader: false dest_uuid: "cb34f5c6c7e8422ab08c8780d85b2e0a" is_pre_election: true
I20260709 12:58:58.675925  1680 raft_consensus.cc:2393] T 543ca221348d42869c005fbc8bddb56c P 279ddd16f57541fe8985604257ecafe6 [term 1 FOLLOWER]: Leader pre-election vote request: Denying vote to candidate 36f01b6793b842dd8b5c61ce51e28fa4 in current term 1: Already voted for candidate cb34f5c6c7e8422ab08c8780d85b2e0a in this term.
I20260709 12:58:58.677335  1725 ts_tablet_manager.cc:1434] T eabcdb4558a14a87a477cb7eefd45a47 P 36f01b6793b842dd8b5c61ce51e28fa4: Time spent starting tablet: real 0.027s	user 0.008s	sys 0.000s
I20260709 12:58:58.677740  1500 leader_election.cc:304] T 543ca221348d42869c005fbc8bddb56c P 36f01b6793b842dd8b5c61ce51e28fa4 [CANDIDATE]: Term 1 pre-election: Election decided. Result: candidate lost. Election summary: received 3 responses out of 3 voters: 1 yes votes; 2 no votes. yes voters: 36f01b6793b842dd8b5c61ce51e28fa4; no voters: 279ddd16f57541fe8985604257ecafe6, cb34f5c6c7e8422ab08c8780d85b2e0a
I20260709 12:58:58.678356  1725 tablet_bootstrap.cc:492] T 2349075bc3d04465ab36ccbcd6b367cd P 36f01b6793b842dd8b5c61ce51e28fa4: Bootstrap starting.
I20260709 12:58:58.678076  1433 catalog_manager.cc:5697] T deca9c663ceb4ee4ab33369aafa4e80f P cb34f5c6c7e8422ab08c8780d85b2e0a reported cstate change: term changed from 0 to 1, leader changed from <none> to cb34f5c6c7e8422ab08c8780d85b2e0a (127.0.107.194). New cstate: current_term: 1 leader_uuid: "cb34f5c6c7e8422ab08c8780d85b2e0a" committed_config { opid_index: -1 OBSOLETE_local: false peers { permanent_uuid: "36f01b6793b842dd8b5c61ce51e28fa4" member_type: VOTER last_known_addr { host: "127.0.107.193" port: 43069 } health_report { overall_health: UNKNOWN } } peers { permanent_uuid: "cb34f5c6c7e8422ab08c8780d85b2e0a" member_type: VOTER last_known_addr { host: "127.0.107.194" port: 38893 } health_report { overall_health: HEALTHY } } peers { permanent_uuid: "279ddd16f57541fe8985604257ecafe6" member_type: VOTER last_known_addr { host: "127.0.107.195" port: 33633 } health_report { overall_health: UNKNOWN } } }
I20260709 12:58:58.679250  1745 raft_consensus.cc:3060] T 543ca221348d42869c005fbc8bddb56c P 36f01b6793b842dd8b5c61ce51e28fa4 [term 0 FOLLOWER]: Advancing to term 1
I20260709 12:58:58.686129  1725 tablet_bootstrap.cc:654] T 2349075bc3d04465ab36ccbcd6b367cd P 36f01b6793b842dd8b5c61ce51e28fa4: Neither blocks nor log segments found. Creating new log.
I20260709 12:58:58.688179  1726 tablet_bootstrap.cc:492] T 48410bc9d0cf4355961820c1ea2661f2 P cb34f5c6c7e8422ab08c8780d85b2e0a: No bootstrap required, opened a new log
I20260709 12:58:58.688792  1726 ts_tablet_manager.cc:1403] T 48410bc9d0cf4355961820c1ea2661f2 P cb34f5c6c7e8422ab08c8780d85b2e0a: Time spent bootstrapping tablet: real 0.057s	user 0.009s	sys 0.013s
I20260709 12:58:58.691423  1726 raft_consensus.cc:359] T 48410bc9d0cf4355961820c1ea2661f2 P cb34f5c6c7e8422ab08c8780d85b2e0a [term 0 FOLLOWER]: Replica starting. Triggering 0 pending ops. Active config: opid_index: -1 OBSOLETE_local: false peers { permanent_uuid: "36f01b6793b842dd8b5c61ce51e28fa4" member_type: VOTER last_known_addr { host: "127.0.107.193" port: 43069 } } peers { permanent_uuid: "cb34f5c6c7e8422ab08c8780d85b2e0a" member_type: VOTER last_known_addr { host: "127.0.107.194" port: 38893 } } peers { permanent_uuid: "279ddd16f57541fe8985604257ecafe6" member_type: VOTER last_known_addr { host: "127.0.107.195" port: 33633 } }
I20260709 12:58:58.692106  1726 raft_consensus.cc:385] T 48410bc9d0cf4355961820c1ea2661f2 P cb34f5c6c7e8422ab08c8780d85b2e0a [term 0 FOLLOWER]: Consensus starting up: Expiring failure detector timer to make a prompt election more likely
I20260709 12:58:58.692682  1726 raft_consensus.cc:740] T 48410bc9d0cf4355961820c1ea2661f2 P cb34f5c6c7e8422ab08c8780d85b2e0a [term 0 FOLLOWER]: Becoming Follower/Learner. State: Replica: cb34f5c6c7e8422ab08c8780d85b2e0a, State: Initialized, Role: FOLLOWER
I20260709 12:58:58.693086  1725 tablet_bootstrap.cc:492] T 2349075bc3d04465ab36ccbcd6b367cd P 36f01b6793b842dd8b5c61ce51e28fa4: No bootstrap required, opened a new log
I20260709 12:58:58.693608  1725 ts_tablet_manager.cc:1403] T 2349075bc3d04465ab36ccbcd6b367cd P 36f01b6793b842dd8b5c61ce51e28fa4: Time spent bootstrapping tablet: real 0.015s	user 0.010s	sys 0.004s
I20260709 12:58:58.693519  1726 consensus_queue.cc:260] T 48410bc9d0cf4355961820c1ea2661f2 P cb34f5c6c7e8422ab08c8780d85b2e0a [NON_LEADER]: Queue going to NON_LEADER mode. State: All replicated index: 0, Majority replicated index: 0, Committed index: 0, Last appended: 0.0, Last appended by leader: 0, Current term: 0, Majority size: -1, State: 0, Mode: NON_LEADER, active raft config: opid_index: -1 OBSOLETE_local: false peers { permanent_uuid: "36f01b6793b842dd8b5c61ce51e28fa4" member_type: VOTER last_known_addr { host: "127.0.107.193" port: 43069 } } peers { permanent_uuid: "cb34f5c6c7e8422ab08c8780d85b2e0a" member_type: VOTER last_known_addr { host: "127.0.107.194" port: 38893 } } peers { permanent_uuid: "279ddd16f57541fe8985604257ecafe6" member_type: VOTER last_known_addr { host: "127.0.107.195" port: 33633 } }
I20260709 12:58:58.695775  1726 ts_tablet_manager.cc:1434] T 48410bc9d0cf4355961820c1ea2661f2 P cb34f5c6c7e8422ab08c8780d85b2e0a: Time spent starting tablet: real 0.007s	user 0.005s	sys 0.000s
I20260709 12:58:58.696797  1726 tablet_bootstrap.cc:492] T 0e4f762476fc41728e0257ddd5794f72 P cb34f5c6c7e8422ab08c8780d85b2e0a: Bootstrap starting.
I20260709 12:58:58.697306  1725 raft_consensus.cc:359] T 2349075bc3d04465ab36ccbcd6b367cd P 36f01b6793b842dd8b5c61ce51e28fa4 [term 0 FOLLOWER]: Replica starting. Triggering 0 pending ops. Active config: opid_index: -1 OBSOLETE_local: false peers { permanent_uuid: "36f01b6793b842dd8b5c61ce51e28fa4" member_type: VOTER last_known_addr { host: "127.0.107.193" port: 43069 } } peers { permanent_uuid: "cb34f5c6c7e8422ab08c8780d85b2e0a" member_type: VOTER last_known_addr { host: "127.0.107.194" port: 38893 } } peers { permanent_uuid: "279ddd16f57541fe8985604257ecafe6" member_type: VOTER last_known_addr { host: "127.0.107.195" port: 33633 } }
I20260709 12:58:58.698151  1725 raft_consensus.cc:385] T 2349075bc3d04465ab36ccbcd6b367cd P 36f01b6793b842dd8b5c61ce51e28fa4 [term 0 FOLLOWER]: Consensus starting up: Expiring failure detector timer to make a prompt election more likely
I20260709 12:58:58.698503  1725 raft_consensus.cc:740] T 2349075bc3d04465ab36ccbcd6b367cd P 36f01b6793b842dd8b5c61ce51e28fa4 [term 0 FOLLOWER]: Becoming Follower/Learner. State: Replica: 36f01b6793b842dd8b5c61ce51e28fa4, State: Initialized, Role: FOLLOWER
I20260709 12:58:58.699328  1725 consensus_queue.cc:260] T 2349075bc3d04465ab36ccbcd6b367cd P 36f01b6793b842dd8b5c61ce51e28fa4 [NON_LEADER]: Queue going to NON_LEADER mode. State: All replicated index: 0, Majority replicated index: 0, Committed index: 0, Last appended: 0.0, Last appended by leader: 0, Current term: 0, Majority size: -1, State: 0, Mode: NON_LEADER, active raft config: opid_index: -1 OBSOLETE_local: false peers { permanent_uuid: "36f01b6793b842dd8b5c61ce51e28fa4" member_type: VOTER last_known_addr { host: "127.0.107.193" port: 43069 } } peers { permanent_uuid: "cb34f5c6c7e8422ab08c8780d85b2e0a" member_type: VOTER last_known_addr { host: "127.0.107.194" port: 38893 } } peers { permanent_uuid: "279ddd16f57541fe8985604257ecafe6" member_type: VOTER last_known_addr { host: "127.0.107.195" port: 33633 } }
I20260709 12:58:58.693959  1745 raft_consensus.cc:2749] T 543ca221348d42869c005fbc8bddb56c P 36f01b6793b842dd8b5c61ce51e28fa4 [term 1 FOLLOWER]: Leader pre-election lost for term 1. Reason: could not achieve majority
I20260709 12:58:58.701695  1725 ts_tablet_manager.cc:1434] T 2349075bc3d04465ab36ccbcd6b367cd P 36f01b6793b842dd8b5c61ce51e28fa4: Time spent starting tablet: real 0.008s	user 0.007s	sys 0.000s
I20260709 12:58:58.703776  1725 tablet_bootstrap.cc:492] T a298f67e2bcd4c8fa79222dc6b73b121 P 36f01b6793b842dd8b5c61ce51e28fa4: Bootstrap starting.
I20260709 12:58:58.706858  1726 tablet_bootstrap.cc:654] T 0e4f762476fc41728e0257ddd5794f72 P cb34f5c6c7e8422ab08c8780d85b2e0a: Neither blocks nor log segments found. Creating new log.
I20260709 12:58:58.709381  1724 tablet_bootstrap.cc:492] T 2349075bc3d04465ab36ccbcd6b367cd P 279ddd16f57541fe8985604257ecafe6: No bootstrap required, opened a new log
I20260709 12:58:58.709861  1724 ts_tablet_manager.cc:1403] T 2349075bc3d04465ab36ccbcd6b367cd P 279ddd16f57541fe8985604257ecafe6: Time spent bootstrapping tablet: real 0.052s	user 0.009s	sys 0.010s
I20260709 12:58:58.712404  1724 raft_consensus.cc:359] T 2349075bc3d04465ab36ccbcd6b367cd P 279ddd16f57541fe8985604257ecafe6 [term 0 FOLLOWER]: Replica starting. Triggering 0 pending ops. Active config: opid_index: -1 OBSOLETE_local: false peers { permanent_uuid: "36f01b6793b842dd8b5c61ce51e28fa4" member_type: VOTER last_known_addr { host: "127.0.107.193" port: 43069 } } peers { permanent_uuid: "cb34f5c6c7e8422ab08c8780d85b2e0a" member_type: VOTER last_known_addr { host: "127.0.107.194" port: 38893 } } peers { permanent_uuid: "279ddd16f57541fe8985604257ecafe6" member_type: VOTER last_known_addr { host: "127.0.107.195" port: 33633 } }
I20260709 12:58:58.713748  1724 raft_consensus.cc:385] T 2349075bc3d04465ab36ccbcd6b367cd P 279ddd16f57541fe8985604257ecafe6 [term 0 FOLLOWER]: Consensus starting up: Expiring failure detector timer to make a prompt election more likely
I20260709 12:58:58.710888  1725 tablet_bootstrap.cc:654] T a298f67e2bcd4c8fa79222dc6b73b121 P 36f01b6793b842dd8b5c61ce51e28fa4: Neither blocks nor log segments found. Creating new log.
I20260709 12:58:58.714043  1724 raft_consensus.cc:740] T 2349075bc3d04465ab36ccbcd6b367cd P 279ddd16f57541fe8985604257ecafe6 [term 0 FOLLOWER]: Becoming Follower/Learner. State: Replica: 279ddd16f57541fe8985604257ecafe6, State: Initialized, Role: FOLLOWER
I20260709 12:58:58.718942  1724 consensus_queue.cc:260] T 2349075bc3d04465ab36ccbcd6b367cd P 279ddd16f57541fe8985604257ecafe6 [NON_LEADER]: Queue going to NON_LEADER mode. State: All replicated index: 0, Majority replicated index: 0, Committed index: 0, Last appended: 0.0, Last appended by leader: 0, Current term: 0, Majority size: -1, State: 0, Mode: NON_LEADER, active raft config: opid_index: -1 OBSOLETE_local: false peers { permanent_uuid: "36f01b6793b842dd8b5c61ce51e28fa4" member_type: VOTER last_known_addr { host: "127.0.107.193" port: 43069 } } peers { permanent_uuid: "cb34f5c6c7e8422ab08c8780d85b2e0a" member_type: VOTER last_known_addr { host: "127.0.107.194" port: 38893 } } peers { permanent_uuid: "279ddd16f57541fe8985604257ecafe6" member_type: VOTER last_known_addr { host: "127.0.107.195" port: 33633 } }
I20260709 12:58:58.727839  1726 tablet_bootstrap.cc:492] T 0e4f762476fc41728e0257ddd5794f72 P cb34f5c6c7e8422ab08c8780d85b2e0a: No bootstrap required, opened a new log
I20260709 12:58:58.728327  1726 ts_tablet_manager.cc:1403] T 0e4f762476fc41728e0257ddd5794f72 P cb34f5c6c7e8422ab08c8780d85b2e0a: Time spent bootstrapping tablet: real 0.032s	user 0.013s	sys 0.009s
I20260709 12:58:58.729920  1725 tablet_bootstrap.cc:492] T a298f67e2bcd4c8fa79222dc6b73b121 P 36f01b6793b842dd8b5c61ce51e28fa4: No bootstrap required, opened a new log
I20260709 12:58:58.730373  1725 ts_tablet_manager.cc:1403] T a298f67e2bcd4c8fa79222dc6b73b121 P 36f01b6793b842dd8b5c61ce51e28fa4: Time spent bootstrapping tablet: real 0.027s	user 0.014s	sys 0.004s
I20260709 12:58:58.730870  1726 raft_consensus.cc:359] T 0e4f762476fc41728e0257ddd5794f72 P cb34f5c6c7e8422ab08c8780d85b2e0a [term 0 FOLLOWER]: Replica starting. Triggering 0 pending ops. Active config: opid_index: -1 OBSOLETE_local: false peers { permanent_uuid: "36f01b6793b842dd8b5c61ce51e28fa4" member_type: VOTER last_known_addr { host: "127.0.107.193" port: 43069 } } peers { permanent_uuid: "cb34f5c6c7e8422ab08c8780d85b2e0a" member_type: VOTER last_known_addr { host: "127.0.107.194" port: 38893 } } peers { permanent_uuid: "279ddd16f57541fe8985604257ecafe6" member_type: VOTER last_known_addr { host: "127.0.107.195" port: 33633 } }
I20260709 12:58:58.731552  1726 raft_consensus.cc:385] T 0e4f762476fc41728e0257ddd5794f72 P cb34f5c6c7e8422ab08c8780d85b2e0a [term 0 FOLLOWER]: Consensus starting up: Expiring failure detector timer to make a prompt election more likely
I20260709 12:58:58.732268  1726 raft_consensus.cc:740] T 0e4f762476fc41728e0257ddd5794f72 P cb34f5c6c7e8422ab08c8780d85b2e0a [term 0 FOLLOWER]: Becoming Follower/Learner. State: Replica: cb34f5c6c7e8422ab08c8780d85b2e0a, State: Initialized, Role: FOLLOWER
I20260709 12:58:58.732402  1724 ts_tablet_manager.cc:1434] T 2349075bc3d04465ab36ccbcd6b367cd P 279ddd16f57541fe8985604257ecafe6: Time spent starting tablet: real 0.022s	user 0.006s	sys 0.000s
I20260709 12:58:58.733467  1724 tablet_bootstrap.cc:492] T a298f67e2bcd4c8fa79222dc6b73b121 P 279ddd16f57541fe8985604257ecafe6: Bootstrap starting.
I20260709 12:58:58.733186  1726 consensus_queue.cc:260] T 0e4f762476fc41728e0257ddd5794f72 P cb34f5c6c7e8422ab08c8780d85b2e0a [NON_LEADER]: Queue going to NON_LEADER mode. State: All replicated index: 0, Majority replicated index: 0, Committed index: 0, Last appended: 0.0, Last appended by leader: 0, Current term: 0, Majority size: -1, State: 0, Mode: NON_LEADER, active raft config: opid_index: -1 OBSOLETE_local: false peers { permanent_uuid: "36f01b6793b842dd8b5c61ce51e28fa4" member_type: VOTER last_known_addr { host: "127.0.107.193" port: 43069 } } peers { permanent_uuid: "cb34f5c6c7e8422ab08c8780d85b2e0a" member_type: VOTER last_known_addr { host: "127.0.107.194" port: 38893 } } peers { permanent_uuid: "279ddd16f57541fe8985604257ecafe6" member_type: VOTER last_known_addr { host: "127.0.107.195" port: 33633 } }
I20260709 12:58:58.733814  1725 raft_consensus.cc:359] T a298f67e2bcd4c8fa79222dc6b73b121 P 36f01b6793b842dd8b5c61ce51e28fa4 [term 0 FOLLOWER]: Replica starting. Triggering 0 pending ops. Active config: opid_index: -1 OBSOLETE_local: false peers { permanent_uuid: "36f01b6793b842dd8b5c61ce51e28fa4" member_type: VOTER last_known_addr { host: "127.0.107.193" port: 43069 } } peers { permanent_uuid: "cb34f5c6c7e8422ab08c8780d85b2e0a" member_type: VOTER last_known_addr { host: "127.0.107.194" port: 38893 } } peers { permanent_uuid: "279ddd16f57541fe8985604257ecafe6" member_type: VOTER last_known_addr { host: "127.0.107.195" port: 33633 } }
I20260709 12:58:58.734476  1725 raft_consensus.cc:385] T a298f67e2bcd4c8fa79222dc6b73b121 P 36f01b6793b842dd8b5c61ce51e28fa4 [term 0 FOLLOWER]: Consensus starting up: Expiring failure detector timer to make a prompt election more likely
I20260709 12:58:58.734727  1725 raft_consensus.cc:740] T a298f67e2bcd4c8fa79222dc6b73b121 P 36f01b6793b842dd8b5c61ce51e28fa4 [term 0 FOLLOWER]: Becoming Follower/Learner. State: Replica: 36f01b6793b842dd8b5c61ce51e28fa4, State: Initialized, Role: FOLLOWER
I20260709 12:58:58.734880  1941 consensus_queue.cc:1048] T eabcdb4558a14a87a477cb7eefd45a47 P 279ddd16f57541fe8985604257ecafe6 [LEADER]: Connected to new peer: Peer: permanent_uuid: "cb34f5c6c7e8422ab08c8780d85b2e0a" member_type: VOTER last_known_addr { host: "127.0.107.194" port: 38893 }, Status: LMP_MISMATCH, Last received: 0.0, Next index: 1, Last known committed idx: 0, Time since last communication: 0.000s
I20260709 12:58:58.735499  1726 ts_tablet_manager.cc:1434] T 0e4f762476fc41728e0257ddd5794f72 P cb34f5c6c7e8422ab08c8780d85b2e0a: Time spent starting tablet: real 0.007s	user 0.006s	sys 0.002s
I20260709 12:58:58.735343  1725 consensus_queue.cc:260] T a298f67e2bcd4c8fa79222dc6b73b121 P 36f01b6793b842dd8b5c61ce51e28fa4 [NON_LEADER]: Queue going to NON_LEADER mode. State: All replicated index: 0, Majority replicated index: 0, Committed index: 0, Last appended: 0.0, Last appended by leader: 0, Current term: 0, Majority size: -1, State: 0, Mode: NON_LEADER, active raft config: opid_index: -1 OBSOLETE_local: false peers { permanent_uuid: "36f01b6793b842dd8b5c61ce51e28fa4" member_type: VOTER last_known_addr { host: "127.0.107.193" port: 43069 } } peers { permanent_uuid: "cb34f5c6c7e8422ab08c8780d85b2e0a" member_type: VOTER last_known_addr { host: "127.0.107.194" port: 38893 } } peers { permanent_uuid: "279ddd16f57541fe8985604257ecafe6" member_type: VOTER last_known_addr { host: "127.0.107.195" port: 33633 } }
I20260709 12:58:58.736410  1726 tablet_bootstrap.cc:492] T 10ff37466ff74253816eadc9fcb76190 P cb34f5c6c7e8422ab08c8780d85b2e0a: Bootstrap starting.
I20260709 12:58:58.737466  1725 ts_tablet_manager.cc:1434] T a298f67e2bcd4c8fa79222dc6b73b121 P 36f01b6793b842dd8b5c61ce51e28fa4: Time spent starting tablet: real 0.007s	user 0.008s	sys 0.000s
I20260709 12:58:58.740815  1724 tablet_bootstrap.cc:654] T a298f67e2bcd4c8fa79222dc6b73b121 P 279ddd16f57541fe8985604257ecafe6: Neither blocks nor log segments found. Creating new log.
I20260709 12:58:58.743213  1725 tablet_bootstrap.cc:492] T 3abd2cd3a31b4730b0b3373f2445aa65 P 36f01b6793b842dd8b5c61ce51e28fa4: Bootstrap starting.
I20260709 12:58:58.745353  1726 tablet_bootstrap.cc:654] T 10ff37466ff74253816eadc9fcb76190 P cb34f5c6c7e8422ab08c8780d85b2e0a: Neither blocks nor log segments found. Creating new log.
I20260709 12:58:58.763985  1844 raft_consensus.cc:493] T 2349075bc3d04465ab36ccbcd6b367cd P 36f01b6793b842dd8b5c61ce51e28fa4 [term 0 FOLLOWER]: Starting pre-election (no leader contacted us within the election timeout)
I20260709 12:58:58.764555  1844 raft_consensus.cc:515] T 2349075bc3d04465ab36ccbcd6b367cd P 36f01b6793b842dd8b5c61ce51e28fa4 [term 0 FOLLOWER]: Starting pre-election with config: opid_index: -1 OBSOLETE_local: false peers { permanent_uuid: "36f01b6793b842dd8b5c61ce51e28fa4" member_type: VOTER last_known_addr { host: "127.0.107.193" port: 43069 } } peers { permanent_uuid: "cb34f5c6c7e8422ab08c8780d85b2e0a" member_type: VOTER last_known_addr { host: "127.0.107.194" port: 38893 } } peers { permanent_uuid: "279ddd16f57541fe8985604257ecafe6" member_type: VOTER last_known_addr { host: "127.0.107.195" port: 33633 } }
I20260709 12:58:58.766825  1844 leader_election.cc:290] T 2349075bc3d04465ab36ccbcd6b367cd P 36f01b6793b842dd8b5c61ce51e28fa4 [CANDIDATE]: Term 1 pre-election: Requested pre-vote from peers cb34f5c6c7e8422ab08c8780d85b2e0a (127.0.107.194:38893), 279ddd16f57541fe8985604257ecafe6 (127.0.107.195:33633)
I20260709 12:58:58.769222  1607 tablet_service.cc:1917] Received RequestConsensusVote() RPC: tablet_id: "2349075bc3d04465ab36ccbcd6b367cd" candidate_uuid: "36f01b6793b842dd8b5c61ce51e28fa4" candidate_term: 1 candidate_status { last_received { term: 0 index: 0 } } ignore_live_leader: false dest_uuid: "cb34f5c6c7e8422ab08c8780d85b2e0a" is_pre_election: true
I20260709 12:58:58.770196  1607 raft_consensus.cc:2468] T 2349075bc3d04465ab36ccbcd6b367cd P cb34f5c6c7e8422ab08c8780d85b2e0a [term 0 FOLLOWER]: Leader pre-election vote request: Granting yes vote for candidate 36f01b6793b842dd8b5c61ce51e28fa4 in term 0.
I20260709 12:58:58.771011  1725 tablet_bootstrap.cc:654] T 3abd2cd3a31b4730b0b3373f2445aa65 P 36f01b6793b842dd8b5c61ce51e28fa4: Neither blocks nor log segments found. Creating new log.
I20260709 12:58:58.772969  1828 raft_consensus.cc:493] T 48410bc9d0cf4355961820c1ea2661f2 P cb34f5c6c7e8422ab08c8780d85b2e0a [term 0 FOLLOWER]: Starting pre-election (no leader contacted us within the election timeout)
I20260709 12:58:58.773650  1828 raft_consensus.cc:515] T 48410bc9d0cf4355961820c1ea2661f2 P cb34f5c6c7e8422ab08c8780d85b2e0a [term 0 FOLLOWER]: Starting pre-election with config: opid_index: -1 OBSOLETE_local: false peers { permanent_uuid: "36f01b6793b842dd8b5c61ce51e28fa4" member_type: VOTER last_known_addr { host: "127.0.107.193" port: 43069 } } peers { permanent_uuid: "cb34f5c6c7e8422ab08c8780d85b2e0a" member_type: VOTER last_known_addr { host: "127.0.107.194" port: 38893 } } peers { permanent_uuid: "279ddd16f57541fe8985604257ecafe6" member_type: VOTER last_known_addr { host: "127.0.107.195" port: 33633 } }
I20260709 12:58:58.774451  1724 tablet_bootstrap.cc:492] T a298f67e2bcd4c8fa79222dc6b73b121 P 279ddd16f57541fe8985604257ecafe6: No bootstrap required, opened a new log
I20260709 12:58:58.774945  1724 ts_tablet_manager.cc:1403] T a298f67e2bcd4c8fa79222dc6b73b121 P 279ddd16f57541fe8985604257ecafe6: Time spent bootstrapping tablet: real 0.042s	user 0.013s	sys 0.007s
I20260709 12:58:58.777392  1724 raft_consensus.cc:359] T a298f67e2bcd4c8fa79222dc6b73b121 P 279ddd16f57541fe8985604257ecafe6 [term 0 FOLLOWER]: Replica starting. Triggering 0 pending ops. Active config: opid_index: -1 OBSOLETE_local: false peers { permanent_uuid: "36f01b6793b842dd8b5c61ce51e28fa4" member_type: VOTER last_known_addr { host: "127.0.107.193" port: 43069 } } peers { permanent_uuid: "cb34f5c6c7e8422ab08c8780d85b2e0a" member_type: VOTER last_known_addr { host: "127.0.107.194" port: 38893 } } peers { permanent_uuid: "279ddd16f57541fe8985604257ecafe6" member_type: VOTER last_known_addr { host: "127.0.107.195" port: 33633 } }
I20260709 12:58:58.778035  1724 raft_consensus.cc:385] T a298f67e2bcd4c8fa79222dc6b73b121 P 279ddd16f57541fe8985604257ecafe6 [term 0 FOLLOWER]: Consensus starting up: Expiring failure detector timer to make a prompt election more likely
I20260709 12:58:58.778330  1724 raft_consensus.cc:740] T a298f67e2bcd4c8fa79222dc6b73b121 P 279ddd16f57541fe8985604257ecafe6 [term 0 FOLLOWER]: Becoming Follower/Learner. State: Replica: 279ddd16f57541fe8985604257ecafe6, State: Initialized, Role: FOLLOWER
I20260709 12:58:58.778733  1681 tablet_service.cc:1917] Received RequestConsensusVote() RPC: tablet_id: "48410bc9d0cf4355961820c1ea2661f2" candidate_uuid: "cb34f5c6c7e8422ab08c8780d85b2e0a" candidate_term: 1 candidate_status { last_received { term: 0 index: 0 } } ignore_live_leader: false dest_uuid: "279ddd16f57541fe8985604257ecafe6" is_pre_election: true
I20260709 12:58:58.778982  1724 consensus_queue.cc:260] T a298f67e2bcd4c8fa79222dc6b73b121 P 279ddd16f57541fe8985604257ecafe6 [NON_LEADER]: Queue going to NON_LEADER mode. State: All replicated index: 0, Majority replicated index: 0, Committed index: 0, Last appended: 0.0, Last appended by leader: 0, Current term: 0, Majority size: -1, State: 0, Mode: NON_LEADER, active raft config: opid_index: -1 OBSOLETE_local: false peers { permanent_uuid: "36f01b6793b842dd8b5c61ce51e28fa4" member_type: VOTER last_known_addr { host: "127.0.107.193" port: 43069 } } peers { permanent_uuid: "cb34f5c6c7e8422ab08c8780d85b2e0a" member_type: VOTER last_known_addr { host: "127.0.107.194" port: 38893 } } peers { permanent_uuid: "279ddd16f57541fe8985604257ecafe6" member_type: VOTER last_known_addr { host: "127.0.107.195" port: 33633 } }
W20260709 12:58:58.781266  1575 leader_election.cc:343] T 48410bc9d0cf4355961820c1ea2661f2 P cb34f5c6c7e8422ab08c8780d85b2e0a [CANDIDATE]: Term 1 pre-election: Tablet error from VoteRequest() call to peer 279ddd16f57541fe8985604257ecafe6 (127.0.107.195:33633): Illegal state: must be running to vote when last-logged opid is not known
I20260709 12:58:58.782258  1828 leader_election.cc:290] T 48410bc9d0cf4355961820c1ea2661f2 P cb34f5c6c7e8422ab08c8780d85b2e0a [CANDIDATE]: Term 1 pre-election: Requested pre-vote from peers 36f01b6793b842dd8b5c61ce51e28fa4 (127.0.107.193:43069), 279ddd16f57541fe8985604257ecafe6 (127.0.107.195:33633)
I20260709 12:58:58.784322  1724 ts_tablet_manager.cc:1434] T a298f67e2bcd4c8fa79222dc6b73b121 P 279ddd16f57541fe8985604257ecafe6: Time spent starting tablet: real 0.009s	user 0.006s	sys 0.001s
I20260709 12:58:58.786193  1724 tablet_bootstrap.cc:492] T 48410bc9d0cf4355961820c1ea2661f2 P 279ddd16f57541fe8985604257ecafe6: Bootstrap starting.
I20260709 12:58:58.771692  1498 leader_election.cc:304] T 2349075bc3d04465ab36ccbcd6b367cd P 36f01b6793b842dd8b5c61ce51e28fa4 [CANDIDATE]: Term 1 pre-election: Election decided. Result: candidate won. Election summary: received 2 responses out of 3 voters: 2 yes votes; 0 no votes. yes voters: 36f01b6793b842dd8b5c61ce51e28fa4, cb34f5c6c7e8422ab08c8780d85b2e0a; no voters: 
I20260709 12:58:58.788755  1745 raft_consensus.cc:2804] T 2349075bc3d04465ab36ccbcd6b367cd P 36f01b6793b842dd8b5c61ce51e28fa4 [term 0 FOLLOWER]: Leader pre-election won for term 1
I20260709 12:58:58.789143  1745 raft_consensus.cc:493] T 2349075bc3d04465ab36ccbcd6b367cd P 36f01b6793b842dd8b5c61ce51e28fa4 [term 0 FOLLOWER]: Starting leader election (no leader contacted us within the election timeout)
I20260709 12:58:58.789476  1745 raft_consensus.cc:3060] T 2349075bc3d04465ab36ccbcd6b367cd P 36f01b6793b842dd8b5c61ce51e28fa4 [term 0 FOLLOWER]: Advancing to term 1
I20260709 12:58:58.789911  1680 tablet_service.cc:1917] Received RequestConsensusVote() RPC: tablet_id: "2349075bc3d04465ab36ccbcd6b367cd" candidate_uuid: "36f01b6793b842dd8b5c61ce51e28fa4" candidate_term: 1 candidate_status { last_received { term: 0 index: 0 } } ignore_live_leader: false dest_uuid: "279ddd16f57541fe8985604257ecafe6" is_pre_election: true
I20260709 12:58:58.790545  1680 raft_consensus.cc:2468] T 2349075bc3d04465ab36ccbcd6b367cd P 279ddd16f57541fe8985604257ecafe6 [term 0 FOLLOWER]: Leader pre-election vote request: Granting yes vote for candidate 36f01b6793b842dd8b5c61ce51e28fa4 in term 0.
I20260709 12:58:58.791160  1532 raft_consensus.cc:3060] T eabcdb4558a14a87a477cb7eefd45a47 P 36f01b6793b842dd8b5c61ce51e28fa4 [term 0 FOLLOWER]: Advancing to term 1
I20260709 12:58:58.791478  1535 tablet_service.cc:1917] Received RequestConsensusVote() RPC: tablet_id: "48410bc9d0cf4355961820c1ea2661f2" candidate_uuid: "cb34f5c6c7e8422ab08c8780d85b2e0a" candidate_term: 1 candidate_status { last_received { term: 0 index: 0 } } ignore_live_leader: false dest_uuid: "36f01b6793b842dd8b5c61ce51e28fa4" is_pre_election: true
W20260709 12:58:58.795562  1576 leader_election.cc:343] T 48410bc9d0cf4355961820c1ea2661f2 P cb34f5c6c7e8422ab08c8780d85b2e0a [CANDIDATE]: Term 1 pre-election: Tablet error from VoteRequest() call to peer 36f01b6793b842dd8b5c61ce51e28fa4 (127.0.107.193:43069): Illegal state: must be running to vote when last-logged opid is not known
I20260709 12:58:58.795583  1745 raft_consensus.cc:515] T 2349075bc3d04465ab36ccbcd6b367cd P 36f01b6793b842dd8b5c61ce51e28fa4 [term 1 FOLLOWER]: Starting leader election with config: opid_index: -1 OBSOLETE_local: false peers { permanent_uuid: "36f01b6793b842dd8b5c61ce51e28fa4" member_type: VOTER last_known_addr { host: "127.0.107.193" port: 43069 } } peers { permanent_uuid: "cb34f5c6c7e8422ab08c8780d85b2e0a" member_type: VOTER last_known_addr { host: "127.0.107.194" port: 38893 } } peers { permanent_uuid: "279ddd16f57541fe8985604257ecafe6" member_type: VOTER last_known_addr { host: "127.0.107.195" port: 33633 } }
I20260709 12:58:58.796712  1576 leader_election.cc:304] T 48410bc9d0cf4355961820c1ea2661f2 P cb34f5c6c7e8422ab08c8780d85b2e0a [CANDIDATE]: Term 1 pre-election: Election decided. Result: candidate lost. Election summary: received 3 responses out of 3 voters: 1 yes votes; 2 no votes. yes voters: cb34f5c6c7e8422ab08c8780d85b2e0a; no voters: 279ddd16f57541fe8985604257ecafe6, 36f01b6793b842dd8b5c61ce51e28fa4
I20260709 12:58:58.805441  1827 raft_consensus.cc:2749] T 48410bc9d0cf4355961820c1ea2661f2 P cb34f5c6c7e8422ab08c8780d85b2e0a [term 0 FOLLOWER]: Leader pre-election lost for term 1. Reason: could not achieve majority
I20260709 12:58:58.808346  1941 consensus_queue.cc:1048] T eabcdb4558a14a87a477cb7eefd45a47 P 279ddd16f57541fe8985604257ecafe6 [LEADER]: Connected to new peer: Peer: permanent_uuid: "36f01b6793b842dd8b5c61ce51e28fa4" member_type: VOTER last_known_addr { host: "127.0.107.193" port: 43069 }, Status: LMP_MISMATCH, Last received: 0.0, Next index: 1, Last known committed idx: 0, Time since last communication: 0.000s
I20260709 12:58:58.814683  1745 leader_election.cc:290] T 2349075bc3d04465ab36ccbcd6b367cd P 36f01b6793b842dd8b5c61ce51e28fa4 [CANDIDATE]: Term 1 election: Requested vote from peers cb34f5c6c7e8422ab08c8780d85b2e0a (127.0.107.194:38893), 279ddd16f57541fe8985604257ecafe6 (127.0.107.195:33633)
I20260709 12:58:58.875507  1681 tablet_service.cc:1917] Received RequestConsensusVote() RPC: tablet_id: "2349075bc3d04465ab36ccbcd6b367cd" candidate_uuid: "36f01b6793b842dd8b5c61ce51e28fa4" candidate_term: 1 candidate_status { last_received { term: 0 index: 0 } } ignore_live_leader: false dest_uuid: "279ddd16f57541fe8985604257ecafe6"
I20260709 12:58:58.876391  1681 raft_consensus.cc:3060] T 2349075bc3d04465ab36ccbcd6b367cd P 279ddd16f57541fe8985604257ecafe6 [term 0 FOLLOWER]: Advancing to term 1
I20260709 12:58:58.889695  1726 tablet_bootstrap.cc:492] T 10ff37466ff74253816eadc9fcb76190 P cb34f5c6c7e8422ab08c8780d85b2e0a: No bootstrap required, opened a new log
I20260709 12:58:58.890377  1726 ts_tablet_manager.cc:1403] T 10ff37466ff74253816eadc9fcb76190 P cb34f5c6c7e8422ab08c8780d85b2e0a: Time spent bootstrapping tablet: real 0.154s	user 0.030s	sys 0.016s
I20260709 12:58:58.896299  1828 raft_consensus.cc:493] T 53d29bb605a44bd1b2db6647eb32cce7 P cb34f5c6c7e8422ab08c8780d85b2e0a [term 0 FOLLOWER]: Starting pre-election (no leader contacted us within the election timeout)
I20260709 12:58:58.897015  1725 tablet_bootstrap.cc:492] T 3abd2cd3a31b4730b0b3373f2445aa65 P 36f01b6793b842dd8b5c61ce51e28fa4: No bootstrap required, opened a new log
I20260709 12:58:58.896880  1828 raft_consensus.cc:515] T 53d29bb605a44bd1b2db6647eb32cce7 P cb34f5c6c7e8422ab08c8780d85b2e0a [term 0 FOLLOWER]: Starting pre-election with config: opid_index: -1 OBSOLETE_local: false peers { permanent_uuid: "36f01b6793b842dd8b5c61ce51e28fa4" member_type: VOTER last_known_addr { host: "127.0.107.193" port: 43069 } } peers { permanent_uuid: "cb34f5c6c7e8422ab08c8780d85b2e0a" member_type: VOTER last_known_addr { host: "127.0.107.194" port: 38893 } } peers { permanent_uuid: "279ddd16f57541fe8985604257ecafe6" member_type: VOTER last_known_addr { host: "127.0.107.195" port: 33633 } }
I20260709 12:58:58.897439  1725 ts_tablet_manager.cc:1403] T 3abd2cd3a31b4730b0b3373f2445aa65 P 36f01b6793b842dd8b5c61ce51e28fa4: Time spent bootstrapping tablet: real 0.154s	user 0.014s	sys 0.016s
I20260709 12:58:58.897747  1724 tablet_bootstrap.cc:654] T 48410bc9d0cf4355961820c1ea2661f2 P 279ddd16f57541fe8985604257ecafe6: Neither blocks nor log segments found. Creating new log.
I20260709 12:58:58.900784  1902 consensus_queue.cc:1048] T 543ca221348d42869c005fbc8bddb56c P cb34f5c6c7e8422ab08c8780d85b2e0a [LEADER]: Connected to new peer: Peer: permanent_uuid: "279ddd16f57541fe8985604257ecafe6" member_type: VOTER last_known_addr { host: "127.0.107.195" port: 33633 }, Status: LMP_MISMATCH, Last received: 0.0, Next index: 1, Last known committed idx: 0, Time since last communication: 0.000s
I20260709 12:58:58.901019  1607 tablet_service.cc:1917] Received RequestConsensusVote() RPC: tablet_id: "2349075bc3d04465ab36ccbcd6b367cd" candidate_uuid: "36f01b6793b842dd8b5c61ce51e28fa4" candidate_term: 1 candidate_status { last_received { term: 0 index: 0 } } ignore_live_leader: false dest_uuid: "cb34f5c6c7e8422ab08c8780d85b2e0a"
I20260709 12:58:58.901634  1607 raft_consensus.cc:3060] T 2349075bc3d04465ab36ccbcd6b367cd P cb34f5c6c7e8422ab08c8780d85b2e0a [term 0 FOLLOWER]: Advancing to term 1
I20260709 12:58:58.909442  1607 raft_consensus.cc:2468] T 2349075bc3d04465ab36ccbcd6b367cd P cb34f5c6c7e8422ab08c8780d85b2e0a [term 1 FOLLOWER]: Leader election vote request: Granting yes vote for candidate 36f01b6793b842dd8b5c61ce51e28fa4 in term 1.
I20260709 12:58:58.910784  1498 leader_election.cc:304] T 2349075bc3d04465ab36ccbcd6b367cd P 36f01b6793b842dd8b5c61ce51e28fa4 [CANDIDATE]: Term 1 election: Election decided. Result: candidate won. Election summary: received 2 responses out of 3 voters: 2 yes votes; 0 no votes. yes voters: 36f01b6793b842dd8b5c61ce51e28fa4, cb34f5c6c7e8422ab08c8780d85b2e0a; no voters: 
I20260709 12:58:58.913995  1745 raft_consensus.cc:2804] T 2349075bc3d04465ab36ccbcd6b367cd P 36f01b6793b842dd8b5c61ce51e28fa4 [term 1 FOLLOWER]: Leader election won for term 1
I20260709 12:58:58.927177  1725 raft_consensus.cc:359] T 3abd2cd3a31b4730b0b3373f2445aa65 P 36f01b6793b842dd8b5c61ce51e28fa4 [term 0 FOLLOWER]: Replica starting. Triggering 0 pending ops. Active config: opid_index: -1 OBSOLETE_local: false peers { permanent_uuid: "36f01b6793b842dd8b5c61ce51e28fa4" member_type: VOTER last_known_addr { host: "127.0.107.193" port: 43069 } } peers { permanent_uuid: "cb34f5c6c7e8422ab08c8780d85b2e0a" member_type: VOTER last_known_addr { host: "127.0.107.194" port: 38893 } } peers { permanent_uuid: "279ddd16f57541fe8985604257ecafe6" member_type: VOTER last_known_addr { host: "127.0.107.195" port: 33633 } }
I20260709 12:58:58.927937  1725 raft_consensus.cc:385] T 3abd2cd3a31b4730b0b3373f2445aa65 P 36f01b6793b842dd8b5c61ce51e28fa4 [term 0 FOLLOWER]: Consensus starting up: Expiring failure detector timer to make a prompt election more likely
I20260709 12:58:58.928263  1725 raft_consensus.cc:740] T 3abd2cd3a31b4730b0b3373f2445aa65 P 36f01b6793b842dd8b5c61ce51e28fa4 [term 0 FOLLOWER]: Becoming Follower/Learner. State: Replica: 36f01b6793b842dd8b5c61ce51e28fa4, State: Initialized, Role: FOLLOWER
I20260709 12:58:58.929142  1893 consensus_queue.cc:1048] T 472861195a994cc884d7f9e4fe5b27e9 P 36f01b6793b842dd8b5c61ce51e28fa4 [LEADER]: Connected to new peer: Peer: permanent_uuid: "cb34f5c6c7e8422ab08c8780d85b2e0a" member_type: VOTER last_known_addr { host: "127.0.107.194" port: 38893 }, Status: LMP_MISMATCH, Last received: 0.0, Next index: 1, Last known committed idx: 0, Time since last communication: 0.001s
I20260709 12:58:58.933058  1684 tablet_service.cc:1917] Received RequestConsensusVote() RPC: tablet_id: "53d29bb605a44bd1b2db6647eb32cce7" candidate_uuid: "cb34f5c6c7e8422ab08c8780d85b2e0a" candidate_term: 1 candidate_status { last_received { term: 0 index: 0 } } ignore_live_leader: false dest_uuid: "279ddd16f57541fe8985604257ecafe6" is_pre_election: true
I20260709 12:58:58.915132  1745 raft_consensus.cc:697] T 2349075bc3d04465ab36ccbcd6b367cd P 36f01b6793b842dd8b5c61ce51e28fa4 [term 1 LEADER]: Becoming Leader. State: Replica: 36f01b6793b842dd8b5c61ce51e28fa4, State: Running, Role: LEADER
I20260709 12:58:58.939117  1725 consensus_queue.cc:260] T 3abd2cd3a31b4730b0b3373f2445aa65 P 36f01b6793b842dd8b5c61ce51e28fa4 [NON_LEADER]: Queue going to NON_LEADER mode. State: All replicated index: 0, Majority replicated index: 0, Committed index: 0, Last appended: 0.0, Last appended by leader: 0, Current term: 0, Majority size: -1, State: 0, Mode: NON_LEADER, active raft config: opid_index: -1 OBSOLETE_local: false peers { permanent_uuid: "36f01b6793b842dd8b5c61ce51e28fa4" member_type: VOTER last_known_addr { host: "127.0.107.193" port: 43069 } } peers { permanent_uuid: "cb34f5c6c7e8422ab08c8780d85b2e0a" member_type: VOTER last_known_addr { host: "127.0.107.194" port: 38893 } } peers { permanent_uuid: "279ddd16f57541fe8985604257ecafe6" member_type: VOTER last_known_addr { host: "127.0.107.195" port: 33633 } }
I20260709 12:58:58.942200  1725 ts_tablet_manager.cc:1434] T 3abd2cd3a31b4730b0b3373f2445aa65 P 36f01b6793b842dd8b5c61ce51e28fa4: Time spent starting tablet: real 0.044s	user 0.008s	sys 0.000s
I20260709 12:58:58.943822  1725 tablet_bootstrap.cc:492] T 53d29bb605a44bd1b2db6647eb32cce7 P 36f01b6793b842dd8b5c61ce51e28fa4: Bootstrap starting.
W20260709 12:58:58.947474  1575 leader_election.cc:343] T 53d29bb605a44bd1b2db6647eb32cce7 P cb34f5c6c7e8422ab08c8780d85b2e0a [CANDIDATE]: Term 1 pre-election: Tablet error from VoteRequest() call to peer 279ddd16f57541fe8985604257ecafe6 (127.0.107.195:33633): Illegal state: must be running to vote when last-logged opid is not known
I20260709 12:58:58.938019  1745 consensus_queue.cc:237] T 2349075bc3d04465ab36ccbcd6b367cd P 36f01b6793b842dd8b5c61ce51e28fa4 [LEADER]: Queue going to LEADER mode. State: All replicated index: 0, Majority replicated index: 0, Committed index: 0, Last appended: 0.0, Last appended by leader: 0, Current term: 1, Majority size: 2, State: 0, Mode: LEADER, active raft config: opid_index: -1 OBSOLETE_local: false peers { permanent_uuid: "36f01b6793b842dd8b5c61ce51e28fa4" member_type: VOTER last_known_addr { host: "127.0.107.193" port: 43069 } } peers { permanent_uuid: "cb34f5c6c7e8422ab08c8780d85b2e0a" member_type: VOTER last_known_addr { host: "127.0.107.194" port: 38893 } } peers { permanent_uuid: "279ddd16f57541fe8985604257ecafe6" member_type: VOTER last_known_addr { host: "127.0.107.195" port: 33633 } }
I20260709 12:58:58.956281  1724 tablet_bootstrap.cc:492] T 48410bc9d0cf4355961820c1ea2661f2 P 279ddd16f57541fe8985604257ecafe6: No bootstrap required, opened a new log
I20260709 12:58:58.934770  1828 leader_election.cc:290] T 53d29bb605a44bd1b2db6647eb32cce7 P cb34f5c6c7e8422ab08c8780d85b2e0a [CANDIDATE]: Term 1 pre-election: Requested pre-vote from peers 36f01b6793b842dd8b5c61ce51e28fa4 (127.0.107.193:43069), 279ddd16f57541fe8985604257ecafe6 (127.0.107.195:33633)
I20260709 12:58:58.956988  1835 raft_consensus.cc:493] T 4aff6b0a3abb449c9c132a9ae3cbc111 P 279ddd16f57541fe8985604257ecafe6 [term 0 FOLLOWER]: Starting pre-election (no leader contacted us within the election timeout)
I20260709 12:58:58.959762  1726 raft_consensus.cc:359] T 10ff37466ff74253816eadc9fcb76190 P cb34f5c6c7e8422ab08c8780d85b2e0a [term 0 FOLLOWER]: Replica starting. Triggering 0 pending ops. Active config: opid_index: -1 OBSOLETE_local: false peers { permanent_uuid: "36f01b6793b842dd8b5c61ce51e28fa4" member_type: VOTER last_known_addr { host: "127.0.107.193" port: 43069 } } peers { permanent_uuid: "cb34f5c6c7e8422ab08c8780d85b2e0a" member_type: VOTER last_known_addr { host: "127.0.107.194" port: 38893 } } peers { permanent_uuid: "279ddd16f57541fe8985604257ecafe6" member_type: VOTER last_known_addr { host: "127.0.107.195" port: 33633 } }
I20260709 12:58:58.961261  1726 raft_consensus.cc:385] T 10ff37466ff74253816eadc9fcb76190 P cb34f5c6c7e8422ab08c8780d85b2e0a [term 0 FOLLOWER]: Consensus starting up: Expiring failure detector timer to make a prompt election more likely
I20260709 12:58:58.961578  1726 raft_consensus.cc:740] T 10ff37466ff74253816eadc9fcb76190 P cb34f5c6c7e8422ab08c8780d85b2e0a [term 0 FOLLOWER]: Becoming Follower/Learner. State: Replica: cb34f5c6c7e8422ab08c8780d85b2e0a, State: Initialized, Role: FOLLOWER
I20260709 12:58:58.962409  1726 consensus_queue.cc:260] T 10ff37466ff74253816eadc9fcb76190 P cb34f5c6c7e8422ab08c8780d85b2e0a [NON_LEADER]: Queue going to NON_LEADER mode. State: All replicated index: 0, Majority replicated index: 0, Committed index: 0, Last appended: 0.0, Last appended by leader: 0, Current term: 0, Majority size: -1, State: 0, Mode: NON_LEADER, active raft config: opid_index: -1 OBSOLETE_local: false peers { permanent_uuid: "36f01b6793b842dd8b5c61ce51e28fa4" member_type: VOTER last_known_addr { host: "127.0.107.193" port: 43069 } } peers { permanent_uuid: "cb34f5c6c7e8422ab08c8780d85b2e0a" member_type: VOTER last_known_addr { host: "127.0.107.194" port: 38893 } } peers { permanent_uuid: "279ddd16f57541fe8985604257ecafe6" member_type: VOTER last_known_addr { host: "127.0.107.195" port: 33633 } }
I20260709 12:58:58.960973  1724 ts_tablet_manager.cc:1403] T 48410bc9d0cf4355961820c1ea2661f2 P 279ddd16f57541fe8985604257ecafe6: Time spent bootstrapping tablet: real 0.176s	user 0.010s	sys 0.005s
I20260709 12:58:58.966549  1726 ts_tablet_manager.cc:1434] T 10ff37466ff74253816eadc9fcb76190 P cb34f5c6c7e8422ab08c8780d85b2e0a: Time spent starting tablet: real 0.076s	user 0.005s	sys 0.003s
I20260709 12:58:58.967509  1726 tablet_bootstrap.cc:492] T 415c15973b174e8ab3c3e5152fe0e946 P cb34f5c6c7e8422ab08c8780d85b2e0a: Bootstrap starting.
I20260709 12:58:58.966286  1835 raft_consensus.cc:515] T 4aff6b0a3abb449c9c132a9ae3cbc111 P 279ddd16f57541fe8985604257ecafe6 [term 0 FOLLOWER]: Starting pre-election with config: opid_index: -1 OBSOLETE_local: false peers { permanent_uuid: "36f01b6793b842dd8b5c61ce51e28fa4" member_type: VOTER last_known_addr { host: "127.0.107.193" port: 43069 } } peers { permanent_uuid: "cb34f5c6c7e8422ab08c8780d85b2e0a" member_type: VOTER last_known_addr { host: "127.0.107.194" port: 38893 } } peers { permanent_uuid: "279ddd16f57541fe8985604257ecafe6" member_type: VOTER last_known_addr { host: "127.0.107.195" port: 33633 } }
