I20260709 13:15:57.772244  7930 raft_consensus.cc:515] T 265bbb53d8ec4e9086357c46b5c54a2f P e87d887220f845eb876ed021c188c58f [term 0 FOLLOWER]: Starting pre-election with config: opid_index: -1 OBSOLETE_local: false peers { permanent_uuid: "05ae510fdb4440d49de338b380d396f3" member_type: VOTER last_known_addr { host: "127.7.106.193" port: 37463 } } peers { permanent_uuid: "e87d887220f845eb876ed021c188c58f" member_type: VOTER last_known_addr { host: "127.7.106.194" port: 46481 } } peers { permanent_uuid: "77ad7d31f4074c4fb04b6e3db9bc0c62" member_type: VOTER last_known_addr { host: "127.7.106.195" port: 39357 } }
I20260709 13:15:57.773046  7922 consensus_queue.cc:260] T 051093ae76f9495b9bcf0808f1c31312 P 77ad7d31f4074c4fb04b6e3db9bc0c62 [NON_LEADER]: Queue going to NON_LEADER mode. State: All replicated index: 0, Majority replicated index: 0, Committed index: 0, Last appended: 0.0, Last appended by leader: 0, Current term: 0, Majority size: -1, State: 0, Mode: NON_LEADER, active raft config: opid_index: -1 OBSOLETE_local: false peers { permanent_uuid: "05ae510fdb4440d49de338b380d396f3" member_type: VOTER last_known_addr { host: "127.7.106.193" port: 37463 } } peers { permanent_uuid: "e87d887220f845eb876ed021c188c58f" member_type: VOTER last_known_addr { host: "127.7.106.194" port: 46481 } } peers { permanent_uuid: "77ad7d31f4074c4fb04b6e3db9bc0c62" member_type: VOTER last_known_addr { host: "127.7.106.195" port: 39357 } }
I20260709 13:15:57.774207  7930 leader_election.cc:290] T 265bbb53d8ec4e9086357c46b5c54a2f P e87d887220f845eb876ed021c188c58f [CANDIDATE]: Term 1 pre-election: Requested pre-vote from peers 05ae510fdb4440d49de338b380d396f3 (127.7.106.193:37463), 77ad7d31f4074c4fb04b6e3db9bc0c62 (127.7.106.195:39357)
I20260709 13:15:57.774904  7730 tablet_service.cc:1917] Received RequestConsensusVote() RPC: tablet_id: "265bbb53d8ec4e9086357c46b5c54a2f" candidate_uuid: "e87d887220f845eb876ed021c188c58f" candidate_term: 1 candidate_status { last_received { term: 0 index: 0 } } ignore_live_leader: false dest_uuid: "05ae510fdb4440d49de338b380d396f3" is_pre_election: true
I20260709 13:15:57.775221  7879 tablet_service.cc:1917] Received RequestConsensusVote() RPC: tablet_id: "265bbb53d8ec4e9086357c46b5c54a2f" candidate_uuid: "e87d887220f845eb876ed021c188c58f" candidate_term: 1 candidate_status { last_received { term: 0 index: 0 } } ignore_live_leader: false dest_uuid: "77ad7d31f4074c4fb04b6e3db9bc0c62" is_pre_election: true
I20260709 13:15:57.775835  7879 raft_consensus.cc:2468] T 265bbb53d8ec4e9086357c46b5c54a2f P 77ad7d31f4074c4fb04b6e3db9bc0c62 [term 0 FOLLOWER]: Leader pre-election vote request: Granting yes vote for candidate e87d887220f845eb876ed021c188c58f in term 0.
W20260709 13:15:57.776062  7769 leader_election.cc:343] T 265bbb53d8ec4e9086357c46b5c54a2f P e87d887220f845eb876ed021c188c58f [CANDIDATE]: Term 1 pre-election: Tablet error from VoteRequest() call to peer 05ae510fdb4440d49de338b380d396f3 (127.7.106.193:37463): Illegal state: must be running to vote when last-logged opid is not known
I20260709 13:15:57.777241  7922 ts_tablet_manager.cc:1434] T 051093ae76f9495b9bcf0808f1c31312 P 77ad7d31f4074c4fb04b6e3db9bc0c62: Time spent starting tablet: real 0.008s	user 0.005s	sys 0.001s
I20260709 13:15:57.778108  7922 tablet_bootstrap.cc:492] T ab4ff49390d84dbb9975cb097d6f020d P 77ad7d31f4074c4fb04b6e3db9bc0c62: Bootstrap starting.
I20260709 13:15:57.773321  7924 tablet_bootstrap.cc:654] T d5a2ceffe30a4a32a83b2131a61de6e6 P e87d887220f845eb876ed021c188c58f: Neither blocks nor log segments found. Creating new log.
I20260709 13:15:57.783957  7922 tablet_bootstrap.cc:654] T ab4ff49390d84dbb9975cb097d6f020d P 77ad7d31f4074c4fb04b6e3db9bc0c62: Neither blocks nor log segments found. Creating new log.
I20260709 13:15:57.785030  7771 leader_election.cc:304] T 265bbb53d8ec4e9086357c46b5c54a2f P e87d887220f845eb876ed021c188c58f [CANDIDATE]: Term 1 pre-election: Election decided. Result: candidate won. Election summary: received 3 responses out of 3 voters: 2 yes votes; 1 no votes. yes voters: 77ad7d31f4074c4fb04b6e3db9bc0c62, e87d887220f845eb876ed021c188c58f; no voters: 05ae510fdb4440d49de338b380d396f3
I20260709 13:15:57.785821  7930 raft_consensus.cc:2804] T 265bbb53d8ec4e9086357c46b5c54a2f P e87d887220f845eb876ed021c188c58f [term 0 FOLLOWER]: Leader pre-election won for term 1
I20260709 13:15:57.786183  7930 raft_consensus.cc:493] T 265bbb53d8ec4e9086357c46b5c54a2f P e87d887220f845eb876ed021c188c58f [term 0 FOLLOWER]: Starting leader election (no leader contacted us within the election timeout)
I20260709 13:15:57.786509  7930 raft_consensus.cc:3060] T 265bbb53d8ec4e9086357c46b5c54a2f P e87d887220f845eb876ed021c188c58f [term 0 FOLLOWER]: Advancing to term 1
I20260709 13:15:57.789397  7923 tablet_bootstrap.cc:492] T fe967e0541d54ed79bc7baa1a1aa1af1 P 05ae510fdb4440d49de338b380d396f3: No bootstrap required, opened a new log
I20260709 13:15:57.789824  7923 ts_tablet_manager.cc:1403] T fe967e0541d54ed79bc7baa1a1aa1af1 P 05ae510fdb4440d49de338b380d396f3: Time spent bootstrapping tablet: real 0.048s	user 0.010s	sys 0.000s
I20260709 13:15:57.792521  7923 raft_consensus.cc:359] T fe967e0541d54ed79bc7baa1a1aa1af1 P 05ae510fdb4440d49de338b380d396f3 [term 0 FOLLOWER]: Replica starting. Triggering 0 pending ops. Active config: opid_index: -1 OBSOLETE_local: false peers { permanent_uuid: "05ae510fdb4440d49de338b380d396f3" member_type: VOTER last_known_addr { host: "127.7.106.193" port: 37463 } } peers { permanent_uuid: "e87d887220f845eb876ed021c188c58f" member_type: VOTER last_known_addr { host: "127.7.106.194" port: 46481 } } peers { permanent_uuid: "77ad7d31f4074c4fb04b6e3db9bc0c62" member_type: VOTER last_known_addr { host: "127.7.106.195" port: 39357 } }
I20260709 13:15:57.792737  7930 raft_consensus.cc:515] T 265bbb53d8ec4e9086357c46b5c54a2f P e87d887220f845eb876ed021c188c58f [term 1 FOLLOWER]: Starting leader election with config: opid_index: -1 OBSOLETE_local: false peers { permanent_uuid: "05ae510fdb4440d49de338b380d396f3" member_type: VOTER last_known_addr { host: "127.7.106.193" port: 37463 } } peers { permanent_uuid: "e87d887220f845eb876ed021c188c58f" member_type: VOTER last_known_addr { host: "127.7.106.194" port: 46481 } } peers { permanent_uuid: "77ad7d31f4074c4fb04b6e3db9bc0c62" member_type: VOTER last_known_addr { host: "127.7.106.195" port: 39357 } }
I20260709 13:15:57.793170  7923 raft_consensus.cc:385] T fe967e0541d54ed79bc7baa1a1aa1af1 P 05ae510fdb4440d49de338b380d396f3 [term 0 FOLLOWER]: Consensus starting up: Expiring failure detector timer to make a prompt election more likely
I20260709 13:15:57.793468  7923 raft_consensus.cc:740] T fe967e0541d54ed79bc7baa1a1aa1af1 P 05ae510fdb4440d49de338b380d396f3 [term 0 FOLLOWER]: Becoming Follower/Learner. State: Replica: 05ae510fdb4440d49de338b380d396f3, State: Initialized, Role: FOLLOWER
I20260709 13:15:57.794600  7930 leader_election.cc:290] T 265bbb53d8ec4e9086357c46b5c54a2f P e87d887220f845eb876ed021c188c58f [CANDIDATE]: Term 1 election: Requested vote from peers 05ae510fdb4440d49de338b380d396f3 (127.7.106.193:37463), 77ad7d31f4074c4fb04b6e3db9bc0c62 (127.7.106.195:39357)
I20260709 13:15:57.795281  7730 tablet_service.cc:1917] Received RequestConsensusVote() RPC: tablet_id: "265bbb53d8ec4e9086357c46b5c54a2f" candidate_uuid: "e87d887220f845eb876ed021c188c58f" candidate_term: 1 candidate_status { last_received { term: 0 index: 0 } } ignore_live_leader: false dest_uuid: "05ae510fdb4440d49de338b380d396f3"
I20260709 13:15:57.795740  7879 tablet_service.cc:1917] Received RequestConsensusVote() RPC: tablet_id: "265bbb53d8ec4e9086357c46b5c54a2f" candidate_uuid: "e87d887220f845eb876ed021c188c58f" candidate_term: 1 candidate_status { last_received { term: 0 index: 0 } } ignore_live_leader: false dest_uuid: "77ad7d31f4074c4fb04b6e3db9bc0c62"
I20260709 13:15:57.796312  7879 raft_consensus.cc:3060] T 265bbb53d8ec4e9086357c46b5c54a2f P 77ad7d31f4074c4fb04b6e3db9bc0c62 [term 0 FOLLOWER]: Advancing to term 1
W20260709 13:15:57.796638  7769 leader_election.cc:343] T 265bbb53d8ec4e9086357c46b5c54a2f P e87d887220f845eb876ed021c188c58f [CANDIDATE]: Term 1 election: Tablet error from VoteRequest() call to peer 05ae510fdb4440d49de338b380d396f3 (127.7.106.193:37463): Illegal state: must be running to vote when last-logged opid is not known
I20260709 13:15:57.803109  7879 raft_consensus.cc:2468] T 265bbb53d8ec4e9086357c46b5c54a2f P 77ad7d31f4074c4fb04b6e3db9bc0c62 [term 1 FOLLOWER]: Leader election vote request: Granting yes vote for candidate e87d887220f845eb876ed021c188c58f in term 1.
I20260709 13:15:57.804287  7771 leader_election.cc:304] T 265bbb53d8ec4e9086357c46b5c54a2f P e87d887220f845eb876ed021c188c58f [CANDIDATE]: Term 1 election: Election decided. Result: candidate won. Election summary: received 3 responses out of 3 voters: 2 yes votes; 1 no votes. yes voters: 77ad7d31f4074c4fb04b6e3db9bc0c62, e87d887220f845eb876ed021c188c58f; no voters: 05ae510fdb4440d49de338b380d396f3
I20260709 13:15:57.805195  7943 raft_consensus.cc:2804] T 265bbb53d8ec4e9086357c46b5c54a2f P e87d887220f845eb876ed021c188c58f [term 1 FOLLOWER]: Leader election won for term 1
I20260709 13:15:57.807775  7923 consensus_queue.cc:260] T fe967e0541d54ed79bc7baa1a1aa1af1 P 05ae510fdb4440d49de338b380d396f3 [NON_LEADER]: Queue going to NON_LEADER mode. State: All replicated index: 0, Majority replicated index: 0, Committed index: 0, Last appended: 0.0, Last appended by leader: 0, Current term: 0, Majority size: -1, State: 0, Mode: NON_LEADER, active raft config: opid_index: -1 OBSOLETE_local: false peers { permanent_uuid: "05ae510fdb4440d49de338b380d396f3" member_type: VOTER last_known_addr { host: "127.7.106.193" port: 37463 } } peers { permanent_uuid: "e87d887220f845eb876ed021c188c58f" member_type: VOTER last_known_addr { host: "127.7.106.194" port: 46481 } } peers { permanent_uuid: "77ad7d31f4074c4fb04b6e3db9bc0c62" member_type: VOTER last_known_addr { host: "127.7.106.195" port: 39357 } }
I20260709 13:15:57.810302  7923 ts_tablet_manager.cc:1434] T fe967e0541d54ed79bc7baa1a1aa1af1 P 05ae510fdb4440d49de338b380d396f3: Time spent starting tablet: real 0.020s	user 0.008s	sys 0.000s
I20260709 13:15:57.811228  7923 tablet_bootstrap.cc:492] T 051093ae76f9495b9bcf0808f1c31312 P 05ae510fdb4440d49de338b380d396f3: Bootstrap starting.
I20260709 13:15:57.820456  7923 tablet_bootstrap.cc:654] T 051093ae76f9495b9bcf0808f1c31312 P 05ae510fdb4440d49de338b380d396f3: Neither blocks nor log segments found. Creating new log.
I20260709 13:15:57.820955  7924 tablet_bootstrap.cc:492] T d5a2ceffe30a4a32a83b2131a61de6e6 P e87d887220f845eb876ed021c188c58f: No bootstrap required, opened a new log
I20260709 13:15:57.821403  7924 ts_tablet_manager.cc:1403] T d5a2ceffe30a4a32a83b2131a61de6e6 P e87d887220f845eb876ed021c188c58f: Time spent bootstrapping tablet: real 0.062s	user 0.010s	sys 0.007s
I20260709 13:15:57.824362  7943 raft_consensus.cc:697] T 265bbb53d8ec4e9086357c46b5c54a2f P e87d887220f845eb876ed021c188c58f [term 1 LEADER]: Becoming Leader. State: Replica: e87d887220f845eb876ed021c188c58f, State: Running, Role: LEADER
I20260709 13:15:57.824175  7924 raft_consensus.cc:359] T d5a2ceffe30a4a32a83b2131a61de6e6 P e87d887220f845eb876ed021c188c58f [term 0 FOLLOWER]: Replica starting. Triggering 0 pending ops. Active config: opid_index: -1 OBSOLETE_local: false peers { permanent_uuid: "05ae510fdb4440d49de338b380d396f3" member_type: VOTER last_known_addr { host: "127.7.106.193" port: 37463 } } peers { permanent_uuid: "e87d887220f845eb876ed021c188c58f" member_type: VOTER last_known_addr { host: "127.7.106.194" port: 46481 } } peers { permanent_uuid: "77ad7d31f4074c4fb04b6e3db9bc0c62" member_type: VOTER last_known_addr { host: "127.7.106.195" port: 39357 } }
I20260709 13:15:57.824863  7924 raft_consensus.cc:385] T d5a2ceffe30a4a32a83b2131a61de6e6 P e87d887220f845eb876ed021c188c58f [term 0 FOLLOWER]: Consensus starting up: Expiring failure detector timer to make a prompt election more likely
I20260709 13:15:57.825172  7943 consensus_queue.cc:237] T 265bbb53d8ec4e9086357c46b5c54a2f P e87d887220f845eb876ed021c188c58f [LEADER]: Queue going to LEADER mode. State: All replicated index: 0, Majority replicated index: 0, Committed index: 0, Last appended: 0.0, Last appended by leader: 0, Current term: 1, Majority size: 2, State: 0, Mode: LEADER, active raft config: opid_index: -1 OBSOLETE_local: false peers { permanent_uuid: "05ae510fdb4440d49de338b380d396f3" member_type: VOTER last_known_addr { host: "127.7.106.193" port: 37463 } } peers { permanent_uuid: "e87d887220f845eb876ed021c188c58f" member_type: VOTER last_known_addr { host: "127.7.106.194" port: 46481 } } peers { permanent_uuid: "77ad7d31f4074c4fb04b6e3db9bc0c62" member_type: VOTER last_known_addr { host: "127.7.106.195" port: 39357 } }
I20260709 13:15:57.825150  7924 raft_consensus.cc:740] T d5a2ceffe30a4a32a83b2131a61de6e6 P e87d887220f845eb876ed021c188c58f [term 0 FOLLOWER]: Becoming Follower/Learner. State: Replica: e87d887220f845eb876ed021c188c58f, State: Initialized, Role: FOLLOWER
I20260709 13:15:57.827942  7922 tablet_bootstrap.cc:492] T ab4ff49390d84dbb9975cb097d6f020d P 77ad7d31f4074c4fb04b6e3db9bc0c62: No bootstrap required, opened a new log
I20260709 13:15:57.828378  7922 ts_tablet_manager.cc:1403] T ab4ff49390d84dbb9975cb097d6f020d P 77ad7d31f4074c4fb04b6e3db9bc0c62: Time spent bootstrapping tablet: real 0.050s	user 0.014s	sys 0.024s
I20260709 13:15:57.828442  7924 consensus_queue.cc:260] T d5a2ceffe30a4a32a83b2131a61de6e6 P e87d887220f845eb876ed021c188c58f [NON_LEADER]: Queue going to NON_LEADER mode. State: All replicated index: 0, Majority replicated index: 0, Committed index: 0, Last appended: 0.0, Last appended by leader: 0, Current term: 0, Majority size: -1, State: 0, Mode: NON_LEADER, active raft config: opid_index: -1 OBSOLETE_local: false peers { permanent_uuid: "05ae510fdb4440d49de338b380d396f3" member_type: VOTER last_known_addr { host: "127.7.106.193" port: 37463 } } peers { permanent_uuid: "e87d887220f845eb876ed021c188c58f" member_type: VOTER last_known_addr { host: "127.7.106.194" port: 46481 } } peers { permanent_uuid: "77ad7d31f4074c4fb04b6e3db9bc0c62" member_type: VOTER last_known_addr { host: "127.7.106.195" port: 39357 } }
I20260709 13:15:57.830500  7924 ts_tablet_manager.cc:1434] T d5a2ceffe30a4a32a83b2131a61de6e6 P e87d887220f845eb876ed021c188c58f: Time spent starting tablet: real 0.009s	user 0.007s	sys 0.000s
I20260709 13:15:57.831077  7922 raft_consensus.cc:359] T ab4ff49390d84dbb9975cb097d6f020d P 77ad7d31f4074c4fb04b6e3db9bc0c62 [term 0 FOLLOWER]: Replica starting. Triggering 0 pending ops. Active config: opid_index: -1 OBSOLETE_local: false peers { permanent_uuid: "05ae510fdb4440d49de338b380d396f3" member_type: VOTER last_known_addr { host: "127.7.106.193" port: 37463 } } peers { permanent_uuid: "77ad7d31f4074c4fb04b6e3db9bc0c62" member_type: VOTER last_known_addr { host: "127.7.106.195" port: 39357 } } peers { permanent_uuid: "e87d887220f845eb876ed021c188c58f" member_type: VOTER last_known_addr { host: "127.7.106.194" port: 46481 } }
I20260709 13:15:57.831738  7922 raft_consensus.cc:385] T ab4ff49390d84dbb9975cb097d6f020d P 77ad7d31f4074c4fb04b6e3db9bc0c62 [term 0 FOLLOWER]: Consensus starting up: Expiring failure detector timer to make a prompt election more likely
I20260709 13:15:57.832046  7922 raft_consensus.cc:740] T ab4ff49390d84dbb9975cb097d6f020d P 77ad7d31f4074c4fb04b6e3db9bc0c62 [term 0 FOLLOWER]: Becoming Follower/Learner. State: Replica: 77ad7d31f4074c4fb04b6e3db9bc0c62, State: Initialized, Role: FOLLOWER
I20260709 13:15:57.832715  7922 consensus_queue.cc:260] T ab4ff49390d84dbb9975cb097d6f020d P 77ad7d31f4074c4fb04b6e3db9bc0c62 [NON_LEADER]: Queue going to NON_LEADER mode. State: All replicated index: 0, Majority replicated index: 0, Committed index: 0, Last appended: 0.0, Last appended by leader: 0, Current term: 0, Majority size: -1, State: 0, Mode: NON_LEADER, active raft config: opid_index: -1 OBSOLETE_local: false peers { permanent_uuid: "05ae510fdb4440d49de338b380d396f3" member_type: VOTER last_known_addr { host: "127.7.106.193" port: 37463 } } peers { permanent_uuid: "77ad7d31f4074c4fb04b6e3db9bc0c62" member_type: VOTER last_known_addr { host: "127.7.106.195" port: 39357 } } peers { permanent_uuid: "e87d887220f845eb876ed021c188c58f" member_type: VOTER last_known_addr { host: "127.7.106.194" port: 46481 } }
I20260709 13:15:57.834949  7922 ts_tablet_manager.cc:1434] T ab4ff49390d84dbb9975cb097d6f020d P 77ad7d31f4074c4fb04b6e3db9bc0c62: Time spent starting tablet: real 0.006s	user 0.006s	sys 0.000s
I20260709 13:15:57.835124  7924 tablet_bootstrap.cc:492] T 051093ae76f9495b9bcf0808f1c31312 P e87d887220f845eb876ed021c188c58f: Bootstrap starting.
I20260709 13:15:57.835736  7929 raft_consensus.cc:493] T 051093ae76f9495b9bcf0808f1c31312 P 77ad7d31f4074c4fb04b6e3db9bc0c62 [term 0 FOLLOWER]: Starting pre-election (no leader contacted us within the election timeout)
I20260709 13:15:57.836185  7929 raft_consensus.cc:515] T 051093ae76f9495b9bcf0808f1c31312 P 77ad7d31f4074c4fb04b6e3db9bc0c62 [term 0 FOLLOWER]: Starting pre-election with config: opid_index: -1 OBSOLETE_local: false peers { permanent_uuid: "05ae510fdb4440d49de338b380d396f3" member_type: VOTER last_known_addr { host: "127.7.106.193" port: 37463 } } peers { permanent_uuid: "e87d887220f845eb876ed021c188c58f" member_type: VOTER last_known_addr { host: "127.7.106.194" port: 46481 } } peers { permanent_uuid: "77ad7d31f4074c4fb04b6e3db9bc0c62" member_type: VOTER last_known_addr { host: "127.7.106.195" port: 39357 } }
I20260709 13:15:57.838930  7929 leader_election.cc:290] T 051093ae76f9495b9bcf0808f1c31312 P 77ad7d31f4074c4fb04b6e3db9bc0c62 [CANDIDATE]: Term 1 pre-election: Requested pre-vote from peers 05ae510fdb4440d49de338b380d396f3 (127.7.106.193:37463), e87d887220f845eb876ed021c188c58f (127.7.106.194:46481)
I20260709 13:15:57.839689  7922 tablet_bootstrap.cc:492] T fe967e0541d54ed79bc7baa1a1aa1af1 P 77ad7d31f4074c4fb04b6e3db9bc0c62: Bootstrap starting.
I20260709 13:15:57.842024  7923 tablet_bootstrap.cc:492] T 051093ae76f9495b9bcf0808f1c31312 P 05ae510fdb4440d49de338b380d396f3: No bootstrap required, opened a new log
I20260709 13:15:57.842449  7923 ts_tablet_manager.cc:1403] T 051093ae76f9495b9bcf0808f1c31312 P 05ae510fdb4440d49de338b380d396f3: Time spent bootstrapping tablet: real 0.031s	user 0.009s	sys 0.011s
I20260709 13:15:57.845072  7923 raft_consensus.cc:359] T 051093ae76f9495b9bcf0808f1c31312 P 05ae510fdb4440d49de338b380d396f3 [term 0 FOLLOWER]: Replica starting. Triggering 0 pending ops. Active config: opid_index: -1 OBSOLETE_local: false peers { permanent_uuid: "05ae510fdb4440d49de338b380d396f3" member_type: VOTER last_known_addr { host: "127.7.106.193" port: 37463 } } peers { permanent_uuid: "e87d887220f845eb876ed021c188c58f" member_type: VOTER last_known_addr { host: "127.7.106.194" port: 46481 } } peers { permanent_uuid: "77ad7d31f4074c4fb04b6e3db9bc0c62" member_type: VOTER last_known_addr { host: "127.7.106.195" port: 39357 } }
I20260709 13:15:57.845695  7923 raft_consensus.cc:385] T 051093ae76f9495b9bcf0808f1c31312 P 05ae510fdb4440d49de338b380d396f3 [term 0 FOLLOWER]: Consensus starting up: Expiring failure detector timer to make a prompt election more likely
I20260709 13:15:57.846047  7922 tablet_bootstrap.cc:654] T fe967e0541d54ed79bc7baa1a1aa1af1 P 77ad7d31f4074c4fb04b6e3db9bc0c62: Neither blocks nor log segments found. Creating new log.
I20260709 13:15:57.845989  7923 raft_consensus.cc:740] T 051093ae76f9495b9bcf0808f1c31312 P 05ae510fdb4440d49de338b380d396f3 [term 0 FOLLOWER]: Becoming Follower/Learner. State: Replica: 05ae510fdb4440d49de338b380d396f3, State: Initialized, Role: FOLLOWER
I20260709 13:15:57.850005  7923 consensus_queue.cc:260] T 051093ae76f9495b9bcf0808f1c31312 P 05ae510fdb4440d49de338b380d396f3 [NON_LEADER]: Queue going to NON_LEADER mode. State: All replicated index: 0, Majority replicated index: 0, Committed index: 0, Last appended: 0.0, Last appended by leader: 0, Current term: 0, Majority size: -1, State: 0, Mode: NON_LEADER, active raft config: opid_index: -1 OBSOLETE_local: false peers { permanent_uuid: "05ae510fdb4440d49de338b380d396f3" member_type: VOTER last_known_addr { host: "127.7.106.193" port: 37463 } } peers { permanent_uuid: "e87d887220f845eb876ed021c188c58f" member_type: VOTER last_known_addr { host: "127.7.106.194" port: 46481 } } peers { permanent_uuid: "77ad7d31f4074c4fb04b6e3db9bc0c62" member_type: VOTER last_known_addr { host: "127.7.106.195" port: 39357 } }
I20260709 13:15:57.852320  7924 tablet_bootstrap.cc:654] T 051093ae76f9495b9bcf0808f1c31312 P e87d887220f845eb876ed021c188c58f: Neither blocks nor log segments found. Creating new log.
I20260709 13:15:57.852402  7923 ts_tablet_manager.cc:1434] T 051093ae76f9495b9bcf0808f1c31312 P 05ae510fdb4440d49de338b380d396f3: Time spent starting tablet: real 0.010s	user 0.007s	sys 0.001s
I20260709 13:15:57.853400  7923 tablet_bootstrap.cc:492] T 265bbb53d8ec4e9086357c46b5c54a2f P 05ae510fdb4440d49de338b380d396f3: Bootstrap starting.
I20260709 13:15:57.854245  7627 catalog_manager.cc:5697] T 265bbb53d8ec4e9086357c46b5c54a2f P e87d887220f845eb876ed021c188c58f reported cstate change: term changed from 0 to 1, leader changed from <none> to e87d887220f845eb876ed021c188c58f (127.7.106.194). New cstate: current_term: 1 leader_uuid: "e87d887220f845eb876ed021c188c58f" committed_config { opid_index: -1 OBSOLETE_local: false peers { permanent_uuid: "05ae510fdb4440d49de338b380d396f3" member_type: VOTER last_known_addr { host: "127.7.106.193" port: 37463 } health_report { overall_health: UNKNOWN } } peers { permanent_uuid: "e87d887220f845eb876ed021c188c58f" member_type: VOTER last_known_addr { host: "127.7.106.194" port: 46481 } health_report { overall_health: HEALTHY } } peers { permanent_uuid: "77ad7d31f4074c4fb04b6e3db9bc0c62" member_type: VOTER last_known_addr { host: "127.7.106.195" port: 39357 } health_report { overall_health: UNKNOWN } } }
I20260709 13:15:57.859395  7923 tablet_bootstrap.cc:654] T 265bbb53d8ec4e9086357c46b5c54a2f P 05ae510fdb4440d49de338b380d396f3: Neither blocks nor log segments found. Creating new log.
I20260709 13:15:57.877074  7922 tablet_bootstrap.cc:492] T fe967e0541d54ed79bc7baa1a1aa1af1 P 77ad7d31f4074c4fb04b6e3db9bc0c62: No bootstrap required, opened a new log
I20260709 13:15:57.877489  7922 ts_tablet_manager.cc:1403] T fe967e0541d54ed79bc7baa1a1aa1af1 P 77ad7d31f4074c4fb04b6e3db9bc0c62: Time spent bootstrapping tablet: real 0.038s	user 0.011s	sys 0.011s
I20260709 13:15:57.880115  7922 raft_consensus.cc:359] T fe967e0541d54ed79bc7baa1a1aa1af1 P 77ad7d31f4074c4fb04b6e3db9bc0c62 [term 0 FOLLOWER]: Replica starting. Triggering 0 pending ops. Active config: opid_index: -1 OBSOLETE_local: false peers { permanent_uuid: "05ae510fdb4440d49de338b380d396f3" member_type: VOTER last_known_addr { host: "127.7.106.193" port: 37463 } } peers { permanent_uuid: "e87d887220f845eb876ed021c188c58f" member_type: VOTER last_known_addr { host: "127.7.106.194" port: 46481 } } peers { permanent_uuid: "77ad7d31f4074c4fb04b6e3db9bc0c62" member_type: VOTER last_known_addr { host: "127.7.106.195" port: 39357 } }
I20260709 13:15:57.880746  7922 raft_consensus.cc:385] T fe967e0541d54ed79bc7baa1a1aa1af1 P 77ad7d31f4074c4fb04b6e3db9bc0c62 [term 0 FOLLOWER]: Consensus starting up: Expiring failure detector timer to make a prompt election more likely
I20260709 13:15:57.881002  7922 raft_consensus.cc:740] T fe967e0541d54ed79bc7baa1a1aa1af1 P 77ad7d31f4074c4fb04b6e3db9bc0c62 [term 0 FOLLOWER]: Becoming Follower/Learner. State: Replica: 77ad7d31f4074c4fb04b6e3db9bc0c62, State: Initialized, Role: FOLLOWER
I20260709 13:15:57.881623  7922 consensus_queue.cc:260] T fe967e0541d54ed79bc7baa1a1aa1af1 P 77ad7d31f4074c4fb04b6e3db9bc0c62 [NON_LEADER]: Queue going to NON_LEADER mode. State: All replicated index: 0, Majority replicated index: 0, Committed index: 0, Last appended: 0.0, Last appended by leader: 0, Current term: 0, Majority size: -1, State: 0, Mode: NON_LEADER, active raft config: opid_index: -1 OBSOLETE_local: false peers { permanent_uuid: "05ae510fdb4440d49de338b380d396f3" member_type: VOTER last_known_addr { host: "127.7.106.193" port: 37463 } } peers { permanent_uuid: "e87d887220f845eb876ed021c188c58f" member_type: VOTER last_known_addr { host: "127.7.106.194" port: 46481 } } peers { permanent_uuid: "77ad7d31f4074c4fb04b6e3db9bc0c62" member_type: VOTER last_known_addr { host: "127.7.106.195" port: 39357 } }
I20260709 13:15:57.883821  7922 ts_tablet_manager.cc:1434] T fe967e0541d54ed79bc7baa1a1aa1af1 P 77ad7d31f4074c4fb04b6e3db9bc0c62: Time spent starting tablet: real 0.006s	user 0.007s	sys 0.000s
I20260709 13:15:57.884689  7922 tablet_bootstrap.cc:492] T 717b982870fa4339b1dd607f8e53e0e2 P 77ad7d31f4074c4fb04b6e3db9bc0c62: Bootstrap starting.
I20260709 13:15:57.920343  7924 tablet_bootstrap.cc:492] T 051093ae76f9495b9bcf0808f1c31312 P e87d887220f845eb876ed021c188c58f: No bootstrap required, opened a new log
I20260709 13:15:57.920811  7924 ts_tablet_manager.cc:1403] T 051093ae76f9495b9bcf0808f1c31312 P e87d887220f845eb876ed021c188c58f: Time spent bootstrapping tablet: real 0.086s	user 0.028s	sys 0.022s
I20260709 13:15:57.921020  7922 tablet_bootstrap.cc:654] T 717b982870fa4339b1dd607f8e53e0e2 P 77ad7d31f4074c4fb04b6e3db9bc0c62: Neither blocks nor log segments found. Creating new log.
I20260709 13:15:57.922712  7923 tablet_bootstrap.cc:492] T 265bbb53d8ec4e9086357c46b5c54a2f P 05ae510fdb4440d49de338b380d396f3: No bootstrap required, opened a new log
I20260709 13:15:57.923108  7923 ts_tablet_manager.cc:1403] T 265bbb53d8ec4e9086357c46b5c54a2f P 05ae510fdb4440d49de338b380d396f3: Time spent bootstrapping tablet: real 0.070s	user 0.026s	sys 0.016s
I20260709 13:15:57.924999  7924 raft_consensus.cc:359] T 051093ae76f9495b9bcf0808f1c31312 P e87d887220f845eb876ed021c188c58f [term 0 FOLLOWER]: Replica starting. Triggering 0 pending ops. Active config: opid_index: -1 OBSOLETE_local: false peers { permanent_uuid: "05ae510fdb4440d49de338b380d396f3" member_type: VOTER last_known_addr { host: "127.7.106.193" port: 37463 } } peers { permanent_uuid: "e87d887220f845eb876ed021c188c58f" member_type: VOTER last_known_addr { host: "127.7.106.194" port: 46481 } } peers { permanent_uuid: "77ad7d31f4074c4fb04b6e3db9bc0c62" member_type: VOTER last_known_addr { host: "127.7.106.195" port: 39357 } }
I20260709 13:15:57.925583  7943 raft_consensus.cc:493] T d5a2ceffe30a4a32a83b2131a61de6e6 P e87d887220f845eb876ed021c188c58f [term 0 FOLLOWER]: Starting pre-election (no leader contacted us within the election timeout)
I20260709 13:15:57.925889  7924 raft_consensus.cc:385] T 051093ae76f9495b9bcf0808f1c31312 P e87d887220f845eb876ed021c188c58f [term 0 FOLLOWER]: Consensus starting up: Expiring failure detector timer to make a prompt election more likely
I20260709 13:15:57.926031  7943 raft_consensus.cc:515] T d5a2ceffe30a4a32a83b2131a61de6e6 P e87d887220f845eb876ed021c188c58f [term 0 FOLLOWER]: Starting pre-election with config: opid_index: -1 OBSOLETE_local: false peers { permanent_uuid: "05ae510fdb4440d49de338b380d396f3" member_type: VOTER last_known_addr { host: "127.7.106.193" port: 37463 } } peers { permanent_uuid: "e87d887220f845eb876ed021c188c58f" member_type: VOTER last_known_addr { host: "127.7.106.194" port: 46481 } } peers { permanent_uuid: "77ad7d31f4074c4fb04b6e3db9bc0c62" member_type: VOTER last_known_addr { host: "127.7.106.195" port: 39357 } }
I20260709 13:15:57.928478  7943 leader_election.cc:290] T d5a2ceffe30a4a32a83b2131a61de6e6 P e87d887220f845eb876ed021c188c58f [CANDIDATE]: Term 1 pre-election: Requested pre-vote from peers 05ae510fdb4440d49de338b380d396f3 (127.7.106.193:37463), 77ad7d31f4074c4fb04b6e3db9bc0c62 (127.7.106.195:39357)
I20260709 13:15:57.929155  7730 tablet_service.cc:1917] Received RequestConsensusVote() RPC: tablet_id: "d5a2ceffe30a4a32a83b2131a61de6e6" candidate_uuid: "e87d887220f845eb876ed021c188c58f" candidate_term: 1 candidate_status { last_received { term: 0 index: 0 } } ignore_live_leader: false dest_uuid: "05ae510fdb4440d49de338b380d396f3" is_pre_election: true
I20260709 13:15:57.929558  7879 tablet_service.cc:1917] Received RequestConsensusVote() RPC: tablet_id: "d5a2ceffe30a4a32a83b2131a61de6e6" candidate_uuid: "e87d887220f845eb876ed021c188c58f" candidate_term: 1 candidate_status { last_received { term: 0 index: 0 } } ignore_live_leader: false dest_uuid: "77ad7d31f4074c4fb04b6e3db9bc0c62" is_pre_election: true
I20260709 13:15:57.930442  7879 raft_consensus.cc:2468] T d5a2ceffe30a4a32a83b2131a61de6e6 P 77ad7d31f4074c4fb04b6e3db9bc0c62 [term 0 FOLLOWER]: Leader pre-election vote request: Granting yes vote for candidate e87d887220f845eb876ed021c188c58f in term 0.
I20260709 13:15:57.929734  7730 raft_consensus.cc:2468] T d5a2ceffe30a4a32a83b2131a61de6e6 P 05ae510fdb4440d49de338b380d396f3 [term 0 FOLLOWER]: Leader pre-election vote request: Granting yes vote for candidate e87d887220f845eb876ed021c188c58f in term 0.
I20260709 13:15:57.935127  7928 raft_consensus.cc:493] T 05541d271cb64911b9652e922f501657 P 05ae510fdb4440d49de338b380d396f3 [term 0 FOLLOWER]: Starting pre-election (no leader contacted us within the election timeout)
I20260709 13:15:57.935595  7928 raft_consensus.cc:515] T 05541d271cb64911b9652e922f501657 P 05ae510fdb4440d49de338b380d396f3 [term 0 FOLLOWER]: Starting pre-election with config: opid_index: -1 OBSOLETE_local: false peers { permanent_uuid: "05ae510fdb4440d49de338b380d396f3" member_type: VOTER last_known_addr { host: "127.7.106.193" port: 37463 } } peers { permanent_uuid: "e87d887220f845eb876ed021c188c58f" member_type: VOTER last_known_addr { host: "127.7.106.194" port: 46481 } } peers { permanent_uuid: "77ad7d31f4074c4fb04b6e3db9bc0c62" member_type: VOTER last_known_addr { host: "127.7.106.195" port: 39357 } }
I20260709 13:15:57.927784  7924 raft_consensus.cc:740] T 051093ae76f9495b9bcf0808f1c31312 P e87d887220f845eb876ed021c188c58f [term 0 FOLLOWER]: Becoming Follower/Learner. State: Replica: e87d887220f845eb876ed021c188c58f, State: Initialized, Role: FOLLOWER
I20260709 13:15:57.936616  7771 leader_election.cc:304] T d5a2ceffe30a4a32a83b2131a61de6e6 P e87d887220f845eb876ed021c188c58f [CANDIDATE]: Term 1 pre-election: Election decided. Result: candidate won. Election summary: received 2 responses out of 3 voters: 2 yes votes; 0 no votes. yes voters: 77ad7d31f4074c4fb04b6e3db9bc0c62, e87d887220f845eb876ed021c188c58f; no voters: 
I20260709 13:15:57.937371  7943 raft_consensus.cc:2804] T d5a2ceffe30a4a32a83b2131a61de6e6 P e87d887220f845eb876ed021c188c58f [term 0 FOLLOWER]: Leader pre-election won for term 1
I20260709 13:15:57.937589  7928 leader_election.cc:290] T 05541d271cb64911b9652e922f501657 P 05ae510fdb4440d49de338b380d396f3 [CANDIDATE]: Term 1 pre-election: Requested pre-vote from peers e87d887220f845eb876ed021c188c58f (127.7.106.194:46481), 77ad7d31f4074c4fb04b6e3db9bc0c62 (127.7.106.195:39357)
I20260709 13:15:57.937712  7943 raft_consensus.cc:493] T d5a2ceffe30a4a32a83b2131a61de6e6 P e87d887220f845eb876ed021c188c58f [term 0 FOLLOWER]: Starting leader election (no leader contacted us within the election timeout)
I20260709 13:15:57.938064  7943 raft_consensus.cc:3060] T d5a2ceffe30a4a32a83b2131a61de6e6 P e87d887220f845eb876ed021c188c58f [term 0 FOLLOWER]: Advancing to term 1
I20260709 13:15:57.938902  7805 tablet_service.cc:1917] Received RequestConsensusVote() RPC: tablet_id: "05541d271cb64911b9652e922f501657" candidate_uuid: "05ae510fdb4440d49de338b380d396f3" candidate_term: 1 candidate_status { last_received { term: 0 index: 0 } } ignore_live_leader: false dest_uuid: "e87d887220f845eb876ed021c188c58f" is_pre_election: true
I20260709 13:15:57.939504  7805 raft_consensus.cc:2468] T 05541d271cb64911b9652e922f501657 P e87d887220f845eb876ed021c188c58f [term 0 FOLLOWER]: Leader pre-election vote request: Granting yes vote for candidate 05ae510fdb4440d49de338b380d396f3 in term 0.
I20260709 13:15:57.940840  7696 leader_election.cc:304] T 05541d271cb64911b9652e922f501657 P 05ae510fdb4440d49de338b380d396f3 [CANDIDATE]: Term 1 pre-election: Election decided. Result: candidate won. Election summary: received 2 responses out of 3 voters: 2 yes votes; 0 no votes. yes voters: 05ae510fdb4440d49de338b380d396f3, e87d887220f845eb876ed021c188c58f; no voters: 
I20260709 13:15:57.941614  7928 raft_consensus.cc:2804] T 05541d271cb64911b9652e922f501657 P 05ae510fdb4440d49de338b380d396f3 [term 0 FOLLOWER]: Leader pre-election won for term 1
I20260709 13:15:57.937071  7924 consensus_queue.cc:260] T 051093ae76f9495b9bcf0808f1c31312 P e87d887220f845eb876ed021c188c58f [NON_LEADER]: Queue going to NON_LEADER mode. State: All replicated index: 0, Majority replicated index: 0, Committed index: 0, Last appended: 0.0, Last appended by leader: 0, Current term: 0, Majority size: -1, State: 0, Mode: NON_LEADER, active raft config: opid_index: -1 OBSOLETE_local: false peers { permanent_uuid: "05ae510fdb4440d49de338b380d396f3" member_type: VOTER last_known_addr { host: "127.7.106.193" port: 37463 } } peers { permanent_uuid: "e87d887220f845eb876ed021c188c58f" member_type: VOTER last_known_addr { host: "127.7.106.194" port: 46481 } } peers { permanent_uuid: "77ad7d31f4074c4fb04b6e3db9bc0c62" member_type: VOTER last_known_addr { host: "127.7.106.195" port: 39357 } }
I20260709 13:15:57.942004  7928 raft_consensus.cc:493] T 05541d271cb64911b9652e922f501657 P 05ae510fdb4440d49de338b380d396f3 [term 0 FOLLOWER]: Starting leader election (no leader contacted us within the election timeout)
I20260709 13:15:57.942348  7928 raft_consensus.cc:3060] T 05541d271cb64911b9652e922f501657 P 05ae510fdb4440d49de338b380d396f3 [term 0 FOLLOWER]: Advancing to term 1
I20260709 13:15:57.942574  7879 tablet_service.cc:1917] Received RequestConsensusVote() RPC: tablet_id: "05541d271cb64911b9652e922f501657" candidate_uuid: "05ae510fdb4440d49de338b380d396f3" candidate_term: 1 candidate_status { last_received { term: 0 index: 0 } } ignore_live_leader: false dest_uuid: "77ad7d31f4074c4fb04b6e3db9bc0c62" is_pre_election: true
I20260709 13:15:57.943188  7879 raft_consensus.cc:2468] T 05541d271cb64911b9652e922f501657 P 77ad7d31f4074c4fb04b6e3db9bc0c62 [term 0 FOLLOWER]: Leader pre-election vote request: Granting yes vote for candidate 05ae510fdb4440d49de338b380d396f3 in term 0.
I20260709 13:15:57.945120  7943 raft_consensus.cc:515] T d5a2ceffe30a4a32a83b2131a61de6e6 P e87d887220f845eb876ed021c188c58f [term 1 FOLLOWER]: Starting leader election with config: opid_index: -1 OBSOLETE_local: false peers { permanent_uuid: "05ae510fdb4440d49de338b380d396f3" member_type: VOTER last_known_addr { host: "127.7.106.193" port: 37463 } } peers { permanent_uuid: "e87d887220f845eb876ed021c188c58f" member_type: VOTER last_known_addr { host: "127.7.106.194" port: 46481 } } peers { permanent_uuid: "77ad7d31f4074c4fb04b6e3db9bc0c62" member_type: VOTER last_known_addr { host: "127.7.106.195" port: 39357 } }
I20260709 13:15:57.947045  7943 leader_election.cc:290] T d5a2ceffe30a4a32a83b2131a61de6e6 P e87d887220f845eb876ed021c188c58f [CANDIDATE]: Term 1 election: Requested vote from peers 05ae510fdb4440d49de338b380d396f3 (127.7.106.193:37463), 77ad7d31f4074c4fb04b6e3db9bc0c62 (127.7.106.195:39357)
I20260709 13:15:57.948182  7928 raft_consensus.cc:515] T 05541d271cb64911b9652e922f501657 P 05ae510fdb4440d49de338b380d396f3 [term 1 FOLLOWER]: Starting leader election with config: opid_index: -1 OBSOLETE_local: false peers { permanent_uuid: "05ae510fdb4440d49de338b380d396f3" member_type: VOTER last_known_addr { host: "127.7.106.193" port: 37463 } } peers { permanent_uuid: "e87d887220f845eb876ed021c188c58f" member_type: VOTER last_known_addr { host: "127.7.106.194" port: 46481 } } peers { permanent_uuid: "77ad7d31f4074c4fb04b6e3db9bc0c62" member_type: VOTER last_known_addr { host: "127.7.106.195" port: 39357 } }
I20260709 13:15:57.949051  7924 ts_tablet_manager.cc:1434] T 051093ae76f9495b9bcf0808f1c31312 P e87d887220f845eb876ed021c188c58f: Time spent starting tablet: real 0.028s	user 0.007s	sys 0.000s
I20260709 13:15:57.949945  7924 tablet_bootstrap.cc:492] T 7562a24600f54d898881e6ee1b1396f0 P e87d887220f845eb876ed021c188c58f: Bootstrap starting.
I20260709 13:15:57.950050  7928 leader_election.cc:290] T 05541d271cb64911b9652e922f501657 P 05ae510fdb4440d49de338b380d396f3 [CANDIDATE]: Term 1 election: Requested vote from peers e87d887220f845eb876ed021c188c58f (127.7.106.194:46481), 77ad7d31f4074c4fb04b6e3db9bc0c62 (127.7.106.195:39357)
I20260709 13:15:57.951205  7730 tablet_service.cc:1917] Received RequestConsensusVote() RPC: tablet_id: "d5a2ceffe30a4a32a83b2131a61de6e6" candidate_uuid: "e87d887220f845eb876ed021c188c58f" candidate_term: 1 candidate_status { last_received { term: 0 index: 0 } } ignore_live_leader: false dest_uuid: "05ae510fdb4440d49de338b380d396f3"
I20260709 13:15:57.951777  7730 raft_consensus.cc:3060] T d5a2ceffe30a4a32a83b2131a61de6e6 P 05ae510fdb4440d49de338b380d396f3 [term 0 FOLLOWER]: Advancing to term 1
I20260709 13:15:57.955843  7805 tablet_service.cc:1917] Received RequestConsensusVote() RPC: tablet_id: "05541d271cb64911b9652e922f501657" candidate_uuid: "05ae510fdb4440d49de338b380d396f3" candidate_term: 1 candidate_status { last_received { term: 0 index: 0 } } ignore_live_leader: false dest_uuid: "e87d887220f845eb876ed021c188c58f"
I20260709 13:15:57.956346  7805 raft_consensus.cc:3060] T 05541d271cb64911b9652e922f501657 P e87d887220f845eb876ed021c188c58f [term 0 FOLLOWER]: Advancing to term 1
I20260709 13:15:57.959683  7804 tablet_service.cc:1917] Received RequestConsensusVote() RPC: tablet_id: "051093ae76f9495b9bcf0808f1c31312" candidate_uuid: "77ad7d31f4074c4fb04b6e3db9bc0c62" candidate_term: 1 candidate_status { last_received { term: 0 index: 0 } } ignore_live_leader: false dest_uuid: "e87d887220f845eb876ed021c188c58f" is_pre_election: true
I20260709 13:15:57.960290  7804 raft_consensus.cc:2468] T 051093ae76f9495b9bcf0808f1c31312 P e87d887220f845eb876ed021c188c58f [term 0 FOLLOWER]: Leader pre-election vote request: Granting yes vote for candidate 77ad7d31f4074c4fb04b6e3db9bc0c62 in term 0.
I20260709 13:15:57.960429  7879 tablet_service.cc:1917] Received RequestConsensusVote() RPC: tablet_id: "05541d271cb64911b9652e922f501657" candidate_uuid: "05ae510fdb4440d49de338b380d396f3" candidate_term: 1 candidate_status { last_received { term: 0 index: 0 } } ignore_live_leader: false dest_uuid: "77ad7d31f4074c4fb04b6e3db9bc0c62"
I20260709 13:15:57.961061  7879 raft_consensus.cc:3060] T 05541d271cb64911b9652e922f501657 P 77ad7d31f4074c4fb04b6e3db9bc0c62 [term 0 FOLLOWER]: Advancing to term 1
I20260709 13:15:57.964504  7922 tablet_bootstrap.cc:492] T 717b982870fa4339b1dd607f8e53e0e2 P 77ad7d31f4074c4fb04b6e3db9bc0c62: No bootstrap required, opened a new log
I20260709 13:15:57.964428  7845 leader_election.cc:304] T 051093ae76f9495b9bcf0808f1c31312 P 77ad7d31f4074c4fb04b6e3db9bc0c62 [CANDIDATE]: Term 1 pre-election: Election decided. Result: candidate won. Election summary: received 2 responses out of 3 voters: 2 yes votes; 0 no votes. yes voters: 77ad7d31f4074c4fb04b6e3db9bc0c62, e87d887220f845eb876ed021c188c58f; no voters: 
I20260709 13:15:57.964963  7922 ts_tablet_manager.cc:1403] T 717b982870fa4339b1dd607f8e53e0e2 P 77ad7d31f4074c4fb04b6e3db9bc0c62: Time spent bootstrapping tablet: real 0.080s	user 0.016s	sys 0.021s
I20260709 13:15:57.965197  7929 raft_consensus.cc:2804] T 051093ae76f9495b9bcf0808f1c31312 P 77ad7d31f4074c4fb04b6e3db9bc0c62 [term 0 FOLLOWER]: Leader pre-election won for term 1
I20260709 13:15:57.965657  7929 raft_consensus.cc:493] T 051093ae76f9495b9bcf0808f1c31312 P 77ad7d31f4074c4fb04b6e3db9bc0c62 [term 0 FOLLOWER]: Starting leader election (no leader contacted us within the election timeout)
I20260709 13:15:57.966061  7929 raft_consensus.cc:3060] T 051093ae76f9495b9bcf0808f1c31312 P 77ad7d31f4074c4fb04b6e3db9bc0c62 [term 0 FOLLOWER]: Advancing to term 1
I20260709 13:15:57.965900  7878 tablet_service.cc:1917] Received RequestConsensusVote() RPC: tablet_id: "d5a2ceffe30a4a32a83b2131a61de6e6" candidate_uuid: "e87d887220f845eb876ed021c188c58f" candidate_term: 1 candidate_status { last_received { term: 0 index: 0 } } ignore_live_leader: false dest_uuid: "77ad7d31f4074c4fb04b6e3db9bc0c62"
I20260709 13:15:57.966595  7878 raft_consensus.cc:3060] T d5a2ceffe30a4a32a83b2131a61de6e6 P 77ad7d31f4074c4fb04b6e3db9bc0c62 [term 0 FOLLOWER]: Advancing to term 1
I20260709 13:15:57.968855  7923 raft_consensus.cc:359] T 265bbb53d8ec4e9086357c46b5c54a2f P 05ae510fdb4440d49de338b380d396f3 [term 0 FOLLOWER]: Replica starting. Triggering 0 pending ops. Active config: opid_index: -1 OBSOLETE_local: false peers { permanent_uuid: "05ae510fdb4440d49de338b380d396f3" member_type: VOTER last_known_addr { host: "127.7.106.193" port: 37463 } } peers { permanent_uuid: "e87d887220f845eb876ed021c188c58f" member_type: VOTER last_known_addr { host: "127.7.106.194" port: 46481 } } peers { permanent_uuid: "77ad7d31f4074c4fb04b6e3db9bc0c62" member_type: VOTER last_known_addr { host: "127.7.106.195" port: 39357 } }
I20260709 13:15:57.969652  7923 raft_consensus.cc:385] T 265bbb53d8ec4e9086357c46b5c54a2f P 05ae510fdb4440d49de338b380d396f3 [term 0 FOLLOWER]: Consensus starting up: Expiring failure detector timer to make a prompt election more likely
I20260709 13:15:57.969897  7923 raft_consensus.cc:740] T 265bbb53d8ec4e9086357c46b5c54a2f P 05ae510fdb4440d49de338b380d396f3 [term 0 FOLLOWER]: Becoming Follower/Learner. State: Replica: 05ae510fdb4440d49de338b380d396f3, State: Initialized, Role: FOLLOWER
I20260709 13:15:57.970497  7923 consensus_queue.cc:260] T 265bbb53d8ec4e9086357c46b5c54a2f P 05ae510fdb4440d49de338b380d396f3 [NON_LEADER]: Queue going to NON_LEADER mode. State: All replicated index: 0, Majority replicated index: 0, Committed index: 0, Last appended: 0.0, Last appended by leader: 0, Current term: 0, Majority size: -1, State: 0, Mode: NON_LEADER, active raft config: opid_index: -1 OBSOLETE_local: false peers { permanent_uuid: "05ae510fdb4440d49de338b380d396f3" member_type: VOTER last_known_addr { host: "127.7.106.193" port: 37463 } } peers { permanent_uuid: "e87d887220f845eb876ed021c188c58f" member_type: VOTER last_known_addr { host: "127.7.106.194" port: 46481 } } peers { permanent_uuid: "77ad7d31f4074c4fb04b6e3db9bc0c62" member_type: VOTER last_known_addr { host: "127.7.106.195" port: 39357 } }
I20260709 13:15:57.977710  7730 raft_consensus.cc:2468] T d5a2ceffe30a4a32a83b2131a61de6e6 P 05ae510fdb4440d49de338b380d396f3 [term 1 FOLLOWER]: Leader election vote request: Granting yes vote for candidate e87d887220f845eb876ed021c188c58f in term 1.
I20260709 13:15:57.978878  7769 leader_election.cc:304] T d5a2ceffe30a4a32a83b2131a61de6e6 P e87d887220f845eb876ed021c188c58f [CANDIDATE]: Term 1 election: Election decided. Result: candidate won. Election summary: received 2 responses out of 3 voters: 2 yes votes; 0 no votes. yes voters: 05ae510fdb4440d49de338b380d396f3, e87d887220f845eb876ed021c188c58f; no voters: 
I20260709 13:15:57.978693  7929 raft_consensus.cc:515] T 051093ae76f9495b9bcf0808f1c31312 P 77ad7d31f4074c4fb04b6e3db9bc0c62 [term 1 FOLLOWER]: Starting leader election with config: opid_index: -1 OBSOLETE_local: false peers { permanent_uuid: "05ae510fdb4440d49de338b380d396f3" member_type: VOTER last_known_addr { host: "127.7.106.193" port: 37463 } } peers { permanent_uuid: "e87d887220f845eb876ed021c188c58f" member_type: VOTER last_known_addr { host: "127.7.106.194" port: 46481 } } peers { permanent_uuid: "77ad7d31f4074c4fb04b6e3db9bc0c62" member_type: VOTER last_known_addr { host: "127.7.106.195" port: 39357 } }
I20260709 13:15:57.979635  7943 raft_consensus.cc:2804] T d5a2ceffe30a4a32a83b2131a61de6e6 P e87d887220f845eb876ed021c188c58f [term 1 FOLLOWER]: Leader election won for term 1
I20260709 13:15:57.980106  7943 raft_consensus.cc:697] T d5a2ceffe30a4a32a83b2131a61de6e6 P e87d887220f845eb876ed021c188c58f [term 1 LEADER]: Becoming Leader. State: Replica: e87d887220f845eb876ed021c188c58f, State: Running, Role: LEADER
I20260709 13:15:57.992612  7923 ts_tablet_manager.cc:1434] T 265bbb53d8ec4e9086357c46b5c54a2f P 05ae510fdb4440d49de338b380d396f3: Time spent starting tablet: real 0.069s	user 0.007s	sys 0.003s
I20260709 13:15:57.981877  7804 tablet_service.cc:1917] Received RequestConsensusVote() RPC: tablet_id: "051093ae76f9495b9bcf0808f1c31312" candidate_uuid: "77ad7d31f4074c4fb04b6e3db9bc0c62" candidate_term: 1 candidate_status { last_received { term: 0 index: 0 } } ignore_live_leader: false dest_uuid: "e87d887220f845eb876ed021c188c58f"
I20260709 13:15:57.980926  7929 leader_election.cc:290] T 051093ae76f9495b9bcf0808f1c31312 P 77ad7d31f4074c4fb04b6e3db9bc0c62 [CANDIDATE]: Term 1 election: Requested vote from peers 05ae510fdb4440d49de338b380d396f3 (127.7.106.193:37463), e87d887220f845eb876ed021c188c58f (127.7.106.194:46481)
I20260709 13:15:57.993319  7804 raft_consensus.cc:3060] T 051093ae76f9495b9bcf0808f1c31312 P e87d887220f845eb876ed021c188c58f [term 0 FOLLOWER]: Advancing to term 1
I20260709 13:15:57.995680  7924 tablet_bootstrap.cc:654] T 7562a24600f54d898881e6ee1b1396f0 P e87d887220f845eb876ed021c188c58f: Neither blocks nor log segments found. Creating new log.
I20260709 13:15:57.991595  7729 tablet_service.cc:1917] Received RequestConsensusVote() RPC: tablet_id: "051093ae76f9495b9bcf0808f1c31312" candidate_uuid: "77ad7d31f4074c4fb04b6e3db9bc0c62" candidate_term: 1 candidate_status { last_received { term: 0 index: 0 } } ignore_live_leader: false dest_uuid: "05ae510fdb4440d49de338b380d396f3" is_pre_election: true
I20260709 13:15:57.996222  7929 raft_consensus.cc:493] T ab4ff49390d84dbb9975cb097d6f020d P 77ad7d31f4074c4fb04b6e3db9bc0c62 [term 0 FOLLOWER]: Starting pre-election (no leader contacted us within the election timeout)
I20260709 13:15:57.996263  7729 raft_consensus.cc:2468] T 051093ae76f9495b9bcf0808f1c31312 P 05ae510fdb4440d49de338b380d396f3 [term 0 FOLLOWER]: Leader pre-election vote request: Granting yes vote for candidate 77ad7d31f4074c4fb04b6e3db9bc0c62 in term 0.
I20260709 13:15:57.999207  7922 raft_consensus.cc:359] T 717b982870fa4339b1dd607f8e53e0e2 P 77ad7d31f4074c4fb04b6e3db9bc0c62 [term 0 FOLLOWER]: Replica starting. Triggering 0 pending ops. Active config: opid_index: -1 OBSOLETE_local: false peers { permanent_uuid: "05ae510fdb4440d49de338b380d396f3" member_type: VOTER last_known_addr { host: "127.7.106.193" port: 37463 } } peers { permanent_uuid: "e87d887220f845eb876ed021c188c58f" member_type: VOTER last_known_addr { host: "127.7.106.194" port: 46481 } } peers { permanent_uuid: "77ad7d31f4074c4fb04b6e3db9bc0c62" member_type: VOTER last_known_addr { host: "127.7.106.195" port: 39357 } }
I20260709 13:15:57.999859  7922 raft_consensus.cc:385] T 717b982870fa4339b1dd607f8e53e0e2 P 77ad7d31f4074c4fb04b6e3db9bc0c62 [term 0 FOLLOWER]: Consensus starting up: Expiring failure detector timer to make a prompt election more likely
I20260709 13:15:57.980857  7943 consensus_queue.cc:237] T d5a2ceffe30a4a32a83b2131a61de6e6 P e87d887220f845eb876ed021c188c58f [LEADER]: Queue going to LEADER mode. State: All replicated index: 0, Majority replicated index: 0, Committed index: 0, Last appended: 0.0, Last appended by leader: 0, Current term: 1, Majority size: 2, State: 0, Mode: LEADER, active raft config: opid_index: -1 OBSOLETE_local: false peers { permanent_uuid: "05ae510fdb4440d49de338b380d396f3" member_type: VOTER last_known_addr { host: "127.7.106.193" port: 37463 } } peers { permanent_uuid: "e87d887220f845eb876ed021c188c58f" member_type: VOTER last_known_addr { host: "127.7.106.194" port: 46481 } } peers { permanent_uuid: "77ad7d31f4074c4fb04b6e3db9bc0c62" member_type: VOTER last_known_addr { host: "127.7.106.195" port: 39357 } }
I20260709 13:15:58.000142  7929 raft_consensus.cc:515] T ab4ff49390d84dbb9975cb097d6f020d P 77ad7d31f4074c4fb04b6e3db9bc0c62 [term 0 FOLLOWER]: Starting pre-election with config: opid_index: -1 OBSOLETE_local: false peers { permanent_uuid: "05ae510fdb4440d49de338b380d396f3" member_type: VOTER last_known_addr { host: "127.7.106.193" port: 37463 } } peers { permanent_uuid: "77ad7d31f4074c4fb04b6e3db9bc0c62" member_type: VOTER last_known_addr { host: "127.7.106.195" port: 39357 } } peers { permanent_uuid: "e87d887220f845eb876ed021c188c58f" member_type: VOTER last_known_addr { host: "127.7.106.194" port: 46481 } }
I20260709 13:15:57.997834  7805 raft_consensus.cc:2468] T 05541d271cb64911b9652e922f501657 P e87d887220f845eb876ed021c188c58f [term 1 FOLLOWER]: Leader election vote request: Granting yes vote for candidate 05ae510fdb4440d49de338b380d396f3 in term 1.
I20260709 13:15:58.000116  7922 raft_consensus.cc:740] T 717b982870fa4339b1dd607f8e53e0e2 P 77ad7d31f4074c4fb04b6e3db9bc0c62 [term 0 FOLLOWER]: Becoming Follower/Learner. State: Replica: 77ad7d31f4074c4fb04b6e3db9bc0c62, State: Initialized, Role: FOLLOWER
I20260709 13:15:57.998174  7879 raft_consensus.cc:2468] T 05541d271cb64911b9652e922f501657 P 77ad7d31f4074c4fb04b6e3db9bc0c62 [term 1 FOLLOWER]: Leader election vote request: Granting yes vote for candidate 05ae510fdb4440d49de338b380d396f3 in term 1.
I20260709 13:15:57.998410  7923 tablet_bootstrap.cc:492] T 7562a24600f54d898881e6ee1b1396f0 P 05ae510fdb4440d49de338b380d396f3: Bootstrap starting.
I20260709 13:15:58.004385  7696 leader_election.cc:304] T 05541d271cb64911b9652e922f501657 P 05ae510fdb4440d49de338b380d396f3 [CANDIDATE]: Term 1 election: Election decided. Result: candidate won. Election summary: received 2 responses out of 3 voters: 2 yes votes; 0 no votes. yes voters: 05ae510fdb4440d49de338b380d396f3, 77ad7d31f4074c4fb04b6e3db9bc0c62; no voters: 
I20260709 13:15:58.005357  7928 raft_consensus.cc:2804] T 05541d271cb64911b9652e922f501657 P 05ae510fdb4440d49de338b380d396f3 [term 1 FOLLOWER]: Leader election won for term 1
