I20260709 13:16:24.507294  9652 consensus_queue.cc:237] T 494a1ae883e841b3a9ec172d5576a921 P a0fc09cab62e484f926b53d7da54a644 [LEADER]: Queue going to LEADER mode. State: All replicated index: 0, Majority replicated index: 0, Committed index: 0, Last appended: 0.0, Last appended by leader: 0, Current term: 2, Majority size: 2, State: 0, Mode: LEADER, active raft config: opid_index: -1 OBSOLETE_local: false peers { permanent_uuid: "a0fc09cab62e484f926b53d7da54a644" member_type: VOTER last_known_addr { host: "127.7.231.129" port: 33899 } } peers { permanent_uuid: "dcf08a2fc7ba471790dff395f6355442" member_type: VOTER last_known_addr { host: "127.7.231.130" port: 34439 } } peers { permanent_uuid: "be91c89ff8fd41619b8d67894333a20a" member_type: VOTER last_known_addr { host: "127.7.231.131" port: 35657 } }
I20260709 13:16:24.510249  9675 consensus_queue.cc:1048] T ba5d92a424984e30bf44a7d581d18855 P be91c89ff8fd41619b8d67894333a20a [LEADER]: Connected to new peer: Peer: permanent_uuid: "dcf08a2fc7ba471790dff395f6355442" member_type: VOTER last_known_addr { host: "127.7.231.130" port: 34439 }, Status: LMP_MISMATCH, Last received: 0.0, Next index: 1, Last known committed idx: 0, Time since last communication: 0.000s
I20260709 13:16:24.518112  9472 leader_election.cc:290] T aa66f90efbe145cf9e0e0134e81ba39e P be91c89ff8fd41619b8d67894333a20a [CANDIDATE]: Term 1 election: Requested vote from peers a0fc09cab62e484f926b53d7da54a644 (127.7.231.129:33899), dcf08a2fc7ba471790dff395f6355442 (127.7.231.130:34439)
I20260709 13:16:24.517970  9227 tablet_service.cc:1917] Received RequestConsensusVote() RPC: tablet_id: "aa66f90efbe145cf9e0e0134e81ba39e" candidate_uuid: "be91c89ff8fd41619b8d67894333a20a" candidate_term: 1 candidate_status { last_received { term: 0 index: 0 } } ignore_live_leader: false dest_uuid: "a0fc09cab62e484f926b53d7da54a644"
I20260709 13:16:24.518754  9227 raft_consensus.cc:3060] T aa66f90efbe145cf9e0e0134e81ba39e P a0fc09cab62e484f926b53d7da54a644 [term 0 FOLLOWER]: Advancing to term 1
I20260709 13:16:24.519532  9425 tablet_bootstrap.cc:492] T 24698b5fa9b24128b06d449be20d0576 P dcf08a2fc7ba471790dff395f6355442: No bootstrap required, opened a new log
I20260709 13:16:24.520224  9425 ts_tablet_manager.cc:1403] T 24698b5fa9b24128b06d449be20d0576 P dcf08a2fc7ba471790dff395f6355442: Time spent bootstrapping tablet: real 0.182s	user 0.036s	sys 0.041s
I20260709 13:16:24.527282  9308 tablet_service.cc:1917] Received RequestConsensusVote() RPC: tablet_id: "aa66f90efbe145cf9e0e0134e81ba39e" candidate_uuid: "be91c89ff8fd41619b8d67894333a20a" candidate_term: 1 candidate_status { last_received { term: 0 index: 0 } } ignore_live_leader: false dest_uuid: "dcf08a2fc7ba471790dff395f6355442"
I20260709 13:16:24.529181  9227 raft_consensus.cc:2468] T aa66f90efbe145cf9e0e0134e81ba39e P a0fc09cab62e484f926b53d7da54a644 [term 1 FOLLOWER]: Leader election vote request: Granting yes vote for candidate be91c89ff8fd41619b8d67894333a20a in term 1.
I20260709 13:16:24.530581  9347 leader_election.cc:304] T aa66f90efbe145cf9e0e0134e81ba39e P be91c89ff8fd41619b8d67894333a20a [CANDIDATE]: Term 1 election: Election decided. Result: candidate won. Election summary: received 2 responses out of 3 voters: 2 yes votes; 0 no votes. yes voters: a0fc09cab62e484f926b53d7da54a644, be91c89ff8fd41619b8d67894333a20a; no voters: 
I20260709 13:16:24.532941  9472 raft_consensus.cc:2804] T aa66f90efbe145cf9e0e0134e81ba39e P be91c89ff8fd41619b8d67894333a20a [term 1 FOLLOWER]: Leader election won for term 1
I20260709 13:16:24.533593  9472 raft_consensus.cc:697] T aa66f90efbe145cf9e0e0134e81ba39e P be91c89ff8fd41619b8d67894333a20a [term 1 LEADER]: Becoming Leader. State: Replica: be91c89ff8fd41619b8d67894333a20a, State: Running, Role: LEADER
W20260709 13:16:24.541483  9349 leader_election.cc:343] T aa66f90efbe145cf9e0e0134e81ba39e P be91c89ff8fd41619b8d67894333a20a [CANDIDATE]: Term 1 election: Tablet error from VoteRequest() call to peer dcf08a2fc7ba471790dff395f6355442 (127.7.231.130:34439): Illegal state: must be running to vote when last-logged opid is not known
I20260709 13:16:24.541843  9472 consensus_queue.cc:237] T aa66f90efbe145cf9e0e0134e81ba39e P be91c89ff8fd41619b8d67894333a20a [LEADER]: Queue going to LEADER mode. State: All replicated index: 0, Majority replicated index: 0, Committed index: 0, Last appended: 0.0, Last appended by leader: 0, Current term: 1, Majority size: 2, State: 0, Mode: LEADER, active raft config: opid_index: -1 OBSOLETE_local: false peers { permanent_uuid: "a0fc09cab62e484f926b53d7da54a644" member_type: VOTER last_known_addr { host: "127.7.231.129" port: 33899 } } peers { permanent_uuid: "dcf08a2fc7ba471790dff395f6355442" member_type: VOTER last_known_addr { host: "127.7.231.130" port: 34439 } } peers { permanent_uuid: "be91c89ff8fd41619b8d67894333a20a" member_type: VOTER last_known_addr { host: "127.7.231.131" port: 35657 } }
I20260709 13:16:24.545900  9128 catalog_manager.cc:5697] T 3970c25ba9fb4defa41bc3daf57098e3 P be91c89ff8fd41619b8d67894333a20a reported cstate change: term changed from 0 to 1, leader changed from <none> to be91c89ff8fd41619b8d67894333a20a (127.7.231.131). New cstate: current_term: 1 leader_uuid: "be91c89ff8fd41619b8d67894333a20a" committed_config { opid_index: -1 OBSOLETE_local: false peers { permanent_uuid: "a0fc09cab62e484f926b53d7da54a644" member_type: VOTER last_known_addr { host: "127.7.231.129" port: 33899 } health_report { overall_health: UNKNOWN } } peers { permanent_uuid: "dcf08a2fc7ba471790dff395f6355442" member_type: VOTER last_known_addr { host: "127.7.231.130" port: 34439 } health_report { overall_health: UNKNOWN } } peers { permanent_uuid: "be91c89ff8fd41619b8d67894333a20a" member_type: VOTER last_known_addr { host: "127.7.231.131" port: 35657 } health_report { overall_health: HEALTHY } } }
I20260709 13:16:24.567785  9425 raft_consensus.cc:359] T 24698b5fa9b24128b06d449be20d0576 P dcf08a2fc7ba471790dff395f6355442 [term 0 FOLLOWER]: Replica starting. Triggering 0 pending ops. Active config: opid_index: -1 OBSOLETE_local: false peers { permanent_uuid: "a0fc09cab62e484f926b53d7da54a644" member_type: VOTER last_known_addr { host: "127.7.231.129" port: 33899 } } peers { permanent_uuid: "dcf08a2fc7ba471790dff395f6355442" member_type: VOTER last_known_addr { host: "127.7.231.130" port: 34439 } } peers { permanent_uuid: "be91c89ff8fd41619b8d67894333a20a" member_type: VOTER last_known_addr { host: "127.7.231.131" port: 35657 } }
I20260709 13:16:24.568640  9425 raft_consensus.cc:385] T 24698b5fa9b24128b06d449be20d0576 P dcf08a2fc7ba471790dff395f6355442 [term 0 FOLLOWER]: Consensus starting up: Expiring failure detector timer to make a prompt election more likely
I20260709 13:16:24.568984  9425 raft_consensus.cc:740] T 24698b5fa9b24128b06d449be20d0576 P dcf08a2fc7ba471790dff395f6355442 [term 0 FOLLOWER]: Becoming Follower/Learner. State: Replica: dcf08a2fc7ba471790dff395f6355442, State: Initialized, Role: FOLLOWER
I20260709 13:16:24.569768  9425 consensus_queue.cc:260] T 24698b5fa9b24128b06d449be20d0576 P dcf08a2fc7ba471790dff395f6355442 [NON_LEADER]: Queue going to NON_LEADER mode. State: All replicated index: 0, Majority replicated index: 0, Committed index: 0, Last appended: 0.0, Last appended by leader: 0, Current term: 0, Majority size: -1, State: 0, Mode: NON_LEADER, active raft config: opid_index: -1 OBSOLETE_local: false peers { permanent_uuid: "a0fc09cab62e484f926b53d7da54a644" member_type: VOTER last_known_addr { host: "127.7.231.129" port: 33899 } } peers { permanent_uuid: "dcf08a2fc7ba471790dff395f6355442" member_type: VOTER last_known_addr { host: "127.7.231.130" port: 34439 } } peers { permanent_uuid: "be91c89ff8fd41619b8d67894333a20a" member_type: VOTER last_known_addr { host: "127.7.231.131" port: 35657 } }
I20260709 13:16:24.572253  9425 ts_tablet_manager.cc:1434] T 24698b5fa9b24128b06d449be20d0576 P dcf08a2fc7ba471790dff395f6355442: Time spent starting tablet: real 0.052s	user 0.000s	sys 0.008s
I20260709 13:16:24.573203  9425 tablet_bootstrap.cc:492] T bea422151c0b48da964c73e44cbf510e P dcf08a2fc7ba471790dff395f6355442: Bootstrap starting.
I20260709 13:16:24.576267  9423 tablet_bootstrap.cc:654] T 9b480d01546d4d1cb584f138ac3f6092 P a0fc09cab62e484f926b53d7da54a644: Neither blocks nor log segments found. Creating new log.
I20260709 13:16:24.598847  9130 catalog_manager.cc:5697] T 494a1ae883e841b3a9ec172d5576a921 P a0fc09cab62e484f926b53d7da54a644 reported cstate change: term changed from 0 to 2, leader changed from <none> to a0fc09cab62e484f926b53d7da54a644 (127.7.231.129). New cstate: current_term: 2 leader_uuid: "a0fc09cab62e484f926b53d7da54a644" committed_config { opid_index: -1 OBSOLETE_local: false peers { permanent_uuid: "a0fc09cab62e484f926b53d7da54a644" member_type: VOTER last_known_addr { host: "127.7.231.129" port: 33899 } health_report { overall_health: HEALTHY } } peers { permanent_uuid: "dcf08a2fc7ba471790dff395f6355442" member_type: VOTER last_known_addr { host: "127.7.231.130" port: 34439 } health_report { overall_health: UNKNOWN } } peers { permanent_uuid: "be91c89ff8fd41619b8d67894333a20a" member_type: VOTER last_known_addr { host: "127.7.231.131" port: 35657 } health_report { overall_health: UNKNOWN } } }
I20260709 13:16:24.606375  9424 tablet_bootstrap.cc:492] T f64d2533568049279e23cfda80200417 P be91c89ff8fd41619b8d67894333a20a: No bootstrap required, opened a new log
I20260709 13:16:24.609125  9424 ts_tablet_manager.cc:1403] T f64d2533568049279e23cfda80200417 P be91c89ff8fd41619b8d67894333a20a: Time spent bootstrapping tablet: real 0.177s	user 0.025s	sys 0.012s
I20260709 13:16:24.627068  9423 tablet_bootstrap.cc:492] T 9b480d01546d4d1cb584f138ac3f6092 P a0fc09cab62e484f926b53d7da54a644: No bootstrap required, opened a new log
I20260709 13:16:24.627754  9423 ts_tablet_manager.cc:1403] T 9b480d01546d4d1cb584f138ac3f6092 P a0fc09cab62e484f926b53d7da54a644: Time spent bootstrapping tablet: real 0.266s	user 0.022s	sys 0.024s
I20260709 13:16:24.630477  9423 raft_consensus.cc:359] T 9b480d01546d4d1cb584f138ac3f6092 P a0fc09cab62e484f926b53d7da54a644 [term 0 FOLLOWER]: Replica starting. Triggering 0 pending ops. Active config: opid_index: -1 OBSOLETE_local: false peers { permanent_uuid: "a0fc09cab62e484f926b53d7da54a644" member_type: VOTER last_known_addr { host: "127.7.231.129" port: 33899 } } peers { permanent_uuid: "dcf08a2fc7ba471790dff395f6355442" member_type: VOTER last_known_addr { host: "127.7.231.130" port: 34439 } } peers { permanent_uuid: "be91c89ff8fd41619b8d67894333a20a" member_type: VOTER last_known_addr { host: "127.7.231.131" port: 35657 } }
I20260709 13:16:24.631178  9423 raft_consensus.cc:385] T 9b480d01546d4d1cb584f138ac3f6092 P a0fc09cab62e484f926b53d7da54a644 [term 0 FOLLOWER]: Consensus starting up: Expiring failure detector timer to make a prompt election more likely
I20260709 13:16:24.631494  9423 raft_consensus.cc:740] T 9b480d01546d4d1cb584f138ac3f6092 P a0fc09cab62e484f926b53d7da54a644 [term 0 FOLLOWER]: Becoming Follower/Learner. State: Replica: a0fc09cab62e484f926b53d7da54a644, State: Initialized, Role: FOLLOWER
I20260709 13:16:24.631815  9424 raft_consensus.cc:359] T f64d2533568049279e23cfda80200417 P be91c89ff8fd41619b8d67894333a20a [term 0 FOLLOWER]: Replica starting. Triggering 0 pending ops. Active config: opid_index: -1 OBSOLETE_local: false peers { permanent_uuid: "a0fc09cab62e484f926b53d7da54a644" member_type: VOTER last_known_addr { host: "127.7.231.129" port: 33899 } } peers { permanent_uuid: "dcf08a2fc7ba471790dff395f6355442" member_type: VOTER last_known_addr { host: "127.7.231.130" port: 34439 } } peers { permanent_uuid: "be91c89ff8fd41619b8d67894333a20a" member_type: VOTER last_known_addr { host: "127.7.231.131" port: 35657 } }
I20260709 13:16:24.632475  9424 raft_consensus.cc:385] T f64d2533568049279e23cfda80200417 P be91c89ff8fd41619b8d67894333a20a [term 0 FOLLOWER]: Consensus starting up: Expiring failure detector timer to make a prompt election more likely
I20260709 13:16:24.632740  9424 raft_consensus.cc:740] T f64d2533568049279e23cfda80200417 P be91c89ff8fd41619b8d67894333a20a [term 0 FOLLOWER]: Becoming Follower/Learner. State: Replica: be91c89ff8fd41619b8d67894333a20a, State: Initialized, Role: FOLLOWER
I20260709 13:16:24.632225  9423 consensus_queue.cc:260] T 9b480d01546d4d1cb584f138ac3f6092 P a0fc09cab62e484f926b53d7da54a644 [NON_LEADER]: Queue going to NON_LEADER mode. State: All replicated index: 0, Majority replicated index: 0, Committed index: 0, Last appended: 0.0, Last appended by leader: 0, Current term: 0, Majority size: -1, State: 0, Mode: NON_LEADER, active raft config: opid_index: -1 OBSOLETE_local: false peers { permanent_uuid: "a0fc09cab62e484f926b53d7da54a644" member_type: VOTER last_known_addr { host: "127.7.231.129" port: 33899 } } peers { permanent_uuid: "dcf08a2fc7ba471790dff395f6355442" member_type: VOTER last_known_addr { host: "127.7.231.130" port: 34439 } } peers { permanent_uuid: "be91c89ff8fd41619b8d67894333a20a" member_type: VOTER last_known_addr { host: "127.7.231.131" port: 35657 } }
I20260709 13:16:24.633630  9472 consensus_queue.cc:1048] T fe2e7120dcc24a9cb1c796281d534459 P be91c89ff8fd41619b8d67894333a20a [LEADER]: Connected to new peer: Peer: permanent_uuid: "dcf08a2fc7ba471790dff395f6355442" member_type: VOTER last_known_addr { host: "127.7.231.130" port: 34439 }, Status: LMP_MISMATCH, Last received: 0.0, Next index: 1, Last known committed idx: 0, Time since last communication: 0.000s
I20260709 13:16:24.622139  9425 tablet_bootstrap.cc:654] T bea422151c0b48da964c73e44cbf510e P dcf08a2fc7ba471790dff395f6355442: Neither blocks nor log segments found. Creating new log.
I20260709 13:16:24.638713  9129 catalog_manager.cc:5697] T aa66f90efbe145cf9e0e0134e81ba39e P be91c89ff8fd41619b8d67894333a20a reported cstate change: term changed from 0 to 1, leader changed from <none> to be91c89ff8fd41619b8d67894333a20a (127.7.231.131). New cstate: current_term: 1 leader_uuid: "be91c89ff8fd41619b8d67894333a20a" committed_config { opid_index: -1 OBSOLETE_local: false peers { permanent_uuid: "a0fc09cab62e484f926b53d7da54a644" member_type: VOTER last_known_addr { host: "127.7.231.129" port: 33899 } health_report { overall_health: UNKNOWN } } peers { permanent_uuid: "dcf08a2fc7ba471790dff395f6355442" member_type: VOTER last_known_addr { host: "127.7.231.130" port: 34439 } health_report { overall_health: UNKNOWN } } peers { permanent_uuid: "be91c89ff8fd41619b8d67894333a20a" member_type: VOTER last_known_addr { host: "127.7.231.131" port: 35657 } health_report { overall_health: HEALTHY } } }
I20260709 13:16:24.634374  9424 consensus_queue.cc:260] T f64d2533568049279e23cfda80200417 P be91c89ff8fd41619b8d67894333a20a [NON_LEADER]: Queue going to NON_LEADER mode. State: All replicated index: 0, Majority replicated index: 0, Committed index: 0, Last appended: 0.0, Last appended by leader: 0, Current term: 0, Majority size: -1, State: 0, Mode: NON_LEADER, active raft config: opid_index: -1 OBSOLETE_local: false peers { permanent_uuid: "a0fc09cab62e484f926b53d7da54a644" member_type: VOTER last_known_addr { host: "127.7.231.129" port: 33899 } } peers { permanent_uuid: "dcf08a2fc7ba471790dff395f6355442" member_type: VOTER last_known_addr { host: "127.7.231.130" port: 34439 } } peers { permanent_uuid: "be91c89ff8fd41619b8d67894333a20a" member_type: VOTER last_known_addr { host: "127.7.231.131" port: 35657 } }
I20260709 13:16:24.641351  9424 ts_tablet_manager.cc:1434] T f64d2533568049279e23cfda80200417 P be91c89ff8fd41619b8d67894333a20a: Time spent starting tablet: real 0.032s	user 0.006s	sys 0.000s
I20260709 13:16:24.642328  9424 tablet_bootstrap.cc:492] T 4ea2468ae55f42e690e0e012d9d4c902 P be91c89ff8fd41619b8d67894333a20a: Bootstrap starting.
I20260709 13:16:24.645375  9423 ts_tablet_manager.cc:1434] T 9b480d01546d4d1cb584f138ac3f6092 P a0fc09cab62e484f926b53d7da54a644: Time spent starting tablet: real 0.017s	user 0.005s	sys 0.000s
I20260709 13:16:24.646481  9423 tablet_bootstrap.cc:492] T f6b664138d564e9dbfef6c8832108a3d P a0fc09cab62e484f926b53d7da54a644: Bootstrap starting.
I20260709 13:16:24.652478  9423 tablet_bootstrap.cc:654] T f6b664138d564e9dbfef6c8832108a3d P a0fc09cab62e484f926b53d7da54a644: Neither blocks nor log segments found. Creating new log.
I20260709 13:16:24.655656  9425 tablet_bootstrap.cc:492] T bea422151c0b48da964c73e44cbf510e P dcf08a2fc7ba471790dff395f6355442: No bootstrap required, opened a new log
I20260709 13:16:24.663367  9425 ts_tablet_manager.cc:1403] T bea422151c0b48da964c73e44cbf510e P dcf08a2fc7ba471790dff395f6355442: Time spent bootstrapping tablet: real 0.090s	user 0.013s	sys 0.001s
I20260709 13:16:24.666039  9425 raft_consensus.cc:359] T bea422151c0b48da964c73e44cbf510e P dcf08a2fc7ba471790dff395f6355442 [term 0 FOLLOWER]: Replica starting. Triggering 0 pending ops. Active config: opid_index: -1 OBSOLETE_local: false peers { permanent_uuid: "a0fc09cab62e484f926b53d7da54a644" member_type: VOTER last_known_addr { host: "127.7.231.129" port: 33899 } } peers { permanent_uuid: "dcf08a2fc7ba471790dff395f6355442" member_type: VOTER last_known_addr { host: "127.7.231.130" port: 34439 } } peers { permanent_uuid: "be91c89ff8fd41619b8d67894333a20a" member_type: VOTER last_known_addr { host: "127.7.231.131" port: 35657 } }
I20260709 13:16:24.666697  9425 raft_consensus.cc:385] T bea422151c0b48da964c73e44cbf510e P dcf08a2fc7ba471790dff395f6355442 [term 0 FOLLOWER]: Consensus starting up: Expiring failure detector timer to make a prompt election more likely
I20260709 13:16:24.666975  9425 raft_consensus.cc:740] T bea422151c0b48da964c73e44cbf510e P dcf08a2fc7ba471790dff395f6355442 [term 0 FOLLOWER]: Becoming Follower/Learner. State: Replica: dcf08a2fc7ba471790dff395f6355442, State: Initialized, Role: FOLLOWER
I20260709 13:16:24.667747  9425 consensus_queue.cc:260] T bea422151c0b48da964c73e44cbf510e P dcf08a2fc7ba471790dff395f6355442 [NON_LEADER]: Queue going to NON_LEADER mode. State: All replicated index: 0, Majority replicated index: 0, Committed index: 0, Last appended: 0.0, Last appended by leader: 0, Current term: 0, Majority size: -1, State: 0, Mode: NON_LEADER, active raft config: opid_index: -1 OBSOLETE_local: false peers { permanent_uuid: "a0fc09cab62e484f926b53d7da54a644" member_type: VOTER last_known_addr { host: "127.7.231.129" port: 33899 } } peers { permanent_uuid: "dcf08a2fc7ba471790dff395f6355442" member_type: VOTER last_known_addr { host: "127.7.231.130" port: 34439 } } peers { permanent_uuid: "be91c89ff8fd41619b8d67894333a20a" member_type: VOTER last_known_addr { host: "127.7.231.131" port: 35657 } }
I20260709 13:16:24.670466  9425 ts_tablet_manager.cc:1434] T bea422151c0b48da964c73e44cbf510e P dcf08a2fc7ba471790dff395f6355442: Time spent starting tablet: real 0.007s	user 0.003s	sys 0.003s
I20260709 13:16:24.671563  9425 tablet_bootstrap.cc:492] T d8a9c709d09b45d88bd53b39c120930e P dcf08a2fc7ba471790dff395f6355442: Bootstrap starting.
I20260709 13:16:24.655375  9424 tablet_bootstrap.cc:654] T 4ea2468ae55f42e690e0e012d9d4c902 P be91c89ff8fd41619b8d67894333a20a: Neither blocks nor log segments found. Creating new log.
I20260709 13:16:24.680368  9424 tablet_bootstrap.cc:492] T 4ea2468ae55f42e690e0e012d9d4c902 P be91c89ff8fd41619b8d67894333a20a: No bootstrap required, opened a new log
I20260709 13:16:24.680931  9424 ts_tablet_manager.cc:1403] T 4ea2468ae55f42e690e0e012d9d4c902 P be91c89ff8fd41619b8d67894333a20a: Time spent bootstrapping tablet: real 0.039s	user 0.008s	sys 0.003s
I20260709 13:16:24.690057  9675 consensus_queue.cc:1048] T fe2e7120dcc24a9cb1c796281d534459 P be91c89ff8fd41619b8d67894333a20a [LEADER]: Connected to new peer: Peer: permanent_uuid: "a0fc09cab62e484f926b53d7da54a644" member_type: VOTER last_known_addr { host: "127.7.231.129" port: 33899 }, Status: LMP_MISMATCH, Last received: 0.0, Next index: 1, Last known committed idx: 0, Time since last communication: 0.000s
I20260709 13:16:24.691854  9423 tablet_bootstrap.cc:492] T f6b664138d564e9dbfef6c8832108a3d P a0fc09cab62e484f926b53d7da54a644: No bootstrap required, opened a new log
I20260709 13:16:24.692420  9423 ts_tablet_manager.cc:1403] T f6b664138d564e9dbfef6c8832108a3d P a0fc09cab62e484f926b53d7da54a644: Time spent bootstrapping tablet: real 0.046s	user 0.010s	sys 0.016s
I20260709 13:16:24.695207  9423 raft_consensus.cc:359] T f6b664138d564e9dbfef6c8832108a3d P a0fc09cab62e484f926b53d7da54a644 [term 0 FOLLOWER]: Replica starting. Triggering 0 pending ops. Active config: opid_index: -1 OBSOLETE_local: false peers { permanent_uuid: "a0fc09cab62e484f926b53d7da54a644" member_type: VOTER last_known_addr { host: "127.7.231.129" port: 33899 } } peers { permanent_uuid: "dcf08a2fc7ba471790dff395f6355442" member_type: VOTER last_known_addr { host: "127.7.231.130" port: 34439 } } peers { permanent_uuid: "be91c89ff8fd41619b8d67894333a20a" member_type: VOTER last_known_addr { host: "127.7.231.131" port: 35657 } }
I20260709 13:16:24.696193  9423 raft_consensus.cc:385] T f6b664138d564e9dbfef6c8832108a3d P a0fc09cab62e484f926b53d7da54a644 [term 0 FOLLOWER]: Consensus starting up: Expiring failure detector timer to make a prompt election more likely
I20260709 13:16:24.696533  9423 raft_consensus.cc:740] T f6b664138d564e9dbfef6c8832108a3d P a0fc09cab62e484f926b53d7da54a644 [term 0 FOLLOWER]: Becoming Follower/Learner. State: Replica: a0fc09cab62e484f926b53d7da54a644, State: Initialized, Role: FOLLOWER
I20260709 13:16:24.697192  9305 raft_consensus.cc:3060] T bea422151c0b48da964c73e44cbf510e P dcf08a2fc7ba471790dff395f6355442 [term 0 FOLLOWER]: Advancing to term 1
I20260709 13:16:24.684284  9424 raft_consensus.cc:359] T 4ea2468ae55f42e690e0e012d9d4c902 P be91c89ff8fd41619b8d67894333a20a [term 0 FOLLOWER]: Replica starting. Triggering 0 pending ops. Active config: opid_index: -1 OBSOLETE_local: false peers { permanent_uuid: "a0fc09cab62e484f926b53d7da54a644" member_type: VOTER last_known_addr { host: "127.7.231.129" port: 33899 } } peers { permanent_uuid: "dcf08a2fc7ba471790dff395f6355442" member_type: VOTER last_known_addr { host: "127.7.231.130" port: 34439 } } peers { permanent_uuid: "be91c89ff8fd41619b8d67894333a20a" member_type: VOTER last_known_addr { host: "127.7.231.131" port: 35657 } }
I20260709 13:16:24.697753  9424 raft_consensus.cc:385] T 4ea2468ae55f42e690e0e012d9d4c902 P be91c89ff8fd41619b8d67894333a20a [term 0 FOLLOWER]: Consensus starting up: Expiring failure detector timer to make a prompt election more likely
I20260709 13:16:24.697371  9423 consensus_queue.cc:260] T f6b664138d564e9dbfef6c8832108a3d P a0fc09cab62e484f926b53d7da54a644 [NON_LEADER]: Queue going to NON_LEADER mode. State: All replicated index: 0, Majority replicated index: 0, Committed index: 0, Last appended: 0.0, Last appended by leader: 0, Current term: 0, Majority size: -1, State: 0, Mode: NON_LEADER, active raft config: opid_index: -1 OBSOLETE_local: false peers { permanent_uuid: "a0fc09cab62e484f926b53d7da54a644" member_type: VOTER last_known_addr { host: "127.7.231.129" port: 33899 } } peers { permanent_uuid: "dcf08a2fc7ba471790dff395f6355442" member_type: VOTER last_known_addr { host: "127.7.231.130" port: 34439 } } peers { permanent_uuid: "be91c89ff8fd41619b8d67894333a20a" member_type: VOTER last_known_addr { host: "127.7.231.131" port: 35657 } }
I20260709 13:16:24.698040  9424 raft_consensus.cc:740] T 4ea2468ae55f42e690e0e012d9d4c902 P be91c89ff8fd41619b8d67894333a20a [term 0 FOLLOWER]: Becoming Follower/Learner. State: Replica: be91c89ff8fd41619b8d67894333a20a, State: Initialized, Role: FOLLOWER
I20260709 13:16:24.697409  9425 tablet_bootstrap.cc:654] T d8a9c709d09b45d88bd53b39c120930e P dcf08a2fc7ba471790dff395f6355442: Neither blocks nor log segments found. Creating new log.
I20260709 13:16:24.698552  9644 raft_consensus.cc:493] T 24698b5fa9b24128b06d449be20d0576 P dcf08a2fc7ba471790dff395f6355442 [term 0 FOLLOWER]: Starting pre-election (no leader contacted us within the election timeout)
I20260709 13:16:24.699203  9644 raft_consensus.cc:515] T 24698b5fa9b24128b06d449be20d0576 P dcf08a2fc7ba471790dff395f6355442 [term 0 FOLLOWER]: Starting pre-election with config: opid_index: -1 OBSOLETE_local: false peers { permanent_uuid: "a0fc09cab62e484f926b53d7da54a644" member_type: VOTER last_known_addr { host: "127.7.231.129" port: 33899 } } peers { permanent_uuid: "dcf08a2fc7ba471790dff395f6355442" member_type: VOTER last_known_addr { host: "127.7.231.130" port: 34439 } } peers { permanent_uuid: "be91c89ff8fd41619b8d67894333a20a" member_type: VOTER last_known_addr { host: "127.7.231.131" port: 35657 } }
I20260709 13:16:24.699312  9424 consensus_queue.cc:260] T 4ea2468ae55f42e690e0e012d9d4c902 P be91c89ff8fd41619b8d67894333a20a [NON_LEADER]: Queue going to NON_LEADER mode. State: All replicated index: 0, Majority replicated index: 0, Committed index: 0, Last appended: 0.0, Last appended by leader: 0, Current term: 0, Majority size: -1, State: 0, Mode: NON_LEADER, active raft config: opid_index: -1 OBSOLETE_local: false peers { permanent_uuid: "a0fc09cab62e484f926b53d7da54a644" member_type: VOTER last_known_addr { host: "127.7.231.129" port: 33899 } } peers { permanent_uuid: "dcf08a2fc7ba471790dff395f6355442" member_type: VOTER last_known_addr { host: "127.7.231.130" port: 34439 } } peers { permanent_uuid: "be91c89ff8fd41619b8d67894333a20a" member_type: VOTER last_known_addr { host: "127.7.231.131" port: 35657 } }
I20260709 13:16:24.701299  9644 leader_election.cc:290] T 24698b5fa9b24128b06d449be20d0576 P dcf08a2fc7ba471790dff395f6355442 [CANDIDATE]: Term 1 pre-election: Requested pre-vote from peers a0fc09cab62e484f926b53d7da54a644 (127.7.231.129:33899), be91c89ff8fd41619b8d67894333a20a (127.7.231.131:35657)
I20260709 13:16:24.701581  9424 ts_tablet_manager.cc:1434] T 4ea2468ae55f42e690e0e012d9d4c902 P be91c89ff8fd41619b8d67894333a20a: Time spent starting tablet: real 0.020s	user 0.006s	sys 0.000s
I20260709 13:16:24.702531  9424 tablet_bootstrap.cc:492] T d8a9c709d09b45d88bd53b39c120930e P be91c89ff8fd41619b8d67894333a20a: Bootstrap starting.
I20260709 13:16:24.703528  9234 tablet_service.cc:1917] Received RequestConsensusVote() RPC: tablet_id: "24698b5fa9b24128b06d449be20d0576" candidate_uuid: "dcf08a2fc7ba471790dff395f6355442" candidate_term: 1 candidate_status { last_received { term: 0 index: 0 } } ignore_live_leader: false dest_uuid: "a0fc09cab62e484f926b53d7da54a644" is_pre_election: true
I20260709 13:16:24.704180  9381 tablet_service.cc:1917] Received RequestConsensusVote() RPC: tablet_id: "24698b5fa9b24128b06d449be20d0576" candidate_uuid: "dcf08a2fc7ba471790dff395f6355442" candidate_term: 1 candidate_status { last_received { term: 0 index: 0 } } ignore_live_leader: false dest_uuid: "be91c89ff8fd41619b8d67894333a20a" is_pre_election: true
W20260709 13:16:24.705288  9273 leader_election.cc:343] T 24698b5fa9b24128b06d449be20d0576 P dcf08a2fc7ba471790dff395f6355442 [CANDIDATE]: Term 1 pre-election: Tablet error from VoteRequest() call to peer a0fc09cab62e484f926b53d7da54a644 (127.7.231.129:33899): Illegal state: must be running to vote when last-logged opid is not known
W20260709 13:16:24.706626  9274 leader_election.cc:343] T 24698b5fa9b24128b06d449be20d0576 P dcf08a2fc7ba471790dff395f6355442 [CANDIDATE]: Term 1 pre-election: Tablet error from VoteRequest() call to peer be91c89ff8fd41619b8d67894333a20a (127.7.231.131:35657): Illegal state: must be running to vote when last-logged opid is not known
I20260709 13:16:24.707067  9274 leader_election.cc:304] T 24698b5fa9b24128b06d449be20d0576 P dcf08a2fc7ba471790dff395f6355442 [CANDIDATE]: Term 1 pre-election: Election decided. Result: candidate lost. Election summary: received 3 responses out of 3 voters: 1 yes votes; 2 no votes. yes voters: dcf08a2fc7ba471790dff395f6355442; no voters: a0fc09cab62e484f926b53d7da54a644, be91c89ff8fd41619b8d67894333a20a
I20260709 13:16:24.708664  9644 raft_consensus.cc:2749] T 24698b5fa9b24128b06d449be20d0576 P dcf08a2fc7ba471790dff395f6355442 [term 0 FOLLOWER]: Leader pre-election lost for term 1. Reason: could not achieve majority
I20260709 13:16:24.713796  9424 tablet_bootstrap.cc:654] T d8a9c709d09b45d88bd53b39c120930e P be91c89ff8fd41619b8d67894333a20a: Neither blocks nor log segments found. Creating new log.
I20260709 13:16:24.717967  9423 ts_tablet_manager.cc:1434] T f6b664138d564e9dbfef6c8832108a3d P a0fc09cab62e484f926b53d7da54a644: Time spent starting tablet: real 0.025s	user 0.006s	sys 0.000s
I20260709 13:16:24.719272  9423 tablet_bootstrap.cc:492] T 4ea2468ae55f42e690e0e012d9d4c902 P a0fc09cab62e484f926b53d7da54a644: Bootstrap starting.
I20260709 13:16:24.726997  9675 consensus_queue.cc:1048] T bea422151c0b48da964c73e44cbf510e P be91c89ff8fd41619b8d67894333a20a [LEADER]: Connected to new peer: Peer: permanent_uuid: "dcf08a2fc7ba471790dff395f6355442" member_type: VOTER last_known_addr { host: "127.7.231.130" port: 34439 }, Status: LMP_MISMATCH, Last received: 0.0, Next index: 1, Last known committed idx: 0, Time since last communication: 0.000s
I20260709 13:16:24.735560  9423 tablet_bootstrap.cc:654] T 4ea2468ae55f42e690e0e012d9d4c902 P a0fc09cab62e484f926b53d7da54a644: Neither blocks nor log segments found. Creating new log.
I20260709 13:16:24.746549  9675 consensus_queue.cc:1048] T bea422151c0b48da964c73e44cbf510e P be91c89ff8fd41619b8d67894333a20a [LEADER]: Connected to new peer: Peer: permanent_uuid: "a0fc09cab62e484f926b53d7da54a644" member_type: VOTER last_known_addr { host: "127.7.231.129" port: 33899 }, Status: LMP_MISMATCH, Last received: 0.0, Next index: 1, Last known committed idx: 0, Time since last communication: 0.001s
I20260709 13:16:24.747268  9424 tablet_bootstrap.cc:492] T d8a9c709d09b45d88bd53b39c120930e P be91c89ff8fd41619b8d67894333a20a: No bootstrap required, opened a new log
I20260709 13:16:24.748103  9424 ts_tablet_manager.cc:1403] T d8a9c709d09b45d88bd53b39c120930e P be91c89ff8fd41619b8d67894333a20a: Time spent bootstrapping tablet: real 0.046s	user 0.012s	sys 0.001s
I20260709 13:16:24.752492  9424 raft_consensus.cc:359] T d8a9c709d09b45d88bd53b39c120930e P be91c89ff8fd41619b8d67894333a20a [term 0 FOLLOWER]: Replica starting. Triggering 0 pending ops. Active config: opid_index: -1 OBSOLETE_local: false peers { permanent_uuid: "a0fc09cab62e484f926b53d7da54a644" member_type: VOTER last_known_addr { host: "127.7.231.129" port: 33899 } } peers { permanent_uuid: "dcf08a2fc7ba471790dff395f6355442" member_type: VOTER last_known_addr { host: "127.7.231.130" port: 34439 } } peers { permanent_uuid: "be91c89ff8fd41619b8d67894333a20a" member_type: VOTER last_known_addr { host: "127.7.231.131" port: 35657 } }
I20260709 13:16:24.759794  9424 raft_consensus.cc:385] T d8a9c709d09b45d88bd53b39c120930e P be91c89ff8fd41619b8d67894333a20a [term 0 FOLLOWER]: Consensus starting up: Expiring failure detector timer to make a prompt election more likely
I20260709 13:16:24.760313  9424 raft_consensus.cc:740] T d8a9c709d09b45d88bd53b39c120930e P be91c89ff8fd41619b8d67894333a20a [term 0 FOLLOWER]: Becoming Follower/Learner. State: Replica: be91c89ff8fd41619b8d67894333a20a, State: Initialized, Role: FOLLOWER
I20260709 13:16:24.761255  9424 consensus_queue.cc:260] T d8a9c709d09b45d88bd53b39c120930e P be91c89ff8fd41619b8d67894333a20a [NON_LEADER]: Queue going to NON_LEADER mode. State: All replicated index: 0, Majority replicated index: 0, Committed index: 0, Last appended: 0.0, Last appended by leader: 0, Current term: 0, Majority size: -1, State: 0, Mode: NON_LEADER, active raft config: opid_index: -1 OBSOLETE_local: false peers { permanent_uuid: "a0fc09cab62e484f926b53d7da54a644" member_type: VOTER last_known_addr { host: "127.7.231.129" port: 33899 } } peers { permanent_uuid: "dcf08a2fc7ba471790dff395f6355442" member_type: VOTER last_known_addr { host: "127.7.231.130" port: 34439 } } peers { permanent_uuid: "be91c89ff8fd41619b8d67894333a20a" member_type: VOTER last_known_addr { host: "127.7.231.131" port: 35657 } }
I20260709 13:16:24.765234  9424 ts_tablet_manager.cc:1434] T d8a9c709d09b45d88bd53b39c120930e P be91c89ff8fd41619b8d67894333a20a: Time spent starting tablet: real 0.017s	user 0.007s	sys 0.002s
I20260709 13:16:24.770983  9423 tablet_bootstrap.cc:492] T 4ea2468ae55f42e690e0e012d9d4c902 P a0fc09cab62e484f926b53d7da54a644: No bootstrap required, opened a new log
I20260709 13:16:24.774132  9423 ts_tablet_manager.cc:1403] T 4ea2468ae55f42e690e0e012d9d4c902 P a0fc09cab62e484f926b53d7da54a644: Time spent bootstrapping tablet: real 0.055s	user 0.015s	sys 0.001s
I20260709 13:16:24.777616  9423 raft_consensus.cc:359] T 4ea2468ae55f42e690e0e012d9d4c902 P a0fc09cab62e484f926b53d7da54a644 [term 0 FOLLOWER]: Replica starting. Triggering 0 pending ops. Active config: opid_index: -1 OBSOLETE_local: false peers { permanent_uuid: "a0fc09cab62e484f926b53d7da54a644" member_type: VOTER last_known_addr { host: "127.7.231.129" port: 33899 } } peers { permanent_uuid: "dcf08a2fc7ba471790dff395f6355442" member_type: VOTER last_known_addr { host: "127.7.231.130" port: 34439 } } peers { permanent_uuid: "be91c89ff8fd41619b8d67894333a20a" member_type: VOTER last_known_addr { host: "127.7.231.131" port: 35657 } }
I20260709 13:16:24.785341  9423 raft_consensus.cc:385] T 4ea2468ae55f42e690e0e012d9d4c902 P a0fc09cab62e484f926b53d7da54a644 [term 0 FOLLOWER]: Consensus starting up: Expiring failure detector timer to make a prompt election more likely
I20260709 13:16:24.785849  9423 raft_consensus.cc:740] T 4ea2468ae55f42e690e0e012d9d4c902 P a0fc09cab62e484f926b53d7da54a644 [term 0 FOLLOWER]: Becoming Follower/Learner. State: Replica: a0fc09cab62e484f926b53d7da54a644, State: Initialized, Role: FOLLOWER
I20260709 13:16:24.773038  9424 tablet_bootstrap.cc:492] T 9b480d01546d4d1cb584f138ac3f6092 P be91c89ff8fd41619b8d67894333a20a: Bootstrap starting.
I20260709 13:16:24.792985  9423 consensus_queue.cc:260] T 4ea2468ae55f42e690e0e012d9d4c902 P a0fc09cab62e484f926b53d7da54a644 [NON_LEADER]: Queue going to NON_LEADER mode. State: All replicated index: 0, Majority replicated index: 0, Committed index: 0, Last appended: 0.0, Last appended by leader: 0, Current term: 0, Majority size: -1, State: 0, Mode: NON_LEADER, active raft config: opid_index: -1 OBSOLETE_local: false peers { permanent_uuid: "a0fc09cab62e484f926b53d7da54a644" member_type: VOTER last_known_addr { host: "127.7.231.129" port: 33899 } } peers { permanent_uuid: "dcf08a2fc7ba471790dff395f6355442" member_type: VOTER last_known_addr { host: "127.7.231.130" port: 34439 } } peers { permanent_uuid: "be91c89ff8fd41619b8d67894333a20a" member_type: VOTER last_known_addr { host: "127.7.231.131" port: 35657 } }
I20260709 13:16:24.797859  9424 tablet_bootstrap.cc:654] T 9b480d01546d4d1cb584f138ac3f6092 P be91c89ff8fd41619b8d67894333a20a: Neither blocks nor log segments found. Creating new log.
I20260709 13:16:24.798408  9423 ts_tablet_manager.cc:1434] T 4ea2468ae55f42e690e0e012d9d4c902 P a0fc09cab62e484f926b53d7da54a644: Time spent starting tablet: real 0.024s	user 0.006s	sys 0.001s
I20260709 13:16:24.799641  9423 tablet_bootstrap.cc:492] T 24698b5fa9b24128b06d449be20d0576 P a0fc09cab62e484f926b53d7da54a644: Bootstrap starting.
I20260709 13:16:24.807575  9423 tablet_bootstrap.cc:654] T 24698b5fa9b24128b06d449be20d0576 P a0fc09cab62e484f926b53d7da54a644: Neither blocks nor log segments found. Creating new log.
I20260709 13:16:24.827373  9424 tablet_bootstrap.cc:492] T 9b480d01546d4d1cb584f138ac3f6092 P be91c89ff8fd41619b8d67894333a20a: No bootstrap required, opened a new log
I20260709 13:16:24.827872  9424 ts_tablet_manager.cc:1403] T 9b480d01546d4d1cb584f138ac3f6092 P be91c89ff8fd41619b8d67894333a20a: Time spent bootstrapping tablet: real 0.055s	user 0.011s	sys 0.011s
I20260709 13:16:24.830451  9424 raft_consensus.cc:359] T 9b480d01546d4d1cb584f138ac3f6092 P be91c89ff8fd41619b8d67894333a20a [term 0 FOLLOWER]: Replica starting. Triggering 0 pending ops. Active config: opid_index: -1 OBSOLETE_local: false peers { permanent_uuid: "a0fc09cab62e484f926b53d7da54a644" member_type: VOTER last_known_addr { host: "127.7.231.129" port: 33899 } } peers { permanent_uuid: "dcf08a2fc7ba471790dff395f6355442" member_type: VOTER last_known_addr { host: "127.7.231.130" port: 34439 } } peers { permanent_uuid: "be91c89ff8fd41619b8d67894333a20a" member_type: VOTER last_known_addr { host: "127.7.231.131" port: 35657 } }
I20260709 13:16:24.831158  9424 raft_consensus.cc:385] T 9b480d01546d4d1cb584f138ac3f6092 P be91c89ff8fd41619b8d67894333a20a [term 0 FOLLOWER]: Consensus starting up: Expiring failure detector timer to make a prompt election more likely
I20260709 13:16:24.831489  9424 raft_consensus.cc:740] T 9b480d01546d4d1cb584f138ac3f6092 P be91c89ff8fd41619b8d67894333a20a [term 0 FOLLOWER]: Becoming Follower/Learner. State: Replica: be91c89ff8fd41619b8d67894333a20a, State: Initialized, Role: FOLLOWER
I20260709 13:16:24.843966  9423 tablet_bootstrap.cc:492] T 24698b5fa9b24128b06d449be20d0576 P a0fc09cab62e484f926b53d7da54a644: No bootstrap required, opened a new log
I20260709 13:16:24.844506  9423 ts_tablet_manager.cc:1403] T 24698b5fa9b24128b06d449be20d0576 P a0fc09cab62e484f926b53d7da54a644: Time spent bootstrapping tablet: real 0.045s	user 0.010s	sys 0.005s
I20260709 13:16:24.847769  9423 raft_consensus.cc:359] T 24698b5fa9b24128b06d449be20d0576 P a0fc09cab62e484f926b53d7da54a644 [term 0 FOLLOWER]: Replica starting. Triggering 0 pending ops. Active config: opid_index: -1 OBSOLETE_local: false peers { permanent_uuid: "a0fc09cab62e484f926b53d7da54a644" member_type: VOTER last_known_addr { host: "127.7.231.129" port: 33899 } } peers { permanent_uuid: "dcf08a2fc7ba471790dff395f6355442" member_type: VOTER last_known_addr { host: "127.7.231.130" port: 34439 } } peers { permanent_uuid: "be91c89ff8fd41619b8d67894333a20a" member_type: VOTER last_known_addr { host: "127.7.231.131" port: 35657 } }
I20260709 13:16:24.848914  9423 raft_consensus.cc:385] T 24698b5fa9b24128b06d449be20d0576 P a0fc09cab62e484f926b53d7da54a644 [term 0 FOLLOWER]: Consensus starting up: Expiring failure detector timer to make a prompt election more likely
I20260709 13:16:24.849329  9423 raft_consensus.cc:740] T 24698b5fa9b24128b06d449be20d0576 P a0fc09cab62e484f926b53d7da54a644 [term 0 FOLLOWER]: Becoming Follower/Learner. State: Replica: a0fc09cab62e484f926b53d7da54a644, State: Initialized, Role: FOLLOWER
I20260709 13:16:24.850214  9423 consensus_queue.cc:260] T 24698b5fa9b24128b06d449be20d0576 P a0fc09cab62e484f926b53d7da54a644 [NON_LEADER]: Queue going to NON_LEADER mode. State: All replicated index: 0, Majority replicated index: 0, Committed index: 0, Last appended: 0.0, Last appended by leader: 0, Current term: 0, Majority size: -1, State: 0, Mode: NON_LEADER, active raft config: opid_index: -1 OBSOLETE_local: false peers { permanent_uuid: "a0fc09cab62e484f926b53d7da54a644" member_type: VOTER last_known_addr { host: "127.7.231.129" port: 33899 } } peers { permanent_uuid: "dcf08a2fc7ba471790dff395f6355442" member_type: VOTER last_known_addr { host: "127.7.231.130" port: 34439 } } peers { permanent_uuid: "be91c89ff8fd41619b8d67894333a20a" member_type: VOTER last_known_addr { host: "127.7.231.131" port: 35657 } }
I20260709 13:16:24.850952  9424 consensus_queue.cc:260] T 9b480d01546d4d1cb584f138ac3f6092 P be91c89ff8fd41619b8d67894333a20a [NON_LEADER]: Queue going to NON_LEADER mode. State: All replicated index: 0, Majority replicated index: 0, Committed index: 0, Last appended: 0.0, Last appended by leader: 0, Current term: 0, Majority size: -1, State: 0, Mode: NON_LEADER, active raft config: opid_index: -1 OBSOLETE_local: false peers { permanent_uuid: "a0fc09cab62e484f926b53d7da54a644" member_type: VOTER last_known_addr { host: "127.7.231.129" port: 33899 } } peers { permanent_uuid: "dcf08a2fc7ba471790dff395f6355442" member_type: VOTER last_known_addr { host: "127.7.231.130" port: 34439 } } peers { permanent_uuid: "be91c89ff8fd41619b8d67894333a20a" member_type: VOTER last_known_addr { host: "127.7.231.131" port: 35657 } }
I20260709 13:16:24.852699  9423 ts_tablet_manager.cc:1434] T 24698b5fa9b24128b06d449be20d0576 P a0fc09cab62e484f926b53d7da54a644: Time spent starting tablet: real 0.008s	user 0.005s	sys 0.001s
I20260709 13:16:24.852875  9424 ts_tablet_manager.cc:1434] T 9b480d01546d4d1cb584f138ac3f6092 P be91c89ff8fd41619b8d67894333a20a: Time spent starting tablet: real 0.025s	user 0.007s	sys 0.001s
I20260709 13:16:24.858036  9424 tablet_bootstrap.cc:492] T f6b664138d564e9dbfef6c8832108a3d P be91c89ff8fd41619b8d67894333a20a: Bootstrap starting.
I20260709 13:16:24.862234  9423 tablet_bootstrap.cc:492] T be5dfa4eabd9467b821b834043cf5ce2 P a0fc09cab62e484f926b53d7da54a644: Bootstrap starting.
I20260709 13:16:24.868507  9424 tablet_bootstrap.cc:654] T f6b664138d564e9dbfef6c8832108a3d P be91c89ff8fd41619b8d67894333a20a: Neither blocks nor log segments found. Creating new log.
I20260709 13:16:24.869618  9423 tablet_bootstrap.cc:654] T be5dfa4eabd9467b821b834043cf5ce2 P a0fc09cab62e484f926b53d7da54a644: Neither blocks nor log segments found. Creating new log.
I20260709 13:16:24.881173  9425 tablet_bootstrap.cc:492] T d8a9c709d09b45d88bd53b39c120930e P dcf08a2fc7ba471790dff395f6355442: No bootstrap required, opened a new log
I20260709 13:16:24.881613  9425 ts_tablet_manager.cc:1403] T d8a9c709d09b45d88bd53b39c120930e P dcf08a2fc7ba471790dff395f6355442: Time spent bootstrapping tablet: real 0.210s	user 0.040s	sys 0.074s
I20260709 13:16:24.884481  9425 raft_consensus.cc:359] T d8a9c709d09b45d88bd53b39c120930e P dcf08a2fc7ba471790dff395f6355442 [term 0 FOLLOWER]: Replica starting. Triggering 0 pending ops. Active config: opid_index: -1 OBSOLETE_local: false peers { permanent_uuid: "a0fc09cab62e484f926b53d7da54a644" member_type: VOTER last_known_addr { host: "127.7.231.129" port: 33899 } } peers { permanent_uuid: "dcf08a2fc7ba471790dff395f6355442" member_type: VOTER last_known_addr { host: "127.7.231.130" port: 34439 } } peers { permanent_uuid: "be91c89ff8fd41619b8d67894333a20a" member_type: VOTER last_known_addr { host: "127.7.231.131" port: 35657 } }
I20260709 13:16:24.885182  9425 raft_consensus.cc:385] T d8a9c709d09b45d88bd53b39c120930e P dcf08a2fc7ba471790dff395f6355442 [term 0 FOLLOWER]: Consensus starting up: Expiring failure detector timer to make a prompt election more likely
I20260709 13:16:24.885464  9425 raft_consensus.cc:740] T d8a9c709d09b45d88bd53b39c120930e P dcf08a2fc7ba471790dff395f6355442 [term 0 FOLLOWER]: Becoming Follower/Learner. State: Replica: dcf08a2fc7ba471790dff395f6355442, State: Initialized, Role: FOLLOWER
I20260709 13:16:24.886220  9425 consensus_queue.cc:260] T d8a9c709d09b45d88bd53b39c120930e P dcf08a2fc7ba471790dff395f6355442 [NON_LEADER]: Queue going to NON_LEADER mode. State: All replicated index: 0, Majority replicated index: 0, Committed index: 0, Last appended: 0.0, Last appended by leader: 0, Current term: 0, Majority size: -1, State: 0, Mode: NON_LEADER, active raft config: opid_index: -1 OBSOLETE_local: false peers { permanent_uuid: "a0fc09cab62e484f926b53d7da54a644" member_type: VOTER last_known_addr { host: "127.7.231.129" port: 33899 } } peers { permanent_uuid: "dcf08a2fc7ba471790dff395f6355442" member_type: VOTER last_known_addr { host: "127.7.231.130" port: 34439 } } peers { permanent_uuid: "be91c89ff8fd41619b8d67894333a20a" member_type: VOTER last_known_addr { host: "127.7.231.131" port: 35657 } }
I20260709 13:16:24.887758  9423 tablet_bootstrap.cc:492] T be5dfa4eabd9467b821b834043cf5ce2 P a0fc09cab62e484f926b53d7da54a644: No bootstrap required, opened a new log
I20260709 13:16:24.888274  9423 ts_tablet_manager.cc:1403] T be5dfa4eabd9467b821b834043cf5ce2 P a0fc09cab62e484f926b53d7da54a644: Time spent bootstrapping tablet: real 0.026s	user 0.010s	sys 0.004s
I20260709 13:16:24.889568  9668 consensus_queue.cc:1048] T 358318e6a68c40bf8aeba8e103426d55 P dcf08a2fc7ba471790dff395f6355442 [LEADER]: Connected to new peer: Peer: permanent_uuid: "be91c89ff8fd41619b8d67894333a20a" member_type: VOTER last_known_addr { host: "127.7.231.131" port: 35657 }, Status: LMP_MISMATCH, Last received: 0.0, Next index: 1, Last known committed idx: 0, Time since last communication: 0.000s
I20260709 13:16:24.890069  9425 ts_tablet_manager.cc:1434] T d8a9c709d09b45d88bd53b39c120930e P dcf08a2fc7ba471790dff395f6355442: Time spent starting tablet: real 0.008s	user 0.007s	sys 0.000s
I20260709 13:16:24.890976  9425 tablet_bootstrap.cc:492] T aa66f90efbe145cf9e0e0134e81ba39e P dcf08a2fc7ba471790dff395f6355442: Bootstrap starting.
I20260709 13:16:24.891086  9423 raft_consensus.cc:359] T be5dfa4eabd9467b821b834043cf5ce2 P a0fc09cab62e484f926b53d7da54a644 [term 0 FOLLOWER]: Replica starting. Triggering 0 pending ops. Active config: opid_index: -1 OBSOLETE_local: false peers { permanent_uuid: "a0fc09cab62e484f926b53d7da54a644" member_type: VOTER last_known_addr { host: "127.7.231.129" port: 33899 } } peers { permanent_uuid: "dcf08a2fc7ba471790dff395f6355442" member_type: VOTER last_known_addr { host: "127.7.231.130" port: 34439 } } peers { permanent_uuid: "be91c89ff8fd41619b8d67894333a20a" member_type: VOTER last_known_addr { host: "127.7.231.131" port: 35657 } }
I20260709 13:16:24.893113  9423 raft_consensus.cc:385] T be5dfa4eabd9467b821b834043cf5ce2 P a0fc09cab62e484f926b53d7da54a644 [term 0 FOLLOWER]: Consensus starting up: Expiring failure detector timer to make a prompt election more likely
I20260709 13:16:24.893802  9424 tablet_bootstrap.cc:492] T f6b664138d564e9dbfef6c8832108a3d P be91c89ff8fd41619b8d67894333a20a: No bootstrap required, opened a new log
I20260709 13:16:24.896311  9423 raft_consensus.cc:740] T be5dfa4eabd9467b821b834043cf5ce2 P a0fc09cab62e484f926b53d7da54a644 [term 0 FOLLOWER]: Becoming Follower/Learner. State: Replica: a0fc09cab62e484f926b53d7da54a644, State: Initialized, Role: FOLLOWER
I20260709 13:16:24.896476  9424 ts_tablet_manager.cc:1403] T f6b664138d564e9dbfef6c8832108a3d P be91c89ff8fd41619b8d67894333a20a: Time spent bootstrapping tablet: real 0.039s	user 0.013s	sys 0.001s
I20260709 13:16:24.897248  9423 consensus_queue.cc:260] T be5dfa4eabd9467b821b834043cf5ce2 P a0fc09cab62e484f926b53d7da54a644 [NON_LEADER]: Queue going to NON_LEADER mode. State: All replicated index: 0, Majority replicated index: 0, Committed index: 0, Last appended: 0.0, Last appended by leader: 0, Current term: 0, Majority size: -1, State: 0, Mode: NON_LEADER, active raft config: opid_index: -1 OBSOLETE_local: false peers { permanent_uuid: "a0fc09cab62e484f926b53d7da54a644" member_type: VOTER last_known_addr { host: "127.7.231.129" port: 33899 } } peers { permanent_uuid: "dcf08a2fc7ba471790dff395f6355442" member_type: VOTER last_known_addr { host: "127.7.231.130" port: 34439 } } peers { permanent_uuid: "be91c89ff8fd41619b8d67894333a20a" member_type: VOTER last_known_addr { host: "127.7.231.131" port: 35657 } }
I20260709 13:16:24.897855  9380 raft_consensus.cc:1275] T 494a1ae883e841b3a9ec172d5576a921 P be91c89ff8fd41619b8d67894333a20a [term 2 FOLLOWER]: Refusing update from remote peer a0fc09cab62e484f926b53d7da54a644: Log matching property violated. Preceding OpId in replica: term: 0 index: 0. Preceding OpId from leader: term: 2 index: 1. (index mismatch)
I20260709 13:16:24.899011  9424 raft_consensus.cc:359] T f6b664138d564e9dbfef6c8832108a3d P be91c89ff8fd41619b8d67894333a20a [term 0 FOLLOWER]: Replica starting. Triggering 0 pending ops. Active config: opid_index: -1 OBSOLETE_local: false peers { permanent_uuid: "a0fc09cab62e484f926b53d7da54a644" member_type: VOTER last_known_addr { host: "127.7.231.129" port: 33899 } } peers { permanent_uuid: "dcf08a2fc7ba471790dff395f6355442" member_type: VOTER last_known_addr { host: "127.7.231.130" port: 34439 } } peers { permanent_uuid: "be91c89ff8fd41619b8d67894333a20a" member_type: VOTER last_known_addr { host: "127.7.231.131" port: 35657 } }
I20260709 13:16:24.899653  9424 raft_consensus.cc:385] T f6b664138d564e9dbfef6c8832108a3d P be91c89ff8fd41619b8d67894333a20a [term 0 FOLLOWER]: Consensus starting up: Expiring failure detector timer to make a prompt election more likely
I20260709 13:16:24.899981  9424 raft_consensus.cc:740] T f6b664138d564e9dbfef6c8832108a3d P be91c89ff8fd41619b8d67894333a20a [term 0 FOLLOWER]: Becoming Follower/Learner. State: Replica: be91c89ff8fd41619b8d67894333a20a, State: Initialized, Role: FOLLOWER
I20260709 13:16:24.899686  9655 consensus_queue.cc:1048] T 494a1ae883e841b3a9ec172d5576a921 P a0fc09cab62e484f926b53d7da54a644 [LEADER]: Connected to new peer: Peer: permanent_uuid: "be91c89ff8fd41619b8d67894333a20a" member_type: VOTER last_known_addr { host: "127.7.231.131" port: 35657 }, Status: LMP_MISMATCH, Last received: 0.0, Next index: 1, Last known committed idx: 0, Time since last communication: 0.001s
I20260709 13:16:24.900508  9423 ts_tablet_manager.cc:1434] T be5dfa4eabd9467b821b834043cf5ce2 P a0fc09cab62e484f926b53d7da54a644: Time spent starting tablet: real 0.012s	user 0.000s	sys 0.006s
I20260709 13:16:24.900627  9424 consensus_queue.cc:260] T f6b664138d564e9dbfef6c8832108a3d P be91c89ff8fd41619b8d67894333a20a [NON_LEADER]: Queue going to NON_LEADER mode. State: All replicated index: 0, Majority replicated index: 0, Committed index: 0, Last appended: 0.0, Last appended by leader: 0, Current term: 0, Majority size: -1, State: 0, Mode: NON_LEADER, active raft config: opid_index: -1 OBSOLETE_local: false peers { permanent_uuid: "a0fc09cab62e484f926b53d7da54a644" member_type: VOTER last_known_addr { host: "127.7.231.129" port: 33899 } } peers { permanent_uuid: "dcf08a2fc7ba471790dff395f6355442" member_type: VOTER last_known_addr { host: "127.7.231.130" port: 34439 } } peers { permanent_uuid: "be91c89ff8fd41619b8d67894333a20a" member_type: VOTER last_known_addr { host: "127.7.231.131" port: 35657 } }
I20260709 13:16:24.909215  9424 ts_tablet_manager.cc:1434] T f6b664138d564e9dbfef6c8832108a3d P be91c89ff8fd41619b8d67894333a20a: Time spent starting tablet: real 0.012s	user 0.006s	sys 0.000s
