I20260709 13:16:14.758319  8419 tablet_service.cc:1511] Processing CreateTablet for tablet 0e9d7d161f944bc49cec1b939b6ee209 (DEFAULT_TABLE table=test-workload [id=869214e03f874d818c16d7cf957f5602]), partition=RANGE (key) PARTITION 1091940810 <= VALUES < 1128338837
I20260709 13:16:14.766242  8419 data_dirs.cc:400] Could only allocate 1 dirs of requested 3 for tablet 0e9d7d161f944bc49cec1b939b6ee209. 1 dirs total, 0 dirs full, 0 dirs failed
I20260709 13:16:14.789819  8565 data_dirs.cc:400] Could only allocate 1 dirs of requested 3 for tablet 84fefeea30cd4b24a0b4f5651a7156a2. 1 dirs total, 0 dirs full, 0 dirs failed
I20260709 13:16:14.791249  8626 tablet_bootstrap.cc:654] T a8c4a542cd5d46f7b41fbb369e1606ec P f9e0bfd4c8e342609cb8f16060234253: Neither blocks nor log segments found. Creating new log.
I20260709 13:16:14.798694  8625 tablet_bootstrap.cc:654] T 189a70ebe1dd4206bff4f41c20ea40db P 2f680dd240754ec982fc5a2c1d61f69a: Neither blocks nor log segments found. Creating new log.
I20260709 13:16:14.765048  8573 tablet_service.cc:1511] Processing CreateTablet for tablet 0e9d7d161f944bc49cec1b939b6ee209 (DEFAULT_TABLE table=test-workload [id=869214e03f874d818c16d7cf957f5602]), partition=RANGE (key) PARTITION 1091940810 <= VALUES < 1128338837
I20260709 13:16:14.810115  8574 data_dirs.cc:400] Could only allocate 1 dirs of requested 3 for tablet 04eeb3934f1345a6b4a39e5e1d632d56. 1 dirs total, 0 dirs full, 0 dirs failed
I20260709 13:16:14.811003  8624 tablet_bootstrap.cc:492] T a8c4a542cd5d46f7b41fbb369e1606ec P 36e1ca393071498e88abda9f58351b98: No bootstrap required, opened a new log
I20260709 13:16:14.811491  8624 ts_tablet_manager.cc:1403] T a8c4a542cd5d46f7b41fbb369e1606ec P 36e1ca393071498e88abda9f58351b98: Time spent bootstrapping tablet: real 0.176s	user 0.013s	sys 0.004s
I20260709 13:16:14.811668  8573 data_dirs.cc:400] Could only allocate 1 dirs of requested 3 for tablet 0e9d7d161f944bc49cec1b939b6ee209. 1 dirs total, 0 dirs full, 0 dirs failed
I20260709 13:16:14.814601  8624 raft_consensus.cc:359] T a8c4a542cd5d46f7b41fbb369e1606ec P 36e1ca393071498e88abda9f58351b98 [term 0 FOLLOWER]: Replica starting. Triggering 0 pending ops. Active config: opid_index: -1 OBSOLETE_local: false peers { permanent_uuid: "36e1ca393071498e88abda9f58351b98" member_type: VOTER last_known_addr { host: "127.7.33.129" port: 32973 } } peers { permanent_uuid: "f9e0bfd4c8e342609cb8f16060234253" member_type: VOTER last_known_addr { host: "127.7.33.130" port: 36409 } } peers { permanent_uuid: "2f680dd240754ec982fc5a2c1d61f69a" member_type: VOTER last_known_addr { host: "127.7.33.131" port: 44951 } }
I20260709 13:16:14.815690  8624 raft_consensus.cc:385] T a8c4a542cd5d46f7b41fbb369e1606ec P 36e1ca393071498e88abda9f58351b98 [term 0 FOLLOWER]: Consensus starting up: Expiring failure detector timer to make a prompt election more likely
I20260709 13:16:14.816032  8624 raft_consensus.cc:740] T a8c4a542cd5d46f7b41fbb369e1606ec P 36e1ca393071498e88abda9f58351b98 [term 0 FOLLOWER]: Becoming Follower/Learner. State: Replica: 36e1ca393071498e88abda9f58351b98, State: Initialized, Role: FOLLOWER
I20260709 13:16:14.816882  8624 consensus_queue.cc:260] T a8c4a542cd5d46f7b41fbb369e1606ec P 36e1ca393071498e88abda9f58351b98 [NON_LEADER]: Queue going to NON_LEADER mode. State: All replicated index: 0, Majority replicated index: 0, Committed index: 0, Last appended: 0.0, Last appended by leader: 0, Current term: 0, Majority size: -1, State: 0, Mode: NON_LEADER, active raft config: opid_index: -1 OBSOLETE_local: false peers { permanent_uuid: "36e1ca393071498e88abda9f58351b98" member_type: VOTER last_known_addr { host: "127.7.33.129" port: 32973 } } peers { permanent_uuid: "f9e0bfd4c8e342609cb8f16060234253" member_type: VOTER last_known_addr { host: "127.7.33.130" port: 36409 } } peers { permanent_uuid: "2f680dd240754ec982fc5a2c1d61f69a" member_type: VOTER last_known_addr { host: "127.7.33.131" port: 44951 } }
I20260709 13:16:14.819334  8624 ts_tablet_manager.cc:1434] T a8c4a542cd5d46f7b41fbb369e1606ec P 36e1ca393071498e88abda9f58351b98: Time spent starting tablet: real 0.007s	user 0.008s	sys 0.000s
I20260709 13:16:14.820186  8421 tablet_service.cc:1511] Processing CreateTablet for tablet 83e78e9249dd4a0b8154a7dac1c626a8 (DEFAULT_TABLE table=test-workload [id=869214e03f874d818c16d7cf957f5602]), partition=RANGE (key) PARTITION 1164736864 <= VALUES < 1201134891
I20260709 13:16:14.829474  8421 data_dirs.cc:400] Could only allocate 1 dirs of requested 3 for tablet 83e78e9249dd4a0b8154a7dac1c626a8. 1 dirs total, 0 dirs full, 0 dirs failed
I20260709 13:16:14.821355  8492 data_dirs.cc:400] Could only allocate 1 dirs of requested 3 for tablet 84fefeea30cd4b24a0b4f5651a7156a2. 1 dirs total, 0 dirs full, 0 dirs failed
I20260709 13:16:14.830335  8565 tablet_service.cc:1511] Processing CreateTablet for tablet 17f7f760b2c344be83fd8f7aea773b38 (DEFAULT_TABLE table=test-workload [id=869214e03f874d818c16d7cf957f5602]), partition=RANGE (key) PARTITION 1128338837 <= VALUES < 1164736864
I20260709 13:16:14.833487  8565 data_dirs.cc:400] Could only allocate 1 dirs of requested 3 for tablet 17f7f760b2c344be83fd8f7aea773b38. 1 dirs total, 0 dirs full, 0 dirs failed
I20260709 13:16:14.837049  8629 raft_consensus.cc:493] T e750610ae8cc4cc0825390fd7b47a877 P 36e1ca393071498e88abda9f58351b98 [term 0 FOLLOWER]: Starting pre-election (no leader contacted us within the election timeout)
I20260709 13:16:14.839737  8629 raft_consensus.cc:515] T e750610ae8cc4cc0825390fd7b47a877 P 36e1ca393071498e88abda9f58351b98 [term 0 FOLLOWER]: Starting pre-election with config: opid_index: -1 OBSOLETE_local: false peers { permanent_uuid: "36e1ca393071498e88abda9f58351b98" member_type: VOTER last_known_addr { host: "127.7.33.129" port: 32973 } } peers { permanent_uuid: "2f680dd240754ec982fc5a2c1d61f69a" member_type: VOTER last_known_addr { host: "127.7.33.131" port: 44951 } } peers { permanent_uuid: "f9e0bfd4c8e342609cb8f16060234253" member_type: VOTER last_known_addr { host: "127.7.33.130" port: 36409 } }
I20260709 13:16:14.873230  8493 tablet_service.cc:1511] Processing CreateTablet for tablet afaac6a9c81a449db219435f0f7deb57 (DEFAULT_TABLE table=test-workload [id=869214e03f874d818c16d7cf957f5602]), partition=RANGE (key) PARTITION 1201134891 <= VALUES < 1237532918
I20260709 13:16:14.853709  8624 tablet_bootstrap.cc:492] T 8fa061ca95e5401bba1f38fe56252f7f P 36e1ca393071498e88abda9f58351b98: Bootstrap starting.
I20260709 13:16:14.857920  8629 leader_election.cc:290] T e750610ae8cc4cc0825390fd7b47a877 P 36e1ca393071498e88abda9f58351b98 [CANDIDATE]: Term 1 pre-election: Requested pre-vote from peers 2f680dd240754ec982fc5a2c1d61f69a (127.7.33.131:44951), f9e0bfd4c8e342609cb8f16060234253 (127.7.33.130:36409)
I20260709 13:16:14.893025  8497 tablet_service.cc:1511] Processing CreateTablet for tablet b9703d9f38894df495ed52b3e5db6636 (DEFAULT_TABLE table=test-workload [id=869214e03f874d818c16d7cf957f5602]), partition=RANGE (key) PARTITION 1237532918 <= VALUES < 1273930945
I20260709 13:16:14.894481  8425 tablet_service.cc:1511] Processing CreateTablet for tablet b9703d9f38894df495ed52b3e5db6636 (DEFAULT_TABLE table=test-workload [id=869214e03f874d818c16d7cf957f5602]), partition=RANGE (key) PARTITION 1237532918 <= VALUES < 1273930945
I20260709 13:16:14.894905  8493 data_dirs.cc:400] Could only allocate 1 dirs of requested 3 for tablet afaac6a9c81a449db219435f0f7deb57. 1 dirs total, 0 dirs full, 0 dirs failed
I20260709 13:16:14.895803  8425 data_dirs.cc:400] Could only allocate 1 dirs of requested 3 for tablet b9703d9f38894df495ed52b3e5db6636. 1 dirs total, 0 dirs full, 0 dirs failed
I20260709 13:16:14.897867  8420 tablet_service.cc:1511] Processing CreateTablet for tablet afaac6a9c81a449db219435f0f7deb57 (DEFAULT_TABLE table=test-workload [id=869214e03f874d818c16d7cf957f5602]), partition=RANGE (key) PARTITION 1201134891 <= VALUES < 1237532918
I20260709 13:16:14.899220  8420 data_dirs.cc:400] Could only allocate 1 dirs of requested 3 for tablet afaac6a9c81a449db219435f0f7deb57. 1 dirs total, 0 dirs full, 0 dirs failed
I20260709 13:16:14.906005  8491 tablet_service.cc:1511] Processing CreateTablet for tablet 83e78e9249dd4a0b8154a7dac1c626a8 (DEFAULT_TABLE table=test-workload [id=869214e03f874d818c16d7cf957f5602]), partition=RANGE (key) PARTITION 1164736864 <= VALUES < 1201134891
I20260709 13:16:14.907383  8491 data_dirs.cc:400] Could only allocate 1 dirs of requested 3 for tablet 83e78e9249dd4a0b8154a7dac1c626a8. 1 dirs total, 0 dirs full, 0 dirs failed
I20260709 13:16:14.907572  8572 tablet_service.cc:1511] Processing CreateTablet for tablet 83e78e9249dd4a0b8154a7dac1c626a8 (DEFAULT_TABLE table=test-workload [id=869214e03f874d818c16d7cf957f5602]), partition=RANGE (key) PARTITION 1164736864 <= VALUES < 1201134891
I20260709 13:16:14.908385  8566 tablet_service.cc:1511] Processing CreateTablet for tablet b9703d9f38894df495ed52b3e5db6636 (DEFAULT_TABLE table=test-workload [id=869214e03f874d818c16d7cf957f5602]), partition=RANGE (key) PARTITION 1237532918 <= VALUES < 1273930945
I20260709 13:16:14.908943  8572 data_dirs.cc:400] Could only allocate 1 dirs of requested 3 for tablet 83e78e9249dd4a0b8154a7dac1c626a8. 1 dirs total, 0 dirs full, 0 dirs failed
I20260709 13:16:14.909721  8566 data_dirs.cc:400] Could only allocate 1 dirs of requested 3 for tablet b9703d9f38894df495ed52b3e5db6636. 1 dirs total, 0 dirs full, 0 dirs failed
I20260709 13:16:14.912338  8568 tablet_service.cc:1511] Processing CreateTablet for tablet afaac6a9c81a449db219435f0f7deb57 (DEFAULT_TABLE table=test-workload [id=869214e03f874d818c16d7cf957f5602]), partition=RANGE (key) PARTITION 1201134891 <= VALUES < 1237532918
I20260709 13:16:14.913875  8423 tablet_service.cc:1511] Processing CreateTablet for tablet 38d214e67bea4da8882f626a6627d012 (DEFAULT_TABLE table=test-workload [id=869214e03f874d818c16d7cf957f5602]), partition=RANGE (key) PARTITION 1273930945 <= VALUES < 1310328972
I20260709 13:16:14.914227  8435 tablet_service.cc:1917] Received RequestConsensusVote() RPC: tablet_id: "f77ee80afecc41ee957c64dd04e22851" candidate_uuid: "f9e0bfd4c8e342609cb8f16060234253" candidate_term: 1 candidate_status { last_received { term: 0 index: 0 } } ignore_live_leader: false dest_uuid: "36e1ca393071498e88abda9f58351b98" is_pre_election: true
I20260709 13:16:14.915185  8423 data_dirs.cc:400] Could only allocate 1 dirs of requested 3 for tablet 38d214e67bea4da8882f626a6627d012. 1 dirs total, 0 dirs full, 0 dirs failed
W20260709 13:16:14.915926  8475 leader_election.cc:343] T f77ee80afecc41ee957c64dd04e22851 P f9e0bfd4c8e342609cb8f16060234253 [CANDIDATE]: Term 1 pre-election: Tablet error from VoteRequest() call to peer 36e1ca393071498e88abda9f58351b98 (127.7.33.129:32973): Illegal state: must be running to vote when last-logged opid is not known
I20260709 13:16:14.917742  8568 data_dirs.cc:400] Could only allocate 1 dirs of requested 3 for tablet afaac6a9c81a449db219435f0f7deb57. 1 dirs total, 0 dirs full, 0 dirs failed
I20260709 13:16:14.925611  8497 data_dirs.cc:400] Could only allocate 1 dirs of requested 3 for tablet b9703d9f38894df495ed52b3e5db6636. 1 dirs total, 0 dirs full, 0 dirs failed
I20260709 13:16:14.950302  8494 tablet_service.cc:1511] Processing CreateTablet for tablet 38d214e67bea4da8882f626a6627d012 (DEFAULT_TABLE table=test-workload [id=869214e03f874d818c16d7cf957f5602]), partition=RANGE (key) PARTITION 1273930945 <= VALUES < 1310328972
I20260709 13:16:14.951751  8494 data_dirs.cc:400] Could only allocate 1 dirs of requested 3 for tablet 38d214e67bea4da8882f626a6627d012. 1 dirs total, 0 dirs full, 0 dirs failed
I20260709 13:16:14.966580  8624 tablet_bootstrap.cc:654] T 8fa061ca95e5401bba1f38fe56252f7f P 36e1ca393071498e88abda9f58351b98: Neither blocks nor log segments found. Creating new log.
I20260709 13:16:14.979421  8569 tablet_service.cc:1511] Processing CreateTablet for tablet 38d214e67bea4da8882f626a6627d012 (DEFAULT_TABLE table=test-workload [id=869214e03f874d818c16d7cf957f5602]), partition=RANGE (key) PARTITION 1273930945 <= VALUES < 1310328972
I20260709 13:16:14.980881  8569 data_dirs.cc:400] Could only allocate 1 dirs of requested 3 for tablet 38d214e67bea4da8882f626a6627d012. 1 dirs total, 0 dirs full, 0 dirs failed
I20260709 13:16:14.987126  8626 tablet_bootstrap.cc:492] T a8c4a542cd5d46f7b41fbb369e1606ec P f9e0bfd4c8e342609cb8f16060234253: No bootstrap required, opened a new log
I20260709 13:16:14.987687  8626 ts_tablet_manager.cc:1403] T a8c4a542cd5d46f7b41fbb369e1606ec P f9e0bfd4c8e342609cb8f16060234253: Time spent bootstrapping tablet: real 0.434s	user 0.029s	sys 0.018s
I20260709 13:16:14.992341  8626 raft_consensus.cc:359] T a8c4a542cd5d46f7b41fbb369e1606ec P f9e0bfd4c8e342609cb8f16060234253 [term 0 FOLLOWER]: Replica starting. Triggering 0 pending ops. Active config: opid_index: -1 OBSOLETE_local: false peers { permanent_uuid: "36e1ca393071498e88abda9f58351b98" member_type: VOTER last_known_addr { host: "127.7.33.129" port: 32973 } } peers { permanent_uuid: "f9e0bfd4c8e342609cb8f16060234253" member_type: VOTER last_known_addr { host: "127.7.33.130" port: 36409 } } peers { permanent_uuid: "2f680dd240754ec982fc5a2c1d61f69a" member_type: VOTER last_known_addr { host: "127.7.33.131" port: 44951 } }
I20260709 13:16:14.993492  8626 raft_consensus.cc:385] T a8c4a542cd5d46f7b41fbb369e1606ec P f9e0bfd4c8e342609cb8f16060234253 [term 0 FOLLOWER]: Consensus starting up: Expiring failure detector timer to make a prompt election more likely
I20260709 13:16:14.993906  8626 raft_consensus.cc:740] T a8c4a542cd5d46f7b41fbb369e1606ec P f9e0bfd4c8e342609cb8f16060234253 [term 0 FOLLOWER]: Becoming Follower/Learner. State: Replica: f9e0bfd4c8e342609cb8f16060234253, State: Initialized, Role: FOLLOWER
I20260709 13:16:15.001132  8425 tablet_service.cc:1511] Processing CreateTablet for tablet 02b37702f06e4a0d9ea411f6afa8c361 (DEFAULT_TABLE table=test-workload [id=869214e03f874d818c16d7cf957f5602]), partition=RANGE (key) PARTITION 1310328972 <= VALUES < 1346726999
I20260709 13:16:15.003031  8425 data_dirs.cc:400] Could only allocate 1 dirs of requested 3 for tablet 02b37702f06e4a0d9ea411f6afa8c361. 1 dirs total, 0 dirs full, 0 dirs failed
I20260709 13:16:15.010692  8584 tablet_service.cc:1917] Received RequestConsensusVote() RPC: tablet_id: "f77ee80afecc41ee957c64dd04e22851" candidate_uuid: "f9e0bfd4c8e342609cb8f16060234253" candidate_term: 1 candidate_status { last_received { term: 0 index: 0 } } ignore_live_leader: false dest_uuid: "2f680dd240754ec982fc5a2c1d61f69a" is_pre_election: true
W20260709 13:16:15.013724  8475 leader_election.cc:343] T f77ee80afecc41ee957c64dd04e22851 P f9e0bfd4c8e342609cb8f16060234253 [CANDIDATE]: Term 1 pre-election: Tablet error from VoteRequest() call to peer 2f680dd240754ec982fc5a2c1d61f69a (127.7.33.131:44951): Illegal state: must be running to vote when last-logged opid is not known
I20260709 13:16:15.014230  8475 leader_election.cc:304] T f77ee80afecc41ee957c64dd04e22851 P f9e0bfd4c8e342609cb8f16060234253 [CANDIDATE]: Term 1 pre-election: Election decided. Result: candidate lost. Election summary: received 3 responses out of 3 voters: 1 yes votes; 2 no votes. yes voters: f9e0bfd4c8e342609cb8f16060234253; no voters: 2f680dd240754ec982fc5a2c1d61f69a, 36e1ca393071498e88abda9f58351b98
I20260709 13:16:15.015504  8631 raft_consensus.cc:2749] T f77ee80afecc41ee957c64dd04e22851 P f9e0bfd4c8e342609cb8f16060234253 [term 0 FOLLOWER]: Leader pre-election lost for term 1. Reason: could not achieve majority
I20260709 13:16:15.017897  8584 tablet_service.cc:1917] Received RequestConsensusVote() RPC: tablet_id: "e750610ae8cc4cc0825390fd7b47a877" candidate_uuid: "36e1ca393071498e88abda9f58351b98" candidate_term: 1 candidate_status { last_received { term: 0 index: 0 } } ignore_live_leader: false dest_uuid: "2f680dd240754ec982fc5a2c1d61f69a" is_pre_election: true
I20260709 13:16:15.018635  8584 raft_consensus.cc:2468] T e750610ae8cc4cc0825390fd7b47a877 P 2f680dd240754ec982fc5a2c1d61f69a [term 0 FOLLOWER]: Leader pre-election vote request: Granting yes vote for candidate 36e1ca393071498e88abda9f58351b98 in term 0.
I20260709 13:16:15.019979  8400 leader_election.cc:304] T e750610ae8cc4cc0825390fd7b47a877 P 36e1ca393071498e88abda9f58351b98 [CANDIDATE]: Term 1 pre-election: Election decided. Result: candidate won. Election summary: received 2 responses out of 3 voters: 2 yes votes; 0 no votes. yes voters: 2f680dd240754ec982fc5a2c1d61f69a, 36e1ca393071498e88abda9f58351b98; no voters: 
I20260709 13:16:15.021051  8629 raft_consensus.cc:2804] T e750610ae8cc4cc0825390fd7b47a877 P 36e1ca393071498e88abda9f58351b98 [term 0 FOLLOWER]: Leader pre-election won for term 1
I20260709 13:16:15.021505  8629 raft_consensus.cc:493] T e750610ae8cc4cc0825390fd7b47a877 P 36e1ca393071498e88abda9f58351b98 [term 0 FOLLOWER]: Starting leader election (no leader contacted us within the election timeout)
I20260709 13:16:15.021301  8571 tablet_service.cc:1511] Processing CreateTablet for tablet 02b37702f06e4a0d9ea411f6afa8c361 (DEFAULT_TABLE table=test-workload [id=869214e03f874d818c16d7cf957f5602]), partition=RANGE (key) PARTITION 1310328972 <= VALUES < 1346726999
I20260709 13:16:15.021898  8629 raft_consensus.cc:3060] T e750610ae8cc4cc0825390fd7b47a877 P 36e1ca393071498e88abda9f58351b98 [term 0 FOLLOWER]: Advancing to term 1
I20260709 13:16:15.022804  8571 data_dirs.cc:400] Could only allocate 1 dirs of requested 3 for tablet 02b37702f06e4a0d9ea411f6afa8c361. 1 dirs total, 0 dirs full, 0 dirs failed
I20260709 13:16:15.029826  8629 raft_consensus.cc:515] T e750610ae8cc4cc0825390fd7b47a877 P 36e1ca393071498e88abda9f58351b98 [term 1 FOLLOWER]: Starting leader election with config: opid_index: -1 OBSOLETE_local: false peers { permanent_uuid: "36e1ca393071498e88abda9f58351b98" member_type: VOTER last_known_addr { host: "127.7.33.129" port: 32973 } } peers { permanent_uuid: "2f680dd240754ec982fc5a2c1d61f69a" member_type: VOTER last_known_addr { host: "127.7.33.131" port: 44951 } } peers { permanent_uuid: "f9e0bfd4c8e342609cb8f16060234253" member_type: VOTER last_known_addr { host: "127.7.33.130" port: 36409 } }
I20260709 13:16:15.033241  8584 tablet_service.cc:1917] Received RequestConsensusVote() RPC: tablet_id: "e750610ae8cc4cc0825390fd7b47a877" candidate_uuid: "36e1ca393071498e88abda9f58351b98" candidate_term: 1 candidate_status { last_received { term: 0 index: 0 } } ignore_live_leader: false dest_uuid: "2f680dd240754ec982fc5a2c1d61f69a"
I20260709 13:16:15.033977  8584 raft_consensus.cc:3060] T e750610ae8cc4cc0825390fd7b47a877 P 2f680dd240754ec982fc5a2c1d61f69a [term 0 FOLLOWER]: Advancing to term 1
I20260709 13:16:15.036022  8629 leader_election.cc:290] T e750610ae8cc4cc0825390fd7b47a877 P 36e1ca393071498e88abda9f58351b98 [CANDIDATE]: Term 1 election: Requested vote from peers 2f680dd240754ec982fc5a2c1d61f69a (127.7.33.131:44951), f9e0bfd4c8e342609cb8f16060234253 (127.7.33.130:36409)
I20260709 13:16:15.036465  8499 tablet_service.cc:1511] Processing CreateTablet for tablet 02b37702f06e4a0d9ea411f6afa8c361 (DEFAULT_TABLE table=test-workload [id=869214e03f874d818c16d7cf957f5602]), partition=RANGE (key) PARTITION 1310328972 <= VALUES < 1346726999
I20260709 13:16:15.037896  8499 data_dirs.cc:400] Could only allocate 1 dirs of requested 3 for tablet 02b37702f06e4a0d9ea411f6afa8c361. 1 dirs total, 0 dirs full, 0 dirs failed
I20260709 13:16:15.034358  8421 tablet_service.cc:1511] Processing CreateTablet for tablet 7df769bd1e074d3bb022887f5bd8d04a (DEFAULT_TABLE table=test-workload [id=869214e03f874d818c16d7cf957f5602]), partition=RANGE (key) PARTITION 1346726999 <= VALUES < 1383125026
I20260709 13:16:15.044636  8421 data_dirs.cc:400] Could only allocate 1 dirs of requested 3 for tablet 7df769bd1e074d3bb022887f5bd8d04a. 1 dirs total, 0 dirs full, 0 dirs failed
I20260709 13:16:15.044685  8510 tablet_service.cc:1917] Received RequestConsensusVote() RPC: tablet_id: "e750610ae8cc4cc0825390fd7b47a877" candidate_uuid: "36e1ca393071498e88abda9f58351b98" candidate_term: 1 candidate_status { last_received { term: 0 index: 0 } } ignore_live_leader: false dest_uuid: "f9e0bfd4c8e342609cb8f16060234253" is_pre_election: true
I20260709 13:16:15.046537  8509 tablet_service.cc:1917] Received RequestConsensusVote() RPC: tablet_id: "e750610ae8cc4cc0825390fd7b47a877" candidate_uuid: "36e1ca393071498e88abda9f58351b98" candidate_term: 1 candidate_status { last_received { term: 0 index: 0 } } ignore_live_leader: false dest_uuid: "f9e0bfd4c8e342609cb8f16060234253"
I20260709 13:16:15.043051  8626 consensus_queue.cc:260] T a8c4a542cd5d46f7b41fbb369e1606ec P f9e0bfd4c8e342609cb8f16060234253 [NON_LEADER]: Queue going to NON_LEADER mode. State: All replicated index: 0, Majority replicated index: 0, Committed index: 0, Last appended: 0.0, Last appended by leader: 0, Current term: 0, Majority size: -1, State: 0, Mode: NON_LEADER, active raft config: opid_index: -1 OBSOLETE_local: false peers { permanent_uuid: "36e1ca393071498e88abda9f58351b98" member_type: VOTER last_known_addr { host: "127.7.33.129" port: 32973 } } peers { permanent_uuid: "f9e0bfd4c8e342609cb8f16060234253" member_type: VOTER last_known_addr { host: "127.7.33.130" port: 36409 } } peers { permanent_uuid: "2f680dd240754ec982fc5a2c1d61f69a" member_type: VOTER last_known_addr { host: "127.7.33.131" port: 44951 } }
I20260709 13:16:15.057452  8626 ts_tablet_manager.cc:1434] T a8c4a542cd5d46f7b41fbb369e1606ec P f9e0bfd4c8e342609cb8f16060234253: Time spent starting tablet: real 0.069s	user 0.008s	sys 0.001s
W20260709 13:16:15.059428  8398 leader_election.cc:343] T e750610ae8cc4cc0825390fd7b47a877 P 36e1ca393071498e88abda9f58351b98 [CANDIDATE]: Term 1 pre-election: Tablet error from VoteRequest() call to peer f9e0bfd4c8e342609cb8f16060234253 (127.7.33.130:36409): Illegal state: must be running to vote when last-logged opid is not known
I20260709 13:16:15.061133  8626 tablet_bootstrap.cc:492] T a230dfbd2eac4287bd51d5a01aabdfa2 P f9e0bfd4c8e342609cb8f16060234253: Bootstrap starting.
W20260709 13:16:15.062306  8398 leader_election.cc:343] T e750610ae8cc4cc0825390fd7b47a877 P 36e1ca393071498e88abda9f58351b98 [CANDIDATE]: Term 1 election: Tablet error from VoteRequest() call to peer f9e0bfd4c8e342609cb8f16060234253 (127.7.33.130:36409): Illegal state: must be running to vote when last-logged opid is not known
I20260709 13:16:15.071092  8624 tablet_bootstrap.cc:492] T 8fa061ca95e5401bba1f38fe56252f7f P 36e1ca393071498e88abda9f58351b98: No bootstrap required, opened a new log
I20260709 13:16:15.071808  8624 ts_tablet_manager.cc:1403] T 8fa061ca95e5401bba1f38fe56252f7f P 36e1ca393071498e88abda9f58351b98: Time spent bootstrapping tablet: real 0.243s	user 0.020s	sys 0.028s
I20260709 13:16:15.072335  8500 tablet_service.cc:1511] Processing CreateTablet for tablet 7df769bd1e074d3bb022887f5bd8d04a (DEFAULT_TABLE table=test-workload [id=869214e03f874d818c16d7cf957f5602]), partition=RANGE (key) PARTITION 1346726999 <= VALUES < 1383125026
I20260709 13:16:15.078531  8500 data_dirs.cc:400] Could only allocate 1 dirs of requested 3 for tablet 7df769bd1e074d3bb022887f5bd8d04a. 1 dirs total, 0 dirs full, 0 dirs failed
I20260709 13:16:15.082795  8573 tablet_service.cc:1511] Processing CreateTablet for tablet 7df769bd1e074d3bb022887f5bd8d04a (DEFAULT_TABLE table=test-workload [id=869214e03f874d818c16d7cf957f5602]), partition=RANGE (key) PARTITION 1346726999 <= VALUES < 1383125026
I20260709 13:16:15.090602  8573 data_dirs.cc:400] Could only allocate 1 dirs of requested 3 for tablet 7df769bd1e074d3bb022887f5bd8d04a. 1 dirs total, 0 dirs full, 0 dirs failed
I20260709 13:16:15.092119  8625 tablet_bootstrap.cc:492] T 189a70ebe1dd4206bff4f41c20ea40db P 2f680dd240754ec982fc5a2c1d61f69a: No bootstrap required, opened a new log
I20260709 13:16:15.092643  8625 ts_tablet_manager.cc:1403] T 189a70ebe1dd4206bff4f41c20ea40db P 2f680dd240754ec982fc5a2c1d61f69a: Time spent bootstrapping tablet: real 0.333s	user 0.012s	sys 0.007s
I20260709 13:16:15.095676  8626 tablet_bootstrap.cc:654] T a230dfbd2eac4287bd51d5a01aabdfa2 P f9e0bfd4c8e342609cb8f16060234253: Neither blocks nor log segments found. Creating new log.
I20260709 13:16:15.097558  8624 raft_consensus.cc:359] T 8fa061ca95e5401bba1f38fe56252f7f P 36e1ca393071498e88abda9f58351b98 [term 0 FOLLOWER]: Replica starting. Triggering 0 pending ops. Active config: opid_index: -1 OBSOLETE_local: false peers { permanent_uuid: "36e1ca393071498e88abda9f58351b98" member_type: VOTER last_known_addr { host: "127.7.33.129" port: 32973 } } peers { permanent_uuid: "f9e0bfd4c8e342609cb8f16060234253" member_type: VOTER last_known_addr { host: "127.7.33.130" port: 36409 } } peers { permanent_uuid: "2f680dd240754ec982fc5a2c1d61f69a" member_type: VOTER last_known_addr { host: "127.7.33.131" port: 44951 } }
I20260709 13:16:15.098740  8624 raft_consensus.cc:385] T 8fa061ca95e5401bba1f38fe56252f7f P 36e1ca393071498e88abda9f58351b98 [term 0 FOLLOWER]: Consensus starting up: Expiring failure detector timer to make a prompt election more likely
I20260709 13:16:15.105448  8566 tablet_service.cc:1511] Processing CreateTablet for tablet f3db971ff4ac4c46baa255d33b9570cd (DEFAULT_TABLE table=test-workload [id=869214e03f874d818c16d7cf957f5602]), partition=RANGE (key) PARTITION 1383125026 <= VALUES < 1419523053
I20260709 13:16:15.114321  8625 raft_consensus.cc:359] T 189a70ebe1dd4206bff4f41c20ea40db P 2f680dd240754ec982fc5a2c1d61f69a [term 0 FOLLOWER]: Replica starting. Triggering 0 pending ops. Active config: opid_index: -1 OBSOLETE_local: false peers { permanent_uuid: "36e1ca393071498e88abda9f58351b98" member_type: VOTER last_known_addr { host: "127.7.33.129" port: 32973 } } peers { permanent_uuid: "f9e0bfd4c8e342609cb8f16060234253" member_type: VOTER last_known_addr { host: "127.7.33.130" port: 36409 } } peers { permanent_uuid: "2f680dd240754ec982fc5a2c1d61f69a" member_type: VOTER last_known_addr { host: "127.7.33.131" port: 44951 } }
I20260709 13:16:15.115046  8625 raft_consensus.cc:385] T 189a70ebe1dd4206bff4f41c20ea40db P 2f680dd240754ec982fc5a2c1d61f69a [term 0 FOLLOWER]: Consensus starting up: Expiring failure detector timer to make a prompt election more likely
I20260709 13:16:15.115335  8625 raft_consensus.cc:740] T 189a70ebe1dd4206bff4f41c20ea40db P 2f680dd240754ec982fc5a2c1d61f69a [term 0 FOLLOWER]: Becoming Follower/Learner. State: Replica: 2f680dd240754ec982fc5a2c1d61f69a, State: Initialized, Role: FOLLOWER
I20260709 13:16:15.115505  8566 data_dirs.cc:400] Could only allocate 1 dirs of requested 3 for tablet f3db971ff4ac4c46baa255d33b9570cd. 1 dirs total, 0 dirs full, 0 dirs failed
I20260709 13:16:15.116043  8625 consensus_queue.cc:260] T 189a70ebe1dd4206bff4f41c20ea40db P 2f680dd240754ec982fc5a2c1d61f69a [NON_LEADER]: Queue going to NON_LEADER mode. State: All replicated index: 0, Majority replicated index: 0, Committed index: 0, Last appended: 0.0, Last appended by leader: 0, Current term: 0, Majority size: -1, State: 0, Mode: NON_LEADER, active raft config: opid_index: -1 OBSOLETE_local: false peers { permanent_uuid: "36e1ca393071498e88abda9f58351b98" member_type: VOTER last_known_addr { host: "127.7.33.129" port: 32973 } } peers { permanent_uuid: "f9e0bfd4c8e342609cb8f16060234253" member_type: VOTER last_known_addr { host: "127.7.33.130" port: 36409 } } peers { permanent_uuid: "2f680dd240754ec982fc5a2c1d61f69a" member_type: VOTER last_known_addr { host: "127.7.33.131" port: 44951 } }
I20260709 13:16:15.106628  8497 tablet_service.cc:1511] Processing CreateTablet for tablet 46695b6315b2478b9ec7d872cf03ada4 (DEFAULT_TABLE table=test-workload [id=869214e03f874d818c16d7cf957f5602]), partition=RANGE (key) PARTITION 1419523053 <= VALUES < 1455921080
I20260709 13:16:15.110045  8496 tablet_service.cc:1511] Processing CreateTablet for tablet c1a5e280c6314b07b981e7632b249189 (DEFAULT_TABLE table=test-workload [id=869214e03f874d818c16d7cf957f5602]), partition=RANGE (key) PARTITION 1455921080 <= VALUES < 1492319107
I20260709 13:16:15.117985  8496 data_dirs.cc:400] Could only allocate 1 dirs of requested 3 for tablet c1a5e280c6314b07b981e7632b249189. 1 dirs total, 0 dirs full, 0 dirs failed
I20260709 13:16:15.122489  8497 data_dirs.cc:400] Could only allocate 1 dirs of requested 3 for tablet 46695b6315b2478b9ec7d872cf03ada4. 1 dirs total, 0 dirs full, 0 dirs failed
I20260709 13:16:15.122959  8624 raft_consensus.cc:740] T 8fa061ca95e5401bba1f38fe56252f7f P 36e1ca393071498e88abda9f58351b98 [term 0 FOLLOWER]: Becoming Follower/Learner. State: Replica: 36e1ca393071498e88abda9f58351b98, State: Initialized, Role: FOLLOWER
I20260709 13:16:15.126454  8494 tablet_service.cc:1511] Processing CreateTablet for tablet f3db971ff4ac4c46baa255d33b9570cd (DEFAULT_TABLE table=test-workload [id=869214e03f874d818c16d7cf957f5602]), partition=RANGE (key) PARTITION 1383125026 <= VALUES < 1419523053
I20260709 13:16:15.127626  8624 consensus_queue.cc:260] T 8fa061ca95e5401bba1f38fe56252f7f P 36e1ca393071498e88abda9f58351b98 [NON_LEADER]: Queue going to NON_LEADER mode. State: All replicated index: 0, Majority replicated index: 0, Committed index: 0, Last appended: 0.0, Last appended by leader: 0, Current term: 0, Majority size: -1, State: 0, Mode: NON_LEADER, active raft config: opid_index: -1 OBSOLETE_local: false peers { permanent_uuid: "36e1ca393071498e88abda9f58351b98" member_type: VOTER last_known_addr { host: "127.7.33.129" port: 32973 } } peers { permanent_uuid: "f9e0bfd4c8e342609cb8f16060234253" member_type: VOTER last_known_addr { host: "127.7.33.130" port: 36409 } } peers { permanent_uuid: "2f680dd240754ec982fc5a2c1d61f69a" member_type: VOTER last_known_addr { host: "127.7.33.131" port: 44951 } }
I20260709 13:16:15.128636  8625 ts_tablet_manager.cc:1434] T 189a70ebe1dd4206bff4f41c20ea40db P 2f680dd240754ec982fc5a2c1d61f69a: Time spent starting tablet: real 0.021s	user 0.004s	sys 0.001s
I20260709 13:16:15.129688  8625 tablet_bootstrap.cc:492] T b0507495f1c642a2b1808ca79cd72454 P 2f680dd240754ec982fc5a2c1d61f69a: Bootstrap starting.
I20260709 13:16:15.134939  8624 ts_tablet_manager.cc:1434] T 8fa061ca95e5401bba1f38fe56252f7f P 36e1ca393071498e88abda9f58351b98: Time spent starting tablet: real 0.063s	user 0.008s	sys 0.003s
I20260709 13:16:15.109833  8565 tablet_service.cc:1511] Processing CreateTablet for tablet 46695b6315b2478b9ec7d872cf03ada4 (DEFAULT_TABLE table=test-workload [id=869214e03f874d818c16d7cf957f5602]), partition=RANGE (key) PARTITION 1419523053 <= VALUES < 1455921080
I20260709 13:16:15.137761  8494 data_dirs.cc:400] Could only allocate 1 dirs of requested 3 for tablet f3db971ff4ac4c46baa255d33b9570cd. 1 dirs total, 0 dirs full, 0 dirs failed
I20260709 13:16:15.138214  8565 data_dirs.cc:400] Could only allocate 1 dirs of requested 3 for tablet 46695b6315b2478b9ec7d872cf03ada4. 1 dirs total, 0 dirs full, 0 dirs failed
I20260709 13:16:15.110316  8584 raft_consensus.cc:2468] T e750610ae8cc4cc0825390fd7b47a877 P 2f680dd240754ec982fc5a2c1d61f69a [term 1 FOLLOWER]: Leader election vote request: Granting yes vote for candidate 36e1ca393071498e88abda9f58351b98 in term 1.
I20260709 13:16:15.113142  8425 tablet_service.cc:1511] Processing CreateTablet for tablet 46695b6315b2478b9ec7d872cf03ada4 (DEFAULT_TABLE table=test-workload [id=869214e03f874d818c16d7cf957f5602]), partition=RANGE (key) PARTITION 1419523053 <= VALUES < 1455921080
I20260709 13:16:15.114015  8421 tablet_service.cc:1511] Processing CreateTablet for tablet f3db971ff4ac4c46baa255d33b9570cd (DEFAULT_TABLE table=test-workload [id=869214e03f874d818c16d7cf957f5602]), partition=RANGE (key) PARTITION 1383125026 <= VALUES < 1419523053
I20260709 13:16:15.113029  8420 tablet_service.cc:1511] Processing CreateTablet for tablet c1a5e280c6314b07b981e7632b249189 (DEFAULT_TABLE table=test-workload [id=869214e03f874d818c16d7cf957f5602]), partition=RANGE (key) PARTITION 1455921080 <= VALUES < 1492319107
I20260709 13:16:15.146258  8425 data_dirs.cc:400] Could only allocate 1 dirs of requested 3 for tablet 46695b6315b2478b9ec7d872cf03ada4. 1 dirs total, 0 dirs full, 0 dirs failed
I20260709 13:16:15.147382  8420 data_dirs.cc:400] Could only allocate 1 dirs of requested 3 for tablet c1a5e280c6314b07b981e7632b249189. 1 dirs total, 0 dirs full, 0 dirs failed
I20260709 13:16:15.153976  8421 data_dirs.cc:400] Could only allocate 1 dirs of requested 3 for tablet f3db971ff4ac4c46baa255d33b9570cd. 1 dirs total, 0 dirs full, 0 dirs failed
I20260709 13:16:15.151664  8634 raft_consensus.cc:493] T 189a70ebe1dd4206bff4f41c20ea40db P 2f680dd240754ec982fc5a2c1d61f69a [term 0 FOLLOWER]: Starting pre-election (no leader contacted us within the election timeout)
I20260709 13:16:15.155730  8634 raft_consensus.cc:515] T 189a70ebe1dd4206bff4f41c20ea40db P 2f680dd240754ec982fc5a2c1d61f69a [term 0 FOLLOWER]: Starting pre-election with config: opid_index: -1 OBSOLETE_local: false peers { permanent_uuid: "36e1ca393071498e88abda9f58351b98" member_type: VOTER last_known_addr { host: "127.7.33.129" port: 32973 } } peers { permanent_uuid: "f9e0bfd4c8e342609cb8f16060234253" member_type: VOTER last_known_addr { host: "127.7.33.130" port: 36409 } } peers { permanent_uuid: "2f680dd240754ec982fc5a2c1d61f69a" member_type: VOTER last_known_addr { host: "127.7.33.131" port: 44951 } }
I20260709 13:16:15.158564  8400 leader_election.cc:304] T e750610ae8cc4cc0825390fd7b47a877 P 36e1ca393071498e88abda9f58351b98 [CANDIDATE]: Term 1 election: Election decided. Result: candidate won. Election summary: received 3 responses out of 3 voters: 2 yes votes; 1 no votes. yes voters: 2f680dd240754ec982fc5a2c1d61f69a, 36e1ca393071498e88abda9f58351b98; no voters: f9e0bfd4c8e342609cb8f16060234253
I20260709 13:16:15.160177  8629 raft_consensus.cc:2804] T e750610ae8cc4cc0825390fd7b47a877 P 36e1ca393071498e88abda9f58351b98 [term 1 FOLLOWER]: Leader election won for term 1
I20260709 13:16:15.136224  8625 tablet_bootstrap.cc:654] T b0507495f1c642a2b1808ca79cd72454 P 2f680dd240754ec982fc5a2c1d61f69a: Neither blocks nor log segments found. Creating new log.
I20260709 13:16:15.166342  8634 leader_election.cc:290] T 189a70ebe1dd4206bff4f41c20ea40db P 2f680dd240754ec982fc5a2c1d61f69a [CANDIDATE]: Term 1 pre-election: Requested pre-vote from peers 36e1ca393071498e88abda9f58351b98 (127.7.33.129:32973), f9e0bfd4c8e342609cb8f16060234253 (127.7.33.130:36409)
I20260709 13:16:15.172055  8624 tablet_bootstrap.cc:492] T 36b58869ab6c4cf3af196b8c68194e43 P 36e1ca393071498e88abda9f58351b98: Bootstrap starting.
I20260709 13:16:15.179466  8626 tablet_bootstrap.cc:492] T a230dfbd2eac4287bd51d5a01aabdfa2 P f9e0bfd4c8e342609cb8f16060234253: No bootstrap required, opened a new log
I20260709 13:16:15.179987  8626 ts_tablet_manager.cc:1403] T a230dfbd2eac4287bd51d5a01aabdfa2 P f9e0bfd4c8e342609cb8f16060234253: Time spent bootstrapping tablet: real 0.119s	user 0.052s	sys 0.027s
I20260709 13:16:15.194514  8569 tablet_service.cc:1511] Processing CreateTablet for tablet c1a5e280c6314b07b981e7632b249189 (DEFAULT_TABLE table=test-workload [id=869214e03f874d818c16d7cf957f5602]), partition=RANGE (key) PARTITION 1455921080 <= VALUES < 1492319107
I20260709 13:16:15.195860  8569 data_dirs.cc:400] Could only allocate 1 dirs of requested 3 for tablet c1a5e280c6314b07b981e7632b249189. 1 dirs total, 0 dirs full, 0 dirs failed
I20260709 13:16:15.199537  8435 tablet_service.cc:1917] Received RequestConsensusVote() RPC: tablet_id: "189a70ebe1dd4206bff4f41c20ea40db" candidate_uuid: "2f680dd240754ec982fc5a2c1d61f69a" candidate_term: 1 candidate_status { last_received { term: 0 index: 0 } } ignore_live_leader: false dest_uuid: "36e1ca393071498e88abda9f58351b98" is_pre_election: true
I20260709 13:16:15.199708  8423 tablet_service.cc:1511] Processing CreateTablet for tablet 6094ee5f178247f3be12f8589f5ebde2 (DEFAULT_TABLE table=test-workload [id=869214e03f874d818c16d7cf957f5602]), partition=RANGE (key) PARTITION 1492319107 <= VALUES < 1528717134
I20260709 13:16:15.200918  8423 data_dirs.cc:400] Could only allocate 1 dirs of requested 3 for tablet 6094ee5f178247f3be12f8589f5ebde2. 1 dirs total, 0 dirs full, 0 dirs failed
W20260709 13:16:15.202178  8549 leader_election.cc:343] T 189a70ebe1dd4206bff4f41c20ea40db P 2f680dd240754ec982fc5a2c1d61f69a [CANDIDATE]: Term 1 pre-election: Tablet error from VoteRequest() call to peer 36e1ca393071498e88abda9f58351b98 (127.7.33.129:32973): Illegal state: must be running to vote when last-logged opid is not known
I20260709 13:16:15.208806  8570 tablet_service.cc:1511] Processing CreateTablet for tablet 6094ee5f178247f3be12f8589f5ebde2 (DEFAULT_TABLE table=test-workload [id=869214e03f874d818c16d7cf957f5602]), partition=RANGE (key) PARTITION 1492319107 <= VALUES < 1528717134
I20260709 13:16:15.210191  8570 data_dirs.cc:400] Could only allocate 1 dirs of requested 3 for tablet 6094ee5f178247f3be12f8589f5ebde2. 1 dirs total, 0 dirs full, 0 dirs failed
I20260709 13:16:15.211947  8625 tablet_bootstrap.cc:492] T b0507495f1c642a2b1808ca79cd72454 P 2f680dd240754ec982fc5a2c1d61f69a: No bootstrap required, opened a new log
I20260709 13:16:15.212539  8625 ts_tablet_manager.cc:1403] T b0507495f1c642a2b1808ca79cd72454 P 2f680dd240754ec982fc5a2c1d61f69a: Time spent bootstrapping tablet: real 0.083s	user 0.011s	sys 0.002s
I20260709 13:16:15.214998  8494 tablet_service.cc:1511] Processing CreateTablet for tablet bc7ec9763df5495d8bf8b3910399646a (DEFAULT_TABLE table=test-workload [id=869214e03f874d818c16d7cf957f5602]), partition=RANGE (key) PARTITION 1528717134 <= VALUES < 1565115161
I20260709 13:16:15.215118  8416 tablet_service.cc:1511] Processing CreateTablet for tablet bc7ec9763df5495d8bf8b3910399646a (DEFAULT_TABLE table=test-workload [id=869214e03f874d818c16d7cf957f5602]), partition=RANGE (key) PARTITION 1528717134 <= VALUES < 1565115161
I20260709 13:16:15.216527  8494 data_dirs.cc:400] Could only allocate 1 dirs of requested 3 for tablet bc7ec9763df5495d8bf8b3910399646a. 1 dirs total, 0 dirs full, 0 dirs failed
I20260709 13:16:15.216586  8416 data_dirs.cc:400] Could only allocate 1 dirs of requested 3 for tablet bc7ec9763df5495d8bf8b3910399646a. 1 dirs total, 0 dirs full, 0 dirs failed
I20260709 13:16:15.220255  8422 tablet_service.cc:1511] Processing CreateTablet for tablet 2a3ea30ad7084d4385504ac6f9583aa2 (DEFAULT_TABLE table=test-workload [id=869214e03f874d818c16d7cf957f5602]), partition=RANGE (key) PARTITION 1565115161 <= VALUES < 1601513188
I20260709 13:16:15.221661  8422 data_dirs.cc:400] Could only allocate 1 dirs of requested 3 for tablet 2a3ea30ad7084d4385504ac6f9583aa2. 1 dirs total, 0 dirs full, 0 dirs failed
I20260709 13:16:15.222327  8509 tablet_service.cc:1917] Received RequestConsensusVote() RPC: tablet_id: "189a70ebe1dd4206bff4f41c20ea40db" candidate_uuid: "2f680dd240754ec982fc5a2c1d61f69a" candidate_term: 1 candidate_status { last_received { term: 0 index: 0 } } ignore_live_leader: false dest_uuid: "f9e0bfd4c8e342609cb8f16060234253" is_pre_election: true
I20260709 13:16:15.225039  8568 tablet_service.cc:1511] Processing CreateTablet for tablet bc7ec9763df5495d8bf8b3910399646a (DEFAULT_TABLE table=test-workload [id=869214e03f874d818c16d7cf957f5602]), partition=RANGE (key) PARTITION 1528717134 <= VALUES < 1565115161
I20260709 13:16:15.226347  8568 data_dirs.cc:400] Could only allocate 1 dirs of requested 3 for tablet bc7ec9763df5495d8bf8b3910399646a. 1 dirs total, 0 dirs full, 0 dirs failed
I20260709 13:16:15.231164  8626 raft_consensus.cc:359] T a230dfbd2eac4287bd51d5a01aabdfa2 P f9e0bfd4c8e342609cb8f16060234253 [term 0 FOLLOWER]: Replica starting. Triggering 0 pending ops. Active config: opid_index: -1 OBSOLETE_local: false peers { permanent_uuid: "36e1ca393071498e88abda9f58351b98" member_type: VOTER last_known_addr { host: "127.7.33.129" port: 32973 } } peers { permanent_uuid: "f9e0bfd4c8e342609cb8f16060234253" member_type: VOTER last_known_addr { host: "127.7.33.130" port: 36409 } } peers { permanent_uuid: "2f680dd240754ec982fc5a2c1d61f69a" member_type: VOTER last_known_addr { host: "127.7.33.131" port: 44951 } }
I20260709 13:16:15.232072  8626 raft_consensus.cc:385] T a230dfbd2eac4287bd51d5a01aabdfa2 P f9e0bfd4c8e342609cb8f16060234253 [term 0 FOLLOWER]: Consensus starting up: Expiring failure detector timer to make a prompt election more likely
I20260709 13:16:15.232461  8626 raft_consensus.cc:740] T a230dfbd2eac4287bd51d5a01aabdfa2 P f9e0bfd4c8e342609cb8f16060234253 [term 0 FOLLOWER]: Becoming Follower/Learner. State: Replica: f9e0bfd4c8e342609cb8f16060234253, State: Initialized, Role: FOLLOWER
W20260709 13:16:15.245985  8547 leader_election.cc:343] T 189a70ebe1dd4206bff4f41c20ea40db P 2f680dd240754ec982fc5a2c1d61f69a [CANDIDATE]: Term 1 pre-election: Tablet error from VoteRequest() call to peer f9e0bfd4c8e342609cb8f16060234253 (127.7.33.130:36409): Illegal state: must be running to vote when last-logged opid is not known
I20260709 13:16:15.245879  8500 tablet_service.cc:1511] Processing CreateTablet for tablet 6e31ac11c4c9443cbd3eb261856ba0d2 (DEFAULT_TABLE table=test-workload [id=869214e03f874d818c16d7cf957f5602]), partition=RANGE (key) PARTITION 1601513188 <= VALUES < 1637911215
I20260709 13:16:15.246614  8547 leader_election.cc:304] T 189a70ebe1dd4206bff4f41c20ea40db P 2f680dd240754ec982fc5a2c1d61f69a [CANDIDATE]: Term 1 pre-election: Election decided. Result: candidate lost. Election summary: received 3 responses out of 3 voters: 1 yes votes; 2 no votes. yes voters: 2f680dd240754ec982fc5a2c1d61f69a; no voters: 36e1ca393071498e88abda9f58351b98, f9e0bfd4c8e342609cb8f16060234253
I20260709 13:16:15.246048  8626 consensus_queue.cc:260] T a230dfbd2eac4287bd51d5a01aabdfa2 P f9e0bfd4c8e342609cb8f16060234253 [NON_LEADER]: Queue going to NON_LEADER mode. State: All replicated index: 0, Majority replicated index: 0, Committed index: 0, Last appended: 0.0, Last appended by leader: 0, Current term: 0, Majority size: -1, State: 0, Mode: NON_LEADER, active raft config: opid_index: -1 OBSOLETE_local: false peers { permanent_uuid: "36e1ca393071498e88abda9f58351b98" member_type: VOTER last_known_addr { host: "127.7.33.129" port: 32973 } } peers { permanent_uuid: "f9e0bfd4c8e342609cb8f16060234253" member_type: VOTER last_known_addr { host: "127.7.33.130" port: 36409 } } peers { permanent_uuid: "2f680dd240754ec982fc5a2c1d61f69a" member_type: VOTER last_known_addr { host: "127.7.33.131" port: 44951 } }
I20260709 13:16:15.247575  8500 data_dirs.cc:400] Could only allocate 1 dirs of requested 3 for tablet 6e31ac11c4c9443cbd3eb261856ba0d2. 1 dirs total, 0 dirs full, 0 dirs failed
I20260709 13:16:15.236196  8624 tablet_bootstrap.cc:654] T 36b58869ab6c4cf3af196b8c68194e43 P 36e1ca393071498e88abda9f58351b98: Neither blocks nor log segments found. Creating new log.
I20260709 13:16:15.247994  8634 raft_consensus.cc:2749] T 189a70ebe1dd4206bff4f41c20ea40db P 2f680dd240754ec982fc5a2c1d61f69a [term 0 FOLLOWER]: Leader pre-election lost for term 1. Reason: could not achieve majority
I20260709 13:16:15.247852  8572 tablet_service.cc:1511] Processing CreateTablet for tablet 6e31ac11c4c9443cbd3eb261856ba0d2 (DEFAULT_TABLE table=test-workload [id=869214e03f874d818c16d7cf957f5602]), partition=RANGE (key) PARTITION 1601513188 <= VALUES < 1637911215
I20260709 13:16:15.237504  8629 raft_consensus.cc:697] T e750610ae8cc4cc0825390fd7b47a877 P 36e1ca393071498e88abda9f58351b98 [term 1 LEADER]: Becoming Leader. State: Replica: 36e1ca393071498e88abda9f58351b98, State: Running, Role: LEADER
I20260709 13:16:15.249244  8572 data_dirs.cc:400] Could only allocate 1 dirs of requested 3 for tablet 6e31ac11c4c9443cbd3eb261856ba0d2. 1 dirs total, 0 dirs full, 0 dirs failed
I20260709 13:16:15.249152  8629 consensus_queue.cc:237] T e750610ae8cc4cc0825390fd7b47a877 P 36e1ca393071498e88abda9f58351b98 [LEADER]: Queue going to LEADER mode. State: All replicated index: 0, Majority replicated index: 0, Committed index: 0, Last appended: 0.0, Last appended by leader: 0, Current term: 1, Majority size: 2, State: 0, Mode: LEADER, active raft config: opid_index: -1 OBSOLETE_local: false peers { permanent_uuid: "36e1ca393071498e88abda9f58351b98" member_type: VOTER last_known_addr { host: "127.7.33.129" port: 32973 } } peers { permanent_uuid: "2f680dd240754ec982fc5a2c1d61f69a" member_type: VOTER last_known_addr { host: "127.7.33.131" port: 44951 } } peers { permanent_uuid: "f9e0bfd4c8e342609cb8f16060234253" member_type: VOTER last_known_addr { host: "127.7.33.130" port: 36409 } }
I20260709 13:16:15.241827  8625 raft_consensus.cc:359] T b0507495f1c642a2b1808ca79cd72454 P 2f680dd240754ec982fc5a2c1d61f69a [term 0 FOLLOWER]: Replica starting. Triggering 0 pending ops. Active config: opid_index: -1 OBSOLETE_local: false peers { permanent_uuid: "36e1ca393071498e88abda9f58351b98" member_type: VOTER last_known_addr { host: "127.7.33.129" port: 32973 } } peers { permanent_uuid: "f9e0bfd4c8e342609cb8f16060234253" member_type: VOTER last_known_addr { host: "127.7.33.130" port: 36409 } } peers { permanent_uuid: "2f680dd240754ec982fc5a2c1d61f69a" member_type: VOTER last_known_addr { host: "127.7.33.131" port: 44951 } }
I20260709 13:16:15.242120  8571 tablet_service.cc:1511] Processing CreateTablet for tablet 2a3ea30ad7084d4385504ac6f9583aa2 (DEFAULT_TABLE table=test-workload [id=869214e03f874d818c16d7cf957f5602]), partition=RANGE (key) PARTITION 1565115161 <= VALUES < 1601513188
I20260709 13:16:15.255570  8571 data_dirs.cc:400] Could only allocate 1 dirs of requested 3 for tablet 2a3ea30ad7084d4385504ac6f9583aa2. 1 dirs total, 0 dirs full, 0 dirs failed
I20260709 13:16:15.261709  8648 raft_consensus.cc:493] T a8c4a542cd5d46f7b41fbb369e1606ec P 36e1ca393071498e88abda9f58351b98 [term 0 FOLLOWER]: Starting pre-election (no leader contacted us within the election timeout)
I20260709 13:16:15.256901  8419 tablet_service.cc:1511] Processing CreateTablet for tablet 560ddb655384438e9789b4a502b54c1f (DEFAULT_TABLE table=test-workload [id=869214e03f874d818c16d7cf957f5602]), partition=RANGE (key) PARTITION 1637911215 <= VALUES < 1674309242
I20260709 13:16:15.262259  8648 raft_consensus.cc:515] T a8c4a542cd5d46f7b41fbb369e1606ec P 36e1ca393071498e88abda9f58351b98 [term 0 FOLLOWER]: Starting pre-election with config: opid_index: -1 OBSOLETE_local: false peers { permanent_uuid: "36e1ca393071498e88abda9f58351b98" member_type: VOTER last_known_addr { host: "127.7.33.129" port: 32973 } } peers { permanent_uuid: "f9e0bfd4c8e342609cb8f16060234253" member_type: VOTER last_known_addr { host: "127.7.33.130" port: 36409 } } peers { permanent_uuid: "2f680dd240754ec982fc5a2c1d61f69a" member_type: VOTER last_known_addr { host: "127.7.33.131" port: 44951 } }
I20260709 13:16:15.263368  8419 data_dirs.cc:400] Could only allocate 1 dirs of requested 3 for tablet 560ddb655384438e9789b4a502b54c1f. 1 dirs total, 0 dirs full, 0 dirs failed
I20260709 13:16:15.265576  8509 tablet_service.cc:1917] Received RequestConsensusVote() RPC: tablet_id: "a8c4a542cd5d46f7b41fbb369e1606ec" candidate_uuid: "36e1ca393071498e88abda9f58351b98" candidate_term: 1 candidate_status { last_received { term: 0 index: 0 } } ignore_live_leader: false dest_uuid: "f9e0bfd4c8e342609cb8f16060234253" is_pre_election: true
I20260709 13:16:15.265761  8584 tablet_service.cc:1917] Received RequestConsensusVote() RPC: tablet_id: "a8c4a542cd5d46f7b41fbb369e1606ec" candidate_uuid: "36e1ca393071498e88abda9f58351b98" candidate_term: 1 candidate_status { last_received { term: 0 index: 0 } } ignore_live_leader: false dest_uuid: "2f680dd240754ec982fc5a2c1d61f69a" is_pre_election: true
I20260709 13:16:15.266290  8509 raft_consensus.cc:2468] T a8c4a542cd5d46f7b41fbb369e1606ec P f9e0bfd4c8e342609cb8f16060234253 [term 0 FOLLOWER]: Leader pre-election vote request: Granting yes vote for candidate 36e1ca393071498e88abda9f58351b98 in term 0.
W20260709 13:16:15.267247  8400 leader_election.cc:343] T a8c4a542cd5d46f7b41fbb369e1606ec P 36e1ca393071498e88abda9f58351b98 [CANDIDATE]: Term 1 pre-election: Tablet error from VoteRequest() call to peer 2f680dd240754ec982fc5a2c1d61f69a (127.7.33.131:44951): Illegal state: must be running to vote when last-logged opid is not known
I20260709 13:16:15.267791  8398 leader_election.cc:304] T a8c4a542cd5d46f7b41fbb369e1606ec P 36e1ca393071498e88abda9f58351b98 [CANDIDATE]: Term 1 pre-election: Election decided. Result: candidate won. Election summary: received 3 responses out of 3 voters: 2 yes votes; 1 no votes. yes voters: 36e1ca393071498e88abda9f58351b98, f9e0bfd4c8e342609cb8f16060234253; no voters: 2f680dd240754ec982fc5a2c1d61f69a
I20260709 13:16:15.247828  8499 tablet_service.cc:1511] Processing CreateTablet for tablet 6094ee5f178247f3be12f8589f5ebde2 (DEFAULT_TABLE table=test-workload [id=869214e03f874d818c16d7cf957f5602]), partition=RANGE (key) PARTITION 1492319107 <= VALUES < 1528717134
I20260709 13:16:15.253783  8626 ts_tablet_manager.cc:1434] T a230dfbd2eac4287bd51d5a01aabdfa2 P f9e0bfd4c8e342609cb8f16060234253: Time spent starting tablet: real 0.072s	user 0.005s	sys 0.003s
I20260709 13:16:15.245873  8422 tablet_service.cc:1511] Processing CreateTablet for tablet 6e31ac11c4c9443cbd3eb261856ba0d2 (DEFAULT_TABLE table=test-workload [id=869214e03f874d818c16d7cf957f5602]), partition=RANGE (key) PARTITION 1601513188 <= VALUES < 1637911215
I20260709 13:16:15.293483  8422 data_dirs.cc:400] Could only allocate 1 dirs of requested 3 for tablet 6e31ac11c4c9443cbd3eb261856ba0d2. 1 dirs total, 0 dirs full, 0 dirs failed
I20260709 13:16:15.269078  8625 raft_consensus.cc:385] T b0507495f1c642a2b1808ca79cd72454 P 2f680dd240754ec982fc5a2c1d61f69a [term 0 FOLLOWER]: Consensus starting up: Expiring failure detector timer to make a prompt election more likely
I20260709 13:16:15.297820  8625 raft_consensus.cc:740] T b0507495f1c642a2b1808ca79cd72454 P 2f680dd240754ec982fc5a2c1d61f69a [term 0 FOLLOWER]: Becoming Follower/Learner. State: Replica: 2f680dd240754ec982fc5a2c1d61f69a, State: Initialized, Role: FOLLOWER
