I20260709 13:15:57.129827  6871 consensus_queue.cc:237] T a3f34f54cb1847168785301cac362bfa P 6cf68cf3e1c04999b393aad3197050a6 [LEADER]: Queue going to LEADER mode. State: All replicated index: 0, Majority replicated index: 2, Committed index: 2, Last appended: 2.2, Last appended by leader: 2, Current term: 3, Majority size: 2, State: 0, Mode: LEADER, active raft config: opid_index: -1 OBSOLETE_local: false peers { permanent_uuid: "6cf68cf3e1c04999b393aad3197050a6" member_type: VOTER last_known_addr { host: "127.6.74.194" port: 45889 } } peers { permanent_uuid: "ae526b12792e443a816f5e02db0cd466" member_type: VOTER last_known_addr { host: "127.6.74.193" port: 44335 } } peers { permanent_uuid: "d1bba0482ce74c37bef5bb3682980e8b" member_type: VOTER last_known_addr { host: "127.6.74.195" port: 45627 } }
I20260709 13:15:57.135890  6575 raft_consensus.cc:2468] T a3f34f54cb1847168785301cac362bfa P ae526b12792e443a816f5e02db0cd466 [term 3 FOLLOWER]: Leader election vote request: Granting yes vote for candidate 6cf68cf3e1c04999b393aad3197050a6 in term 3.
I20260709 13:15:57.138267  6473 catalog_manager.cc:5697] T 9945c83a91254b4092c263239573f1f6 P 6cf68cf3e1c04999b393aad3197050a6 reported cstate change: term changed from 3 to 4, leader changed from d1bba0482ce74c37bef5bb3682980e8b (127.6.74.195) to 6cf68cf3e1c04999b393aad3197050a6 (127.6.74.194). New cstate: current_term: 4 leader_uuid: "6cf68cf3e1c04999b393aad3197050a6" committed_config { opid_index: -1 OBSOLETE_local: false peers { permanent_uuid: "ae526b12792e443a816f5e02db0cd466" member_type: VOTER last_known_addr { host: "127.6.74.193" port: 44335 } health_report { overall_health: UNKNOWN } } peers { permanent_uuid: "6cf68cf3e1c04999b393aad3197050a6" member_type: VOTER last_known_addr { host: "127.6.74.194" port: 45889 } health_report { overall_health: HEALTHY } } peers { permanent_uuid: "d1bba0482ce74c37bef5bb3682980e8b" member_type: VOTER last_known_addr { host: "127.6.74.195" port: 45627 } health_report { overall_health: UNKNOWN } } }
I20260709 13:15:57.151060  6473 catalog_manager.cc:5697] T a3f34f54cb1847168785301cac362bfa P 6cf68cf3e1c04999b393aad3197050a6 reported cstate change: term changed from 2 to 3, leader changed from ae526b12792e443a816f5e02db0cd466 (127.6.74.193) to 6cf68cf3e1c04999b393aad3197050a6 (127.6.74.194). New cstate: current_term: 3 leader_uuid: "6cf68cf3e1c04999b393aad3197050a6" committed_config { opid_index: -1 OBSOLETE_local: false peers { permanent_uuid: "6cf68cf3e1c04999b393aad3197050a6" member_type: VOTER last_known_addr { host: "127.6.74.194" port: 45889 } health_report { overall_health: HEALTHY } } peers { permanent_uuid: "ae526b12792e443a816f5e02db0cd466" member_type: VOTER last_known_addr { host: "127.6.74.193" port: 44335 } health_report { overall_health: UNKNOWN } } peers { permanent_uuid: "d1bba0482ce74c37bef5bb3682980e8b" member_type: VOTER last_known_addr { host: "127.6.74.195" port: 45627 } health_report { overall_health: UNKNOWN } } }
W20260709 13:15:57.491973  6599 debug-util.cc:398] Leaking SignalData structure 0x7b08000e5060 after lost signal to thread 6446
W20260709 13:15:57.492992  6599 debug-util.cc:398] Leaking SignalData structure 0x7b08000e5740 after lost signal to thread 6509
W20260709 13:15:57.494251  6599 debug-util.cc:398] Leaking SignalData structure 0x7b08001b0760 after lost signal to thread 6677
W20260709 13:15:57.494989  6599 debug-util.cc:398] Leaking SignalData structure 0x7b08001e8a80 after lost signal to thread 6751
I20260709 13:15:57.499605  6575 raft_consensus.cc:1275] T 29b2fec19fdc4b78a9c1d94e26e61b1d P ae526b12792e443a816f5e02db0cd466 [term 3 FOLLOWER]: Refusing update from remote peer 6cf68cf3e1c04999b393aad3197050a6: Log matching property violated. Preceding OpId in replica: term: 2 index: 2. Preceding OpId from leader: term: 3 index: 3. (index mismatch)
I20260709 13:15:57.500957  6871 consensus_queue.cc:1048] T 29b2fec19fdc4b78a9c1d94e26e61b1d P 6cf68cf3e1c04999b393aad3197050a6 [LEADER]: Connected to new peer: Peer: permanent_uuid: "ae526b12792e443a816f5e02db0cd466" member_type: VOTER last_known_addr { host: "127.6.74.193" port: 44335 }, Status: LMP_MISMATCH, Last received: 0.0, Next index: 3, Last known committed idx: 2, Time since last communication: 0.000s
I20260709 13:15:57.510622  6727 raft_consensus.cc:1275] T 29b2fec19fdc4b78a9c1d94e26e61b1d P d1bba0482ce74c37bef5bb3682980e8b [term 3 FOLLOWER]: Refusing update from remote peer 6cf68cf3e1c04999b393aad3197050a6: Log matching property violated. Preceding OpId in replica: term: 2 index: 2. Preceding OpId from leader: term: 3 index: 3. (index mismatch)
I20260709 13:15:57.512035  6874 consensus_queue.cc:1048] T 29b2fec19fdc4b78a9c1d94e26e61b1d P 6cf68cf3e1c04999b393aad3197050a6 [LEADER]: Connected to new peer: Peer: permanent_uuid: "d1bba0482ce74c37bef5bb3682980e8b" member_type: VOTER last_known_addr { host: "127.6.74.195" port: 45627 }, Status: LMP_MISMATCH, Last received: 0.0, Next index: 3, Last known committed idx: 2, Time since last communication: 0.001s
I20260709 13:15:57.535907  6575 raft_consensus.cc:1275] T 68b854d235e3425c8626773320078a2a P ae526b12792e443a816f5e02db0cd466 [term 3 FOLLOWER]: Refusing update from remote peer 6cf68cf3e1c04999b393aad3197050a6: Log matching property violated. Preceding OpId in replica: term: 2 index: 2. Preceding OpId from leader: term: 3 index: 3. (index mismatch)
I20260709 13:15:57.537629  6874 consensus_queue.cc:1048] T 68b854d235e3425c8626773320078a2a P 6cf68cf3e1c04999b393aad3197050a6 [LEADER]: Connected to new peer: Peer: permanent_uuid: "ae526b12792e443a816f5e02db0cd466" member_type: VOTER last_known_addr { host: "127.6.74.193" port: 44335 }, Status: LMP_MISMATCH, Last received: 0.0, Next index: 3, Last known committed idx: 2, Time since last communication: 0.001s
I20260709 13:15:57.547861  6727 raft_consensus.cc:1275] T 68b854d235e3425c8626773320078a2a P d1bba0482ce74c37bef5bb3682980e8b [term 3 FOLLOWER]: Refusing update from remote peer 6cf68cf3e1c04999b393aad3197050a6: Log matching property violated. Preceding OpId in replica: term: 2 index: 2. Preceding OpId from leader: term: 3 index: 3. (index mismatch)
I20260709 13:15:57.556077  6871 consensus_queue.cc:1048] T 68b854d235e3425c8626773320078a2a P 6cf68cf3e1c04999b393aad3197050a6 [LEADER]: Connected to new peer: Peer: permanent_uuid: "d1bba0482ce74c37bef5bb3682980e8b" member_type: VOTER last_known_addr { host: "127.6.74.195" port: 45627 }, Status: LMP_MISMATCH, Last received: 0.0, Next index: 3, Last known committed idx: 2, Time since last communication: 0.001s
I20260709 13:15:57.564075  6726 raft_consensus.cc:1275] T 92bd081894b04d26b6c4a31c06a08ef7 P d1bba0482ce74c37bef5bb3682980e8b [term 3 FOLLOWER]: Refusing update from remote peer 6cf68cf3e1c04999b393aad3197050a6: Log matching property violated. Preceding OpId in replica: term: 2 index: 2. Preceding OpId from leader: term: 3 index: 3. (index mismatch)
I20260709 13:15:57.565893  6871 consensus_queue.cc:1048] T 92bd081894b04d26b6c4a31c06a08ef7 P 6cf68cf3e1c04999b393aad3197050a6 [LEADER]: Connected to new peer: Peer: permanent_uuid: "d1bba0482ce74c37bef5bb3682980e8b" member_type: VOTER last_known_addr { host: "127.6.74.195" port: 45627 }, Status: LMP_MISMATCH, Last received: 0.0, Next index: 3, Last known committed idx: 2, Time since last communication: 0.000s
I20260709 13:15:57.578006  6575 raft_consensus.cc:1275] T 92bd081894b04d26b6c4a31c06a08ef7 P ae526b12792e443a816f5e02db0cd466 [term 3 FOLLOWER]: Refusing update from remote peer 6cf68cf3e1c04999b393aad3197050a6: Log matching property violated. Preceding OpId in replica: term: 2 index: 2. Preceding OpId from leader: term: 3 index: 3. (index mismatch)
I20260709 13:15:57.582710  6878 consensus_queue.cc:1048] T 92bd081894b04d26b6c4a31c06a08ef7 P 6cf68cf3e1c04999b393aad3197050a6 [LEADER]: Connected to new peer: Peer: permanent_uuid: "ae526b12792e443a816f5e02db0cd466" member_type: VOTER last_known_addr { host: "127.6.74.193" port: 44335 }, Status: LMP_MISMATCH, Last received: 0.0, Next index: 3, Last known committed idx: 2, Time since last communication: 0.000s
I20260709 13:15:57.593474  6575 raft_consensus.cc:1275] T 9945c83a91254b4092c263239573f1f6 P ae526b12792e443a816f5e02db0cd466 [term 4 FOLLOWER]: Refusing update from remote peer 6cf68cf3e1c04999b393aad3197050a6: Log matching property violated. Preceding OpId in replica: term: 3 index: 3. Preceding OpId from leader: term: 4 index: 4. (index mismatch)
I20260709 13:15:57.595878  6878 consensus_queue.cc:1048] T 9945c83a91254b4092c263239573f1f6 P 6cf68cf3e1c04999b393aad3197050a6 [LEADER]: Connected to new peer: Peer: permanent_uuid: "ae526b12792e443a816f5e02db0cd466" member_type: VOTER last_known_addr { host: "127.6.74.193" port: 44335 }, Status: LMP_MISMATCH, Last received: 0.0, Next index: 4, Last known committed idx: 3, Time since last communication: 0.000s
I20260709 13:15:57.604993  6727 raft_consensus.cc:1275] T 9945c83a91254b4092c263239573f1f6 P d1bba0482ce74c37bef5bb3682980e8b [term 4 FOLLOWER]: Refusing update from remote peer 6cf68cf3e1c04999b393aad3197050a6: Log matching property violated. Preceding OpId in replica: term: 3 index: 3. Preceding OpId from leader: term: 4 index: 4. (index mismatch)
I20260709 13:15:57.610685  6902 consensus_queue.cc:1048] T 9945c83a91254b4092c263239573f1f6 P 6cf68cf3e1c04999b393aad3197050a6 [LEADER]: Connected to new peer: Peer: permanent_uuid: "d1bba0482ce74c37bef5bb3682980e8b" member_type: VOTER last_known_addr { host: "127.6.74.195" port: 45627 }, Status: LMP_MISMATCH, Last received: 0.0, Next index: 4, Last known committed idx: 3, Time since last communication: 0.000s
I20260709 13:15:57.686127  6727 raft_consensus.cc:1275] T a3f34f54cb1847168785301cac362bfa P d1bba0482ce74c37bef5bb3682980e8b [term 3 FOLLOWER]: Refusing update from remote peer 6cf68cf3e1c04999b393aad3197050a6: Log matching property violated. Preceding OpId in replica: term: 2 index: 2. Preceding OpId from leader: term: 3 index: 3. (index mismatch)
I20260709 13:15:57.687708  6871 consensus_queue.cc:1048] T a3f34f54cb1847168785301cac362bfa P 6cf68cf3e1c04999b393aad3197050a6 [LEADER]: Connected to new peer: Peer: permanent_uuid: "d1bba0482ce74c37bef5bb3682980e8b" member_type: VOTER last_known_addr { host: "127.6.74.195" port: 45627 }, Status: LMP_MISMATCH, Last received: 0.0, Next index: 3, Last known committed idx: 2, Time since last communication: 0.000s
I20260709 13:15:57.700855  6575 raft_consensus.cc:1275] T a3f34f54cb1847168785301cac362bfa P ae526b12792e443a816f5e02db0cd466 [term 3 FOLLOWER]: Refusing update from remote peer 6cf68cf3e1c04999b393aad3197050a6: Log matching property violated. Preceding OpId in replica: term: 2 index: 2. Preceding OpId from leader: term: 3 index: 3. (index mismatch)
I20260709 13:15:57.702270  6902 consensus_queue.cc:1048] T a3f34f54cb1847168785301cac362bfa P 6cf68cf3e1c04999b393aad3197050a6 [LEADER]: Connected to new peer: Peer: permanent_uuid: "ae526b12792e443a816f5e02db0cd466" member_type: VOTER last_known_addr { host: "127.6.74.193" port: 44335 }, Status: LMP_MISMATCH, Last received: 0.0, Next index: 3, Last known committed idx: 2, Time since last communication: 0.000s
I20260709 13:15:59.805342  6443 auto_leader_rebalancer.cc:141] leader rebalance for table test-workload
I20260709 13:15:59.814043  6652 tablet_service.cc:2072] Received LeaderStepDown RPC: tablet_id: "29b2fec19fdc4b78a9c1d94e26e61b1d"
dest_uuid: "6cf68cf3e1c04999b393aad3197050a6"
mode: GRACEFUL
new_leader_uuid: "ae526b12792e443a816f5e02db0cd466"
 from {username='slave'} at 127.0.0.1:51590
I20260709 13:15:59.814926  6652 raft_consensus.cc:606] T 29b2fec19fdc4b78a9c1d94e26e61b1d P 6cf68cf3e1c04999b393aad3197050a6 [term 3 LEADER]: Received request to transfer leadership to TS ae526b12792e443a816f5e02db0cd466
I20260709 13:15:59.818306  6652 tablet_service.cc:2072] Received LeaderStepDown RPC: tablet_id: "38adec6ae3c141be8d924706a808cb58"
dest_uuid: "6cf68cf3e1c04999b393aad3197050a6"
mode: GRACEFUL
new_leader_uuid: "ae526b12792e443a816f5e02db0cd466"
 from {username='slave'} at 127.0.0.1:51590
I20260709 13:15:59.818845  6652 raft_consensus.cc:606] T 38adec6ae3c141be8d924706a808cb58 P 6cf68cf3e1c04999b393aad3197050a6 [term 2 LEADER]: Received request to transfer leadership to TS ae526b12792e443a816f5e02db0cd466
I20260709 13:15:59.821619  6652 tablet_service.cc:2072] Received LeaderStepDown RPC: tablet_id: "3ebfa64db8e54ebba553cf4c536c99fc"
dest_uuid: "6cf68cf3e1c04999b393aad3197050a6"
mode: GRACEFUL
new_leader_uuid: "ae526b12792e443a816f5e02db0cd466"
 from {username='slave'} at 127.0.0.1:51590
I20260709 13:15:59.822127  6652 raft_consensus.cc:606] T 3ebfa64db8e54ebba553cf4c536c99fc P 6cf68cf3e1c04999b393aad3197050a6 [term 1 LEADER]: Received request to transfer leadership to TS ae526b12792e443a816f5e02db0cd466
I20260709 13:15:59.824571  6652 tablet_service.cc:2072] Received LeaderStepDown RPC: tablet_id: "a3f34f54cb1847168785301cac362bfa"
dest_uuid: "6cf68cf3e1c04999b393aad3197050a6"
mode: GRACEFUL
new_leader_uuid: "d1bba0482ce74c37bef5bb3682980e8b"
 from {username='slave'} at 127.0.0.1:51590
I20260709 13:15:59.825214  6652 raft_consensus.cc:606] T a3f34f54cb1847168785301cac362bfa P 6cf68cf3e1c04999b393aad3197050a6 [term 3 LEADER]: Received request to transfer leadership to TS d1bba0482ce74c37bef5bb3682980e8b
I20260709 13:15:59.827654  6652 tablet_service.cc:2072] Received LeaderStepDown RPC: tablet_id: "c36f7478ce284e32b943da05b8644748"
dest_uuid: "6cf68cf3e1c04999b393aad3197050a6"
mode: GRACEFUL
new_leader_uuid: "d1bba0482ce74c37bef5bb3682980e8b"
 from {username='slave'} at 127.0.0.1:51590
I20260709 13:15:59.828215  6652 raft_consensus.cc:606] T c36f7478ce284e32b943da05b8644748 P 6cf68cf3e1c04999b393aad3197050a6 [term 3 LEADER]: Received request to transfer leadership to TS d1bba0482ce74c37bef5bb3682980e8b
I20260709 13:15:59.829356  6443 auto_leader_rebalancer.cc:452] table: test-workload, leader rebalance finish, leader transfer count: 5
I20260709 13:15:59.829792  6443 auto_leader_rebalancer.cc:527] All tables' leader rebalancing finished this round
I20260709 13:15:59.849052  6907 raft_consensus.cc:993] T 38adec6ae3c141be8d924706a808cb58 P 6cf68cf3e1c04999b393aad3197050a6: : Instructing follower ae526b12792e443a816f5e02db0cd466 to start an election
I20260709 13:15:59.849689  6902 raft_consensus.cc:1081] T 38adec6ae3c141be8d924706a808cb58 P 6cf68cf3e1c04999b393aad3197050a6 [term 2 LEADER]: Signalling peer ae526b12792e443a816f5e02db0cd466 to start an election
I20260709 13:15:59.851747  6575 tablet_service.cc:2044] Received Run Leader Election RPC: tablet_id: "38adec6ae3c141be8d924706a808cb58"
dest_uuid: "ae526b12792e443a816f5e02db0cd466"
 from {username='slave'} at 127.0.0.1:41224
I20260709 13:15:59.852413  6575 raft_consensus.cc:493] T 38adec6ae3c141be8d924706a808cb58 P ae526b12792e443a816f5e02db0cd466 [term 2 FOLLOWER]: Starting forced leader election (received explicit request)
I20260709 13:15:59.852908  6575 raft_consensus.cc:3060] T 38adec6ae3c141be8d924706a808cb58 P ae526b12792e443a816f5e02db0cd466 [term 2 FOLLOWER]: Advancing to term 3
I20260709 13:15:59.861672  6575 raft_consensus.cc:515] T 38adec6ae3c141be8d924706a808cb58 P ae526b12792e443a816f5e02db0cd466 [term 3 FOLLOWER]: Starting forced leader election with config: opid_index: -1 OBSOLETE_local: false peers { permanent_uuid: "ae526b12792e443a816f5e02db0cd466" member_type: VOTER last_known_addr { host: "127.6.74.193" port: 44335 } } peers { permanent_uuid: "6cf68cf3e1c04999b393aad3197050a6" member_type: VOTER last_known_addr { host: "127.6.74.194" port: 45889 } } peers { permanent_uuid: "d1bba0482ce74c37bef5bb3682980e8b" member_type: VOTER last_known_addr { host: "127.6.74.195" port: 45627 } }
I20260709 13:15:59.865803  6575 leader_election.cc:290] T 38adec6ae3c141be8d924706a808cb58 P ae526b12792e443a816f5e02db0cd466 [CANDIDATE]: Term 3 election: Requested vote from peers 6cf68cf3e1c04999b393aad3197050a6 (127.6.74.194:45889), d1bba0482ce74c37bef5bb3682980e8b (127.6.74.195:45627)
I20260709 13:15:59.866153  6726 tablet_service.cc:1917] Received RequestConsensusVote() RPC: tablet_id: "38adec6ae3c141be8d924706a808cb58" candidate_uuid: "ae526b12792e443a816f5e02db0cd466" candidate_term: 3 candidate_status { last_received { term: 2 index: 2 } } ignore_live_leader: true dest_uuid: "d1bba0482ce74c37bef5bb3682980e8b"
I20260709 13:15:59.867669  6726 raft_consensus.cc:3060] T 38adec6ae3c141be8d924706a808cb58 P d1bba0482ce74c37bef5bb3682980e8b [term 2 FOLLOWER]: Advancing to term 3
I20260709 13:15:59.866235  6652 tablet_service.cc:1917] Received RequestConsensusVote() RPC: tablet_id: "38adec6ae3c141be8d924706a808cb58" candidate_uuid: "ae526b12792e443a816f5e02db0cd466" candidate_term: 3 candidate_status { last_received { term: 2 index: 2 } } ignore_live_leader: true dest_uuid: "6cf68cf3e1c04999b393aad3197050a6"
I20260709 13:15:59.868568  6652 raft_consensus.cc:3055] T 38adec6ae3c141be8d924706a808cb58 P 6cf68cf3e1c04999b393aad3197050a6 [term 2 LEADER]: Stepping down as leader of term 2
I20260709 13:15:59.869051  6652 raft_consensus.cc:740] T 38adec6ae3c141be8d924706a808cb58 P 6cf68cf3e1c04999b393aad3197050a6 [term 2 LEADER]: Becoming Follower/Learner. State: Replica: 6cf68cf3e1c04999b393aad3197050a6, State: Running, Role: LEADER
I20260709 13:15:59.870106  6652 consensus_queue.cc:260] T 38adec6ae3c141be8d924706a808cb58 P 6cf68cf3e1c04999b393aad3197050a6 [NON_LEADER]: Queue going to NON_LEADER mode. State: All replicated index: 0, Majority replicated index: 2, Committed index: 2, Last appended: 2.2, Last appended by leader: 2, Current term: 2, Majority size: -1, State: 0, Mode: NON_LEADER, active raft config: opid_index: -1 OBSOLETE_local: false peers { permanent_uuid: "ae526b12792e443a816f5e02db0cd466" member_type: VOTER last_known_addr { host: "127.6.74.193" port: 44335 } } peers { permanent_uuid: "6cf68cf3e1c04999b393aad3197050a6" member_type: VOTER last_known_addr { host: "127.6.74.194" port: 45889 } } peers { permanent_uuid: "d1bba0482ce74c37bef5bb3682980e8b" member_type: VOTER last_known_addr { host: "127.6.74.195" port: 45627 } }
I20260709 13:15:59.871676  6652 raft_consensus.cc:3060] T 38adec6ae3c141be8d924706a808cb58 P 6cf68cf3e1c04999b393aad3197050a6 [term 2 FOLLOWER]: Advancing to term 3
I20260709 13:15:59.876576  6726 raft_consensus.cc:2468] T 38adec6ae3c141be8d924706a808cb58 P d1bba0482ce74c37bef5bb3682980e8b [term 3 FOLLOWER]: Leader election vote request: Granting yes vote for candidate ae526b12792e443a816f5e02db0cd466 in term 3.
I20260709 13:15:59.878525  6541 leader_election.cc:304] T 38adec6ae3c141be8d924706a808cb58 P ae526b12792e443a816f5e02db0cd466 [CANDIDATE]: Term 3 election: Election decided. Result: candidate won. Election summary: received 2 responses out of 3 voters: 2 yes votes; 0 no votes. yes voters: ae526b12792e443a816f5e02db0cd466, d1bba0482ce74c37bef5bb3682980e8b; no voters: 
I20260709 13:15:59.880569  6652 raft_consensus.cc:2468] T 38adec6ae3c141be8d924706a808cb58 P 6cf68cf3e1c04999b393aad3197050a6 [term 3 FOLLOWER]: Leader election vote request: Granting yes vote for candidate ae526b12792e443a816f5e02db0cd466 in term 3.
I20260709 13:15:59.883522  6908 raft_consensus.cc:2804] T 38adec6ae3c141be8d924706a808cb58 P ae526b12792e443a816f5e02db0cd466 [term 3 FOLLOWER]: Leader election won for term 3
I20260709 13:15:59.884836  6908 raft_consensus.cc:697] T 38adec6ae3c141be8d924706a808cb58 P ae526b12792e443a816f5e02db0cd466 [term 3 LEADER]: Becoming Leader. State: Replica: ae526b12792e443a816f5e02db0cd466, State: Running, Role: LEADER
I20260709 13:15:59.886093  6908 consensus_queue.cc:237] T 38adec6ae3c141be8d924706a808cb58 P ae526b12792e443a816f5e02db0cd466 [LEADER]: Queue going to LEADER mode. State: All replicated index: 0, Majority replicated index: 2, Committed index: 2, Last appended: 2.2, Last appended by leader: 2, Current term: 3, Majority size: 2, State: 0, Mode: LEADER, active raft config: opid_index: -1 OBSOLETE_local: false peers { permanent_uuid: "ae526b12792e443a816f5e02db0cd466" member_type: VOTER last_known_addr { host: "127.6.74.193" port: 44335 } } peers { permanent_uuid: "6cf68cf3e1c04999b393aad3197050a6" member_type: VOTER last_known_addr { host: "127.6.74.194" port: 45889 } } peers { permanent_uuid: "d1bba0482ce74c37bef5bb3682980e8b" member_type: VOTER last_known_addr { host: "127.6.74.195" port: 45627 } }
I20260709 13:15:59.889863  6902 raft_consensus.cc:993] T 3ebfa64db8e54ebba553cf4c536c99fc P 6cf68cf3e1c04999b393aad3197050a6: : Instructing follower ae526b12792e443a816f5e02db0cd466 to start an election
I20260709 13:15:59.890411  6907 raft_consensus.cc:1081] T 3ebfa64db8e54ebba553cf4c536c99fc P 6cf68cf3e1c04999b393aad3197050a6 [term 1 LEADER]: Signalling peer ae526b12792e443a816f5e02db0cd466 to start an election
I20260709 13:15:59.892524  6575 tablet_service.cc:2044] Received Run Leader Election RPC: tablet_id: "3ebfa64db8e54ebba553cf4c536c99fc"
dest_uuid: "ae526b12792e443a816f5e02db0cd466"
 from {username='slave'} at 127.0.0.1:41224
I20260709 13:15:59.893319  6575 raft_consensus.cc:493] T 3ebfa64db8e54ebba553cf4c536c99fc P ae526b12792e443a816f5e02db0cd466 [term 1 FOLLOWER]: Starting forced leader election (received explicit request)
I20260709 13:15:59.893769  6575 raft_consensus.cc:3060] T 3ebfa64db8e54ebba553cf4c536c99fc P ae526b12792e443a816f5e02db0cd466 [term 1 FOLLOWER]: Advancing to term 2
I20260709 13:15:59.897321  6473 catalog_manager.cc:5697] T 38adec6ae3c141be8d924706a808cb58 P ae526b12792e443a816f5e02db0cd466 reported cstate change: term changed from 2 to 3, leader changed from 6cf68cf3e1c04999b393aad3197050a6 (127.6.74.194) to ae526b12792e443a816f5e02db0cd466 (127.6.74.193). New cstate: current_term: 3 leader_uuid: "ae526b12792e443a816f5e02db0cd466" committed_config { opid_index: -1 OBSOLETE_local: false peers { permanent_uuid: "ae526b12792e443a816f5e02db0cd466" member_type: VOTER last_known_addr { host: "127.6.74.193" port: 44335 } health_report { overall_health: HEALTHY } } peers { permanent_uuid: "6cf68cf3e1c04999b393aad3197050a6" member_type: VOTER last_known_addr { host: "127.6.74.194" port: 45889 } health_report { overall_health: UNKNOWN } } peers { permanent_uuid: "d1bba0482ce74c37bef5bb3682980e8b" member_type: VOTER last_known_addr { host: "127.6.74.195" port: 45627 } health_report { overall_health: UNKNOWN } } }
I20260709 13:15:59.902482  6575 raft_consensus.cc:515] T 3ebfa64db8e54ebba553cf4c536c99fc P ae526b12792e443a816f5e02db0cd466 [term 2 FOLLOWER]: Starting forced leader election with config: opid_index: -1 OBSOLETE_local: false peers { permanent_uuid: "ae526b12792e443a816f5e02db0cd466" member_type: VOTER last_known_addr { host: "127.6.74.193" port: 44335 } } peers { permanent_uuid: "6cf68cf3e1c04999b393aad3197050a6" member_type: VOTER last_known_addr { host: "127.6.74.194" port: 45889 } } peers { permanent_uuid: "d1bba0482ce74c37bef5bb3682980e8b" member_type: VOTER last_known_addr { host: "127.6.74.195" port: 45627 } }
I20260709 13:15:59.904696  6575 leader_election.cc:290] T 3ebfa64db8e54ebba553cf4c536c99fc P ae526b12792e443a816f5e02db0cd466 [CANDIDATE]: Term 2 election: Requested vote from peers 6cf68cf3e1c04999b393aad3197050a6 (127.6.74.194:45889), d1bba0482ce74c37bef5bb3682980e8b (127.6.74.195:45627)
I20260709 13:15:59.907069  6726 tablet_service.cc:1917] Received RequestConsensusVote() RPC: tablet_id: "3ebfa64db8e54ebba553cf4c536c99fc" candidate_uuid: "ae526b12792e443a816f5e02db0cd466" candidate_term: 2 candidate_status { last_received { term: 1 index: 1 } } ignore_live_leader: true dest_uuid: "d1bba0482ce74c37bef5bb3682980e8b"
I20260709 13:15:59.907339  6652 tablet_service.cc:1917] Received RequestConsensusVote() RPC: tablet_id: "3ebfa64db8e54ebba553cf4c536c99fc" candidate_uuid: "ae526b12792e443a816f5e02db0cd466" candidate_term: 2 candidate_status { last_received { term: 1 index: 1 } } ignore_live_leader: true dest_uuid: "6cf68cf3e1c04999b393aad3197050a6"
I20260709 13:15:59.907778  6726 raft_consensus.cc:3060] T 3ebfa64db8e54ebba553cf4c536c99fc P d1bba0482ce74c37bef5bb3682980e8b [term 1 FOLLOWER]: Advancing to term 2
I20260709 13:15:59.907980  6652 raft_consensus.cc:3055] T 3ebfa64db8e54ebba553cf4c536c99fc P 6cf68cf3e1c04999b393aad3197050a6 [term 1 LEADER]: Stepping down as leader of term 1
I20260709 13:15:59.908524  6652 raft_consensus.cc:740] T 3ebfa64db8e54ebba553cf4c536c99fc P 6cf68cf3e1c04999b393aad3197050a6 [term 1 LEADER]: Becoming Follower/Learner. State: Replica: 6cf68cf3e1c04999b393aad3197050a6, State: Running, Role: LEADER
I20260709 13:15:59.909700  6652 consensus_queue.cc:260] T 3ebfa64db8e54ebba553cf4c536c99fc P 6cf68cf3e1c04999b393aad3197050a6 [NON_LEADER]: Queue going to NON_LEADER mode. State: All replicated index: 0, Majority replicated index: 1, Committed index: 1, Last appended: 1.1, Last appended by leader: 1, Current term: 1, Majority size: -1, State: 0, Mode: NON_LEADER, active raft config: opid_index: -1 OBSOLETE_local: false peers { permanent_uuid: "ae526b12792e443a816f5e02db0cd466" member_type: VOTER last_known_addr { host: "127.6.74.193" port: 44335 } } peers { permanent_uuid: "6cf68cf3e1c04999b393aad3197050a6" member_type: VOTER last_known_addr { host: "127.6.74.194" port: 45889 } } peers { permanent_uuid: "d1bba0482ce74c37bef5bb3682980e8b" member_type: VOTER last_known_addr { host: "127.6.74.195" port: 45627 } }
I20260709 13:15:59.912590  6652 raft_consensus.cc:3060] T 3ebfa64db8e54ebba553cf4c536c99fc P 6cf68cf3e1c04999b393aad3197050a6 [term 1 FOLLOWER]: Advancing to term 2
I20260709 13:15:59.917868  6726 raft_consensus.cc:2468] T 3ebfa64db8e54ebba553cf4c536c99fc P d1bba0482ce74c37bef5bb3682980e8b [term 2 FOLLOWER]: Leader election vote request: Granting yes vote for candidate ae526b12792e443a816f5e02db0cd466 in term 2.
I20260709 13:15:59.919380  6541 leader_election.cc:304] T 3ebfa64db8e54ebba553cf4c536c99fc P ae526b12792e443a816f5e02db0cd466 [CANDIDATE]: Term 2 election: Election decided. Result: candidate won. Election summary: received 2 responses out of 3 voters: 2 yes votes; 0 no votes. yes voters: ae526b12792e443a816f5e02db0cd466, d1bba0482ce74c37bef5bb3682980e8b; no voters: 
I20260709 13:15:59.920241  6908 raft_consensus.cc:2804] T 3ebfa64db8e54ebba553cf4c536c99fc P ae526b12792e443a816f5e02db0cd466 [term 2 FOLLOWER]: Leader election won for term 2
I20260709 13:15:59.920780  6908 raft_consensus.cc:697] T 3ebfa64db8e54ebba553cf4c536c99fc P ae526b12792e443a816f5e02db0cd466 [term 2 LEADER]: Becoming Leader. State: Replica: ae526b12792e443a816f5e02db0cd466, State: Running, Role: LEADER
I20260709 13:15:59.921958  6908 consensus_queue.cc:237] T 3ebfa64db8e54ebba553cf4c536c99fc P ae526b12792e443a816f5e02db0cd466 [LEADER]: Queue going to LEADER mode. State: All replicated index: 0, Majority replicated index: 1, Committed index: 1, Last appended: 1.1, Last appended by leader: 1, Current term: 2, Majority size: 2, State: 0, Mode: LEADER, active raft config: opid_index: -1 OBSOLETE_local: false peers { permanent_uuid: "ae526b12792e443a816f5e02db0cd466" member_type: VOTER last_known_addr { host: "127.6.74.193" port: 44335 } } peers { permanent_uuid: "6cf68cf3e1c04999b393aad3197050a6" member_type: VOTER last_known_addr { host: "127.6.74.194" port: 45889 } } peers { permanent_uuid: "d1bba0482ce74c37bef5bb3682980e8b" member_type: VOTER last_known_addr { host: "127.6.74.195" port: 45627 } }
I20260709 13:15:59.922610  6652 raft_consensus.cc:2468] T 3ebfa64db8e54ebba553cf4c536c99fc P 6cf68cf3e1c04999b393aad3197050a6 [term 2 FOLLOWER]: Leader election vote request: Granting yes vote for candidate ae526b12792e443a816f5e02db0cd466 in term 2.
I20260709 13:15:59.940872  6473 catalog_manager.cc:5697] T 3ebfa64db8e54ebba553cf4c536c99fc P ae526b12792e443a816f5e02db0cd466 reported cstate change: term changed from 1 to 2, leader changed from 6cf68cf3e1c04999b393aad3197050a6 (127.6.74.194) to ae526b12792e443a816f5e02db0cd466 (127.6.74.193). New cstate: current_term: 2 leader_uuid: "ae526b12792e443a816f5e02db0cd466" committed_config { opid_index: -1 OBSOLETE_local: false peers { permanent_uuid: "ae526b12792e443a816f5e02db0cd466" member_type: VOTER last_known_addr { host: "127.6.74.193" port: 44335 } health_report { overall_health: HEALTHY } } peers { permanent_uuid: "6cf68cf3e1c04999b393aad3197050a6" member_type: VOTER last_known_addr { host: "127.6.74.194" port: 45889 } health_report { overall_health: UNKNOWN } } peers { permanent_uuid: "d1bba0482ce74c37bef5bb3682980e8b" member_type: VOTER last_known_addr { host: "127.6.74.195" port: 45627 } health_report { overall_health: UNKNOWN } } }
I20260709 13:16:00.232149  6902 raft_consensus.cc:993] T 29b2fec19fdc4b78a9c1d94e26e61b1d P 6cf68cf3e1c04999b393aad3197050a6: : Instructing follower ae526b12792e443a816f5e02db0cd466 to start an election
I20260709 13:16:00.232686  6902 raft_consensus.cc:1081] T 29b2fec19fdc4b78a9c1d94e26e61b1d P 6cf68cf3e1c04999b393aad3197050a6 [term 3 LEADER]: Signalling peer ae526b12792e443a816f5e02db0cd466 to start an election
I20260709 13:16:00.234517  6575 tablet_service.cc:2044] Received Run Leader Election RPC: tablet_id: "29b2fec19fdc4b78a9c1d94e26e61b1d"
dest_uuid: "ae526b12792e443a816f5e02db0cd466"
 from {username='slave'} at 127.0.0.1:41224
I20260709 13:16:00.234977  6575 raft_consensus.cc:493] T 29b2fec19fdc4b78a9c1d94e26e61b1d P ae526b12792e443a816f5e02db0cd466 [term 3 FOLLOWER]: Starting forced leader election (received explicit request)
I20260709 13:16:00.235317  6575 raft_consensus.cc:3060] T 29b2fec19fdc4b78a9c1d94e26e61b1d P ae526b12792e443a816f5e02db0cd466 [term 3 FOLLOWER]: Advancing to term 4
I20260709 13:16:00.239559  6575 raft_consensus.cc:515] T 29b2fec19fdc4b78a9c1d94e26e61b1d P ae526b12792e443a816f5e02db0cd466 [term 4 FOLLOWER]: Starting forced leader election with config: opid_index: -1 OBSOLETE_local: false peers { permanent_uuid: "ae526b12792e443a816f5e02db0cd466" member_type: VOTER last_known_addr { host: "127.6.74.193" port: 44335 } } peers { permanent_uuid: "6cf68cf3e1c04999b393aad3197050a6" member_type: VOTER last_known_addr { host: "127.6.74.194" port: 45889 } } peers { permanent_uuid: "d1bba0482ce74c37bef5bb3682980e8b" member_type: VOTER last_known_addr { host: "127.6.74.195" port: 45627 } }
I20260709 13:16:00.241214  6575 leader_election.cc:290] T 29b2fec19fdc4b78a9c1d94e26e61b1d P ae526b12792e443a816f5e02db0cd466 [CANDIDATE]: Term 4 election: Requested vote from peers 6cf68cf3e1c04999b393aad3197050a6 (127.6.74.194:45889), d1bba0482ce74c37bef5bb3682980e8b (127.6.74.195:45627)
I20260709 13:16:00.242040  6652 tablet_service.cc:1917] Received RequestConsensusVote() RPC: tablet_id: "29b2fec19fdc4b78a9c1d94e26e61b1d" candidate_uuid: "ae526b12792e443a816f5e02db0cd466" candidate_term: 4 candidate_status { last_received { term: 3 index: 3 } } ignore_live_leader: true dest_uuid: "6cf68cf3e1c04999b393aad3197050a6"
I20260709 13:16:00.242422  6726 tablet_service.cc:1917] Received RequestConsensusVote() RPC: tablet_id: "29b2fec19fdc4b78a9c1d94e26e61b1d" candidate_uuid: "ae526b12792e443a816f5e02db0cd466" candidate_term: 4 candidate_status { last_received { term: 3 index: 3 } } ignore_live_leader: true dest_uuid: "d1bba0482ce74c37bef5bb3682980e8b"
I20260709 13:16:00.242642  6652 raft_consensus.cc:3055] T 29b2fec19fdc4b78a9c1d94e26e61b1d P 6cf68cf3e1c04999b393aad3197050a6 [term 3 LEADER]: Stepping down as leader of term 3
I20260709 13:16:00.242954  6726 raft_consensus.cc:3060] T 29b2fec19fdc4b78a9c1d94e26e61b1d P d1bba0482ce74c37bef5bb3682980e8b [term 3 FOLLOWER]: Advancing to term 4
I20260709 13:16:00.242957  6652 raft_consensus.cc:740] T 29b2fec19fdc4b78a9c1d94e26e61b1d P 6cf68cf3e1c04999b393aad3197050a6 [term 3 LEADER]: Becoming Follower/Learner. State: Replica: 6cf68cf3e1c04999b393aad3197050a6, State: Running, Role: LEADER
I20260709 13:16:00.243929  6652 consensus_queue.cc:260] T 29b2fec19fdc4b78a9c1d94e26e61b1d P 6cf68cf3e1c04999b393aad3197050a6 [NON_LEADER]: Queue going to NON_LEADER mode. State: All replicated index: 0, Majority replicated index: 3, Committed index: 3, Last appended: 3.3, Last appended by leader: 3, Current term: 3, Majority size: -1, State: 0, Mode: NON_LEADER, active raft config: opid_index: -1 OBSOLETE_local: false peers { permanent_uuid: "ae526b12792e443a816f5e02db0cd466" member_type: VOTER last_known_addr { host: "127.6.74.193" port: 44335 } } peers { permanent_uuid: "6cf68cf3e1c04999b393aad3197050a6" member_type: VOTER last_known_addr { host: "127.6.74.194" port: 45889 } } peers { permanent_uuid: "d1bba0482ce74c37bef5bb3682980e8b" member_type: VOTER last_known_addr { host: "127.6.74.195" port: 45627 } }
I20260709 13:16:00.245189  6652 raft_consensus.cc:3060] T 29b2fec19fdc4b78a9c1d94e26e61b1d P 6cf68cf3e1c04999b393aad3197050a6 [term 3 FOLLOWER]: Advancing to term 4
I20260709 13:16:00.249781  6902 raft_consensus.cc:993] T c36f7478ce284e32b943da05b8644748 P 6cf68cf3e1c04999b393aad3197050a6: : Instructing follower d1bba0482ce74c37bef5bb3682980e8b to start an election
I20260709 13:16:00.250299  6902 raft_consensus.cc:1081] T c36f7478ce284e32b943da05b8644748 P 6cf68cf3e1c04999b393aad3197050a6 [term 3 LEADER]: Signalling peer d1bba0482ce74c37bef5bb3682980e8b to start an election
I20260709 13:16:00.250481  6726 raft_consensus.cc:2468] T 29b2fec19fdc4b78a9c1d94e26e61b1d P d1bba0482ce74c37bef5bb3682980e8b [term 4 FOLLOWER]: Leader election vote request: Granting yes vote for candidate ae526b12792e443a816f5e02db0cd466 in term 4.
I20260709 13:16:00.252341  6541 leader_election.cc:304] T 29b2fec19fdc4b78a9c1d94e26e61b1d P ae526b12792e443a816f5e02db0cd466 [CANDIDATE]: Term 4 election: Election decided. Result: candidate won. Election summary: received 2 responses out of 3 voters: 2 yes votes; 0 no votes. yes voters: ae526b12792e443a816f5e02db0cd466, d1bba0482ce74c37bef5bb3682980e8b; no voters: 
I20260709 13:16:00.253283  6908 raft_consensus.cc:2804] T 29b2fec19fdc4b78a9c1d94e26e61b1d P ae526b12792e443a816f5e02db0cd466 [term 4 FOLLOWER]: Leader election won for term 4
I20260709 13:16:00.254029  6908 raft_consensus.cc:697] T 29b2fec19fdc4b78a9c1d94e26e61b1d P ae526b12792e443a816f5e02db0cd466 [term 4 LEADER]: Becoming Leader. State: Replica: ae526b12792e443a816f5e02db0cd466, State: Running, Role: LEADER
I20260709 13:16:00.254456  6902 raft_consensus.cc:993] T a3f34f54cb1847168785301cac362bfa P 6cf68cf3e1c04999b393aad3197050a6: : Instructing follower d1bba0482ce74c37bef5bb3682980e8b to start an election
I20260709 13:16:00.254988  6902 raft_consensus.cc:1081] T a3f34f54cb1847168785301cac362bfa P 6cf68cf3e1c04999b393aad3197050a6 [term 3 LEADER]: Signalling peer d1bba0482ce74c37bef5bb3682980e8b to start an election
I20260709 13:16:00.255101  6908 consensus_queue.cc:237] T 29b2fec19fdc4b78a9c1d94e26e61b1d P ae526b12792e443a816f5e02db0cd466 [LEADER]: Queue going to LEADER mode. State: All replicated index: 0, Majority replicated index: 3, Committed index: 3, Last appended: 3.3, Last appended by leader: 3, Current term: 4, Majority size: 2, State: 0, Mode: LEADER, active raft config: opid_index: -1 OBSOLETE_local: false peers { permanent_uuid: "ae526b12792e443a816f5e02db0cd466" member_type: VOTER last_known_addr { host: "127.6.74.193" port: 44335 } } peers { permanent_uuid: "6cf68cf3e1c04999b393aad3197050a6" member_type: VOTER last_known_addr { host: "127.6.74.194" port: 45889 } } peers { permanent_uuid: "d1bba0482ce74c37bef5bb3682980e8b" member_type: VOTER last_known_addr { host: "127.6.74.195" port: 45627 } }
I20260709 13:16:00.256786  6726 tablet_service.cc:2044] Received Run Leader Election RPC: tablet_id: "c36f7478ce284e32b943da05b8644748"
dest_uuid: "d1bba0482ce74c37bef5bb3682980e8b"
 from {username='slave'} at 127.0.0.1:48884
I20260709 13:16:00.257442  6726 raft_consensus.cc:493] T c36f7478ce284e32b943da05b8644748 P d1bba0482ce74c37bef5bb3682980e8b [term 3 FOLLOWER]: Starting forced leader election (received explicit request)
I20260709 13:16:00.257803  6727 tablet_service.cc:2044] Received Run Leader Election RPC: tablet_id: "a3f34f54cb1847168785301cac362bfa"
dest_uuid: "d1bba0482ce74c37bef5bb3682980e8b"
 from {username='slave'} at 127.0.0.1:48884
I20260709 13:16:00.258430  6727 raft_consensus.cc:493] T a3f34f54cb1847168785301cac362bfa P d1bba0482ce74c37bef5bb3682980e8b [term 3 FOLLOWER]: Starting forced leader election (received explicit request)
I20260709 13:16:00.257890  6726 raft_consensus.cc:3060] T c36f7478ce284e32b943da05b8644748 P d1bba0482ce74c37bef5bb3682980e8b [term 3 FOLLOWER]: Advancing to term 4
I20260709 13:16:00.258881  6727 raft_consensus.cc:3060] T a3f34f54cb1847168785301cac362bfa P d1bba0482ce74c37bef5bb3682980e8b [term 3 FOLLOWER]: Advancing to term 4
I20260709 13:16:00.252774  6652 raft_consensus.cc:2468] T 29b2fec19fdc4b78a9c1d94e26e61b1d P 6cf68cf3e1c04999b393aad3197050a6 [term 4 FOLLOWER]: Leader election vote request: Granting yes vote for candidate ae526b12792e443a816f5e02db0cd466 in term 4.
I20260709 13:16:00.266683  6727 raft_consensus.cc:515] T a3f34f54cb1847168785301cac362bfa P d1bba0482ce74c37bef5bb3682980e8b [term 4 FOLLOWER]: Starting forced leader election with config: opid_index: -1 OBSOLETE_local: false peers { permanent_uuid: "6cf68cf3e1c04999b393aad3197050a6" member_type: VOTER last_known_addr { host: "127.6.74.194" port: 45889 } } peers { permanent_uuid: "ae526b12792e443a816f5e02db0cd466" member_type: VOTER last_known_addr { host: "127.6.74.193" port: 44335 } } peers { permanent_uuid: "d1bba0482ce74c37bef5bb3682980e8b" member_type: VOTER last_known_addr { host: "127.6.74.195" port: 45627 } }
I20260709 13:16:00.269176  6726 raft_consensus.cc:515] T c36f7478ce284e32b943da05b8644748 P d1bba0482ce74c37bef5bb3682980e8b [term 4 FOLLOWER]: Starting forced leader election with config: opid_index: -1 OBSOLETE_local: false peers { permanent_uuid: "ae526b12792e443a816f5e02db0cd466" member_type: VOTER last_known_addr { host: "127.6.74.193" port: 44335 } } peers { permanent_uuid: "6cf68cf3e1c04999b393aad3197050a6" member_type: VOTER last_known_addr { host: "127.6.74.194" port: 45889 } } peers { permanent_uuid: "d1bba0482ce74c37bef5bb3682980e8b" member_type: VOTER last_known_addr { host: "127.6.74.195" port: 45627 } }
I20260709 13:16:00.269907  6652 tablet_service.cc:1917] Received RequestConsensusVote() RPC: tablet_id: "a3f34f54cb1847168785301cac362bfa" candidate_uuid: "d1bba0482ce74c37bef5bb3682980e8b" candidate_term: 4 candidate_status { last_received { term: 3 index: 3 } } ignore_live_leader: true dest_uuid: "6cf68cf3e1c04999b393aad3197050a6"
I20260709 13:16:00.270583  6652 raft_consensus.cc:3055] T a3f34f54cb1847168785301cac362bfa P 6cf68cf3e1c04999b393aad3197050a6 [term 3 LEADER]: Stepping down as leader of term 3
I20260709 13:16:00.270951  6652 raft_consensus.cc:740] T a3f34f54cb1847168785301cac362bfa P 6cf68cf3e1c04999b393aad3197050a6 [term 3 LEADER]: Becoming Follower/Learner. State: Replica: 6cf68cf3e1c04999b393aad3197050a6, State: Running, Role: LEADER
I20260709 13:16:00.271863  6652 consensus_queue.cc:260] T a3f34f54cb1847168785301cac362bfa P 6cf68cf3e1c04999b393aad3197050a6 [NON_LEADER]: Queue going to NON_LEADER mode. State: All replicated index: 0, Majority replicated index: 3, Committed index: 3, Last appended: 3.3, Last appended by leader: 3, Current term: 3, Majority size: -1, State: 0, Mode: NON_LEADER, active raft config: opid_index: -1 OBSOLETE_local: false peers { permanent_uuid: "6cf68cf3e1c04999b393aad3197050a6" member_type: VOTER last_known_addr { host: "127.6.74.194" port: 45889 } } peers { permanent_uuid: "ae526b12792e443a816f5e02db0cd466" member_type: VOTER last_known_addr { host: "127.6.74.193" port: 44335 } } peers { permanent_uuid: "d1bba0482ce74c37bef5bb3682980e8b" member_type: VOTER last_known_addr { host: "127.6.74.195" port: 45627 } }
I20260709 13:16:00.273051  6652 raft_consensus.cc:3060] T a3f34f54cb1847168785301cac362bfa P 6cf68cf3e1c04999b393aad3197050a6 [term 3 FOLLOWER]: Advancing to term 4
I20260709 13:16:00.273592  6575 tablet_service.cc:1917] Received RequestConsensusVote() RPC: tablet_id: "c36f7478ce284e32b943da05b8644748" candidate_uuid: "d1bba0482ce74c37bef5bb3682980e8b" candidate_term: 4 candidate_status { last_received { term: 3 index: 2 } } ignore_live_leader: true dest_uuid: "ae526b12792e443a816f5e02db0cd466"
I20260709 13:16:00.274365  6575 raft_consensus.cc:3060] T c36f7478ce284e32b943da05b8644748 P ae526b12792e443a816f5e02db0cd466 [term 3 FOLLOWER]: Advancing to term 4
I20260709 13:16:00.281653  6652 raft_consensus.cc:2468] T a3f34f54cb1847168785301cac362bfa P 6cf68cf3e1c04999b393aad3197050a6 [term 4 FOLLOWER]: Leader election vote request: Granting yes vote for candidate d1bba0482ce74c37bef5bb3682980e8b in term 4.
I20260709 13:16:00.283172  6693 leader_election.cc:304] T a3f34f54cb1847168785301cac362bfa P d1bba0482ce74c37bef5bb3682980e8b [CANDIDATE]: Term 4 election: Election decided. Result: candidate won. Election summary: received 2 responses out of 3 voters: 2 yes votes; 0 no votes. yes voters: 6cf68cf3e1c04999b393aad3197050a6, d1bba0482ce74c37bef5bb3682980e8b; no voters: 
I20260709 13:16:00.284157  6865 raft_consensus.cc:2804] T a3f34f54cb1847168785301cac362bfa P d1bba0482ce74c37bef5bb3682980e8b [term 4 FOLLOWER]: Leader election won for term 4
I20260709 13:16:00.284986  6727 leader_election.cc:290] T a3f34f54cb1847168785301cac362bfa P d1bba0482ce74c37bef5bb3682980e8b [CANDIDATE]: Term 4 election: Requested vote from peers 6cf68cf3e1c04999b393aad3197050a6 (127.6.74.194:45889), ae526b12792e443a816f5e02db0cd466 (127.6.74.193:44335)
I20260709 13:16:00.287249  6578 tablet_service.cc:1917] Received RequestConsensusVote() RPC: tablet_id: "a3f34f54cb1847168785301cac362bfa" candidate_uuid: "d1bba0482ce74c37bef5bb3682980e8b" candidate_term: 4 candidate_status { last_received { term: 3 index: 3 } } ignore_live_leader: true dest_uuid: "ae526b12792e443a816f5e02db0cd466"
I20260709 13:16:00.288136  6578 raft_consensus.cc:3060] T a3f34f54cb1847168785301cac362bfa P ae526b12792e443a816f5e02db0cd466 [term 3 FOLLOWER]: Advancing to term 4
I20260709 13:16:00.291879  6726 leader_election.cc:290] T c36f7478ce284e32b943da05b8644748 P d1bba0482ce74c37bef5bb3682980e8b [CANDIDATE]: Term 4 election: Requested vote from peers ae526b12792e443a816f5e02db0cd466 (127.6.74.193:44335), 6cf68cf3e1c04999b393aad3197050a6 (127.6.74.194:45889)
I20260709 13:16:00.293227  6575 raft_consensus.cc:2468] T c36f7478ce284e32b943da05b8644748 P ae526b12792e443a816f5e02db0cd466 [term 4 FOLLOWER]: Leader election vote request: Granting yes vote for candidate d1bba0482ce74c37bef5bb3682980e8b in term 4.
I20260709 13:16:00.294698  6865 raft_consensus.cc:697] T a3f34f54cb1847168785301cac362bfa P d1bba0482ce74c37bef5bb3682980e8b [term 4 LEADER]: Becoming Leader. State: Replica: d1bba0482ce74c37bef5bb3682980e8b, State: Running, Role: LEADER
I20260709 13:16:00.295708  6865 consensus_queue.cc:237] T a3f34f54cb1847168785301cac362bfa P d1bba0482ce74c37bef5bb3682980e8b [LEADER]: Queue going to LEADER mode. State: All replicated index: 0, Majority replicated index: 3, Committed index: 3, Last appended: 3.3, Last appended by leader: 3, Current term: 4, Majority size: 2, State: 0, Mode: LEADER, active raft config: opid_index: -1 OBSOLETE_local: false peers { permanent_uuid: "6cf68cf3e1c04999b393aad3197050a6" member_type: VOTER last_known_addr { host: "127.6.74.194" port: 45889 } } peers { permanent_uuid: "ae526b12792e443a816f5e02db0cd466" member_type: VOTER last_known_addr { host: "127.6.74.193" port: 44335 } } peers { permanent_uuid: "d1bba0482ce74c37bef5bb3682980e8b" member_type: VOTER last_known_addr { host: "127.6.74.195" port: 45627 } }
I20260709 13:16:00.296550  6652 tablet_service.cc:1917] Received RequestConsensusVote() RPC: tablet_id: "c36f7478ce284e32b943da05b8644748" candidate_uuid: "d1bba0482ce74c37bef5bb3682980e8b" candidate_term: 4 candidate_status { last_received { term: 3 index: 2 } } ignore_live_leader: true dest_uuid: "6cf68cf3e1c04999b393aad3197050a6"
I20260709 13:16:00.297220  6652 raft_consensus.cc:3055] T c36f7478ce284e32b943da05b8644748 P 6cf68cf3e1c04999b393aad3197050a6 [term 3 LEADER]: Stepping down as leader of term 3
I20260709 13:16:00.297554  6652 raft_consensus.cc:740] T c36f7478ce284e32b943da05b8644748 P 6cf68cf3e1c04999b393aad3197050a6 [term 3 LEADER]: Becoming Follower/Learner. State: Replica: 6cf68cf3e1c04999b393aad3197050a6, State: Running, Role: LEADER
I20260709 13:16:00.298352  6652 consensus_queue.cc:260] T c36f7478ce284e32b943da05b8644748 P 6cf68cf3e1c04999b393aad3197050a6 [NON_LEADER]: Queue going to NON_LEADER mode. State: All replicated index: 0, Majority replicated index: 2, Committed index: 2, Last appended: 3.2, Last appended by leader: 2, Current term: 3, Majority size: -1, State: 0, Mode: NON_LEADER, active raft config: opid_index: -1 OBSOLETE_local: false peers { permanent_uuid: "ae526b12792e443a816f5e02db0cd466" member_type: VOTER last_known_addr { host: "127.6.74.193" port: 44335 } } peers { permanent_uuid: "6cf68cf3e1c04999b393aad3197050a6" member_type: VOTER last_known_addr { host: "127.6.74.194" port: 45889 } } peers { permanent_uuid: "d1bba0482ce74c37bef5bb3682980e8b" member_type: VOTER last_known_addr { host: "127.6.74.195" port: 45627 } }
I20260709 13:16:00.299744  6652 raft_consensus.cc:3060] T c36f7478ce284e32b943da05b8644748 P 6cf68cf3e1c04999b393aad3197050a6 [term 3 FOLLOWER]: Advancing to term 4
I20260709 13:16:00.299139  6473 catalog_manager.cc:5697] T 29b2fec19fdc4b78a9c1d94e26e61b1d P ae526b12792e443a816f5e02db0cd466 reported cstate change: term changed from 3 to 4, leader changed from 6cf68cf3e1c04999b393aad3197050a6 (127.6.74.194) to ae526b12792e443a816f5e02db0cd466 (127.6.74.193). New cstate: current_term: 4 leader_uuid: "ae526b12792e443a816f5e02db0cd466" committed_config { opid_index: -1 OBSOLETE_local: false peers { permanent_uuid: "ae526b12792e443a816f5e02db0cd466" member_type: VOTER last_known_addr { host: "127.6.74.193" port: 44335 } health_report { overall_health: HEALTHY } } peers { permanent_uuid: "6cf68cf3e1c04999b393aad3197050a6" member_type: VOTER last_known_addr { host: "127.6.74.194" port: 45889 } health_report { overall_health: UNKNOWN } } peers { permanent_uuid: "d1bba0482ce74c37bef5bb3682980e8b" member_type: VOTER last_known_addr { host: "127.6.74.195" port: 45627 } health_report { overall_health: UNKNOWN } } }
I20260709 13:16:00.300788  6693 leader_election.cc:304] T c36f7478ce284e32b943da05b8644748 P d1bba0482ce74c37bef5bb3682980e8b [CANDIDATE]: Term 4 election: Election decided. Result: candidate won. Election summary: received 2 responses out of 3 voters: 2 yes votes; 0 no votes. yes voters: ae526b12792e443a816f5e02db0cd466, d1bba0482ce74c37bef5bb3682980e8b; no voters: 
I20260709 13:16:00.305634  6578 raft_consensus.cc:2468] T a3f34f54cb1847168785301cac362bfa P ae526b12792e443a816f5e02db0cd466 [term 4 FOLLOWER]: Leader election vote request: Granting yes vote for candidate d1bba0482ce74c37bef5bb3682980e8b in term 4.
I20260709 13:16:00.310300  6652 raft_consensus.cc:2468] T c36f7478ce284e32b943da05b8644748 P 6cf68cf3e1c04999b393aad3197050a6 [term 4 FOLLOWER]: Leader election vote request: Granting yes vote for candidate d1bba0482ce74c37bef5bb3682980e8b in term 4.
I20260709 13:16:00.313725  6918 raft_consensus.cc:2804] T c36f7478ce284e32b943da05b8644748 P d1bba0482ce74c37bef5bb3682980e8b [term 4 FOLLOWER]: Leader election won for term 4
I20260709 13:16:00.314365  6918 raft_consensus.cc:697] T c36f7478ce284e32b943da05b8644748 P d1bba0482ce74c37bef5bb3682980e8b [term 4 LEADER]: Becoming Leader. State: Replica: d1bba0482ce74c37bef5bb3682980e8b, State: Running, Role: LEADER
I20260709 13:16:00.315528  6918 consensus_queue.cc:237] T c36f7478ce284e32b943da05b8644748 P d1bba0482ce74c37bef5bb3682980e8b [LEADER]: Queue going to LEADER mode. State: All replicated index: 0, Majority replicated index: 2, Committed index: 2, Last appended: 3.2, Last appended by leader: 2, Current term: 4, Majority size: 2, State: 0, Mode: LEADER, active raft config: opid_index: -1 OBSOLETE_local: false peers { permanent_uuid: "ae526b12792e443a816f5e02db0cd466" member_type: VOTER last_known_addr { host: "127.6.74.193" port: 44335 } } peers { permanent_uuid: "6cf68cf3e1c04999b393aad3197050a6" member_type: VOTER last_known_addr { host: "127.6.74.194" port: 45889 } } peers { permanent_uuid: "d1bba0482ce74c37bef5bb3682980e8b" member_type: VOTER last_known_addr { host: "127.6.74.195" port: 45627 } }
I20260709 13:16:00.318348  6473 catalog_manager.cc:5697] T a3f34f54cb1847168785301cac362bfa P d1bba0482ce74c37bef5bb3682980e8b reported cstate change: term changed from 3 to 4, leader changed from 6cf68cf3e1c04999b393aad3197050a6 (127.6.74.194) to d1bba0482ce74c37bef5bb3682980e8b (127.6.74.195). New cstate: current_term: 4 leader_uuid: "d1bba0482ce74c37bef5bb3682980e8b" committed_config { opid_index: -1 OBSOLETE_local: false peers { permanent_uuid: "6cf68cf3e1c04999b393aad3197050a6" member_type: VOTER last_known_addr { host: "127.6.74.194" port: 45889 } health_report { overall_health: UNKNOWN } } peers { permanent_uuid: "ae526b12792e443a816f5e02db0cd466" member_type: VOTER last_known_addr { host: "127.6.74.193" port: 44335 } health_report { overall_health: UNKNOWN } } peers { permanent_uuid: "d1bba0482ce74c37bef5bb3682980e8b" member_type: VOTER last_known_addr { host: "127.6.74.195" port: 45627 } health_report { overall_health: HEALTHY } } }
