I20260709 13:16:14.426456  6671 tablet_service.cc:1917] Received RequestConsensusVote() RPC: tablet_id: "5d9d0fb5a0864567ac4cc6ee615911b6" candidate_uuid: "921c423406da4f289884afca51ca198f" candidate_term: 1 candidate_status { last_received { term: 0 index: 0 } } ignore_live_leader: false dest_uuid: "53fee9894731461a821a131be24dbbca"
W20260709 13:16:14.429318  6486 leader_election.cc:343] T 5d9d0fb5a0864567ac4cc6ee615911b6 P 921c423406da4f289884afca51ca198f [CANDIDATE]: Term 1 election: Tablet error from VoteRequest() call to peer 53fee9894731461a821a131be24dbbca (127.5.72.131:38019): Illegal state: must be running to vote when last-logged opid is not known
I20260709 13:16:14.430105  6596 tablet_service.cc:1917] Received RequestConsensusVote() RPC: tablet_id: "5d9d0fb5a0864567ac4cc6ee615911b6" candidate_uuid: "921c423406da4f289884afca51ca198f" candidate_term: 1 candidate_status { last_received { term: 0 index: 0 } } ignore_live_leader: false dest_uuid: "3ceee54e49d041be9f7f48a2052709c5"
I20260709 13:16:14.431680  6488 leader_election.cc:304] T 943ce377e70a422a8376b294da2840fa P 921c423406da4f289884afca51ca198f [CANDIDATE]: Term 1 election: Election decided. Result: candidate won. Election summary: received 3 responses out of 3 voters: 2 yes votes; 1 no votes. yes voters: 3ceee54e49d041be9f7f48a2052709c5, 921c423406da4f289884afca51ca198f; no voters: 53fee9894731461a821a131be24dbbca
I20260709 13:16:14.432813  6813 raft_consensus.cc:2804] T 943ce377e70a422a8376b294da2840fa P 921c423406da4f289884afca51ca198f [term 1 FOLLOWER]: Leader election won for term 1
I20260709 13:16:14.425583  6521 tablet_service.cc:1917] Received RequestConsensusVote() RPC: tablet_id: "60fb01da2cc5490ebbbca7ec57b64a20" candidate_uuid: "53fee9894731461a821a131be24dbbca" candidate_term: 1 candidate_status { last_received { term: 0 index: 0 } } ignore_live_leader: false dest_uuid: "921c423406da4f289884afca51ca198f"
I20260709 13:16:14.433449  6813 raft_consensus.cc:697] T 943ce377e70a422a8376b294da2840fa P 921c423406da4f289884afca51ca198f [term 1 LEADER]: Becoming Leader. State: Replica: 921c423406da4f289884afca51ca198f, State: Running, Role: LEADER
I20260709 13:16:14.431169  6596 raft_consensus.cc:3060] T 5d9d0fb5a0864567ac4cc6ee615911b6 P 3ceee54e49d041be9f7f48a2052709c5 [term 0 FOLLOWER]: Advancing to term 1
I20260709 13:16:14.435196  6813 consensus_queue.cc:237] T 943ce377e70a422a8376b294da2840fa P 921c423406da4f289884afca51ca198f [LEADER]: Queue going to LEADER mode. State: All replicated index: 0, Majority replicated index: 0, Committed index: 0, Last appended: 0.0, Last appended by leader: 0, Current term: 1, Majority size: 2, State: 0, Mode: LEADER, active raft config: opid_index: -1 OBSOLETE_local: false peers { permanent_uuid: "921c423406da4f289884afca51ca198f" member_type: VOTER last_known_addr { host: "127.5.72.129" port: 34121 } } peers { permanent_uuid: "3ceee54e49d041be9f7f48a2052709c5" member_type: VOTER last_known_addr { host: "127.5.72.130" port: 37977 } } peers { permanent_uuid: "53fee9894731461a821a131be24dbbca" member_type: VOTER last_known_addr { host: "127.5.72.131" port: 38019 } }
W20260709 13:16:14.437510  6637 leader_election.cc:343] T 60fb01da2cc5490ebbbca7ec57b64a20 P 53fee9894731461a821a131be24dbbca [CANDIDATE]: Term 1 election: Tablet error from VoteRequest() call to peer 921c423406da4f289884afca51ca198f (127.5.72.129:34121): Illegal state: must be running to vote when last-logged opid is not known
I20260709 13:16:14.439280  6594 raft_consensus.cc:2468] T 60fb01da2cc5490ebbbca7ec57b64a20 P 3ceee54e49d041be9f7f48a2052709c5 [term 1 FOLLOWER]: Leader election vote request: Granting yes vote for candidate 53fee9894731461a821a131be24dbbca in term 1.
I20260709 13:16:14.441300  6637 leader_election.cc:304] T 60fb01da2cc5490ebbbca7ec57b64a20 P 53fee9894731461a821a131be24dbbca [CANDIDATE]: Term 1 election: Election decided. Result: candidate won. Election summary: received 3 responses out of 3 voters: 2 yes votes; 1 no votes. yes voters: 3ceee54e49d041be9f7f48a2052709c5, 53fee9894731461a821a131be24dbbca; no voters: 921c423406da4f289884afca51ca198f
I20260709 13:16:14.441565  6713 tablet_bootstrap.cc:654] T 5d9d0fb5a0864567ac4cc6ee615911b6 P 53fee9894731461a821a131be24dbbca: Neither blocks nor log segments found. Creating new log.
I20260709 13:16:14.442646  6756 raft_consensus.cc:2804] T 60fb01da2cc5490ebbbca7ec57b64a20 P 53fee9894731461a821a131be24dbbca [term 1 FOLLOWER]: Leader election won for term 1
I20260709 13:16:14.443166  6756 raft_consensus.cc:697] T 60fb01da2cc5490ebbbca7ec57b64a20 P 53fee9894731461a821a131be24dbbca [term 1 LEADER]: Becoming Leader. State: Replica: 53fee9894731461a821a131be24dbbca, State: Running, Role: LEADER
I20260709 13:16:14.446380  6756 consensus_queue.cc:237] T 60fb01da2cc5490ebbbca7ec57b64a20 P 53fee9894731461a821a131be24dbbca [LEADER]: Queue going to LEADER mode. State: All replicated index: 0, Majority replicated index: 0, Committed index: 0, Last appended: 0.0, Last appended by leader: 0, Current term: 1, Majority size: 2, State: 0, Mode: LEADER, active raft config: opid_index: -1 OBSOLETE_local: false peers { permanent_uuid: "921c423406da4f289884afca51ca198f" member_type: VOTER last_known_addr { host: "127.5.72.129" port: 34121 } } peers { permanent_uuid: "3ceee54e49d041be9f7f48a2052709c5" member_type: VOTER last_known_addr { host: "127.5.72.130" port: 37977 } } peers { permanent_uuid: "53fee9894731461a821a131be24dbbca" member_type: VOTER last_known_addr { host: "127.5.72.131" port: 38019 } }
I20260709 13:16:14.450626  6714 tablet_bootstrap.cc:492] T f67b820295ac47a4b54e21400f8b4201 P 921c423406da4f289884afca51ca198f: No bootstrap required, opened a new log
I20260709 13:16:14.451094  6714 ts_tablet_manager.cc:1403] T f67b820295ac47a4b54e21400f8b4201 P 921c423406da4f289884afca51ca198f: Time spent bootstrapping tablet: real 0.191s	user 0.009s	sys 0.021s
I20260709 13:16:14.451953  6711 tablet_bootstrap.cc:492] T 91a4b9d0715e4a3ba0f22cebfe819bb1 P 3ceee54e49d041be9f7f48a2052709c5: No bootstrap required, opened a new log
I20260709 13:16:14.452358  6711 ts_tablet_manager.cc:1403] T 91a4b9d0715e4a3ba0f22cebfe819bb1 P 3ceee54e49d041be9f7f48a2052709c5: Time spent bootstrapping tablet: real 0.084s	user 0.012s	sys 0.011s
I20260709 13:16:14.455147  6711 raft_consensus.cc:359] T 91a4b9d0715e4a3ba0f22cebfe819bb1 P 3ceee54e49d041be9f7f48a2052709c5 [term 0 FOLLOWER]: Replica starting. Triggering 0 pending ops. Active config: opid_index: -1 OBSOLETE_local: false peers { permanent_uuid: "921c423406da4f289884afca51ca198f" member_type: VOTER last_known_addr { host: "127.5.72.129" port: 34121 } } peers { permanent_uuid: "3ceee54e49d041be9f7f48a2052709c5" member_type: VOTER last_known_addr { host: "127.5.72.130" port: 37977 } } peers { permanent_uuid: "53fee9894731461a821a131be24dbbca" member_type: VOTER last_known_addr { host: "127.5.72.131" port: 38019 } }
I20260709 13:16:14.455816  6711 raft_consensus.cc:385] T 91a4b9d0715e4a3ba0f22cebfe819bb1 P 3ceee54e49d041be9f7f48a2052709c5 [term 0 FOLLOWER]: Consensus starting up: Expiring failure detector timer to make a prompt election more likely
I20260709 13:16:14.456051  6711 raft_consensus.cc:740] T 91a4b9d0715e4a3ba0f22cebfe819bb1 P 3ceee54e49d041be9f7f48a2052709c5 [term 0 FOLLOWER]: Becoming Follower/Learner. State: Replica: 3ceee54e49d041be9f7f48a2052709c5, State: Initialized, Role: FOLLOWER
I20260709 13:16:14.457353  6714 raft_consensus.cc:359] T f67b820295ac47a4b54e21400f8b4201 P 921c423406da4f289884afca51ca198f [term 0 FOLLOWER]: Replica starting. Triggering 0 pending ops. Active config: opid_index: -1 OBSOLETE_local: false peers { permanent_uuid: "921c423406da4f289884afca51ca198f" member_type: VOTER last_known_addr { host: "127.5.72.129" port: 34121 } } peers { permanent_uuid: "3ceee54e49d041be9f7f48a2052709c5" member_type: VOTER last_known_addr { host: "127.5.72.130" port: 37977 } } peers { permanent_uuid: "53fee9894731461a821a131be24dbbca" member_type: VOTER last_known_addr { host: "127.5.72.131" port: 38019 } }
I20260709 13:16:14.457999  6714 raft_consensus.cc:385] T f67b820295ac47a4b54e21400f8b4201 P 921c423406da4f289884afca51ca198f [term 0 FOLLOWER]: Consensus starting up: Expiring failure detector timer to make a prompt election more likely
I20260709 13:16:14.458237  6714 raft_consensus.cc:740] T f67b820295ac47a4b54e21400f8b4201 P 921c423406da4f289884afca51ca198f [term 0 FOLLOWER]: Becoming Follower/Learner. State: Replica: 921c423406da4f289884afca51ca198f, State: Initialized, Role: FOLLOWER
I20260709 13:16:14.456604  6711 consensus_queue.cc:260] T 91a4b9d0715e4a3ba0f22cebfe819bb1 P 3ceee54e49d041be9f7f48a2052709c5 [NON_LEADER]: Queue going to NON_LEADER mode. State: All replicated index: 0, Majority replicated index: 0, Committed index: 0, Last appended: 0.0, Last appended by leader: 0, Current term: 0, Majority size: -1, State: 0, Mode: NON_LEADER, active raft config: opid_index: -1 OBSOLETE_local: false peers { permanent_uuid: "921c423406da4f289884afca51ca198f" member_type: VOTER last_known_addr { host: "127.5.72.129" port: 34121 } } peers { permanent_uuid: "3ceee54e49d041be9f7f48a2052709c5" member_type: VOTER last_known_addr { host: "127.5.72.130" port: 37977 } } peers { permanent_uuid: "53fee9894731461a821a131be24dbbca" member_type: VOTER last_known_addr { host: "127.5.72.131" port: 38019 } }
I20260709 13:16:14.458840  6714 consensus_queue.cc:260] T f67b820295ac47a4b54e21400f8b4201 P 921c423406da4f289884afca51ca198f [NON_LEADER]: Queue going to NON_LEADER mode. State: All replicated index: 0, Majority replicated index: 0, Committed index: 0, Last appended: 0.0, Last appended by leader: 0, Current term: 0, Majority size: -1, State: 0, Mode: NON_LEADER, active raft config: opid_index: -1 OBSOLETE_local: false peers { permanent_uuid: "921c423406da4f289884afca51ca198f" member_type: VOTER last_known_addr { host: "127.5.72.129" port: 34121 } } peers { permanent_uuid: "3ceee54e49d041be9f7f48a2052709c5" member_type: VOTER last_known_addr { host: "127.5.72.130" port: 37977 } } peers { permanent_uuid: "53fee9894731461a821a131be24dbbca" member_type: VOTER last_known_addr { host: "127.5.72.131" port: 38019 } }
I20260709 13:16:14.461315  6714 ts_tablet_manager.cc:1434] T f67b820295ac47a4b54e21400f8b4201 P 921c423406da4f289884afca51ca198f: Time spent starting tablet: real 0.010s	user 0.002s	sys 0.004s
I20260709 13:16:14.462188  6714 tablet_bootstrap.cc:492] T c0e818d5c3014869b85a1d5b725c58cf P 921c423406da4f289884afca51ca198f: Bootstrap starting.
I20260709 13:16:14.464430  6711 ts_tablet_manager.cc:1434] T 91a4b9d0715e4a3ba0f22cebfe819bb1 P 3ceee54e49d041be9f7f48a2052709c5: Time spent starting tablet: real 0.012s	user 0.005s	sys 0.001s
I20260709 13:16:14.465197  6711 tablet_bootstrap.cc:492] T a758d1835d6148668ab495504660d72a P 3ceee54e49d041be9f7f48a2052709c5: Bootstrap starting.
I20260709 13:16:14.453027  6596 raft_consensus.cc:2468] T 5d9d0fb5a0864567ac4cc6ee615911b6 P 3ceee54e49d041be9f7f48a2052709c5 [term 1 FOLLOWER]: Leader election vote request: Granting yes vote for candidate 921c423406da4f289884afca51ca198f in term 1.
I20260709 13:16:14.468743  6488 leader_election.cc:304] T 5d9d0fb5a0864567ac4cc6ee615911b6 P 921c423406da4f289884afca51ca198f [CANDIDATE]: Term 1 election: Election decided. Result: candidate won. Election summary: received 3 responses out of 3 voters: 2 yes votes; 1 no votes. yes voters: 3ceee54e49d041be9f7f48a2052709c5, 921c423406da4f289884afca51ca198f; no voters: 53fee9894731461a821a131be24dbbca
I20260709 13:16:14.470562  6740 raft_consensus.cc:2804] T 5d9d0fb5a0864567ac4cc6ee615911b6 P 921c423406da4f289884afca51ca198f [term 1 FOLLOWER]: Leader election won for term 1
I20260709 13:16:14.471007  6740 raft_consensus.cc:697] T 5d9d0fb5a0864567ac4cc6ee615911b6 P 921c423406da4f289884afca51ca198f [term 1 LEADER]: Becoming Leader. State: Replica: 921c423406da4f289884afca51ca198f, State: Running, Role: LEADER
I20260709 13:16:14.471731  6740 consensus_queue.cc:237] T 5d9d0fb5a0864567ac4cc6ee615911b6 P 921c423406da4f289884afca51ca198f [LEADER]: Queue going to LEADER mode. State: All replicated index: 0, Majority replicated index: 0, Committed index: 0, Last appended: 0.0, Last appended by leader: 0, Current term: 1, Majority size: 2, State: 0, Mode: LEADER, active raft config: opid_index: -1 OBSOLETE_local: false peers { permanent_uuid: "921c423406da4f289884afca51ca198f" member_type: VOTER last_known_addr { host: "127.5.72.129" port: 34121 } } peers { permanent_uuid: "3ceee54e49d041be9f7f48a2052709c5" member_type: VOTER last_known_addr { host: "127.5.72.130" port: 37977 } } peers { permanent_uuid: "53fee9894731461a821a131be24dbbca" member_type: VOTER last_known_addr { host: "127.5.72.131" port: 38019 } }
I20260709 13:16:14.474454  6845 consensus_queue.cc:1048] T 17b598f21a79476cabdf3f5191b4f9a8 P 3ceee54e49d041be9f7f48a2052709c5 [LEADER]: Connected to new peer: Peer: permanent_uuid: "921c423406da4f289884afca51ca198f" member_type: VOTER last_known_addr { host: "127.5.72.129" port: 34121 }, Status: LMP_MISMATCH, Last received: 0.0, Next index: 1, Last known committed idx: 0, Time since last communication: 0.000s
I20260709 13:16:14.476190  6420 catalog_manager.cc:5697] T 943ce377e70a422a8376b294da2840fa P 921c423406da4f289884afca51ca198f reported cstate change: term changed from 0 to 1, leader changed from <none> to 921c423406da4f289884afca51ca198f (127.5.72.129). New cstate: current_term: 1 leader_uuid: "921c423406da4f289884afca51ca198f" committed_config { opid_index: -1 OBSOLETE_local: false peers { permanent_uuid: "921c423406da4f289884afca51ca198f" member_type: VOTER last_known_addr { host: "127.5.72.129" port: 34121 } health_report { overall_health: HEALTHY } } peers { permanent_uuid: "3ceee54e49d041be9f7f48a2052709c5" member_type: VOTER last_known_addr { host: "127.5.72.130" port: 37977 } health_report { overall_health: UNKNOWN } } peers { permanent_uuid: "53fee9894731461a821a131be24dbbca" member_type: VOTER last_known_addr { host: "127.5.72.131" port: 38019 } health_report { overall_health: UNKNOWN } } }
I20260709 13:16:14.476280  6416 catalog_manager.cc:5697] T 8885ae897ec84eca940e2aa65f7311b5 P 53fee9894731461a821a131be24dbbca reported cstate change: term changed from 0 to 1, leader changed from <none> to 53fee9894731461a821a131be24dbbca (127.5.72.131). New cstate: current_term: 1 leader_uuid: "53fee9894731461a821a131be24dbbca" committed_config { opid_index: -1 OBSOLETE_local: false peers { permanent_uuid: "921c423406da4f289884afca51ca198f" member_type: VOTER last_known_addr { host: "127.5.72.129" port: 34121 } health_report { overall_health: UNKNOWN } } peers { permanent_uuid: "3ceee54e49d041be9f7f48a2052709c5" member_type: VOTER last_known_addr { host: "127.5.72.130" port: 37977 } health_report { overall_health: UNKNOWN } } peers { permanent_uuid: "53fee9894731461a821a131be24dbbca" member_type: VOTER last_known_addr { host: "127.5.72.131" port: 38019 } health_report { overall_health: HEALTHY } } }
I20260709 13:16:14.493954  6711 tablet_bootstrap.cc:654] T a758d1835d6148668ab495504660d72a P 3ceee54e49d041be9f7f48a2052709c5: Neither blocks nor log segments found. Creating new log.
I20260709 13:16:14.499187  6714 tablet_bootstrap.cc:654] T c0e818d5c3014869b85a1d5b725c58cf P 921c423406da4f289884afca51ca198f: Neither blocks nor log segments found. Creating new log.
I20260709 13:16:14.515563  6843 consensus_queue.cc:1048] T 17b598f21a79476cabdf3f5191b4f9a8 P 3ceee54e49d041be9f7f48a2052709c5 [LEADER]: Connected to new peer: Peer: permanent_uuid: "53fee9894731461a821a131be24dbbca" member_type: VOTER last_known_addr { host: "127.5.72.131" port: 38019 }, Status: LMP_MISMATCH, Last received: 0.0, Next index: 1, Last known committed idx: 0, Time since last communication: 0.000s
I20260709 13:16:14.516687  6713 tablet_bootstrap.cc:492] T 5d9d0fb5a0864567ac4cc6ee615911b6 P 53fee9894731461a821a131be24dbbca: No bootstrap required, opened a new log
I20260709 13:16:14.517143  6713 ts_tablet_manager.cc:1403] T 5d9d0fb5a0864567ac4cc6ee615911b6 P 53fee9894731461a821a131be24dbbca: Time spent bootstrapping tablet: real 0.174s	user 0.011s	sys 0.005s
I20260709 13:16:14.521111  6713 raft_consensus.cc:359] T 5d9d0fb5a0864567ac4cc6ee615911b6 P 53fee9894731461a821a131be24dbbca [term 0 FOLLOWER]: Replica starting. Triggering 0 pending ops. Active config: opid_index: -1 OBSOLETE_local: false peers { permanent_uuid: "921c423406da4f289884afca51ca198f" member_type: VOTER last_known_addr { host: "127.5.72.129" port: 34121 } } peers { permanent_uuid: "3ceee54e49d041be9f7f48a2052709c5" member_type: VOTER last_known_addr { host: "127.5.72.130" port: 37977 } } peers { permanent_uuid: "53fee9894731461a821a131be24dbbca" member_type: VOTER last_known_addr { host: "127.5.72.131" port: 38019 } }
I20260709 13:16:14.521840  6713 raft_consensus.cc:385] T 5d9d0fb5a0864567ac4cc6ee615911b6 P 53fee9894731461a821a131be24dbbca [term 0 FOLLOWER]: Consensus starting up: Expiring failure detector timer to make a prompt election more likely
I20260709 13:16:14.522224  6713 raft_consensus.cc:740] T 5d9d0fb5a0864567ac4cc6ee615911b6 P 53fee9894731461a821a131be24dbbca [term 0 FOLLOWER]: Becoming Follower/Learner. State: Replica: 53fee9894731461a821a131be24dbbca, State: Initialized, Role: FOLLOWER
I20260709 13:16:14.523176  6713 consensus_queue.cc:260] T 5d9d0fb5a0864567ac4cc6ee615911b6 P 53fee9894731461a821a131be24dbbca [NON_LEADER]: Queue going to NON_LEADER mode. State: All replicated index: 0, Majority replicated index: 0, Committed index: 0, Last appended: 0.0, Last appended by leader: 0, Current term: 0, Majority size: -1, State: 0, Mode: NON_LEADER, active raft config: opid_index: -1 OBSOLETE_local: false peers { permanent_uuid: "921c423406da4f289884afca51ca198f" member_type: VOTER last_known_addr { host: "127.5.72.129" port: 34121 } } peers { permanent_uuid: "3ceee54e49d041be9f7f48a2052709c5" member_type: VOTER last_known_addr { host: "127.5.72.130" port: 37977 } } peers { permanent_uuid: "53fee9894731461a821a131be24dbbca" member_type: VOTER last_known_addr { host: "127.5.72.131" port: 38019 } }
I20260709 13:16:14.531421  6713 ts_tablet_manager.cc:1434] T 5d9d0fb5a0864567ac4cc6ee615911b6 P 53fee9894731461a821a131be24dbbca: Time spent starting tablet: real 0.014s	user 0.008s	sys 0.000s
I20260709 13:16:14.535220  6713 tablet_bootstrap.cc:492] T 91a4b9d0715e4a3ba0f22cebfe819bb1 P 53fee9894731461a821a131be24dbbca: Bootstrap starting.
I20260709 13:16:14.557592  6714 tablet_bootstrap.cc:492] T c0e818d5c3014869b85a1d5b725c58cf P 921c423406da4f289884afca51ca198f: No bootstrap required, opened a new log
I20260709 13:16:14.558099  6714 ts_tablet_manager.cc:1403] T c0e818d5c3014869b85a1d5b725c58cf P 921c423406da4f289884afca51ca198f: Time spent bootstrapping tablet: real 0.096s	user 0.024s	sys 0.024s
I20260709 13:16:14.560662  6714 raft_consensus.cc:359] T c0e818d5c3014869b85a1d5b725c58cf P 921c423406da4f289884afca51ca198f [term 0 FOLLOWER]: Replica starting. Triggering 0 pending ops. Active config: opid_index: -1 OBSOLETE_local: false peers { permanent_uuid: "921c423406da4f289884afca51ca198f" member_type: VOTER last_known_addr { host: "127.5.72.129" port: 34121 } } peers { permanent_uuid: "3ceee54e49d041be9f7f48a2052709c5" member_type: VOTER last_known_addr { host: "127.5.72.130" port: 37977 } } peers { permanent_uuid: "53fee9894731461a821a131be24dbbca" member_type: VOTER last_known_addr { host: "127.5.72.131" port: 38019 } }
I20260709 13:16:14.561295  6714 raft_consensus.cc:385] T c0e818d5c3014869b85a1d5b725c58cf P 921c423406da4f289884afca51ca198f [term 0 FOLLOWER]: Consensus starting up: Expiring failure detector timer to make a prompt election more likely
I20260709 13:16:14.561556  6714 raft_consensus.cc:740] T c0e818d5c3014869b85a1d5b725c58cf P 921c423406da4f289884afca51ca198f [term 0 FOLLOWER]: Becoming Follower/Learner. State: Replica: 921c423406da4f289884afca51ca198f, State: Initialized, Role: FOLLOWER
I20260709 13:16:14.562201  6714 consensus_queue.cc:260] T c0e818d5c3014869b85a1d5b725c58cf P 921c423406da4f289884afca51ca198f [NON_LEADER]: Queue going to NON_LEADER mode. State: All replicated index: 0, Majority replicated index: 0, Committed index: 0, Last appended: 0.0, Last appended by leader: 0, Current term: 0, Majority size: -1, State: 0, Mode: NON_LEADER, active raft config: opid_index: -1 OBSOLETE_local: false peers { permanent_uuid: "921c423406da4f289884afca51ca198f" member_type: VOTER last_known_addr { host: "127.5.72.129" port: 34121 } } peers { permanent_uuid: "3ceee54e49d041be9f7f48a2052709c5" member_type: VOTER last_known_addr { host: "127.5.72.130" port: 37977 } } peers { permanent_uuid: "53fee9894731461a821a131be24dbbca" member_type: VOTER last_known_addr { host: "127.5.72.131" port: 38019 } }
I20260709 13:16:14.564288  6714 ts_tablet_manager.cc:1434] T c0e818d5c3014869b85a1d5b725c58cf P 921c423406da4f289884afca51ca198f: Time spent starting tablet: real 0.006s	user 0.006s	sys 0.000s
I20260709 13:16:14.565224  6714 tablet_bootstrap.cc:492] T 8885ae897ec84eca940e2aa65f7311b5 P 921c423406da4f289884afca51ca198f: Bootstrap starting.
I20260709 13:16:14.565672  6713 tablet_bootstrap.cc:654] T 91a4b9d0715e4a3ba0f22cebfe819bb1 P 53fee9894731461a821a131be24dbbca: Neither blocks nor log segments found. Creating new log.
I20260709 13:16:14.570927  6714 tablet_bootstrap.cc:654] T 8885ae897ec84eca940e2aa65f7311b5 P 921c423406da4f289884afca51ca198f: Neither blocks nor log segments found. Creating new log.
I20260709 13:16:14.583168  6711 tablet_bootstrap.cc:492] T a758d1835d6148668ab495504660d72a P 3ceee54e49d041be9f7f48a2052709c5: No bootstrap required, opened a new log
I20260709 13:16:14.583776  6711 ts_tablet_manager.cc:1403] T a758d1835d6148668ab495504660d72a P 3ceee54e49d041be9f7f48a2052709c5: Time spent bootstrapping tablet: real 0.119s	user 0.012s	sys 0.010s
I20260709 13:16:14.586918  6711 raft_consensus.cc:359] T a758d1835d6148668ab495504660d72a P 3ceee54e49d041be9f7f48a2052709c5 [term 0 FOLLOWER]: Replica starting. Triggering 0 pending ops. Active config: opid_index: -1 OBSOLETE_local: false peers { permanent_uuid: "921c423406da4f289884afca51ca198f" member_type: VOTER last_known_addr { host: "127.5.72.129" port: 34121 } } peers { permanent_uuid: "3ceee54e49d041be9f7f48a2052709c5" member_type: VOTER last_known_addr { host: "127.5.72.130" port: 37977 } } peers { permanent_uuid: "53fee9894731461a821a131be24dbbca" member_type: VOTER last_known_addr { host: "127.5.72.131" port: 38019 } }
I20260709 13:16:14.587903  6711 raft_consensus.cc:385] T a758d1835d6148668ab495504660d72a P 3ceee54e49d041be9f7f48a2052709c5 [term 0 FOLLOWER]: Consensus starting up: Expiring failure detector timer to make a prompt election more likely
I20260709 13:16:14.588243  6711 raft_consensus.cc:740] T a758d1835d6148668ab495504660d72a P 3ceee54e49d041be9f7f48a2052709c5 [term 0 FOLLOWER]: Becoming Follower/Learner. State: Replica: 3ceee54e49d041be9f7f48a2052709c5, State: Initialized, Role: FOLLOWER
I20260709 13:16:14.589110  6711 consensus_queue.cc:260] T a758d1835d6148668ab495504660d72a P 3ceee54e49d041be9f7f48a2052709c5 [NON_LEADER]: Queue going to NON_LEADER mode. State: All replicated index: 0, Majority replicated index: 0, Committed index: 0, Last appended: 0.0, Last appended by leader: 0, Current term: 0, Majority size: -1, State: 0, Mode: NON_LEADER, active raft config: opid_index: -1 OBSOLETE_local: false peers { permanent_uuid: "921c423406da4f289884afca51ca198f" member_type: VOTER last_known_addr { host: "127.5.72.129" port: 34121 } } peers { permanent_uuid: "3ceee54e49d041be9f7f48a2052709c5" member_type: VOTER last_known_addr { host: "127.5.72.130" port: 37977 } } peers { permanent_uuid: "53fee9894731461a821a131be24dbbca" member_type: VOTER last_known_addr { host: "127.5.72.131" port: 38019 } }
I20260709 13:16:14.592578  6713 tablet_bootstrap.cc:492] T 91a4b9d0715e4a3ba0f22cebfe819bb1 P 53fee9894731461a821a131be24dbbca: No bootstrap required, opened a new log
I20260709 13:16:14.592866  6711 ts_tablet_manager.cc:1434] T a758d1835d6148668ab495504660d72a P 3ceee54e49d041be9f7f48a2052709c5: Time spent starting tablet: real 0.009s	user 0.006s	sys 0.000s
I20260709 13:16:14.593335  6713 ts_tablet_manager.cc:1403] T 91a4b9d0715e4a3ba0f22cebfe819bb1 P 53fee9894731461a821a131be24dbbca: Time spent bootstrapping tablet: real 0.058s	user 0.011s	sys 0.016s
I20260709 13:16:14.594218  6909 raft_consensus.cc:493] T c0e818d5c3014869b85a1d5b725c58cf P 53fee9894731461a821a131be24dbbca [term 0 FOLLOWER]: Starting pre-election (no leader contacted us within the election timeout)
I20260709 13:16:14.593871  6416 catalog_manager.cc:5697] T 5d9d0fb5a0864567ac4cc6ee615911b6 P 921c423406da4f289884afca51ca198f reported cstate change: term changed from 0 to 1, leader changed from <none> to 921c423406da4f289884afca51ca198f (127.5.72.129). New cstate: current_term: 1 leader_uuid: "921c423406da4f289884afca51ca198f" committed_config { opid_index: -1 OBSOLETE_local: false peers { permanent_uuid: "921c423406da4f289884afca51ca198f" member_type: VOTER last_known_addr { host: "127.5.72.129" port: 34121 } health_report { overall_health: HEALTHY } } peers { permanent_uuid: "3ceee54e49d041be9f7f48a2052709c5" member_type: VOTER last_known_addr { host: "127.5.72.130" port: 37977 } health_report { overall_health: UNKNOWN } } peers { permanent_uuid: "53fee9894731461a821a131be24dbbca" member_type: VOTER last_known_addr { host: "127.5.72.131" port: 38019 } health_report { overall_health: UNKNOWN } } }
I20260709 13:16:14.594887  6909 raft_consensus.cc:515] T c0e818d5c3014869b85a1d5b725c58cf P 53fee9894731461a821a131be24dbbca [term 0 FOLLOWER]: Starting pre-election with config: opid_index: -1 OBSOLETE_local: false peers { permanent_uuid: "921c423406da4f289884afca51ca198f" member_type: VOTER last_known_addr { host: "127.5.72.129" port: 34121 } } peers { permanent_uuid: "3ceee54e49d041be9f7f48a2052709c5" member_type: VOTER last_known_addr { host: "127.5.72.130" port: 37977 } } peers { permanent_uuid: "53fee9894731461a821a131be24dbbca" member_type: VOTER last_known_addr { host: "127.5.72.131" port: 38019 } }
I20260709 13:16:14.596469  6713 raft_consensus.cc:359] T 91a4b9d0715e4a3ba0f22cebfe819bb1 P 53fee9894731461a821a131be24dbbca [term 0 FOLLOWER]: Replica starting. Triggering 0 pending ops. Active config: opid_index: -1 OBSOLETE_local: false peers { permanent_uuid: "921c423406da4f289884afca51ca198f" member_type: VOTER last_known_addr { host: "127.5.72.129" port: 34121 } } peers { permanent_uuid: "3ceee54e49d041be9f7f48a2052709c5" member_type: VOTER last_known_addr { host: "127.5.72.130" port: 37977 } } peers { permanent_uuid: "53fee9894731461a821a131be24dbbca" member_type: VOTER last_known_addr { host: "127.5.72.131" port: 38019 } }
I20260709 13:16:14.596972  6711 tablet_bootstrap.cc:492] T b75fb632ebbc415092b08b38d0835144 P 3ceee54e49d041be9f7f48a2052709c5: Bootstrap starting.
I20260709 13:16:14.597225  6713 raft_consensus.cc:385] T 91a4b9d0715e4a3ba0f22cebfe819bb1 P 53fee9894731461a821a131be24dbbca [term 0 FOLLOWER]: Consensus starting up: Expiring failure detector timer to make a prompt election more likely
I20260709 13:16:14.597548  6713 raft_consensus.cc:740] T 91a4b9d0715e4a3ba0f22cebfe819bb1 P 53fee9894731461a821a131be24dbbca [term 0 FOLLOWER]: Becoming Follower/Learner. State: Replica: 53fee9894731461a821a131be24dbbca, State: Initialized, Role: FOLLOWER
I20260709 13:16:14.597518  6909 leader_election.cc:290] T c0e818d5c3014869b85a1d5b725c58cf P 53fee9894731461a821a131be24dbbca [CANDIDATE]: Term 1 pre-election: Requested pre-vote from peers 921c423406da4f289884afca51ca198f (127.5.72.129:34121), 3ceee54e49d041be9f7f48a2052709c5 (127.5.72.130:37977)
I20260709 13:16:14.598646  6713 consensus_queue.cc:260] T 91a4b9d0715e4a3ba0f22cebfe819bb1 P 53fee9894731461a821a131be24dbbca [NON_LEADER]: Queue going to NON_LEADER mode. State: All replicated index: 0, Majority replicated index: 0, Committed index: 0, Last appended: 0.0, Last appended by leader: 0, Current term: 0, Majority size: -1, State: 0, Mode: NON_LEADER, active raft config: opid_index: -1 OBSOLETE_local: false peers { permanent_uuid: "921c423406da4f289884afca51ca198f" member_type: VOTER last_known_addr { host: "127.5.72.129" port: 34121 } } peers { permanent_uuid: "3ceee54e49d041be9f7f48a2052709c5" member_type: VOTER last_known_addr { host: "127.5.72.130" port: 37977 } } peers { permanent_uuid: "53fee9894731461a821a131be24dbbca" member_type: VOTER last_known_addr { host: "127.5.72.131" port: 38019 } }
I20260709 13:16:14.601235  6713 ts_tablet_manager.cc:1434] T 91a4b9d0715e4a3ba0f22cebfe819bb1 P 53fee9894731461a821a131be24dbbca: Time spent starting tablet: real 0.007s	user 0.006s	sys 0.000s
I20260709 13:16:14.602187  6713 tablet_bootstrap.cc:492] T 943ce377e70a422a8376b294da2840fa P 53fee9894731461a821a131be24dbbca: Bootstrap starting.
I20260709 13:16:14.602159  6596 tablet_service.cc:1917] Received RequestConsensusVote() RPC: tablet_id: "c0e818d5c3014869b85a1d5b725c58cf" candidate_uuid: "53fee9894731461a821a131be24dbbca" candidate_term: 1 candidate_status { last_received { term: 0 index: 0 } } ignore_live_leader: false dest_uuid: "3ceee54e49d041be9f7f48a2052709c5" is_pre_election: true
I20260709 13:16:14.603195  6596 raft_consensus.cc:2468] T c0e818d5c3014869b85a1d5b725c58cf P 3ceee54e49d041be9f7f48a2052709c5 [term 0 FOLLOWER]: Leader pre-election vote request: Granting yes vote for candidate 53fee9894731461a821a131be24dbbca in term 0.
I20260709 13:16:14.601222  6521 tablet_service.cc:1917] Received RequestConsensusVote() RPC: tablet_id: "c0e818d5c3014869b85a1d5b725c58cf" candidate_uuid: "53fee9894731461a821a131be24dbbca" candidate_term: 1 candidate_status { last_received { term: 0 index: 0 } } ignore_live_leader: false dest_uuid: "921c423406da4f289884afca51ca198f" is_pre_election: true
I20260709 13:16:14.607501  6521 raft_consensus.cc:2468] T c0e818d5c3014869b85a1d5b725c58cf P 921c423406da4f289884afca51ca198f [term 0 FOLLOWER]: Leader pre-election vote request: Granting yes vote for candidate 53fee9894731461a821a131be24dbbca in term 0.
I20260709 13:16:14.608227  6711 tablet_bootstrap.cc:654] T b75fb632ebbc415092b08b38d0835144 P 3ceee54e49d041be9f7f48a2052709c5: Neither blocks nor log segments found. Creating new log.
I20260709 13:16:14.609674  6637 leader_election.cc:304] T c0e818d5c3014869b85a1d5b725c58cf P 53fee9894731461a821a131be24dbbca [CANDIDATE]: Term 1 pre-election: Election decided. Result: candidate won. Election summary: received 2 responses out of 3 voters: 2 yes votes; 0 no votes. yes voters: 3ceee54e49d041be9f7f48a2052709c5, 53fee9894731461a821a131be24dbbca; no voters: 
I20260709 13:16:14.610591  6713 tablet_bootstrap.cc:654] T 943ce377e70a422a8376b294da2840fa P 53fee9894731461a821a131be24dbbca: Neither blocks nor log segments found. Creating new log.
I20260709 13:16:14.611346  6909 raft_consensus.cc:2804] T c0e818d5c3014869b85a1d5b725c58cf P 53fee9894731461a821a131be24dbbca [term 0 FOLLOWER]: Leader pre-election won for term 1
I20260709 13:16:14.611691  6909 raft_consensus.cc:493] T c0e818d5c3014869b85a1d5b725c58cf P 53fee9894731461a821a131be24dbbca [term 0 FOLLOWER]: Starting leader election (no leader contacted us within the election timeout)
I20260709 13:16:14.612043  6909 raft_consensus.cc:3060] T c0e818d5c3014869b85a1d5b725c58cf P 53fee9894731461a821a131be24dbbca [term 0 FOLLOWER]: Advancing to term 1
I20260709 13:16:14.613240  6714 tablet_bootstrap.cc:492] T 8885ae897ec84eca940e2aa65f7311b5 P 921c423406da4f289884afca51ca198f: No bootstrap required, opened a new log
I20260709 13:16:14.613761  6714 ts_tablet_manager.cc:1403] T 8885ae897ec84eca940e2aa65f7311b5 P 921c423406da4f289884afca51ca198f: Time spent bootstrapping tablet: real 0.049s	user 0.022s	sys 0.015s
I20260709 13:16:14.617343  6714 raft_consensus.cc:359] T 8885ae897ec84eca940e2aa65f7311b5 P 921c423406da4f289884afca51ca198f [term 0 FOLLOWER]: Replica starting. Triggering 0 pending ops. Active config: opid_index: -1 OBSOLETE_local: false peers { permanent_uuid: "921c423406da4f289884afca51ca198f" member_type: VOTER last_known_addr { host: "127.5.72.129" port: 34121 } } peers { permanent_uuid: "3ceee54e49d041be9f7f48a2052709c5" member_type: VOTER last_known_addr { host: "127.5.72.130" port: 37977 } } peers { permanent_uuid: "53fee9894731461a821a131be24dbbca" member_type: VOTER last_known_addr { host: "127.5.72.131" port: 38019 } }
I20260709 13:16:14.618229  6714 raft_consensus.cc:385] T 8885ae897ec84eca940e2aa65f7311b5 P 921c423406da4f289884afca51ca198f [term 0 FOLLOWER]: Consensus starting up: Expiring failure detector timer to make a prompt election more likely
I20260709 13:16:14.618554  6714 raft_consensus.cc:740] T 8885ae897ec84eca940e2aa65f7311b5 P 921c423406da4f289884afca51ca198f [term 0 FOLLOWER]: Becoming Follower/Learner. State: Replica: 921c423406da4f289884afca51ca198f, State: Initialized, Role: FOLLOWER
I20260709 13:16:14.619324  6714 consensus_queue.cc:260] T 8885ae897ec84eca940e2aa65f7311b5 P 921c423406da4f289884afca51ca198f [NON_LEADER]: Queue going to NON_LEADER mode. State: All replicated index: 0, Majority replicated index: 0, Committed index: 0, Last appended: 0.0, Last appended by leader: 0, Current term: 0, Majority size: -1, State: 0, Mode: NON_LEADER, active raft config: opid_index: -1 OBSOLETE_local: false peers { permanent_uuid: "921c423406da4f289884afca51ca198f" member_type: VOTER last_known_addr { host: "127.5.72.129" port: 34121 } } peers { permanent_uuid: "3ceee54e49d041be9f7f48a2052709c5" member_type: VOTER last_known_addr { host: "127.5.72.130" port: 37977 } } peers { permanent_uuid: "53fee9894731461a821a131be24dbbca" member_type: VOTER last_known_addr { host: "127.5.72.131" port: 38019 } }
I20260709 13:16:14.621363  6714 ts_tablet_manager.cc:1434] T 8885ae897ec84eca940e2aa65f7311b5 P 921c423406da4f289884afca51ca198f: Time spent starting tablet: real 0.006s	user 0.004s	sys 0.000s
I20260709 13:16:14.622321  6714 tablet_bootstrap.cc:492] T 91a4b9d0715e4a3ba0f22cebfe819bb1 P 921c423406da4f289884afca51ca198f: Bootstrap starting.
I20260709 13:16:14.625413  6711 tablet_bootstrap.cc:492] T b75fb632ebbc415092b08b38d0835144 P 3ceee54e49d041be9f7f48a2052709c5: No bootstrap required, opened a new log
I20260709 13:16:14.626013  6711 ts_tablet_manager.cc:1403] T b75fb632ebbc415092b08b38d0835144 P 3ceee54e49d041be9f7f48a2052709c5: Time spent bootstrapping tablet: real 0.029s	user 0.001s	sys 0.020s
I20260709 13:16:14.626991  6909 raft_consensus.cc:515] T c0e818d5c3014869b85a1d5b725c58cf P 53fee9894731461a821a131be24dbbca [term 1 FOLLOWER]: Starting leader election with config: opid_index: -1 OBSOLETE_local: false peers { permanent_uuid: "921c423406da4f289884afca51ca198f" member_type: VOTER last_known_addr { host: "127.5.72.129" port: 34121 } } peers { permanent_uuid: "3ceee54e49d041be9f7f48a2052709c5" member_type: VOTER last_known_addr { host: "127.5.72.130" port: 37977 } } peers { permanent_uuid: "53fee9894731461a821a131be24dbbca" member_type: VOTER last_known_addr { host: "127.5.72.131" port: 38019 } }
I20260709 13:16:14.629189  6714 tablet_bootstrap.cc:654] T 91a4b9d0715e4a3ba0f22cebfe819bb1 P 921c423406da4f289884afca51ca198f: Neither blocks nor log segments found. Creating new log.
I20260709 13:16:14.629050  6711 raft_consensus.cc:359] T b75fb632ebbc415092b08b38d0835144 P 3ceee54e49d041be9f7f48a2052709c5 [term 0 FOLLOWER]: Replica starting. Triggering 0 pending ops. Active config: opid_index: -1 OBSOLETE_local: false peers { permanent_uuid: "921c423406da4f289884afca51ca198f" member_type: VOTER last_known_addr { host: "127.5.72.129" port: 34121 } } peers { permanent_uuid: "3ceee54e49d041be9f7f48a2052709c5" member_type: VOTER last_known_addr { host: "127.5.72.130" port: 37977 } } peers { permanent_uuid: "53fee9894731461a821a131be24dbbca" member_type: VOTER last_known_addr { host: "127.5.72.131" port: 38019 } }
I20260709 13:16:14.629784  6711 raft_consensus.cc:385] T b75fb632ebbc415092b08b38d0835144 P 3ceee54e49d041be9f7f48a2052709c5 [term 0 FOLLOWER]: Consensus starting up: Expiring failure detector timer to make a prompt election more likely
I20260709 13:16:14.630084  6711 raft_consensus.cc:740] T b75fb632ebbc415092b08b38d0835144 P 3ceee54e49d041be9f7f48a2052709c5 [term 0 FOLLOWER]: Becoming Follower/Learner. State: Replica: 3ceee54e49d041be9f7f48a2052709c5, State: Initialized, Role: FOLLOWER
I20260709 13:16:14.629915  6520 tablet_service.cc:1917] Received RequestConsensusVote() RPC: tablet_id: "c0e818d5c3014869b85a1d5b725c58cf" candidate_uuid: "53fee9894731461a821a131be24dbbca" candidate_term: 1 candidate_status { last_received { term: 0 index: 0 } } ignore_live_leader: false dest_uuid: "921c423406da4f289884afca51ca198f"
I20260709 13:16:14.630753  6520 raft_consensus.cc:3060] T c0e818d5c3014869b85a1d5b725c58cf P 921c423406da4f289884afca51ca198f [term 0 FOLLOWER]: Advancing to term 1
I20260709 13:16:14.630945  6711 consensus_queue.cc:260] T b75fb632ebbc415092b08b38d0835144 P 3ceee54e49d041be9f7f48a2052709c5 [NON_LEADER]: Queue going to NON_LEADER mode. State: All replicated index: 0, Majority replicated index: 0, Committed index: 0, Last appended: 0.0, Last appended by leader: 0, Current term: 0, Majority size: -1, State: 0, Mode: NON_LEADER, active raft config: opid_index: -1 OBSOLETE_local: false peers { permanent_uuid: "921c423406da4f289884afca51ca198f" member_type: VOTER last_known_addr { host: "127.5.72.129" port: 34121 } } peers { permanent_uuid: "3ceee54e49d041be9f7f48a2052709c5" member_type: VOTER last_known_addr { host: "127.5.72.130" port: 37977 } } peers { permanent_uuid: "53fee9894731461a821a131be24dbbca" member_type: VOTER last_known_addr { host: "127.5.72.131" port: 38019 } }
I20260709 13:16:14.633387  6711 ts_tablet_manager.cc:1434] T b75fb632ebbc415092b08b38d0835144 P 3ceee54e49d041be9f7f48a2052709c5: Time spent starting tablet: real 0.007s	user 0.006s	sys 0.002s
I20260709 13:16:14.634214  6711 tablet_bootstrap.cc:492] T 7fc1d5a094e64eadb9c93f5e81f30fbc P 3ceee54e49d041be9f7f48a2052709c5: Bootstrap starting.
I20260709 13:16:14.639901  6711 tablet_bootstrap.cc:654] T 7fc1d5a094e64eadb9c93f5e81f30fbc P 3ceee54e49d041be9f7f48a2052709c5: Neither blocks nor log segments found. Creating new log.
I20260709 13:16:14.640789  6714 tablet_bootstrap.cc:492] T 91a4b9d0715e4a3ba0f22cebfe819bb1 P 921c423406da4f289884afca51ca198f: No bootstrap required, opened a new log
I20260709 13:16:14.641264  6714 ts_tablet_manager.cc:1403] T 91a4b9d0715e4a3ba0f22cebfe819bb1 P 921c423406da4f289884afca51ca198f: Time spent bootstrapping tablet: real 0.019s	user 0.006s	sys 0.010s
I20260709 13:16:14.641706  6417 catalog_manager.cc:5697] T 60fb01da2cc5490ebbbca7ec57b64a20 P 53fee9894731461a821a131be24dbbca reported cstate change: term changed from 0 to 1, leader changed from <none> to 53fee9894731461a821a131be24dbbca (127.5.72.131). New cstate: current_term: 1 leader_uuid: "53fee9894731461a821a131be24dbbca" committed_config { opid_index: -1 OBSOLETE_local: false peers { permanent_uuid: "921c423406da4f289884afca51ca198f" member_type: VOTER last_known_addr { host: "127.5.72.129" port: 34121 } health_report { overall_health: UNKNOWN } } peers { permanent_uuid: "3ceee54e49d041be9f7f48a2052709c5" member_type: VOTER last_known_addr { host: "127.5.72.130" port: 37977 } health_report { overall_health: UNKNOWN } } peers { permanent_uuid: "53fee9894731461a821a131be24dbbca" member_type: VOTER last_known_addr { host: "127.5.72.131" port: 38019 } health_report { overall_health: HEALTHY } } }
I20260709 13:16:14.643923  6714 raft_consensus.cc:359] T 91a4b9d0715e4a3ba0f22cebfe819bb1 P 921c423406da4f289884afca51ca198f [term 0 FOLLOWER]: Replica starting. Triggering 0 pending ops. Active config: opid_index: -1 OBSOLETE_local: false peers { permanent_uuid: "921c423406da4f289884afca51ca198f" member_type: VOTER last_known_addr { host: "127.5.72.129" port: 34121 } } peers { permanent_uuid: "3ceee54e49d041be9f7f48a2052709c5" member_type: VOTER last_known_addr { host: "127.5.72.130" port: 37977 } } peers { permanent_uuid: "53fee9894731461a821a131be24dbbca" member_type: VOTER last_known_addr { host: "127.5.72.131" port: 38019 } }
I20260709 13:16:14.644660  6714 raft_consensus.cc:385] T 91a4b9d0715e4a3ba0f22cebfe819bb1 P 921c423406da4f289884afca51ca198f [term 0 FOLLOWER]: Consensus starting up: Expiring failure detector timer to make a prompt election more likely
I20260709 13:16:14.644927  6714 raft_consensus.cc:740] T 91a4b9d0715e4a3ba0f22cebfe819bb1 P 921c423406da4f289884afca51ca198f [term 0 FOLLOWER]: Becoming Follower/Learner. State: Replica: 921c423406da4f289884afca51ca198f, State: Initialized, Role: FOLLOWER
I20260709 13:16:14.644883  6417 catalog_manager.cc:5697] T fd28ad0fdaad48d586176f4a8e3f1aa3 P 53fee9894731461a821a131be24dbbca reported cstate change: term changed from 0 to 1, leader changed from <none> to 53fee9894731461a821a131be24dbbca (127.5.72.131). New cstate: current_term: 1 leader_uuid: "53fee9894731461a821a131be24dbbca" committed_config { opid_index: -1 OBSOLETE_local: false peers { permanent_uuid: "921c423406da4f289884afca51ca198f" member_type: VOTER last_known_addr { host: "127.5.72.129" port: 34121 } health_report { overall_health: UNKNOWN } } peers { permanent_uuid: "3ceee54e49d041be9f7f48a2052709c5" member_type: VOTER last_known_addr { host: "127.5.72.130" port: 37977 } health_report { overall_health: UNKNOWN } } peers { permanent_uuid: "53fee9894731461a821a131be24dbbca" member_type: VOTER last_known_addr { host: "127.5.72.131" port: 38019 } health_report { overall_health: HEALTHY } } }
I20260709 13:16:14.648001  6714 consensus_queue.cc:260] T 91a4b9d0715e4a3ba0f22cebfe819bb1 P 921c423406da4f289884afca51ca198f [NON_LEADER]: Queue going to NON_LEADER mode. State: All replicated index: 0, Majority replicated index: 0, Committed index: 0, Last appended: 0.0, Last appended by leader: 0, Current term: 0, Majority size: -1, State: 0, Mode: NON_LEADER, active raft config: opid_index: -1 OBSOLETE_local: false peers { permanent_uuid: "921c423406da4f289884afca51ca198f" member_type: VOTER last_known_addr { host: "127.5.72.129" port: 34121 } } peers { permanent_uuid: "3ceee54e49d041be9f7f48a2052709c5" member_type: VOTER last_known_addr { host: "127.5.72.130" port: 37977 } } peers { permanent_uuid: "53fee9894731461a821a131be24dbbca" member_type: VOTER last_known_addr { host: "127.5.72.131" port: 38019 } }
I20260709 13:16:14.643705  6596 tablet_service.cc:1917] Received RequestConsensusVote() RPC: tablet_id: "c0e818d5c3014869b85a1d5b725c58cf" candidate_uuid: "53fee9894731461a821a131be24dbbca" candidate_term: 1 candidate_status { last_received { term: 0 index: 0 } } ignore_live_leader: false dest_uuid: "3ceee54e49d041be9f7f48a2052709c5"
I20260709 13:16:14.651008  6596 raft_consensus.cc:3060] T c0e818d5c3014869b85a1d5b725c58cf P 3ceee54e49d041be9f7f48a2052709c5 [term 0 FOLLOWER]: Advancing to term 1
I20260709 13:16:14.647083  6909 leader_election.cc:290] T c0e818d5c3014869b85a1d5b725c58cf P 53fee9894731461a821a131be24dbbca [CANDIDATE]: Term 1 election: Requested vote from peers 921c423406da4f289884afca51ca198f (127.5.72.129:34121), 3ceee54e49d041be9f7f48a2052709c5 (127.5.72.130:37977)
I20260709 13:16:14.661613  6596 raft_consensus.cc:2468] T c0e818d5c3014869b85a1d5b725c58cf P 3ceee54e49d041be9f7f48a2052709c5 [term 1 FOLLOWER]: Leader election vote request: Granting yes vote for candidate 53fee9894731461a821a131be24dbbca in term 1.
I20260709 13:16:14.662062  6714 ts_tablet_manager.cc:1434] T 91a4b9d0715e4a3ba0f22cebfe819bb1 P 921c423406da4f289884afca51ca198f: Time spent starting tablet: real 0.020s	user 0.006s	sys 0.001s
I20260709 13:16:14.662134  6520 raft_consensus.cc:2468] T c0e818d5c3014869b85a1d5b725c58cf P 921c423406da4f289884afca51ca198f [term 1 FOLLOWER]: Leader election vote request: Granting yes vote for candidate 53fee9894731461a821a131be24dbbca in term 1.
I20260709 13:16:14.662739  6637 leader_election.cc:304] T c0e818d5c3014869b85a1d5b725c58cf P 53fee9894731461a821a131be24dbbca [CANDIDATE]: Term 1 election: Election decided. Result: candidate won. Election summary: received 2 responses out of 3 voters: 2 yes votes; 0 no votes. yes voters: 3ceee54e49d041be9f7f48a2052709c5, 53fee9894731461a821a131be24dbbca; no voters: 
I20260709 13:16:14.663538  6714 tablet_bootstrap.cc:492] T 60fb01da2cc5490ebbbca7ec57b64a20 P 921c423406da4f289884afca51ca198f: Bootstrap starting.
I20260709 13:16:14.666500  6909 raft_consensus.cc:2804] T c0e818d5c3014869b85a1d5b725c58cf P 53fee9894731461a821a131be24dbbca [term 1 FOLLOWER]: Leader election won for term 1
I20260709 13:16:14.666998  6909 raft_consensus.cc:697] T c0e818d5c3014869b85a1d5b725c58cf P 53fee9894731461a821a131be24dbbca [term 1 LEADER]: Becoming Leader. State: Replica: 53fee9894731461a821a131be24dbbca, State: Running, Role: LEADER
I20260709 13:16:14.672191  6909 consensus_queue.cc:237] T c0e818d5c3014869b85a1d5b725c58cf P 53fee9894731461a821a131be24dbbca [LEADER]: Queue going to LEADER mode. State: All replicated index: 0, Majority replicated index: 0, Committed index: 0, Last appended: 0.0, Last appended by leader: 0, Current term: 1, Majority size: 2, State: 0, Mode: LEADER, active raft config: opid_index: -1 OBSOLETE_local: false peers { permanent_uuid: "921c423406da4f289884afca51ca198f" member_type: VOTER last_known_addr { host: "127.5.72.129" port: 34121 } } peers { permanent_uuid: "3ceee54e49d041be9f7f48a2052709c5" member_type: VOTER last_known_addr { host: "127.5.72.130" port: 37977 } } peers { permanent_uuid: "53fee9894731461a821a131be24dbbca" member_type: VOTER last_known_addr { host: "127.5.72.131" port: 38019 } }
I20260709 13:16:14.673731  6711 tablet_bootstrap.cc:492] T 7fc1d5a094e64eadb9c93f5e81f30fbc P 3ceee54e49d041be9f7f48a2052709c5: No bootstrap required, opened a new log
I20260709 13:16:14.674196  6711 ts_tablet_manager.cc:1403] T 7fc1d5a094e64eadb9c93f5e81f30fbc P 3ceee54e49d041be9f7f48a2052709c5: Time spent bootstrapping tablet: real 0.040s	user 0.017s	sys 0.016s
I20260709 13:16:14.675990  6713 tablet_bootstrap.cc:492] T 943ce377e70a422a8376b294da2840fa P 53fee9894731461a821a131be24dbbca: No bootstrap required, opened a new log
I20260709 13:16:14.676285  6713 ts_tablet_manager.cc:1403] T 943ce377e70a422a8376b294da2840fa P 53fee9894731461a821a131be24dbbca: Time spent bootstrapping tablet: real 0.074s	user 0.021s	sys 0.008s
I20260709 13:16:14.678889  6713 raft_consensus.cc:359] T 943ce377e70a422a8376b294da2840fa P 53fee9894731461a821a131be24dbbca [term 0 FOLLOWER]: Replica starting. Triggering 0 pending ops. Active config: opid_index: -1 OBSOLETE_local: false peers { permanent_uuid: "921c423406da4f289884afca51ca198f" member_type: VOTER last_known_addr { host: "127.5.72.129" port: 34121 } } peers { permanent_uuid: "3ceee54e49d041be9f7f48a2052709c5" member_type: VOTER last_known_addr { host: "127.5.72.130" port: 37977 } } peers { permanent_uuid: "53fee9894731461a821a131be24dbbca" member_type: VOTER last_known_addr { host: "127.5.72.131" port: 38019 } }
I20260709 13:16:14.679049  6711 raft_consensus.cc:359] T 7fc1d5a094e64eadb9c93f5e81f30fbc P 3ceee54e49d041be9f7f48a2052709c5 [term 0 FOLLOWER]: Replica starting. Triggering 0 pending ops. Active config: opid_index: -1 OBSOLETE_local: false peers { permanent_uuid: "921c423406da4f289884afca51ca198f" member_type: VOTER last_known_addr { host: "127.5.72.129" port: 34121 } } peers { permanent_uuid: "3ceee54e49d041be9f7f48a2052709c5" member_type: VOTER last_known_addr { host: "127.5.72.130" port: 37977 } } peers { permanent_uuid: "53fee9894731461a821a131be24dbbca" member_type: VOTER last_known_addr { host: "127.5.72.131" port: 38019 } }
I20260709 13:16:14.679558  6713 raft_consensus.cc:385] T 943ce377e70a422a8376b294da2840fa P 53fee9894731461a821a131be24dbbca [term 0 FOLLOWER]: Consensus starting up: Expiring failure detector timer to make a prompt election more likely
I20260709 13:16:14.679625  6711 raft_consensus.cc:385] T 7fc1d5a094e64eadb9c93f5e81f30fbc P 3ceee54e49d041be9f7f48a2052709c5 [term 0 FOLLOWER]: Consensus starting up: Expiring failure detector timer to make a prompt election more likely
I20260709 13:16:14.679869  6713 raft_consensus.cc:740] T 943ce377e70a422a8376b294da2840fa P 53fee9894731461a821a131be24dbbca [term 0 FOLLOWER]: Becoming Follower/Learner. State: Replica: 53fee9894731461a821a131be24dbbca, State: Initialized, Role: FOLLOWER
I20260709 13:16:14.679951  6711 raft_consensus.cc:740] T 7fc1d5a094e64eadb9c93f5e81f30fbc P 3ceee54e49d041be9f7f48a2052709c5 [term 0 FOLLOWER]: Becoming Follower/Learner. State: Replica: 3ceee54e49d041be9f7f48a2052709c5, State: Initialized, Role: FOLLOWER
I20260709 13:16:14.680325  6714 tablet_bootstrap.cc:654] T 60fb01da2cc5490ebbbca7ec57b64a20 P 921c423406da4f289884afca51ca198f: Neither blocks nor log segments found. Creating new log.
I20260709 13:16:14.680594  6711 consensus_queue.cc:260] T 7fc1d5a094e64eadb9c93f5e81f30fbc P 3ceee54e49d041be9f7f48a2052709c5 [NON_LEADER]: Queue going to NON_LEADER mode. State: All replicated index: 0, Majority replicated index: 0, Committed index: 0, Last appended: 0.0, Last appended by leader: 0, Current term: 0, Majority size: -1, State: 0, Mode: NON_LEADER, active raft config: opid_index: -1 OBSOLETE_local: false peers { permanent_uuid: "921c423406da4f289884afca51ca198f" member_type: VOTER last_known_addr { host: "127.5.72.129" port: 34121 } } peers { permanent_uuid: "3ceee54e49d041be9f7f48a2052709c5" member_type: VOTER last_known_addr { host: "127.5.72.130" port: 37977 } } peers { permanent_uuid: "53fee9894731461a821a131be24dbbca" member_type: VOTER last_known_addr { host: "127.5.72.131" port: 38019 } }
