format_stamp: "Formatted at 2026-07-09 13:15:58 on dist-test-slave-n5kz"
I20260709 13:15:58.877496  5410 fs_report.cc:389] FS layout report
--------------------
wal directory: /tmp/dist-test-taskn9FTie/test-tmp/auto_leader_rebalancer-test.0.LeaderRebalancerTest.FunctionalTestForNotDivided.1783602945696884-5410-0/minicluster-data/ts-2-root
metadata directory: /tmp/dist-test-taskn9FTie/test-tmp/auto_leader_rebalancer-test.0.LeaderRebalancerTest.FunctionalTestForNotDivided.1783602945696884-5410-0/minicluster-data/ts-2-root
1 data directories: /tmp/dist-test-taskn9FTie/test-tmp/auto_leader_rebalancer-test.0.LeaderRebalancerTest.FunctionalTestForNotDivided.1783602945696884-5410-0/minicluster-data/ts-2-root/data
Total live blocks: 0
Total live bytes: 0
Total live bytes (after alignment): 0
Total number of LBM containers: 0 (0 full)
Did not check for missing blocks
Did not check for orphaned blocks
Total full LBM containers with extra space: 0 (0 repaired)
Total full LBM container extra space in bytes: 0 (0 repaired)
Total incomplete LBM containers: 0 (0 repaired)
Total LBM partial records: 0 (0 repaired)
Total corrupted LBM metadata records in RocksDB: 0 (0 repaired)
I20260709 13:15:58.889041  5410 rpc_server.cc:225] running with OpenSSL 1.1.1  11 Sep 2018
I20260709 13:15:58.890659  5410 kserver.cc:163] Server-wide thread pool size limit: 3276
I20260709 13:15:58.892650  5410 txn_system_client.cc:432] TxnSystemClient initialization is disabled...
I20260709 13:15:58.895687  5410 ts_tablet_manager.cc:585] Loaded tablet metadata (0 total tablets, 0 live tablets)
I20260709 13:15:58.895957  5410 ts_tablet_manager.cc:531] Time spent load tablet metadata: real 0.000s	user 0.000s	sys 0.000s
I20260709 13:15:58.896231  5410 ts_tablet_manager.cc:616] Registered 0 tablets
I20260709 13:15:58.896512  5410 ts_tablet_manager.cc:595] Time spent register tablets: real 0.000s	user 0.000s	sys 0.000s
I20260709 13:15:58.935202  5410 rpc_server.cc:307] RPC server started. Bound to: 127.5.72.131:42733
I20260709 13:15:58.935292  6204 acceptor_pool.cc:272] collecting diagnostics on the listening RPC socket 127.5.72.131:42733 every 8 connection(s)
I20260709 13:15:58.947954  6205 heartbeater.cc:344] Connected to a master server at 127.5.72.190:42289
I20260709 13:15:58.948323  6205 heartbeater.cc:461] Registering TS with master...
I20260709 13:15:58.949060  6205 heartbeater.cc:507] Master 127.5.72.190:42289 requested a full tablet report, sending...
I20260709 13:15:58.950867  5929 ts_manager.cc:194] Registered new tserver with Master: 2ab5a16eb5b04b97b6cfc1361853a74a (127.5.72.131:42733)
I20260709 13:15:58.951162  5410 internal_mini_cluster.cc:371] 3 TS(s) registered with all masters after 0.013094924s
I20260709 13:15:58.952170  5929 master_service.cc:502] Signed X509 certificate for tserver {username='slave'} at 127.0.0.1:57954
I20260709 13:15:58.975587  5929 catalog_manager.cc:2283] Servicing CreateTable request from {username='slave'} at 127.0.0.1:57970:
name: "test-workload"
schema {
  columns {
    name: "key"
    type: INT32
    is_key: true
    is_nullable: false
    encoding: AUTO_ENCODING
    compression: DEFAULT_COMPRESSION
    cfile_block_size: 0
    immutable: false
  }
  columns {
    name: "int_val"
    type: INT32
    is_key: false
    is_nullable: false
    encoding: AUTO_ENCODING
    compression: DEFAULT_COMPRESSION
    cfile_block_size: 0
    immutable: false
  }
  columns {
    name: "string_val"
    type: STRING
    is_key: false
    is_nullable: true
    encoding: AUTO_ENCODING
    compression: DEFAULT_COMPRESSION
    cfile_block_size: 0
    immutable: false
  }
}
num_replicas: 3
split_rows_range_bounds {
  rows: "\004\001\000\314\314\314\014\004\001\000\230\231\231\031\004\001\000dff&\004\001\0000333\004\001\000\374\377\377?\004\001\000\310\314\314L\004\001\000\224\231\231Y\004\001\000`fff\004\001\000,33s""\004\001\000\314\314\314\014\004\001\000\230\231\231\031\004\001\000dff&\004\001\0000333\004\001\000\374\377\377?\004\001\000\310\314\314L\004\001\000\224\231\231Y\004\001\000`fff\004\001\000,33s"
  indirect_data: """"
}
partition_schema {
  range_schema {
    columns {
      name: "key"
    }
  }
}
W20260709 13:15:58.978431  5929 catalog_manager.cc:7077] The number of live tablet servers is not enough to re-replicate a tablet replica of the newly created table test-workload in case of a server failure: 4 tablet servers would be needed, 3 are available. Consider bringing up more tablet servers.
I20260709 13:15:59.051733  6096 tablet_service.cc:1511] Processing CreateTablet for tablet cae5f9d1e9824af4a395601857899eea (DEFAULT_TABLE table=test-workload [id=c2441e42c5d14497a539ecb1d01e28c1]), partition=RANGE (key) PARTITION VALUES < 214748364
I20260709 13:15:59.053141  6096 data_dirs.cc:400] Could only allocate 1 dirs of requested 3 for tablet cae5f9d1e9824af4a395601857899eea. 1 dirs total, 0 dirs full, 0 dirs failed
I20260709 13:15:59.059024  6170 tablet_service.cc:1511] Processing CreateTablet for tablet cae5f9d1e9824af4a395601857899eea (DEFAULT_TABLE table=test-workload [id=c2441e42c5d14497a539ecb1d01e28c1]), partition=RANGE (key) PARTITION VALUES < 214748364
I20260709 13:15:59.060416  6170 data_dirs.cc:400] Could only allocate 1 dirs of requested 3 for tablet cae5f9d1e9824af4a395601857899eea. 1 dirs total, 0 dirs full, 0 dirs failed
I20260709 13:15:59.060242  6095 tablet_service.cc:1511] Processing CreateTablet for tablet 0aefd4e81722495ea9fc155e3b924c72 (DEFAULT_TABLE table=test-workload [id=c2441e42c5d14497a539ecb1d01e28c1]), partition=RANGE (key) PARTITION 214748364 <= VALUES < 429496728
I20260709 13:15:59.061623  6095 data_dirs.cc:400] Could only allocate 1 dirs of requested 3 for tablet 0aefd4e81722495ea9fc155e3b924c72. 1 dirs total, 0 dirs full, 0 dirs failed
I20260709 13:15:59.061391  6169 tablet_service.cc:1511] Processing CreateTablet for tablet 0aefd4e81722495ea9fc155e3b924c72 (DEFAULT_TABLE table=test-workload [id=c2441e42c5d14497a539ecb1d01e28c1]), partition=RANGE (key) PARTITION 214748364 <= VALUES < 429496728
I20260709 13:15:59.062736  6169 data_dirs.cc:400] Could only allocate 1 dirs of requested 3 for tablet 0aefd4e81722495ea9fc155e3b924c72. 1 dirs total, 0 dirs full, 0 dirs failed
I20260709 13:15:59.060017  6168 tablet_service.cc:1511] Processing CreateTablet for tablet 531ec449e905416c95437a5081a86db4 (DEFAULT_TABLE table=test-workload [id=c2441e42c5d14497a539ecb1d01e28c1]), partition=RANGE (key) PARTITION 429496728 <= VALUES < 644245092
I20260709 13:15:59.067660  6168 data_dirs.cc:400] Could only allocate 1 dirs of requested 3 for tablet 531ec449e905416c95437a5081a86db4. 1 dirs total, 0 dirs full, 0 dirs failed
I20260709 13:15:59.072991  6094 tablet_service.cc:1511] Processing CreateTablet for tablet 531ec449e905416c95437a5081a86db4 (DEFAULT_TABLE table=test-workload [id=c2441e42c5d14497a539ecb1d01e28c1]), partition=RANGE (key) PARTITION 429496728 <= VALUES < 644245092
I20260709 13:15:59.074369  6094 data_dirs.cc:400] Could only allocate 1 dirs of requested 3 for tablet 531ec449e905416c95437a5081a86db4. 1 dirs total, 0 dirs full, 0 dirs failed
I20260709 13:15:59.075006  6021 tablet_service.cc:1511] Processing CreateTablet for tablet cae5f9d1e9824af4a395601857899eea (DEFAULT_TABLE table=test-workload [id=c2441e42c5d14497a539ecb1d01e28c1]), partition=RANGE (key) PARTITION VALUES < 214748364
I20260709 13:15:59.075709  6020 tablet_service.cc:1511] Processing CreateTablet for tablet 0aefd4e81722495ea9fc155e3b924c72 (DEFAULT_TABLE table=test-workload [id=c2441e42c5d14497a539ecb1d01e28c1]), partition=RANGE (key) PARTITION 214748364 <= VALUES < 429496728
I20260709 13:15:59.076294  6021 data_dirs.cc:400] Could only allocate 1 dirs of requested 3 for tablet cae5f9d1e9824af4a395601857899eea. 1 dirs total, 0 dirs full, 0 dirs failed
I20260709 13:15:59.076967  6020 data_dirs.cc:400] Could only allocate 1 dirs of requested 3 for tablet 0aefd4e81722495ea9fc155e3b924c72. 1 dirs total, 0 dirs full, 0 dirs failed
I20260709 13:15:59.078341  6019 tablet_service.cc:1511] Processing CreateTablet for tablet 531ec449e905416c95437a5081a86db4 (DEFAULT_TABLE table=test-workload [id=c2441e42c5d14497a539ecb1d01e28c1]), partition=RANGE (key) PARTITION 429496728 <= VALUES < 644245092
I20260709 13:15:59.079653  6019 data_dirs.cc:400] Could only allocate 1 dirs of requested 3 for tablet 531ec449e905416c95437a5081a86db4. 1 dirs total, 0 dirs full, 0 dirs failed
I20260709 13:15:59.083740  6018 tablet_service.cc:1511] Processing CreateTablet for tablet 34a2bcee8dc14683a3de1e27aac3e496 (DEFAULT_TABLE table=test-workload [id=c2441e42c5d14497a539ecb1d01e28c1]), partition=RANGE (key) PARTITION 644245092 <= VALUES < 858993456
I20260709 13:15:59.085053  6018 data_dirs.cc:400] Could only allocate 1 dirs of requested 3 for tablet 34a2bcee8dc14683a3de1e27aac3e496. 1 dirs total, 0 dirs full, 0 dirs failed
I20260709 13:15:59.107856  6221 tablet_bootstrap.cc:492] T 34a2bcee8dc14683a3de1e27aac3e496 P b0f3ceeef7f64b8d80f68433a37e629b: Bootstrap starting.
I20260709 13:15:59.111835  6222 tablet_bootstrap.cc:492] T cae5f9d1e9824af4a395601857899eea P 2ab5a16eb5b04b97b6cfc1361853a74a: Bootstrap starting.
I20260709 13:15:59.116106  6221 tablet_bootstrap.cc:654] T 34a2bcee8dc14683a3de1e27aac3e496 P b0f3ceeef7f64b8d80f68433a37e629b: Neither blocks nor log segments found. Creating new log.
I20260709 13:15:59.121812  6095 tablet_service.cc:1511] Processing CreateTablet for tablet 34a2bcee8dc14683a3de1e27aac3e496 (DEFAULT_TABLE table=test-workload [id=c2441e42c5d14497a539ecb1d01e28c1]), partition=RANGE (key) PARTITION 644245092 <= VALUES < 858993456
I20260709 13:15:59.123603  6095 data_dirs.cc:400] Could only allocate 1 dirs of requested 3 for tablet 34a2bcee8dc14683a3de1e27aac3e496. 1 dirs total, 0 dirs full, 0 dirs failed
I20260709 13:15:59.138190  6020 tablet_service.cc:1511] Processing CreateTablet for tablet 0583fd471a2f48afa3d1a211dd84ff1d (DEFAULT_TABLE table=test-workload [id=c2441e42c5d14497a539ecb1d01e28c1]), partition=RANGE (key) PARTITION 858993456 <= VALUES < 1073741820
I20260709 13:15:59.139437  6222 tablet_bootstrap.cc:654] T cae5f9d1e9824af4a395601857899eea P 2ab5a16eb5b04b97b6cfc1361853a74a: Neither blocks nor log segments found. Creating new log.
I20260709 13:15:59.139580  6020 data_dirs.cc:400] Could only allocate 1 dirs of requested 3 for tablet 0583fd471a2f48afa3d1a211dd84ff1d. 1 dirs total, 0 dirs full, 0 dirs failed
I20260709 13:15:59.141846  6220 tablet_bootstrap.cc:492] T cae5f9d1e9824af4a395601857899eea P 848c6bc37a7d4316aa29e395d99215e3: Bootstrap starting.
I20260709 13:15:59.144958  6221 tablet_bootstrap.cc:492] T 34a2bcee8dc14683a3de1e27aac3e496 P b0f3ceeef7f64b8d80f68433a37e629b: No bootstrap required, opened a new log
I20260709 13:15:59.145532  6221 ts_tablet_manager.cc:1403] T 34a2bcee8dc14683a3de1e27aac3e496 P b0f3ceeef7f64b8d80f68433a37e629b: Time spent bootstrapping tablet: real 0.038s	user 0.012s	sys 0.000s
I20260709 13:15:59.140297  6169 tablet_service.cc:1511] Processing CreateTablet for tablet 34a2bcee8dc14683a3de1e27aac3e496 (DEFAULT_TABLE table=test-workload [id=c2441e42c5d14497a539ecb1d01e28c1]), partition=RANGE (key) PARTITION 644245092 <= VALUES < 858993456
I20260709 13:15:59.148875  6169 data_dirs.cc:400] Could only allocate 1 dirs of requested 3 for tablet 34a2bcee8dc14683a3de1e27aac3e496. 1 dirs total, 0 dirs full, 0 dirs failed
I20260709 13:15:59.153391  6095 tablet_service.cc:1511] Processing CreateTablet for tablet 0583fd471a2f48afa3d1a211dd84ff1d (DEFAULT_TABLE table=test-workload [id=c2441e42c5d14497a539ecb1d01e28c1]), partition=RANGE (key) PARTITION 858993456 <= VALUES < 1073741820
I20260709 13:15:59.154811  6095 data_dirs.cc:400] Could only allocate 1 dirs of requested 3 for tablet 0583fd471a2f48afa3d1a211dd84ff1d. 1 dirs total, 0 dirs full, 0 dirs failed
I20260709 13:15:59.155848  6168 tablet_service.cc:1511] Processing CreateTablet for tablet 0583fd471a2f48afa3d1a211dd84ff1d (DEFAULT_TABLE table=test-workload [id=c2441e42c5d14497a539ecb1d01e28c1]), partition=RANGE (key) PARTITION 858993456 <= VALUES < 1073741820
I20260709 13:15:59.158044  6168 data_dirs.cc:400] Could only allocate 1 dirs of requested 3 for tablet 0583fd471a2f48afa3d1a211dd84ff1d. 1 dirs total, 0 dirs full, 0 dirs failed
I20260709 13:15:59.163241  6220 tablet_bootstrap.cc:654] T cae5f9d1e9824af4a395601857899eea P 848c6bc37a7d4316aa29e395d99215e3: Neither blocks nor log segments found. Creating new log.
I20260709 13:15:59.164248  6222 tablet_bootstrap.cc:492] T cae5f9d1e9824af4a395601857899eea P 2ab5a16eb5b04b97b6cfc1361853a74a: No bootstrap required, opened a new log
I20260709 13:15:59.164781  6222 ts_tablet_manager.cc:1403] T cae5f9d1e9824af4a395601857899eea P 2ab5a16eb5b04b97b6cfc1361853a74a: Time spent bootstrapping tablet: real 0.053s	user 0.009s	sys 0.007s
I20260709 13:15:59.165161  6020 tablet_service.cc:1511] Processing CreateTablet for tablet 85d394d62b444ec9b807d39ea09362cb (DEFAULT_TABLE table=test-workload [id=c2441e42c5d14497a539ecb1d01e28c1]), partition=RANGE (key) PARTITION 1073741820 <= VALUES < 1288490184
I20260709 13:15:59.168409  6222 raft_consensus.cc:359] T cae5f9d1e9824af4a395601857899eea P 2ab5a16eb5b04b97b6cfc1361853a74a [term 0 FOLLOWER]: Replica starting. Triggering 0 pending ops. Active config: opid_index: -1 OBSOLETE_local: false peers { permanent_uuid: "848c6bc37a7d4316aa29e395d99215e3" member_type: VOTER last_known_addr { host: "127.5.72.130" port: 36487 } } peers { permanent_uuid: "b0f3ceeef7f64b8d80f68433a37e629b" member_type: VOTER last_known_addr { host: "127.5.72.129" port: 33797 } } peers { permanent_uuid: "2ab5a16eb5b04b97b6cfc1361853a74a" member_type: VOTER last_known_addr { host: "127.5.72.131" port: 42733 } }
I20260709 13:15:59.169977  6094 tablet_service.cc:1511] Processing CreateTablet for tablet 85d394d62b444ec9b807d39ea09362cb (DEFAULT_TABLE table=test-workload [id=c2441e42c5d14497a539ecb1d01e28c1]), partition=RANGE (key) PARTITION 1073741820 <= VALUES < 1288490184
I20260709 13:15:59.183175  6169 tablet_service.cc:1511] Processing CreateTablet for tablet 5bcf0341ab4e4003ba68968236997a97 (DEFAULT_TABLE table=test-workload [id=c2441e42c5d14497a539ecb1d01e28c1]), partition=RANGE (key) PARTITION 1288490184 <= VALUES < 1503238548
I20260709 13:15:59.166462  6020 data_dirs.cc:400] Could only allocate 1 dirs of requested 3 for tablet 85d394d62b444ec9b807d39ea09362cb. 1 dirs total, 0 dirs full, 0 dirs failed
I20260709 13:15:59.184487  6169 data_dirs.cc:400] Could only allocate 1 dirs of requested 3 for tablet 5bcf0341ab4e4003ba68968236997a97. 1 dirs total, 0 dirs full, 0 dirs failed
I20260709 13:15:59.185452  6021 tablet_service.cc:1511] Processing CreateTablet for tablet b5057b87f1464fc0ac3c6943975bcdd5 (DEFAULT_TABLE table=test-workload [id=c2441e42c5d14497a539ecb1d01e28c1]), partition=RANGE (key) PARTITION 1503238548 <= VALUES < 1717986912
I20260709 13:15:59.171586  6221 raft_consensus.cc:359] T 34a2bcee8dc14683a3de1e27aac3e496 P b0f3ceeef7f64b8d80f68433a37e629b [term 0 FOLLOWER]: Replica starting. Triggering 0 pending ops. Active config: opid_index: -1 OBSOLETE_local: false peers { permanent_uuid: "b0f3ceeef7f64b8d80f68433a37e629b" member_type: VOTER last_known_addr { host: "127.5.72.129" port: 33797 } } peers { permanent_uuid: "848c6bc37a7d4316aa29e395d99215e3" member_type: VOTER last_known_addr { host: "127.5.72.130" port: 36487 } } peers { permanent_uuid: "2ab5a16eb5b04b97b6cfc1361853a74a" member_type: VOTER last_known_addr { host: "127.5.72.131" port: 42733 } }
I20260709 13:15:59.178498  6019 tablet_service.cc:1511] Processing CreateTablet for tablet 5bcf0341ab4e4003ba68968236997a97 (DEFAULT_TABLE table=test-workload [id=c2441e42c5d14497a539ecb1d01e28c1]), partition=RANGE (key) PARTITION 1288490184 <= VALUES < 1503238548
I20260709 13:15:59.173952  6170 tablet_service.cc:1511] Processing CreateTablet for tablet 85d394d62b444ec9b807d39ea09362cb (DEFAULT_TABLE table=test-workload [id=c2441e42c5d14497a539ecb1d01e28c1]), partition=RANGE (key) PARTITION 1073741820 <= VALUES < 1288490184
I20260709 13:15:59.186699  6021 data_dirs.cc:400] Could only allocate 1 dirs of requested 3 for tablet b5057b87f1464fc0ac3c6943975bcdd5. 1 dirs total, 0 dirs full, 0 dirs failed
I20260709 13:15:59.187302  6019 data_dirs.cc:400] Could only allocate 1 dirs of requested 3 for tablet 5bcf0341ab4e4003ba68968236997a97. 1 dirs total, 0 dirs full, 0 dirs failed
I20260709 13:15:59.187600  6170 data_dirs.cc:400] Could only allocate 1 dirs of requested 3 for tablet 85d394d62b444ec9b807d39ea09362cb. 1 dirs total, 0 dirs full, 0 dirs failed
I20260709 13:15:59.183616  6094 data_dirs.cc:400] Could only allocate 1 dirs of requested 3 for tablet 85d394d62b444ec9b807d39ea09362cb. 1 dirs total, 0 dirs full, 0 dirs failed
I20260709 13:15:59.198714  6221 raft_consensus.cc:385] T 34a2bcee8dc14683a3de1e27aac3e496 P b0f3ceeef7f64b8d80f68433a37e629b [term 0 FOLLOWER]: Consensus starting up: Expiring failure detector timer to make a prompt election more likely
I20260709 13:15:59.198454  6096 tablet_service.cc:1511] Processing CreateTablet for tablet b5057b87f1464fc0ac3c6943975bcdd5 (DEFAULT_TABLE table=test-workload [id=c2441e42c5d14497a539ecb1d01e28c1]), partition=RANGE (key) PARTITION 1503238548 <= VALUES < 1717986912
I20260709 13:15:59.199214  6221 raft_consensus.cc:740] T 34a2bcee8dc14683a3de1e27aac3e496 P b0f3ceeef7f64b8d80f68433a37e629b [term 0 FOLLOWER]: Becoming Follower/Learner. State: Replica: b0f3ceeef7f64b8d80f68433a37e629b, State: Initialized, Role: FOLLOWER
I20260709 13:15:59.199963  6096 data_dirs.cc:400] Could only allocate 1 dirs of requested 3 for tablet b5057b87f1464fc0ac3c6943975bcdd5. 1 dirs total, 0 dirs full, 0 dirs failed
I20260709 13:15:59.200003  6221 consensus_queue.cc:260] T 34a2bcee8dc14683a3de1e27aac3e496 P b0f3ceeef7f64b8d80f68433a37e629b [NON_LEADER]: Queue going to NON_LEADER mode. State: All replicated index: 0, Majority replicated index: 0, Committed index: 0, Last appended: 0.0, Last appended by leader: 0, Current term: 0, Majority size: -1, State: 0, Mode: NON_LEADER, active raft config: opid_index: -1 OBSOLETE_local: false peers { permanent_uuid: "b0f3ceeef7f64b8d80f68433a37e629b" member_type: VOTER last_known_addr { host: "127.5.72.129" port: 33797 } } peers { permanent_uuid: "848c6bc37a7d4316aa29e395d99215e3" member_type: VOTER last_known_addr { host: "127.5.72.130" port: 36487 } } peers { permanent_uuid: "2ab5a16eb5b04b97b6cfc1361853a74a" member_type: VOTER last_known_addr { host: "127.5.72.131" port: 42733 } }
I20260709 13:15:59.181282  6095 tablet_service.cc:1511] Processing CreateTablet for tablet 5bcf0341ab4e4003ba68968236997a97 (DEFAULT_TABLE table=test-workload [id=c2441e42c5d14497a539ecb1d01e28c1]), partition=RANGE (key) PARTITION 1288490184 <= VALUES < 1503238548
I20260709 13:15:59.207670  6095 data_dirs.cc:400] Could only allocate 1 dirs of requested 3 for tablet 5bcf0341ab4e4003ba68968236997a97. 1 dirs total, 0 dirs full, 0 dirs failed
I20260709 13:15:59.209259  6220 tablet_bootstrap.cc:492] T cae5f9d1e9824af4a395601857899eea P 848c6bc37a7d4316aa29e395d99215e3: No bootstrap required, opened a new log
I20260709 13:15:59.209836  6220 ts_tablet_manager.cc:1403] T cae5f9d1e9824af4a395601857899eea P 848c6bc37a7d4316aa29e395d99215e3: Time spent bootstrapping tablet: real 0.068s	user 0.030s	sys 0.019s
I20260709 13:15:59.212880  6220 raft_consensus.cc:359] T cae5f9d1e9824af4a395601857899eea P 848c6bc37a7d4316aa29e395d99215e3 [term 0 FOLLOWER]: Replica starting. Triggering 0 pending ops. Active config: opid_index: -1 OBSOLETE_local: false peers { permanent_uuid: "848c6bc37a7d4316aa29e395d99215e3" member_type: VOTER last_known_addr { host: "127.5.72.130" port: 36487 } } peers { permanent_uuid: "b0f3ceeef7f64b8d80f68433a37e629b" member_type: VOTER last_known_addr { host: "127.5.72.129" port: 33797 } } peers { permanent_uuid: "2ab5a16eb5b04b97b6cfc1361853a74a" member_type: VOTER last_known_addr { host: "127.5.72.131" port: 42733 } }
I20260709 13:15:59.213683  6220 raft_consensus.cc:385] T cae5f9d1e9824af4a395601857899eea P 848c6bc37a7d4316aa29e395d99215e3 [term 0 FOLLOWER]: Consensus starting up: Expiring failure detector timer to make a prompt election more likely
I20260709 13:15:59.214097  6220 raft_consensus.cc:740] T cae5f9d1e9824af4a395601857899eea P 848c6bc37a7d4316aa29e395d99215e3 [term 0 FOLLOWER]: Becoming Follower/Learner. State: Replica: 848c6bc37a7d4316aa29e395d99215e3, State: Initialized, Role: FOLLOWER
I20260709 13:15:59.218822  6222 raft_consensus.cc:385] T cae5f9d1e9824af4a395601857899eea P 2ab5a16eb5b04b97b6cfc1361853a74a [term 0 FOLLOWER]: Consensus starting up: Expiring failure detector timer to make a prompt election more likely
I20260709 13:15:59.219723  6222 raft_consensus.cc:740] T cae5f9d1e9824af4a395601857899eea P 2ab5a16eb5b04b97b6cfc1361853a74a [term 0 FOLLOWER]: Becoming Follower/Learner. State: Replica: 2ab5a16eb5b04b97b6cfc1361853a74a, State: Initialized, Role: FOLLOWER
I20260709 13:15:59.221272  6222 consensus_queue.cc:260] T cae5f9d1e9824af4a395601857899eea P 2ab5a16eb5b04b97b6cfc1361853a74a [NON_LEADER]: Queue going to NON_LEADER mode. State: All replicated index: 0, Majority replicated index: 0, Committed index: 0, Last appended: 0.0, Last appended by leader: 0, Current term: 0, Majority size: -1, State: 0, Mode: NON_LEADER, active raft config: opid_index: -1 OBSOLETE_local: false peers { permanent_uuid: "848c6bc37a7d4316aa29e395d99215e3" member_type: VOTER last_known_addr { host: "127.5.72.130" port: 36487 } } peers { permanent_uuid: "b0f3ceeef7f64b8d80f68433a37e629b" member_type: VOTER last_known_addr { host: "127.5.72.129" port: 33797 } } peers { permanent_uuid: "2ab5a16eb5b04b97b6cfc1361853a74a" member_type: VOTER last_known_addr { host: "127.5.72.131" port: 42733 } }
I20260709 13:15:59.222429  6220 consensus_queue.cc:260] T cae5f9d1e9824af4a395601857899eea P 848c6bc37a7d4316aa29e395d99215e3 [NON_LEADER]: Queue going to NON_LEADER mode. State: All replicated index: 0, Majority replicated index: 0, Committed index: 0, Last appended: 0.0, Last appended by leader: 0, Current term: 0, Majority size: -1, State: 0, Mode: NON_LEADER, active raft config: opid_index: -1 OBSOLETE_local: false peers { permanent_uuid: "848c6bc37a7d4316aa29e395d99215e3" member_type: VOTER last_known_addr { host: "127.5.72.130" port: 36487 } } peers { permanent_uuid: "b0f3ceeef7f64b8d80f68433a37e629b" member_type: VOTER last_known_addr { host: "127.5.72.129" port: 33797 } } peers { permanent_uuid: "2ab5a16eb5b04b97b6cfc1361853a74a" member_type: VOTER last_known_addr { host: "127.5.72.131" port: 42733 } }
I20260709 13:15:59.226118  6167 tablet_service.cc:1511] Processing CreateTablet for tablet b5057b87f1464fc0ac3c6943975bcdd5 (DEFAULT_TABLE table=test-workload [id=c2441e42c5d14497a539ecb1d01e28c1]), partition=RANGE (key) PARTITION 1503238548 <= VALUES < 1717986912
I20260709 13:15:59.233286  6167 data_dirs.cc:400] Could only allocate 1 dirs of requested 3 for tablet b5057b87f1464fc0ac3c6943975bcdd5. 1 dirs total, 0 dirs full, 0 dirs failed
I20260709 13:15:59.241250  6018 tablet_service.cc:1511] Processing CreateTablet for tablet 46b44862ac6c4b79a974ee6f3513430b (DEFAULT_TABLE table=test-workload [id=c2441e42c5d14497a539ecb1d01e28c1]), partition=RANGE (key) PARTITION 1717986912 <= VALUES < 1932735276
I20260709 13:15:59.248762  6221 ts_tablet_manager.cc:1434] T 34a2bcee8dc14683a3de1e27aac3e496 P b0f3ceeef7f64b8d80f68433a37e629b: Time spent starting tablet: real 0.102s	user 0.016s	sys 0.006s
I20260709 13:15:59.248903  6220 ts_tablet_manager.cc:1434] T cae5f9d1e9824af4a395601857899eea P 848c6bc37a7d4316aa29e395d99215e3: Time spent starting tablet: real 0.039s	user 0.010s	sys 0.005s
I20260709 13:15:59.251159  6018 data_dirs.cc:400] Could only allocate 1 dirs of requested 3 for tablet 46b44862ac6c4b79a974ee6f3513430b. 1 dirs total, 0 dirs full, 0 dirs failed
I20260709 13:15:59.252528  6131 heartbeater.cc:499] Master 127.5.72.190:42289 was elected leader, sending a full tablet report...
I20260709 13:15:59.272053  6205 heartbeater.cc:499] Master 127.5.72.190:42289 was elected leader, sending a full tablet report...
I20260709 13:15:59.270524  6056 heartbeater.cc:499] Master 127.5.72.190:42289 was elected leader, sending a full tablet report...
I20260709 13:15:59.270579  6220 tablet_bootstrap.cc:492] T 0aefd4e81722495ea9fc155e3b924c72 P 848c6bc37a7d4316aa29e395d99215e3: Bootstrap starting.
I20260709 13:15:59.277067  6096 tablet_service.cc:1511] Processing CreateTablet for tablet 46b44862ac6c4b79a974ee6f3513430b (DEFAULT_TABLE table=test-workload [id=c2441e42c5d14497a539ecb1d01e28c1]), partition=RANGE (key) PARTITION 1717986912 <= VALUES < 1932735276
I20260709 13:15:59.278662  6096 data_dirs.cc:400] Could only allocate 1 dirs of requested 3 for tablet 46b44862ac6c4b79a974ee6f3513430b. 1 dirs total, 0 dirs full, 0 dirs failed
I20260709 13:15:59.281244  6220 tablet_bootstrap.cc:654] T 0aefd4e81722495ea9fc155e3b924c72 P 848c6bc37a7d4316aa29e395d99215e3: Neither blocks nor log segments found. Creating new log.
I20260709 13:15:59.280483  6227 raft_consensus.cc:493] T cae5f9d1e9824af4a395601857899eea P 848c6bc37a7d4316aa29e395d99215e3 [term 0 FOLLOWER]: Starting pre-election (no leader contacted us within the election timeout)
I20260709 13:15:59.281656  6221 tablet_bootstrap.cc:492] T cae5f9d1e9824af4a395601857899eea P b0f3ceeef7f64b8d80f68433a37e629b: Bootstrap starting.
I20260709 13:15:59.281764  6227 raft_consensus.cc:515] T cae5f9d1e9824af4a395601857899eea P 848c6bc37a7d4316aa29e395d99215e3 [term 0 FOLLOWER]: Starting pre-election with config: opid_index: -1 OBSOLETE_local: false peers { permanent_uuid: "848c6bc37a7d4316aa29e395d99215e3" member_type: VOTER last_known_addr { host: "127.5.72.130" port: 36487 } } peers { permanent_uuid: "b0f3ceeef7f64b8d80f68433a37e629b" member_type: VOTER last_known_addr { host: "127.5.72.129" port: 33797 } } peers { permanent_uuid: "2ab5a16eb5b04b97b6cfc1361853a74a" member_type: VOTER last_known_addr { host: "127.5.72.131" port: 42733 } }
I20260709 13:15:59.282483  6166 tablet_service.cc:1511] Processing CreateTablet for tablet 46b44862ac6c4b79a974ee6f3513430b (DEFAULT_TABLE table=test-workload [id=c2441e42c5d14497a539ecb1d01e28c1]), partition=RANGE (key) PARTITION 1717986912 <= VALUES < 1932735276
I20260709 13:15:59.283882  6166 data_dirs.cc:400] Could only allocate 1 dirs of requested 3 for tablet 46b44862ac6c4b79a974ee6f3513430b. 1 dirs total, 0 dirs full, 0 dirs failed
I20260709 13:15:59.295567  6021 tablet_service.cc:1511] Processing CreateTablet for tablet d0e92aa120df4961922986aa3cb4e5a8 (DEFAULT_TABLE table=test-workload [id=c2441e42c5d14497a539ecb1d01e28c1]), partition=RANGE (key) PARTITION 1932735276 <= VALUES
I20260709 13:15:59.286298  6222 ts_tablet_manager.cc:1434] T cae5f9d1e9824af4a395601857899eea P 2ab5a16eb5b04b97b6cfc1361853a74a: Time spent starting tablet: real 0.121s	user 0.020s	sys 0.008s
I20260709 13:15:59.303479  6222 tablet_bootstrap.cc:492] T 0aefd4e81722495ea9fc155e3b924c72 P 2ab5a16eb5b04b97b6cfc1361853a74a: Bootstrap starting.
I20260709 13:15:59.313284  6021 data_dirs.cc:400] Could only allocate 1 dirs of requested 3 for tablet d0e92aa120df4961922986aa3cb4e5a8. 1 dirs total, 0 dirs full, 0 dirs failed
I20260709 13:15:59.313990  6031 tablet_service.cc:1917] Received RequestConsensusVote() RPC: tablet_id: "cae5f9d1e9824af4a395601857899eea" candidate_uuid: "848c6bc37a7d4316aa29e395d99215e3" candidate_term: 1 candidate_status { last_received { term: 0 index: 0 } } ignore_live_leader: false dest_uuid: "b0f3ceeef7f64b8d80f68433a37e629b" is_pre_election: true
I20260709 13:15:59.303623  6221 tablet_bootstrap.cc:654] T cae5f9d1e9824af4a395601857899eea P b0f3ceeef7f64b8d80f68433a37e629b: Neither blocks nor log segments found. Creating new log.
W20260709 13:15:59.315804  6071 leader_election.cc:343] T cae5f9d1e9824af4a395601857899eea P 848c6bc37a7d4316aa29e395d99215e3 [CANDIDATE]: Term 1 pre-election: Tablet error from VoteRequest() call to peer b0f3ceeef7f64b8d80f68433a37e629b (127.5.72.129:33797): Illegal state: must be running to vote when last-logged opid is not known
I20260709 13:15:59.304304  6227 leader_election.cc:290] T cae5f9d1e9824af4a395601857899eea P 848c6bc37a7d4316aa29e395d99215e3 [CANDIDATE]: Term 1 pre-election: Requested pre-vote from peers b0f3ceeef7f64b8d80f68433a37e629b (127.5.72.129:33797), 2ab5a16eb5b04b97b6cfc1361853a74a (127.5.72.131:42733)
I20260709 13:15:59.310284  6094 tablet_service.cc:1511] Processing CreateTablet for tablet d0e92aa120df4961922986aa3cb4e5a8 (DEFAULT_TABLE table=test-workload [id=c2441e42c5d14497a539ecb1d01e28c1]), partition=RANGE (key) PARTITION 1932735276 <= VALUES
I20260709 13:15:59.324225  6180 tablet_service.cc:1917] Received RequestConsensusVote() RPC: tablet_id: "cae5f9d1e9824af4a395601857899eea" candidate_uuid: "848c6bc37a7d4316aa29e395d99215e3" candidate_term: 1 candidate_status { last_received { term: 0 index: 0 } } ignore_live_leader: false dest_uuid: "2ab5a16eb5b04b97b6cfc1361853a74a" is_pre_election: true
I20260709 13:15:59.325577  6180 raft_consensus.cc:2468] T cae5f9d1e9824af4a395601857899eea P 2ab5a16eb5b04b97b6cfc1361853a74a [term 0 FOLLOWER]: Leader pre-election vote request: Granting yes vote for candidate 848c6bc37a7d4316aa29e395d99215e3 in term 0.
I20260709 13:15:59.326112  6222 tablet_bootstrap.cc:654] T 0aefd4e81722495ea9fc155e3b924c72 P 2ab5a16eb5b04b97b6cfc1361853a74a: Neither blocks nor log segments found. Creating new log.
I20260709 13:15:59.326753  6069 leader_election.cc:304] T cae5f9d1e9824af4a395601857899eea P 848c6bc37a7d4316aa29e395d99215e3 [CANDIDATE]: Term 1 pre-election: Election decided. Result: candidate won. Election summary: received 3 responses out of 3 voters: 2 yes votes; 1 no votes. yes voters: 2ab5a16eb5b04b97b6cfc1361853a74a, 848c6bc37a7d4316aa29e395d99215e3; no voters: b0f3ceeef7f64b8d80f68433a37e629b
I20260709 13:15:59.327405  6094 data_dirs.cc:400] Could only allocate 1 dirs of requested 3 for tablet d0e92aa120df4961922986aa3cb4e5a8. 1 dirs total, 0 dirs full, 0 dirs failed
I20260709 13:15:59.327986  6227 raft_consensus.cc:2804] T cae5f9d1e9824af4a395601857899eea P 848c6bc37a7d4316aa29e395d99215e3 [term 0 FOLLOWER]: Leader pre-election won for term 1
I20260709 13:15:59.328392  6227 raft_consensus.cc:493] T cae5f9d1e9824af4a395601857899eea P 848c6bc37a7d4316aa29e395d99215e3 [term 0 FOLLOWER]: Starting leader election (no leader contacted us within the election timeout)
I20260709 13:15:59.328810  6227 raft_consensus.cc:3060] T cae5f9d1e9824af4a395601857899eea P 848c6bc37a7d4316aa29e395d99215e3 [term 0 FOLLOWER]: Advancing to term 1
I20260709 13:15:59.332858  6169 tablet_service.cc:1511] Processing CreateTablet for tablet d0e92aa120df4961922986aa3cb4e5a8 (DEFAULT_TABLE table=test-workload [id=c2441e42c5d14497a539ecb1d01e28c1]), partition=RANGE (key) PARTITION 1932735276 <= VALUES
I20260709 13:15:59.337618  6220 tablet_bootstrap.cc:492] T 0aefd4e81722495ea9fc155e3b924c72 P 848c6bc37a7d4316aa29e395d99215e3: No bootstrap required, opened a new log
I20260709 13:15:59.337955  6221 tablet_bootstrap.cc:492] T cae5f9d1e9824af4a395601857899eea P b0f3ceeef7f64b8d80f68433a37e629b: No bootstrap required, opened a new log
I20260709 13:15:59.338446  6220 ts_tablet_manager.cc:1403] T 0aefd4e81722495ea9fc155e3b924c72 P 848c6bc37a7d4316aa29e395d99215e3: Time spent bootstrapping tablet: real 0.068s	user 0.009s	sys 0.007s
I20260709 13:15:59.338783  6169 data_dirs.cc:400] Could only allocate 1 dirs of requested 3 for tablet d0e92aa120df4961922986aa3cb4e5a8. 1 dirs total, 0 dirs full, 0 dirs failed
I20260709 13:15:59.339558  6227 raft_consensus.cc:515] T cae5f9d1e9824af4a395601857899eea P 848c6bc37a7d4316aa29e395d99215e3 [term 1 FOLLOWER]: Starting leader election with config: opid_index: -1 OBSOLETE_local: false peers { permanent_uuid: "848c6bc37a7d4316aa29e395d99215e3" member_type: VOTER last_known_addr { host: "127.5.72.130" port: 36487 } } peers { permanent_uuid: "b0f3ceeef7f64b8d80f68433a37e629b" member_type: VOTER last_known_addr { host: "127.5.72.129" port: 33797 } } peers { permanent_uuid: "2ab5a16eb5b04b97b6cfc1361853a74a" member_type: VOTER last_known_addr { host: "127.5.72.131" port: 42733 } }
I20260709 13:15:59.341812  6220 raft_consensus.cc:359] T 0aefd4e81722495ea9fc155e3b924c72 P 848c6bc37a7d4316aa29e395d99215e3 [term 0 FOLLOWER]: Replica starting. Triggering 0 pending ops. Active config: opid_index: -1 OBSOLETE_local: false peers { permanent_uuid: "b0f3ceeef7f64b8d80f68433a37e629b" member_type: VOTER last_known_addr { host: "127.5.72.129" port: 33797 } } peers { permanent_uuid: "848c6bc37a7d4316aa29e395d99215e3" member_type: VOTER last_known_addr { host: "127.5.72.130" port: 36487 } } peers { permanent_uuid: "2ab5a16eb5b04b97b6cfc1361853a74a" member_type: VOTER last_known_addr { host: "127.5.72.131" port: 42733 } }
I20260709 13:15:59.338469  6221 ts_tablet_manager.cc:1403] T cae5f9d1e9824af4a395601857899eea P b0f3ceeef7f64b8d80f68433a37e629b: Time spent bootstrapping tablet: real 0.057s	user 0.010s	sys 0.000s
I20260709 13:15:59.342478  6031 tablet_service.cc:1917] Received RequestConsensusVote() RPC: tablet_id: "cae5f9d1e9824af4a395601857899eea" candidate_uuid: "848c6bc37a7d4316aa29e395d99215e3" candidate_term: 1 candidate_status { last_received { term: 0 index: 0 } } ignore_live_leader: false dest_uuid: "b0f3ceeef7f64b8d80f68433a37e629b"
I20260709 13:15:59.344682  6180 tablet_service.cc:1917] Received RequestConsensusVote() RPC: tablet_id: "cae5f9d1e9824af4a395601857899eea" candidate_uuid: "848c6bc37a7d4316aa29e395d99215e3" candidate_term: 1 candidate_status { last_received { term: 0 index: 0 } } ignore_live_leader: false dest_uuid: "2ab5a16eb5b04b97b6cfc1361853a74a"
I20260709 13:15:59.345273  6180 raft_consensus.cc:3060] T cae5f9d1e9824af4a395601857899eea P 2ab5a16eb5b04b97b6cfc1361853a74a [term 0 FOLLOWER]: Advancing to term 1
I20260709 13:15:59.345319  6221 raft_consensus.cc:359] T cae5f9d1e9824af4a395601857899eea P b0f3ceeef7f64b8d80f68433a37e629b [term 0 FOLLOWER]: Replica starting. Triggering 0 pending ops. Active config: opid_index: -1 OBSOLETE_local: false peers { permanent_uuid: "848c6bc37a7d4316aa29e395d99215e3" member_type: VOTER last_known_addr { host: "127.5.72.130" port: 36487 } } peers { permanent_uuid: "b0f3ceeef7f64b8d80f68433a37e629b" member_type: VOTER last_known_addr { host: "127.5.72.129" port: 33797 } } peers { permanent_uuid: "2ab5a16eb5b04b97b6cfc1361853a74a" member_type: VOTER last_known_addr { host: "127.5.72.131" port: 42733 } }
I20260709 13:15:59.346174  6221 raft_consensus.cc:385] T cae5f9d1e9824af4a395601857899eea P b0f3ceeef7f64b8d80f68433a37e629b [term 0 FOLLOWER]: Consensus starting up: Expiring failure detector timer to make a prompt election more likely
I20260709 13:15:59.346343  6227 leader_election.cc:290] T cae5f9d1e9824af4a395601857899eea P 848c6bc37a7d4316aa29e395d99215e3 [CANDIDATE]: Term 1 election: Requested vote from peers b0f3ceeef7f64b8d80f68433a37e629b (127.5.72.129:33797), 2ab5a16eb5b04b97b6cfc1361853a74a (127.5.72.131:42733)
I20260709 13:15:59.346493  6221 raft_consensus.cc:740] T cae5f9d1e9824af4a395601857899eea P b0f3ceeef7f64b8d80f68433a37e629b [term 0 FOLLOWER]: Becoming Follower/Learner. State: Replica: b0f3ceeef7f64b8d80f68433a37e629b, State: Initialized, Role: FOLLOWER
I20260709 13:15:59.347375  6221 consensus_queue.cc:260] T cae5f9d1e9824af4a395601857899eea P b0f3ceeef7f64b8d80f68433a37e629b [NON_LEADER]: Queue going to NON_LEADER mode. State: All replicated index: 0, Majority replicated index: 0, Committed index: 0, Last appended: 0.0, Last appended by leader: 0, Current term: 0, Majority size: -1, State: 0, Mode: NON_LEADER, active raft config: opid_index: -1 OBSOLETE_local: false peers { permanent_uuid: "848c6bc37a7d4316aa29e395d99215e3" member_type: VOTER last_known_addr { host: "127.5.72.130" port: 36487 } } peers { permanent_uuid: "b0f3ceeef7f64b8d80f68433a37e629b" member_type: VOTER last_known_addr { host: "127.5.72.129" port: 33797 } } peers { permanent_uuid: "2ab5a16eb5b04b97b6cfc1361853a74a" member_type: VOTER last_known_addr { host: "127.5.72.131" port: 42733 } }
I20260709 13:15:59.348311  6031 raft_consensus.cc:3060] T cae5f9d1e9824af4a395601857899eea P b0f3ceeef7f64b8d80f68433a37e629b [term 0 FOLLOWER]: Advancing to term 1
I20260709 13:15:59.349488  6221 ts_tablet_manager.cc:1434] T cae5f9d1e9824af4a395601857899eea P b0f3ceeef7f64b8d80f68433a37e629b: Time spent starting tablet: real 0.007s	user 0.003s	sys 0.001s
I20260709 13:15:59.350713  6220 raft_consensus.cc:385] T 0aefd4e81722495ea9fc155e3b924c72 P 848c6bc37a7d4316aa29e395d99215e3 [term 0 FOLLOWER]: Consensus starting up: Expiring failure detector timer to make a prompt election more likely
I20260709 13:15:59.351019  6220 raft_consensus.cc:740] T 0aefd4e81722495ea9fc155e3b924c72 P 848c6bc37a7d4316aa29e395d99215e3 [term 0 FOLLOWER]: Becoming Follower/Learner. State: Replica: 848c6bc37a7d4316aa29e395d99215e3, State: Initialized, Role: FOLLOWER
I20260709 13:15:59.352128  6180 raft_consensus.cc:2468] T cae5f9d1e9824af4a395601857899eea P 2ab5a16eb5b04b97b6cfc1361853a74a [term 1 FOLLOWER]: Leader election vote request: Granting yes vote for candidate 848c6bc37a7d4316aa29e395d99215e3 in term 1.
I20260709 13:15:59.350467  6221 tablet_bootstrap.cc:492] T 531ec449e905416c95437a5081a86db4 P b0f3ceeef7f64b8d80f68433a37e629b: Bootstrap starting.
I20260709 13:15:59.353214  6069 leader_election.cc:304] T cae5f9d1e9824af4a395601857899eea P 848c6bc37a7d4316aa29e395d99215e3 [CANDIDATE]: Term 1 election: Election decided. Result: candidate won. Election summary: received 2 responses out of 3 voters: 2 yes votes; 0 no votes. yes voters: 2ab5a16eb5b04b97b6cfc1361853a74a, 848c6bc37a7d4316aa29e395d99215e3; no voters: 
I20260709 13:15:59.351886  6220 consensus_queue.cc:260] T 0aefd4e81722495ea9fc155e3b924c72 P 848c6bc37a7d4316aa29e395d99215e3 [NON_LEADER]: Queue going to NON_LEADER mode. State: All replicated index: 0, Majority replicated index: 0, Committed index: 0, Last appended: 0.0, Last appended by leader: 0, Current term: 0, Majority size: -1, State: 0, Mode: NON_LEADER, active raft config: opid_index: -1 OBSOLETE_local: false peers { permanent_uuid: "b0f3ceeef7f64b8d80f68433a37e629b" member_type: VOTER last_known_addr { host: "127.5.72.129" port: 33797 } } peers { permanent_uuid: "848c6bc37a7d4316aa29e395d99215e3" member_type: VOTER last_known_addr { host: "127.5.72.130" port: 36487 } } peers { permanent_uuid: "2ab5a16eb5b04b97b6cfc1361853a74a" member_type: VOTER last_known_addr { host: "127.5.72.131" port: 42733 } }
I20260709 13:15:59.359735  6227 raft_consensus.cc:2804] T cae5f9d1e9824af4a395601857899eea P 848c6bc37a7d4316aa29e395d99215e3 [term 1 FOLLOWER]: Leader election won for term 1
I20260709 13:15:59.360095  6031 raft_consensus.cc:2468] T cae5f9d1e9824af4a395601857899eea P b0f3ceeef7f64b8d80f68433a37e629b [term 1 FOLLOWER]: Leader election vote request: Granting yes vote for candidate 848c6bc37a7d4316aa29e395d99215e3 in term 1.
I20260709 13:15:59.360999  6222 tablet_bootstrap.cc:492] T 0aefd4e81722495ea9fc155e3b924c72 P 2ab5a16eb5b04b97b6cfc1361853a74a: No bootstrap required, opened a new log
I20260709 13:15:59.361703  6222 ts_tablet_manager.cc:1403] T 0aefd4e81722495ea9fc155e3b924c72 P 2ab5a16eb5b04b97b6cfc1361853a74a: Time spent bootstrapping tablet: real 0.058s	user 0.013s	sys 0.003s
I20260709 13:15:59.365895  6222 raft_consensus.cc:359] T 0aefd4e81722495ea9fc155e3b924c72 P 2ab5a16eb5b04b97b6cfc1361853a74a [term 0 FOLLOWER]: Replica starting. Triggering 0 pending ops. Active config: opid_index: -1 OBSOLETE_local: false peers { permanent_uuid: "b0f3ceeef7f64b8d80f68433a37e629b" member_type: VOTER last_known_addr { host: "127.5.72.129" port: 33797 } } peers { permanent_uuid: "848c6bc37a7d4316aa29e395d99215e3" member_type: VOTER last_known_addr { host: "127.5.72.130" port: 36487 } } peers { permanent_uuid: "2ab5a16eb5b04b97b6cfc1361853a74a" member_type: VOTER last_known_addr { host: "127.5.72.131" port: 42733 } }
I20260709 13:15:59.366999  6222 raft_consensus.cc:385] T 0aefd4e81722495ea9fc155e3b924c72 P 2ab5a16eb5b04b97b6cfc1361853a74a [term 0 FOLLOWER]: Consensus starting up: Expiring failure detector timer to make a prompt election more likely
I20260709 13:15:59.367101  6226 raft_consensus.cc:493] T 34a2bcee8dc14683a3de1e27aac3e496 P b0f3ceeef7f64b8d80f68433a37e629b [term 0 FOLLOWER]: Starting pre-election (no leader contacted us within the election timeout)
I20260709 13:15:59.367540  6222 raft_consensus.cc:740] T 0aefd4e81722495ea9fc155e3b924c72 P 2ab5a16eb5b04b97b6cfc1361853a74a [term 0 FOLLOWER]: Becoming Follower/Learner. State: Replica: 2ab5a16eb5b04b97b6cfc1361853a74a, State: Initialized, Role: FOLLOWER
I20260709 13:15:59.367849  6226 raft_consensus.cc:515] T 34a2bcee8dc14683a3de1e27aac3e496 P b0f3ceeef7f64b8d80f68433a37e629b [term 0 FOLLOWER]: Starting pre-election with config: opid_index: -1 OBSOLETE_local: false peers { permanent_uuid: "b0f3ceeef7f64b8d80f68433a37e629b" member_type: VOTER last_known_addr { host: "127.5.72.129" port: 33797 } } peers { permanent_uuid: "848c6bc37a7d4316aa29e395d99215e3" member_type: VOTER last_known_addr { host: "127.5.72.130" port: 36487 } } peers { permanent_uuid: "2ab5a16eb5b04b97b6cfc1361853a74a" member_type: VOTER last_known_addr { host: "127.5.72.131" port: 42733 } }
I20260709 13:15:59.368754  6222 consensus_queue.cc:260] T 0aefd4e81722495ea9fc155e3b924c72 P 2ab5a16eb5b04b97b6cfc1361853a74a [NON_LEADER]: Queue going to NON_LEADER mode. State: All replicated index: 0, Majority replicated index: 0, Committed index: 0, Last appended: 0.0, Last appended by leader: 0, Current term: 0, Majority size: -1, State: 0, Mode: NON_LEADER, active raft config: opid_index: -1 OBSOLETE_local: false peers { permanent_uuid: "b0f3ceeef7f64b8d80f68433a37e629b" member_type: VOTER last_known_addr { host: "127.5.72.129" port: 33797 } } peers { permanent_uuid: "848c6bc37a7d4316aa29e395d99215e3" member_type: VOTER last_known_addr { host: "127.5.72.130" port: 36487 } } peers { permanent_uuid: "2ab5a16eb5b04b97b6cfc1361853a74a" member_type: VOTER last_known_addr { host: "127.5.72.131" port: 42733 } }
I20260709 13:15:59.373759  6221 tablet_bootstrap.cc:654] T 531ec449e905416c95437a5081a86db4 P b0f3ceeef7f64b8d80f68433a37e629b: Neither blocks nor log segments found. Creating new log.
I20260709 13:15:59.379091  6222 ts_tablet_manager.cc:1434] T 0aefd4e81722495ea9fc155e3b924c72 P 2ab5a16eb5b04b97b6cfc1361853a74a: Time spent starting tablet: real 0.017s	user 0.009s	sys 0.000s
I20260709 13:15:59.382020  6222 tablet_bootstrap.cc:492] T 531ec449e905416c95437a5081a86db4 P 2ab5a16eb5b04b97b6cfc1361853a74a: Bootstrap starting.
I20260709 13:15:59.387876  6226 leader_election.cc:290] T 34a2bcee8dc14683a3de1e27aac3e496 P b0f3ceeef7f64b8d80f68433a37e629b [CANDIDATE]: Term 1 pre-election: Requested pre-vote from peers 848c6bc37a7d4316aa29e395d99215e3 (127.5.72.130:36487), 2ab5a16eb5b04b97b6cfc1361853a74a (127.5.72.131:42733)
I20260709 13:15:59.397933  6221 tablet_bootstrap.cc:492] T 531ec449e905416c95437a5081a86db4 P b0f3ceeef7f64b8d80f68433a37e629b: No bootstrap required, opened a new log
I20260709 13:15:59.398792  6221 ts_tablet_manager.cc:1403] T 531ec449e905416c95437a5081a86db4 P b0f3ceeef7f64b8d80f68433a37e629b: Time spent bootstrapping tablet: real 0.049s	user 0.010s	sys 0.003s
I20260709 13:15:59.408198  6220 ts_tablet_manager.cc:1434] T 0aefd4e81722495ea9fc155e3b924c72 P 848c6bc37a7d4316aa29e395d99215e3: Time spent starting tablet: real 0.069s	user 0.020s	sys 0.031s
I20260709 13:15:59.409370  6220 tablet_bootstrap.cc:492] T 34a2bcee8dc14683a3de1e27aac3e496 P 848c6bc37a7d4316aa29e395d99215e3: Bootstrap starting.
I20260709 13:15:59.415992  6220 tablet_bootstrap.cc:654] T 34a2bcee8dc14683a3de1e27aac3e496 P 848c6bc37a7d4316aa29e395d99215e3: Neither blocks nor log segments found. Creating new log.
I20260709 13:15:59.408383  6221 raft_consensus.cc:359] T 531ec449e905416c95437a5081a86db4 P b0f3ceeef7f64b8d80f68433a37e629b [term 0 FOLLOWER]: Replica starting. Triggering 0 pending ops. Active config: opid_index: -1 OBSOLETE_local: false peers { permanent_uuid: "b0f3ceeef7f64b8d80f68433a37e629b" member_type: VOTER last_known_addr { host: "127.5.72.129" port: 33797 } } peers { permanent_uuid: "848c6bc37a7d4316aa29e395d99215e3" member_type: VOTER last_known_addr { host: "127.5.72.130" port: 36487 } } peers { permanent_uuid: "2ab5a16eb5b04b97b6cfc1361853a74a" member_type: VOTER last_known_addr { host: "127.5.72.131" port: 42733 } }
I20260709 13:15:59.419370  6221 raft_consensus.cc:385] T 531ec449e905416c95437a5081a86db4 P b0f3ceeef7f64b8d80f68433a37e629b [term 0 FOLLOWER]: Consensus starting up: Expiring failure detector timer to make a prompt election more likely
I20260709 13:15:59.419785  6221 raft_consensus.cc:740] T 531ec449e905416c95437a5081a86db4 P b0f3ceeef7f64b8d80f68433a37e629b [term 0 FOLLOWER]: Becoming Follower/Learner. State: Replica: b0f3ceeef7f64b8d80f68433a37e629b, State: Initialized, Role: FOLLOWER
I20260709 13:15:59.420598  6221 consensus_queue.cc:260] T 531ec449e905416c95437a5081a86db4 P b0f3ceeef7f64b8d80f68433a37e629b [NON_LEADER]: Queue going to NON_LEADER mode. State: All replicated index: 0, Majority replicated index: 0, Committed index: 0, Last appended: 0.0, Last appended by leader: 0, Current term: 0, Majority size: -1, State: 0, Mode: NON_LEADER, active raft config: opid_index: -1 OBSOLETE_local: false peers { permanent_uuid: "b0f3ceeef7f64b8d80f68433a37e629b" member_type: VOTER last_known_addr { host: "127.5.72.129" port: 33797 } } peers { permanent_uuid: "848c6bc37a7d4316aa29e395d99215e3" member_type: VOTER last_known_addr { host: "127.5.72.130" port: 36487 } } peers { permanent_uuid: "2ab5a16eb5b04b97b6cfc1361853a74a" member_type: VOTER last_known_addr { host: "127.5.72.131" port: 42733 } }
I20260709 13:15:59.421947  6222 tablet_bootstrap.cc:654] T 531ec449e905416c95437a5081a86db4 P 2ab5a16eb5b04b97b6cfc1361853a74a: Neither blocks nor log segments found. Creating new log.
I20260709 13:15:59.428253  6220 tablet_bootstrap.cc:492] T 34a2bcee8dc14683a3de1e27aac3e496 P 848c6bc37a7d4316aa29e395d99215e3: No bootstrap required, opened a new log
I20260709 13:15:59.428978  6220 ts_tablet_manager.cc:1403] T 34a2bcee8dc14683a3de1e27aac3e496 P 848c6bc37a7d4316aa29e395d99215e3: Time spent bootstrapping tablet: real 0.020s	user 0.002s	sys 0.012s
I20260709 13:15:59.422924  6221 ts_tablet_manager.cc:1434] T 531ec449e905416c95437a5081a86db4 P b0f3ceeef7f64b8d80f68433a37e629b: Time spent starting tablet: real 0.023s	user 0.006s	sys 0.001s
I20260709 13:15:59.424072  6227 raft_consensus.cc:697] T cae5f9d1e9824af4a395601857899eea P 848c6bc37a7d4316aa29e395d99215e3 [term 1 LEADER]: Becoming Leader. State: Replica: 848c6bc37a7d4316aa29e395d99215e3, State: Running, Role: LEADER
I20260709 13:15:59.430104  6227 consensus_queue.cc:237] T cae5f9d1e9824af4a395601857899eea P 848c6bc37a7d4316aa29e395d99215e3 [LEADER]: Queue going to LEADER mode. State: All replicated index: 0, Majority replicated index: 0, Committed index: 0, Last appended: 0.0, Last appended by leader: 0, Current term: 1, Majority size: 2, State: 0, Mode: LEADER, active raft config: opid_index: -1 OBSOLETE_local: false peers { permanent_uuid: "848c6bc37a7d4316aa29e395d99215e3" member_type: VOTER last_known_addr { host: "127.5.72.130" port: 36487 } } peers { permanent_uuid: "b0f3ceeef7f64b8d80f68433a37e629b" member_type: VOTER last_known_addr { host: "127.5.72.129" port: 33797 } } peers { permanent_uuid: "2ab5a16eb5b04b97b6cfc1361853a74a" member_type: VOTER last_known_addr { host: "127.5.72.131" port: 42733 } }
I20260709 13:15:59.432473  6106 tablet_service.cc:1917] Received RequestConsensusVote() RPC: tablet_id: "34a2bcee8dc14683a3de1e27aac3e496" candidate_uuid: "b0f3ceeef7f64b8d80f68433a37e629b" candidate_term: 1 candidate_status { last_received { term: 0 index: 0 } } ignore_live_leader: false dest_uuid: "848c6bc37a7d4316aa29e395d99215e3" is_pre_election: true
I20260709 13:15:59.432399  6220 raft_consensus.cc:359] T 34a2bcee8dc14683a3de1e27aac3e496 P 848c6bc37a7d4316aa29e395d99215e3 [term 0 FOLLOWER]: Replica starting. Triggering 0 pending ops. Active config: opid_index: -1 OBSOLETE_local: false peers { permanent_uuid: "b0f3ceeef7f64b8d80f68433a37e629b" member_type: VOTER last_known_addr { host: "127.5.72.129" port: 33797 } } peers { permanent_uuid: "848c6bc37a7d4316aa29e395d99215e3" member_type: VOTER last_known_addr { host: "127.5.72.130" port: 36487 } } peers { permanent_uuid: "2ab5a16eb5b04b97b6cfc1361853a74a" member_type: VOTER last_known_addr { host: "127.5.72.131" port: 42733 } }
I20260709 13:15:59.433517  6220 raft_consensus.cc:385] T 34a2bcee8dc14683a3de1e27aac3e496 P 848c6bc37a7d4316aa29e395d99215e3 [term 0 FOLLOWER]: Consensus starting up: Expiring failure detector timer to make a prompt election more likely
I20260709 13:15:59.433866  6220 raft_consensus.cc:740] T 34a2bcee8dc14683a3de1e27aac3e496 P 848c6bc37a7d4316aa29e395d99215e3 [term 0 FOLLOWER]: Becoming Follower/Learner. State: Replica: 848c6bc37a7d4316aa29e395d99215e3, State: Initialized, Role: FOLLOWER
I20260709 13:15:59.435513  6221 tablet_bootstrap.cc:492] T 0aefd4e81722495ea9fc155e3b924c72 P b0f3ceeef7f64b8d80f68433a37e629b: Bootstrap starting.
I20260709 13:15:59.440346  6222 tablet_bootstrap.cc:492] T 531ec449e905416c95437a5081a86db4 P 2ab5a16eb5b04b97b6cfc1361853a74a: No bootstrap required, opened a new log
I20260709 13:15:59.440883  6222 ts_tablet_manager.cc:1403] T 531ec449e905416c95437a5081a86db4 P 2ab5a16eb5b04b97b6cfc1361853a74a: Time spent bootstrapping tablet: real 0.060s	user 0.015s	sys 0.000s
