I20260709 13:15:49.324167  5619 tablet_service.cc:1917] Received RequestConsensusVote() RPC: tablet_id: "cf9561610c3945f6b15485ba6a8116d0" candidate_uuid: "313fbe57577947fe985adef5aeb1ec03" candidate_term: 1 candidate_status { last_received { term: 0 index: 0 } } ignore_live_leader: false dest_uuid: "59aa9b814c304015a0b4696951184f80"
I20260709 13:15:49.326339  5544 raft_consensus.cc:3060] T 09e603edad6c4f86819273f5646dd75c P 313fbe57577947fe985adef5aeb1ec03 [term 0 FOLLOWER]: Advancing to term 1
I20260709 13:15:49.326653  5619 raft_consensus.cc:3060] T cf9561610c3945f6b15485ba6a8116d0 P 59aa9b814c304015a0b4696951184f80 [term 0 FOLLOWER]: Advancing to term 1
I20260709 13:15:49.324704  5583 leader_election.cc:304] T 09e603edad6c4f86819273f5646dd75c P 59aa9b814c304015a0b4696951184f80 [CANDIDATE]: Term 1 election: Election decided. Result: candidate won. Election summary: received 2 responses out of 3 voters: 2 yes votes; 0 no votes. yes voters: 59aa9b814c304015a0b4696951184f80, c968d75da1aa478db16e3de8072583b6; no voters: 
I20260709 13:15:49.328728  5784 raft_consensus.cc:2804] T 09e603edad6c4f86819273f5646dd75c P 59aa9b814c304015a0b4696951184f80 [term 1 FOLLOWER]: Leader election won for term 1
I20260709 13:15:49.329190  5784 raft_consensus.cc:697] T 09e603edad6c4f86819273f5646dd75c P 59aa9b814c304015a0b4696951184f80 [term 1 LEADER]: Becoming Leader. State: Replica: 59aa9b814c304015a0b4696951184f80, State: Running, Role: LEADER
I20260709 13:15:49.329944  5784 consensus_queue.cc:237] T 09e603edad6c4f86819273f5646dd75c P 59aa9b814c304015a0b4696951184f80 [LEADER]: Queue going to LEADER mode. State: All replicated index: 0, Majority replicated index: 0, Committed index: 0, Last appended: 0.0, Last appended by leader: 0, Current term: 1, Majority size: 2, State: 0, Mode: LEADER, active raft config: opid_index: -1 OBSOLETE_local: false peers { permanent_uuid: "313fbe57577947fe985adef5aeb1ec03" member_type: VOTER last_known_addr { host: "127.5.72.129" port: 38669 } } peers { permanent_uuid: "59aa9b814c304015a0b4696951184f80" member_type: VOTER last_known_addr { host: "127.5.72.130" port: 35145 } } peers { permanent_uuid: "c968d75da1aa478db16e3de8072583b6" member_type: VOTER last_known_addr { host: "127.5.72.131" port: 44261 } }
I20260709 13:15:49.332772  5544 raft_consensus.cc:2468] T 09e603edad6c4f86819273f5646dd75c P 313fbe57577947fe985adef5aeb1ec03 [term 1 FOLLOWER]: Leader election vote request: Granting yes vote for candidate 59aa9b814c304015a0b4696951184f80 in term 1.
I20260709 13:15:49.333294  5619 raft_consensus.cc:2468] T cf9561610c3945f6b15485ba6a8116d0 P 59aa9b814c304015a0b4696951184f80 [term 1 FOLLOWER]: Leader election vote request: Granting yes vote for candidate 313fbe57577947fe985adef5aeb1ec03 in term 1.
I20260709 13:15:49.325451  5745 leader_election.cc:290] T cf9561610c3945f6b15485ba6a8116d0 P 313fbe57577947fe985adef5aeb1ec03 [CANDIDATE]: Term 1 election: Requested vote from peers 59aa9b814c304015a0b4696951184f80 (127.5.72.130:35145), c968d75da1aa478db16e3de8072583b6 (127.5.72.131:44261)
I20260709 13:15:49.334080  5693 tablet_service.cc:1917] Received RequestConsensusVote() RPC: tablet_id: "cf9561610c3945f6b15485ba6a8116d0" candidate_uuid: "313fbe57577947fe985adef5aeb1ec03" candidate_term: 1 candidate_status { last_received { term: 0 index: 0 } } ignore_live_leader: false dest_uuid: "c968d75da1aa478db16e3de8072583b6"
I20260709 13:15:49.334372  5508 leader_election.cc:304] T cf9561610c3945f6b15485ba6a8116d0 P 313fbe57577947fe985adef5aeb1ec03 [CANDIDATE]: Term 1 election: Election decided. Result: candidate won. Election summary: received 2 responses out of 3 voters: 2 yes votes; 0 no votes. yes voters: 313fbe57577947fe985adef5aeb1ec03, 59aa9b814c304015a0b4696951184f80; no voters: 
I20260709 13:15:49.334836  5693 raft_consensus.cc:3060] T cf9561610c3945f6b15485ba6a8116d0 P c968d75da1aa478db16e3de8072583b6 [term 0 FOLLOWER]: Advancing to term 1
I20260709 13:15:49.335371  5745 raft_consensus.cc:2804] T cf9561610c3945f6b15485ba6a8116d0 P 313fbe57577947fe985adef5aeb1ec03 [term 1 FOLLOWER]: Leader election won for term 1
I20260709 13:15:49.335988  5745 raft_consensus.cc:697] T cf9561610c3945f6b15485ba6a8116d0 P 313fbe57577947fe985adef5aeb1ec03 [term 1 LEADER]: Becoming Leader. State: Replica: 313fbe57577947fe985adef5aeb1ec03, State: Running, Role: LEADER
I20260709 13:15:49.336995  5745 consensus_queue.cc:237] T cf9561610c3945f6b15485ba6a8116d0 P 313fbe57577947fe985adef5aeb1ec03 [LEADER]: Queue going to LEADER mode. State: All replicated index: 0, Majority replicated index: 0, Committed index: 0, Last appended: 0.0, Last appended by leader: 0, Current term: 1, Majority size: 2, State: 0, Mode: LEADER, active raft config: opid_index: -1 OBSOLETE_local: false peers { permanent_uuid: "313fbe57577947fe985adef5aeb1ec03" member_type: VOTER last_known_addr { host: "127.5.72.129" port: 38669 } } peers { permanent_uuid: "59aa9b814c304015a0b4696951184f80" member_type: VOTER last_known_addr { host: "127.5.72.130" port: 35145 } } peers { permanent_uuid: "c968d75da1aa478db16e3de8072583b6" member_type: VOTER last_known_addr { host: "127.5.72.131" port: 44261 } }
I20260709 13:15:49.342659  5693 raft_consensus.cc:2468] T cf9561610c3945f6b15485ba6a8116d0 P c968d75da1aa478db16e3de8072583b6 [term 1 FOLLOWER]: Leader election vote request: Granting yes vote for candidate 313fbe57577947fe985adef5aeb1ec03 in term 1.
I20260709 13:15:49.348644  5441 catalog_manager.cc:5697] T 09e603edad6c4f86819273f5646dd75c P 59aa9b814c304015a0b4696951184f80 reported cstate change: term changed from 0 to 1, leader changed from <none> to 59aa9b814c304015a0b4696951184f80 (127.5.72.130). New cstate: current_term: 1 leader_uuid: "59aa9b814c304015a0b4696951184f80" committed_config { opid_index: -1 OBSOLETE_local: false peers { permanent_uuid: "313fbe57577947fe985adef5aeb1ec03" member_type: VOTER last_known_addr { host: "127.5.72.129" port: 38669 } health_report { overall_health: UNKNOWN } } peers { permanent_uuid: "59aa9b814c304015a0b4696951184f80" member_type: VOTER last_known_addr { host: "127.5.72.130" port: 35145 } health_report { overall_health: HEALTHY } } peers { permanent_uuid: "c968d75da1aa478db16e3de8072583b6" member_type: VOTER last_known_addr { host: "127.5.72.131" port: 44261 } health_report { overall_health: UNKNOWN } } }
I20260709 13:15:49.351847  5442 catalog_manager.cc:5697] T cf9561610c3945f6b15485ba6a8116d0 P 313fbe57577947fe985adef5aeb1ec03 reported cstate change: term changed from 0 to 1, leader changed from <none> to 313fbe57577947fe985adef5aeb1ec03 (127.5.72.129). New cstate: current_term: 1 leader_uuid: "313fbe57577947fe985adef5aeb1ec03" committed_config { opid_index: -1 OBSOLETE_local: false peers { permanent_uuid: "313fbe57577947fe985adef5aeb1ec03" member_type: VOTER last_known_addr { host: "127.5.72.129" port: 38669 } health_report { overall_health: HEALTHY } } peers { permanent_uuid: "59aa9b814c304015a0b4696951184f80" member_type: VOTER last_known_addr { host: "127.5.72.130" port: 35145 } health_report { overall_health: UNKNOWN } } peers { permanent_uuid: "c968d75da1aa478db16e3de8072583b6" member_type: VOTER last_known_addr { host: "127.5.72.131" port: 44261 } health_report { overall_health: UNKNOWN } } }
I20260709 13:15:49.388262  5619 tablet_service.cc:2072] Received LeaderStepDown RPC: tablet_id: "4386c4eaca784bd6bb100d33b51ca769"
dest_uuid: "59aa9b814c304015a0b4696951184f80"
mode: GRACEFUL
new_leader_uuid: "313fbe57577947fe985adef5aeb1ec03"
 from {username='slave'} at 127.0.0.1:47872
I20260709 13:15:49.388406  5765 consensus_queue.cc:1048] T 84232878e64440a08a417561c944da47 P c968d75da1aa478db16e3de8072583b6 [LEADER]: Connected to new peer: Peer: permanent_uuid: "313fbe57577947fe985adef5aeb1ec03" member_type: VOTER last_known_addr { host: "127.5.72.129" port: 38669 }, Status: LMP_MISMATCH, Last received: 0.0, Next index: 1, Last known committed idx: 0, Time since last communication: 0.000s
I20260709 13:15:49.388952  5619 raft_consensus.cc:606] T 4386c4eaca784bd6bb100d33b51ca769 P 59aa9b814c304015a0b4696951184f80 [term 1 LEADER]: Received request to transfer leadership to TS 313fbe57577947fe985adef5aeb1ec03
I20260709 13:15:49.419947  5741 consensus_queue.cc:1048] T 4d7e0a08ded54091a1c12b9fa253b38a P c968d75da1aa478db16e3de8072583b6 [LEADER]: Connected to new peer: Peer: permanent_uuid: "313fbe57577947fe985adef5aeb1ec03" member_type: VOTER last_known_addr { host: "127.5.72.129" port: 38669 }, Status: LMP_MISMATCH, Last received: 0.0, Next index: 1, Last known committed idx: 0, Time since last communication: 0.000s
I20260709 13:15:49.423514  5619 raft_consensus.cc:3060] T 84232878e64440a08a417561c944da47 P 59aa9b814c304015a0b4696951184f80 [term 0 FOLLOWER]: Advancing to term 1
I20260709 13:15:49.431963  5693 tablet_service.cc:2072] Received LeaderStepDown RPC: tablet_id: "84232878e64440a08a417561c944da47"
dest_uuid: "c968d75da1aa478db16e3de8072583b6"
mode: GRACEFUL
new_leader_uuid: "313fbe57577947fe985adef5aeb1ec03"
 from {username='slave'} at 127.0.0.1:54130
I20260709 13:15:49.432783  5693 raft_consensus.cc:606] T 84232878e64440a08a417561c944da47 P c968d75da1aa478db16e3de8072583b6 [term 1 LEADER]: Received request to transfer leadership to TS 313fbe57577947fe985adef5aeb1ec03
I20260709 13:15:49.440726  5693 tablet_service.cc:2072] Received LeaderStepDown RPC: tablet_id: "4d7e0a08ded54091a1c12b9fa253b38a"
dest_uuid: "c968d75da1aa478db16e3de8072583b6"
mode: GRACEFUL
new_leader_uuid: "313fbe57577947fe985adef5aeb1ec03"
 from {username='slave'} at 127.0.0.1:54130
I20260709 13:15:49.440552  5765 consensus_queue.cc:1048] T 84232878e64440a08a417561c944da47 P c968d75da1aa478db16e3de8072583b6 [LEADER]: Connected to new peer: Peer: permanent_uuid: "59aa9b814c304015a0b4696951184f80" member_type: VOTER last_known_addr { host: "127.5.72.130" port: 35145 }, Status: LMP_MISMATCH, Last received: 0.0, Next index: 1, Last known committed idx: 0, Time since last communication: 0.001s
I20260709 13:15:49.441533  5693 raft_consensus.cc:606] T 4d7e0a08ded54091a1c12b9fa253b38a P c968d75da1aa478db16e3de8072583b6 [term 1 LEADER]: Received request to transfer leadership to TS 313fbe57577947fe985adef5aeb1ec03
I20260709 13:15:49.448593  5765 raft_consensus.cc:993] T 4d7e0a08ded54091a1c12b9fa253b38a P c968d75da1aa478db16e3de8072583b6: : Instructing follower 313fbe57577947fe985adef5aeb1ec03 to start an election
I20260709 13:15:49.449867  5765 raft_consensus.cc:1081] T 4d7e0a08ded54091a1c12b9fa253b38a P c968d75da1aa478db16e3de8072583b6 [term 1 LEADER]: Signalling peer 313fbe57577947fe985adef5aeb1ec03 to start an election
I20260709 13:15:49.451723  5762 raft_consensus.cc:993] T 84232878e64440a08a417561c944da47 P c968d75da1aa478db16e3de8072583b6: : Instructing follower 313fbe57577947fe985adef5aeb1ec03 to start an election
I20260709 13:15:49.452149  5762 raft_consensus.cc:1081] T 84232878e64440a08a417561c944da47 P c968d75da1aa478db16e3de8072583b6 [term 1 LEADER]: Signalling peer 313fbe57577947fe985adef5aeb1ec03 to start an election
I20260709 13:15:49.456357  5741 consensus_queue.cc:1048] T 4d7e0a08ded54091a1c12b9fa253b38a P c968d75da1aa478db16e3de8072583b6 [LEADER]: Connected to new peer: Peer: permanent_uuid: "59aa9b814c304015a0b4696951184f80" member_type: VOTER last_known_addr { host: "127.5.72.130" port: 35145 }, Status: LMP_MISMATCH, Last received: 0.0, Next index: 1, Last known committed idx: 0, Time since last communication: 0.000s
I20260709 13:15:49.457871  5543 tablet_service.cc:2044] Received Run Leader Election RPC: tablet_id: "4d7e0a08ded54091a1c12b9fa253b38a"
dest_uuid: "313fbe57577947fe985adef5aeb1ec03"
 from {username='slave'} at 127.0.0.1:34720
I20260709 13:15:49.458441  5543 raft_consensus.cc:493] T 4d7e0a08ded54091a1c12b9fa253b38a P 313fbe57577947fe985adef5aeb1ec03 [term 1 FOLLOWER]: Starting forced leader election (received explicit request)
I20260709 13:15:49.458823  5543 raft_consensus.cc:3060] T 4d7e0a08ded54091a1c12b9fa253b38a P 313fbe57577947fe985adef5aeb1ec03 [term 1 FOLLOWER]: Advancing to term 2
I20260709 13:15:49.461952  5784 raft_consensus.cc:493] T 223d4ab346c24f6c8cce3ba665ceac07 P 59aa9b814c304015a0b4696951184f80 [term 0 FOLLOWER]: Starting pre-election (no leader contacted us within the election timeout)
I20260709 13:15:49.462419  5784 raft_consensus.cc:515] T 223d4ab346c24f6c8cce3ba665ceac07 P 59aa9b814c304015a0b4696951184f80 [term 0 FOLLOWER]: Starting pre-election with config: opid_index: -1 OBSOLETE_local: false peers { permanent_uuid: "313fbe57577947fe985adef5aeb1ec03" member_type: VOTER last_known_addr { host: "127.5.72.129" port: 38669 } } peers { permanent_uuid: "59aa9b814c304015a0b4696951184f80" member_type: VOTER last_known_addr { host: "127.5.72.130" port: 35145 } } peers { permanent_uuid: "c968d75da1aa478db16e3de8072583b6" member_type: VOTER last_known_addr { host: "127.5.72.131" port: 44261 } }
I20260709 13:15:49.463507  5544 tablet_service.cc:2044] Received Run Leader Election RPC: tablet_id: "84232878e64440a08a417561c944da47"
dest_uuid: "313fbe57577947fe985adef5aeb1ec03"
 from {username='slave'} at 127.0.0.1:34720
I20260709 13:15:49.464035  5544 raft_consensus.cc:493] T 84232878e64440a08a417561c944da47 P 313fbe57577947fe985adef5aeb1ec03 [term 1 FOLLOWER]: Starting forced leader election (received explicit request)
I20260709 13:15:49.464389  5544 raft_consensus.cc:3060] T 84232878e64440a08a417561c944da47 P 313fbe57577947fe985adef5aeb1ec03 [term 1 FOLLOWER]: Advancing to term 2
I20260709 13:15:49.464421  5784 leader_election.cc:290] T 223d4ab346c24f6c8cce3ba665ceac07 P 59aa9b814c304015a0b4696951184f80 [CANDIDATE]: Term 1 pre-election: Requested pre-vote from peers 313fbe57577947fe985adef5aeb1ec03 (127.5.72.129:38669), c968d75da1aa478db16e3de8072583b6 (127.5.72.131:44261)
I20260709 13:15:49.466053  5545 tablet_service.cc:1917] Received RequestConsensusVote() RPC: tablet_id: "223d4ab346c24f6c8cce3ba665ceac07" candidate_uuid: "59aa9b814c304015a0b4696951184f80" candidate_term: 1 candidate_status { last_received { term: 0 index: 0 } } ignore_live_leader: false dest_uuid: "313fbe57577947fe985adef5aeb1ec03" is_pre_election: true
I20260709 13:15:49.468464  5693 tablet_service.cc:1917] Received RequestConsensusVote() RPC: tablet_id: "223d4ab346c24f6c8cce3ba665ceac07" candidate_uuid: "59aa9b814c304015a0b4696951184f80" candidate_term: 1 candidate_status { last_received { term: 0 index: 0 } } ignore_live_leader: false dest_uuid: "c968d75da1aa478db16e3de8072583b6" is_pre_election: true
I20260709 13:15:49.469287  5693 raft_consensus.cc:2393] T 223d4ab346c24f6c8cce3ba665ceac07 P c968d75da1aa478db16e3de8072583b6 [term 1 FOLLOWER]: Leader pre-election vote request: Denying vote to candidate 59aa9b814c304015a0b4696951184f80 in current term 1: Already voted for candidate 313fbe57577947fe985adef5aeb1ec03 in this term.
I20260709 13:15:49.470275  5583 leader_election.cc:304] T 223d4ab346c24f6c8cce3ba665ceac07 P 59aa9b814c304015a0b4696951184f80 [CANDIDATE]: Term 1 pre-election: Election decided. Result: candidate lost. Election summary: received 3 responses out of 3 voters: 1 yes votes; 2 no votes. yes voters: 59aa9b814c304015a0b4696951184f80; no voters: 313fbe57577947fe985adef5aeb1ec03, c968d75da1aa478db16e3de8072583b6
I20260709 13:15:49.471112  5544 raft_consensus.cc:515] T 84232878e64440a08a417561c944da47 P 313fbe57577947fe985adef5aeb1ec03 [term 2 FOLLOWER]: Starting forced leader election with config: opid_index: -1 OBSOLETE_local: false peers { permanent_uuid: "313fbe57577947fe985adef5aeb1ec03" member_type: VOTER last_known_addr { host: "127.5.72.129" port: 38669 } } peers { permanent_uuid: "59aa9b814c304015a0b4696951184f80" member_type: VOTER last_known_addr { host: "127.5.72.130" port: 35145 } } peers { permanent_uuid: "c968d75da1aa478db16e3de8072583b6" member_type: VOTER last_known_addr { host: "127.5.72.131" port: 44261 } }
I20260709 13:15:49.471449  5784 raft_consensus.cc:3060] T 223d4ab346c24f6c8cce3ba665ceac07 P 59aa9b814c304015a0b4696951184f80 [term 0 FOLLOWER]: Advancing to term 1
I20260709 13:15:49.476787  5618 tablet_service.cc:1917] Received RequestConsensusVote() RPC: tablet_id: "84232878e64440a08a417561c944da47" candidate_uuid: "313fbe57577947fe985adef5aeb1ec03" candidate_term: 2 candidate_status { last_received { term: 1 index: 1 } } ignore_live_leader: true dest_uuid: "59aa9b814c304015a0b4696951184f80"
I20260709 13:15:49.479163  5543 raft_consensus.cc:515] T 4d7e0a08ded54091a1c12b9fa253b38a P 313fbe57577947fe985adef5aeb1ec03 [term 2 FOLLOWER]: Starting forced leader election with config: opid_index: -1 OBSOLETE_local: false peers { permanent_uuid: "313fbe57577947fe985adef5aeb1ec03" member_type: VOTER last_known_addr { host: "127.5.72.129" port: 38669 } } peers { permanent_uuid: "59aa9b814c304015a0b4696951184f80" member_type: VOTER last_known_addr { host: "127.5.72.130" port: 35145 } } peers { permanent_uuid: "c968d75da1aa478db16e3de8072583b6" member_type: VOTER last_known_addr { host: "127.5.72.131" port: 44261 } }
I20260709 13:15:49.480823  5693 tablet_service.cc:1917] Received RequestConsensusVote() RPC: tablet_id: "84232878e64440a08a417561c944da47" candidate_uuid: "313fbe57577947fe985adef5aeb1ec03" candidate_term: 2 candidate_status { last_received { term: 1 index: 1 } } ignore_live_leader: true dest_uuid: "c968d75da1aa478db16e3de8072583b6"
I20260709 13:15:49.481689  5693 raft_consensus.cc:3055] T 84232878e64440a08a417561c944da47 P c968d75da1aa478db16e3de8072583b6 [term 1 LEADER]: Stepping down as leader of term 1
I20260709 13:15:49.480927  5544 leader_election.cc:290] T 84232878e64440a08a417561c944da47 P 313fbe57577947fe985adef5aeb1ec03 [CANDIDATE]: Term 2 election: Requested vote from peers 59aa9b814c304015a0b4696951184f80 (127.5.72.130:35145), c968d75da1aa478db16e3de8072583b6 (127.5.72.131:44261)
I20260709 13:15:49.482183  5693 raft_consensus.cc:740] T 84232878e64440a08a417561c944da47 P c968d75da1aa478db16e3de8072583b6 [term 1 LEADER]: Becoming Follower/Learner. State: Replica: c968d75da1aa478db16e3de8072583b6, State: Running, Role: LEADER
I20260709 13:15:49.481743  5543 leader_election.cc:290] T 4d7e0a08ded54091a1c12b9fa253b38a P 313fbe57577947fe985adef5aeb1ec03 [CANDIDATE]: Term 2 election: Requested vote from peers 59aa9b814c304015a0b4696951184f80 (127.5.72.130:35145), c968d75da1aa478db16e3de8072583b6 (127.5.72.131:44261)
I20260709 13:15:49.485569  5694 tablet_service.cc:1917] Received RequestConsensusVote() RPC: tablet_id: "4d7e0a08ded54091a1c12b9fa253b38a" candidate_uuid: "313fbe57577947fe985adef5aeb1ec03" candidate_term: 2 candidate_status { last_received { term: 1 index: 1 } } ignore_live_leader: true dest_uuid: "c968d75da1aa478db16e3de8072583b6"
I20260709 13:15:49.486156  5694 raft_consensus.cc:3055] T 4d7e0a08ded54091a1c12b9fa253b38a P c968d75da1aa478db16e3de8072583b6 [term 1 LEADER]: Stepping down as leader of term 1
I20260709 13:15:49.486753  5694 raft_consensus.cc:740] T 4d7e0a08ded54091a1c12b9fa253b38a P c968d75da1aa478db16e3de8072583b6 [term 1 LEADER]: Becoming Follower/Learner. State: Replica: c968d75da1aa478db16e3de8072583b6, State: Running, Role: LEADER
I20260709 13:15:49.488485  5618 tablet_service.cc:1917] Received RequestConsensusVote() RPC: tablet_id: "4d7e0a08ded54091a1c12b9fa253b38a" candidate_uuid: "313fbe57577947fe985adef5aeb1ec03" candidate_term: 2 candidate_status { last_received { term: 1 index: 1 } } ignore_live_leader: true dest_uuid: "59aa9b814c304015a0b4696951184f80"
I20260709 13:15:49.483153  5693 consensus_queue.cc:260] T 84232878e64440a08a417561c944da47 P c968d75da1aa478db16e3de8072583b6 [NON_LEADER]: Queue going to NON_LEADER mode. State: All replicated index: 0, Majority replicated index: 1, Committed index: 1, Last appended: 1.1, Last appended by leader: 1, Current term: 1, Majority size: -1, State: 0, Mode: NON_LEADER, active raft config: opid_index: -1 OBSOLETE_local: false peers { permanent_uuid: "313fbe57577947fe985adef5aeb1ec03" member_type: VOTER last_known_addr { host: "127.5.72.129" port: 38669 } } peers { permanent_uuid: "59aa9b814c304015a0b4696951184f80" member_type: VOTER last_known_addr { host: "127.5.72.130" port: 35145 } } peers { permanent_uuid: "c968d75da1aa478db16e3de8072583b6" member_type: VOTER last_known_addr { host: "127.5.72.131" port: 44261 } }
I20260709 13:15:49.490456  5694 consensus_queue.cc:260] T 4d7e0a08ded54091a1c12b9fa253b38a P c968d75da1aa478db16e3de8072583b6 [NON_LEADER]: Queue going to NON_LEADER mode. State: All replicated index: 0, Majority replicated index: 1, Committed index: 1, Last appended: 1.1, Last appended by leader: 1, Current term: 1, Majority size: -1, State: 0, Mode: NON_LEADER, active raft config: opid_index: -1 OBSOLETE_local: false peers { permanent_uuid: "313fbe57577947fe985adef5aeb1ec03" member_type: VOTER last_known_addr { host: "127.5.72.129" port: 38669 } } peers { permanent_uuid: "59aa9b814c304015a0b4696951184f80" member_type: VOTER last_known_addr { host: "127.5.72.130" port: 35145 } } peers { permanent_uuid: "c968d75da1aa478db16e3de8072583b6" member_type: VOTER last_known_addr { host: "127.5.72.131" port: 44261 } }
I20260709 13:15:49.492280  5693 raft_consensus.cc:3060] T 84232878e64440a08a417561c944da47 P c968d75da1aa478db16e3de8072583b6 [term 1 FOLLOWER]: Advancing to term 2
I20260709 13:15:49.494127  5784 raft_consensus.cc:2749] T 223d4ab346c24f6c8cce3ba665ceac07 P 59aa9b814c304015a0b4696951184f80 [term 1 FOLLOWER]: Leader pre-election lost for term 1. Reason: could not achieve majority
I20260709 13:15:49.494984  5694 raft_consensus.cc:3060] T 4d7e0a08ded54091a1c12b9fa253b38a P c968d75da1aa478db16e3de8072583b6 [term 1 FOLLOWER]: Advancing to term 2
I20260709 13:15:49.505149  5746 raft_consensus.cc:493] T 84232878e64440a08a417561c944da47 P 59aa9b814c304015a0b4696951184f80 [term 1 FOLLOWER]: Starting pre-election (detected failure of leader c968d75da1aa478db16e3de8072583b6)
I20260709 13:15:49.505719  5746 raft_consensus.cc:515] T 84232878e64440a08a417561c944da47 P 59aa9b814c304015a0b4696951184f80 [term 1 FOLLOWER]: Starting pre-election with config: opid_index: -1 OBSOLETE_local: false peers { permanent_uuid: "313fbe57577947fe985adef5aeb1ec03" member_type: VOTER last_known_addr { host: "127.5.72.129" port: 38669 } } peers { permanent_uuid: "59aa9b814c304015a0b4696951184f80" member_type: VOTER last_known_addr { host: "127.5.72.130" port: 35145 } } peers { permanent_uuid: "c968d75da1aa478db16e3de8072583b6" member_type: VOTER last_known_addr { host: "127.5.72.131" port: 44261 } }
I20260709 13:15:49.509622  5746 leader_election.cc:290] T 84232878e64440a08a417561c944da47 P 59aa9b814c304015a0b4696951184f80 [CANDIDATE]: Term 2 pre-election: Requested pre-vote from peers 313fbe57577947fe985adef5aeb1ec03 (127.5.72.129:38669), c968d75da1aa478db16e3de8072583b6 (127.5.72.131:44261)
I20260709 13:15:49.510370  5544 tablet_service.cc:1917] Received RequestConsensusVote() RPC: tablet_id: "84232878e64440a08a417561c944da47" candidate_uuid: "59aa9b814c304015a0b4696951184f80" candidate_term: 2 candidate_status { last_received { term: 1 index: 1 } } ignore_live_leader: false dest_uuid: "313fbe57577947fe985adef5aeb1ec03" is_pre_election: true
I20260709 13:15:49.498678  5543 tablet_service.cc:2072] Received LeaderStepDown RPC: tablet_id: "e5534c1666ec4b819cd64abef9c4126d"
dest_uuid: "313fbe57577947fe985adef5aeb1ec03"
mode: GRACEFUL
new_leader_uuid: "59aa9b814c304015a0b4696951184f80"
 from {username='slave'} at 127.0.0.1:34738
I20260709 13:15:49.511102  5692 tablet_service.cc:1917] Received RequestConsensusVote() RPC: tablet_id: "84232878e64440a08a417561c944da47" candidate_uuid: "59aa9b814c304015a0b4696951184f80" candidate_term: 2 candidate_status { last_received { term: 1 index: 1 } } ignore_live_leader: false dest_uuid: "c968d75da1aa478db16e3de8072583b6" is_pre_election: true
I20260709 13:15:49.511854  5543 raft_consensus.cc:606] T e5534c1666ec4b819cd64abef9c4126d P 313fbe57577947fe985adef5aeb1ec03 [term 1 LEADER]: Received request to transfer leadership to TS 59aa9b814c304015a0b4696951184f80
I20260709 13:15:49.514173  5585 leader_election.cc:304] T 84232878e64440a08a417561c944da47 P 59aa9b814c304015a0b4696951184f80 [CANDIDATE]: Term 2 pre-election: Election decided. Result: candidate lost. Election summary: received 3 responses out of 3 voters: 1 yes votes; 2 no votes. yes voters: 59aa9b814c304015a0b4696951184f80; no voters: 313fbe57577947fe985adef5aeb1ec03, c968d75da1aa478db16e3de8072583b6
I20260709 13:15:49.514971  5746 raft_consensus.cc:2749] T 84232878e64440a08a417561c944da47 P 59aa9b814c304015a0b4696951184f80 [term 1 FOLLOWER]: Leader pre-election lost for term 2. Reason: could not achieve majority
I20260709 13:15:49.518692  5692 tablet_service.cc:2072] Received LeaderStepDown RPC: tablet_id: "2793b38d6e2c4175bbfce95233f44810"
dest_uuid: "c968d75da1aa478db16e3de8072583b6"
mode: GRACEFUL
new_leader_uuid: "59aa9b814c304015a0b4696951184f80"
 from {username='slave'} at 127.0.0.1:54130
I20260709 13:15:49.519277  5692 raft_consensus.cc:606] T 2793b38d6e2c4175bbfce95233f44810 P c968d75da1aa478db16e3de8072583b6 [term 1 LEADER]: Received request to transfer leadership to TS 59aa9b814c304015a0b4696951184f80
I20260709 13:15:49.519899  5693 raft_consensus.cc:2468] T 84232878e64440a08a417561c944da47 P c968d75da1aa478db16e3de8072583b6 [term 2 FOLLOWER]: Leader election vote request: Granting yes vote for candidate 313fbe57577947fe985adef5aeb1ec03 in term 2.
I20260709 13:15:49.520908  5508 leader_election.cc:304] T 84232878e64440a08a417561c944da47 P 313fbe57577947fe985adef5aeb1ec03 [CANDIDATE]: Term 2 election: Election decided. Result: candidate won. Election summary: received 3 responses out of 3 voters: 2 yes votes; 1 no votes. yes voters: 313fbe57577947fe985adef5aeb1ec03, c968d75da1aa478db16e3de8072583b6; no voters: 59aa9b814c304015a0b4696951184f80
I20260709 13:15:49.521584  5745 raft_consensus.cc:2804] T 84232878e64440a08a417561c944da47 P 313fbe57577947fe985adef5aeb1ec03 [term 2 FOLLOWER]: Leader election won for term 2
I20260709 13:15:49.522054  5745 raft_consensus.cc:697] T 84232878e64440a08a417561c944da47 P 313fbe57577947fe985adef5aeb1ec03 [term 2 LEADER]: Becoming Leader. State: Replica: 313fbe57577947fe985adef5aeb1ec03, State: Running, Role: LEADER
I20260709 13:15:49.522094  5694 raft_consensus.cc:2468] T 4d7e0a08ded54091a1c12b9fa253b38a P c968d75da1aa478db16e3de8072583b6 [term 2 FOLLOWER]: Leader election vote request: Granting yes vote for candidate 313fbe57577947fe985adef5aeb1ec03 in term 2.
I20260709 13:15:49.523289  5508 leader_election.cc:304] T 4d7e0a08ded54091a1c12b9fa253b38a P 313fbe57577947fe985adef5aeb1ec03 [CANDIDATE]: Term 2 election: Election decided. Result: candidate won. Election summary: received 3 responses out of 3 voters: 2 yes votes; 1 no votes. yes voters: 313fbe57577947fe985adef5aeb1ec03, c968d75da1aa478db16e3de8072583b6; no voters: 59aa9b814c304015a0b4696951184f80
I20260709 13:15:49.523206  5745 consensus_queue.cc:237] T 84232878e64440a08a417561c944da47 P 313fbe57577947fe985adef5aeb1ec03 [LEADER]: Queue going to LEADER mode. State: All replicated index: 0, Majority replicated index: 1, Committed index: 1, Last appended: 1.1, Last appended by leader: 1, Current term: 2, Majority size: 2, State: 0, Mode: LEADER, active raft config: opid_index: -1 OBSOLETE_local: false peers { permanent_uuid: "313fbe57577947fe985adef5aeb1ec03" member_type: VOTER last_known_addr { host: "127.5.72.129" port: 38669 } } peers { permanent_uuid: "59aa9b814c304015a0b4696951184f80" member_type: VOTER last_known_addr { host: "127.5.72.130" port: 35145 } } peers { permanent_uuid: "c968d75da1aa478db16e3de8072583b6" member_type: VOTER last_known_addr { host: "127.5.72.131" port: 44261 } }
I20260709 13:15:49.526177  5745 raft_consensus.cc:2804] T 4d7e0a08ded54091a1c12b9fa253b38a P 313fbe57577947fe985adef5aeb1ec03 [term 2 FOLLOWER]: Leader election won for term 2
I20260709 13:15:49.526599  5745 raft_consensus.cc:697] T 4d7e0a08ded54091a1c12b9fa253b38a P 313fbe57577947fe985adef5aeb1ec03 [term 2 LEADER]: Becoming Leader. State: Replica: 313fbe57577947fe985adef5aeb1ec03, State: Running, Role: LEADER
I20260709 13:15:49.527051  5544 tablet_service.cc:2072] Received LeaderStepDown RPC: tablet_id: "223d4ab346c24f6c8cce3ba665ceac07"
dest_uuid: "313fbe57577947fe985adef5aeb1ec03"
mode: GRACEFUL
new_leader_uuid: "59aa9b814c304015a0b4696951184f80"
 from {username='slave'} at 127.0.0.1:34738
I20260709 13:15:49.527667  5544 raft_consensus.cc:606] T 223d4ab346c24f6c8cce3ba665ceac07 P 313fbe57577947fe985adef5aeb1ec03 [term 1 LEADER]: Received request to transfer leadership to TS 59aa9b814c304015a0b4696951184f80
I20260709 13:15:49.527778  5745 consensus_queue.cc:237] T 4d7e0a08ded54091a1c12b9fa253b38a P 313fbe57577947fe985adef5aeb1ec03 [LEADER]: Queue going to LEADER mode. State: All replicated index: 0, Majority replicated index: 1, Committed index: 1, Last appended: 1.1, Last appended by leader: 1, Current term: 2, Majority size: 2, State: 0, Mode: LEADER, active raft config: opid_index: -1 OBSOLETE_local: false peers { permanent_uuid: "313fbe57577947fe985adef5aeb1ec03" member_type: VOTER last_known_addr { host: "127.5.72.129" port: 38669 } } peers { permanent_uuid: "59aa9b814c304015a0b4696951184f80" member_type: VOTER last_known_addr { host: "127.5.72.130" port: 35145 } } peers { permanent_uuid: "c968d75da1aa478db16e3de8072583b6" member_type: VOTER last_known_addr { host: "127.5.72.131" port: 44261 } }
I20260709 13:15:49.531208  5442 catalog_manager.cc:5697] T 84232878e64440a08a417561c944da47 P 313fbe57577947fe985adef5aeb1ec03 reported cstate change: term changed from 1 to 2, leader changed from c968d75da1aa478db16e3de8072583b6 (127.5.72.131) to 313fbe57577947fe985adef5aeb1ec03 (127.5.72.129). New cstate: current_term: 2 leader_uuid: "313fbe57577947fe985adef5aeb1ec03" committed_config { opid_index: -1 OBSOLETE_local: false peers { permanent_uuid: "313fbe57577947fe985adef5aeb1ec03" member_type: VOTER last_known_addr { host: "127.5.72.129" port: 38669 } health_report { overall_health: HEALTHY } } peers { permanent_uuid: "59aa9b814c304015a0b4696951184f80" member_type: VOTER last_known_addr { host: "127.5.72.130" port: 35145 } health_report { overall_health: UNKNOWN } } peers { permanent_uuid: "c968d75da1aa478db16e3de8072583b6" member_type: VOTER last_known_addr { host: "127.5.72.131" port: 44261 } health_report { overall_health: UNKNOWN } } }
I20260709 13:15:49.534109  5694 tablet_service.cc:2072] Received LeaderStepDown RPC: tablet_id: "97a3c3a7823c4eebbebb1762fae68bd2"
dest_uuid: "c968d75da1aa478db16e3de8072583b6"
mode: GRACEFUL
new_leader_uuid: "59aa9b814c304015a0b4696951184f80"
 from {username='slave'} at 127.0.0.1:54130
I20260709 13:15:49.534720  5694 raft_consensus.cc:606] T 97a3c3a7823c4eebbebb1762fae68bd2 P c968d75da1aa478db16e3de8072583b6 [term 1 LEADER]: Received request to transfer leadership to TS 59aa9b814c304015a0b4696951184f80
I20260709 13:15:49.540836  5620 tablet_service.cc:2072] Received LeaderStepDown RPC: tablet_id: "09e603edad6c4f86819273f5646dd75c"
dest_uuid: "59aa9b814c304015a0b4696951184f80"
mode: GRACEFUL
new_leader_uuid: "c968d75da1aa478db16e3de8072583b6"
 from {username='slave'} at 127.0.0.1:47872
I20260709 13:15:49.541426  5620 raft_consensus.cc:606] T 09e603edad6c4f86819273f5646dd75c P 59aa9b814c304015a0b4696951184f80 [term 1 LEADER]: Received request to transfer leadership to TS c968d75da1aa478db16e3de8072583b6
I20260709 13:15:49.543358  5442 catalog_manager.cc:5697] T 4d7e0a08ded54091a1c12b9fa253b38a P 313fbe57577947fe985adef5aeb1ec03 reported cstate change: term changed from 1 to 2, leader changed from c968d75da1aa478db16e3de8072583b6 (127.5.72.131) to 313fbe57577947fe985adef5aeb1ec03 (127.5.72.129). New cstate: current_term: 2 leader_uuid: "313fbe57577947fe985adef5aeb1ec03" committed_config { opid_index: -1 OBSOLETE_local: false peers { permanent_uuid: "313fbe57577947fe985adef5aeb1ec03" member_type: VOTER last_known_addr { host: "127.5.72.129" port: 38669 } health_report { overall_health: HEALTHY } } peers { permanent_uuid: "59aa9b814c304015a0b4696951184f80" member_type: VOTER last_known_addr { host: "127.5.72.130" port: 35145 } health_report { overall_health: UNKNOWN } } peers { permanent_uuid: "c968d75da1aa478db16e3de8072583b6" member_type: VOTER last_known_addr { host: "127.5.72.131" port: 44261 } health_report { overall_health: UNKNOWN } } }
I20260709 13:15:49.598240  5745 consensus_queue.cc:1048] T 223d4ab346c24f6c8cce3ba665ceac07 P 313fbe57577947fe985adef5aeb1ec03 [LEADER]: Connected to new peer: Peer: permanent_uuid: "59aa9b814c304015a0b4696951184f80" member_type: VOTER last_known_addr { host: "127.5.72.130" port: 35145 }, Status: LMP_MISMATCH, Last received: 0.0, Next index: 1, Last known committed idx: 0, Time since last communication: 0.000s
I20260709 13:15:49.604588  5774 raft_consensus.cc:993] T 223d4ab346c24f6c8cce3ba665ceac07 P 313fbe57577947fe985adef5aeb1ec03: : Instructing follower 59aa9b814c304015a0b4696951184f80 to start an election
I20260709 13:15:49.605351  5745 raft_consensus.cc:1081] T 223d4ab346c24f6c8cce3ba665ceac07 P 313fbe57577947fe985adef5aeb1ec03 [term 1 LEADER]: Signalling peer 59aa9b814c304015a0b4696951184f80 to start an election
I20260709 13:15:49.609783  5619 tablet_service.cc:2044] Received Run Leader Election RPC: tablet_id: "223d4ab346c24f6c8cce3ba665ceac07"
dest_uuid: "59aa9b814c304015a0b4696951184f80"
 from {username='slave'} at 127.0.0.1:47860
I20260709 13:15:49.610412  5619 raft_consensus.cc:493] T 223d4ab346c24f6c8cce3ba665ceac07 P 59aa9b814c304015a0b4696951184f80 [term 1 FOLLOWER]: Starting forced leader election (received explicit request)
I20260709 13:15:49.610929  5619 raft_consensus.cc:3060] T 223d4ab346c24f6c8cce3ba665ceac07 P 59aa9b814c304015a0b4696951184f80 [term 1 FOLLOWER]: Advancing to term 2
I20260709 13:15:49.614184  5799 consensus_queue.cc:1048] T 97a3c3a7823c4eebbebb1762fae68bd2 P c968d75da1aa478db16e3de8072583b6 [LEADER]: Connected to new peer: Peer: permanent_uuid: "313fbe57577947fe985adef5aeb1ec03" member_type: VOTER last_known_addr { host: "127.5.72.129" port: 38669 }, Status: LMP_MISMATCH, Last received: 0.0, Next index: 1, Last known committed idx: 0, Time since last communication: 0.001s
I20260709 13:15:49.617816  5745 consensus_queue.cc:1048] T 223d4ab346c24f6c8cce3ba665ceac07 P 313fbe57577947fe985adef5aeb1ec03 [LEADER]: Connected to new peer: Peer: permanent_uuid: "c968d75da1aa478db16e3de8072583b6" member_type: VOTER last_known_addr { host: "127.5.72.131" port: 44261 }, Status: LMP_MISMATCH, Last received: 0.0, Next index: 1, Last known committed idx: 0, Time since last communication: 0.000s
I20260709 13:15:49.628762  5745 consensus_queue.cc:1048] T e5534c1666ec4b819cd64abef9c4126d P 313fbe57577947fe985adef5aeb1ec03 [LEADER]: Connected to new peer: Peer: permanent_uuid: "c968d75da1aa478db16e3de8072583b6" member_type: VOTER last_known_addr { host: "127.5.72.131" port: 44261 }, Status: LMP_MISMATCH, Last received: 0.0, Next index: 1, Last known committed idx: 0, Time since last communication: 0.000s
I20260709 13:15:49.628539  5619 raft_consensus.cc:515] T 223d4ab346c24f6c8cce3ba665ceac07 P 59aa9b814c304015a0b4696951184f80 [term 2 FOLLOWER]: Starting forced leader election with config: opid_index: -1 OBSOLETE_local: false peers { permanent_uuid: "313fbe57577947fe985adef5aeb1ec03" member_type: VOTER last_known_addr { host: "127.5.72.129" port: 38669 } } peers { permanent_uuid: "59aa9b814c304015a0b4696951184f80" member_type: VOTER last_known_addr { host: "127.5.72.130" port: 35145 } } peers { permanent_uuid: "c968d75da1aa478db16e3de8072583b6" member_type: VOTER last_known_addr { host: "127.5.72.131" port: 44261 } }
I20260709 13:15:49.632521  5619 leader_election.cc:290] T 223d4ab346c24f6c8cce3ba665ceac07 P 59aa9b814c304015a0b4696951184f80 [CANDIDATE]: Term 2 election: Requested vote from peers 313fbe57577947fe985adef5aeb1ec03 (127.5.72.129:38669), c968d75da1aa478db16e3de8072583b6 (127.5.72.131:44261)
I20260709 13:15:49.632683  5543 tablet_service.cc:1917] Received RequestConsensusVote() RPC: tablet_id: "223d4ab346c24f6c8cce3ba665ceac07" candidate_uuid: "59aa9b814c304015a0b4696951184f80" candidate_term: 2 candidate_status { last_received { term: 1 index: 1 } } ignore_live_leader: true dest_uuid: "313fbe57577947fe985adef5aeb1ec03"
I20260709 13:15:49.633323  5543 raft_consensus.cc:3055] T 223d4ab346c24f6c8cce3ba665ceac07 P 313fbe57577947fe985adef5aeb1ec03 [term 1 LEADER]: Stepping down as leader of term 1
I20260709 13:15:49.633661  5543 raft_consensus.cc:740] T 223d4ab346c24f6c8cce3ba665ceac07 P 313fbe57577947fe985adef5aeb1ec03 [term 1 LEADER]: Becoming Follower/Learner. State: Replica: 313fbe57577947fe985adef5aeb1ec03, State: Running, Role: LEADER
I20260709 13:15:49.634483  5543 consensus_queue.cc:260] T 223d4ab346c24f6c8cce3ba665ceac07 P 313fbe57577947fe985adef5aeb1ec03 [NON_LEADER]: Queue going to NON_LEADER mode. State: All replicated index: 0, Majority replicated index: 1, Committed index: 1, Last appended: 1.1, Last appended by leader: 1, Current term: 1, Majority size: -1, State: 0, Mode: NON_LEADER, active raft config: opid_index: -1 OBSOLETE_local: false peers { permanent_uuid: "313fbe57577947fe985adef5aeb1ec03" member_type: VOTER last_known_addr { host: "127.5.72.129" port: 38669 } } peers { permanent_uuid: "59aa9b814c304015a0b4696951184f80" member_type: VOTER last_known_addr { host: "127.5.72.130" port: 35145 } } peers { permanent_uuid: "c968d75da1aa478db16e3de8072583b6" member_type: VOTER last_known_addr { host: "127.5.72.131" port: 44261 } }
I20260709 13:15:49.635885  5543 raft_consensus.cc:3060] T 223d4ab346c24f6c8cce3ba665ceac07 P 313fbe57577947fe985adef5aeb1ec03 [term 1 FOLLOWER]: Advancing to term 2
I20260709 13:15:49.636570  5693 tablet_service.cc:1917] Received RequestConsensusVote() RPC: tablet_id: "223d4ab346c24f6c8cce3ba665ceac07" candidate_uuid: "59aa9b814c304015a0b4696951184f80" candidate_term: 2 candidate_status { last_received { term: 1 index: 1 } } ignore_live_leader: true dest_uuid: "c968d75da1aa478db16e3de8072583b6"
I20260709 13:15:49.643992  5543 raft_consensus.cc:2468] T 223d4ab346c24f6c8cce3ba665ceac07 P 313fbe57577947fe985adef5aeb1ec03 [term 2 FOLLOWER]: Leader election vote request: Granting yes vote for candidate 59aa9b814c304015a0b4696951184f80 in term 2.
I20260709 13:15:49.645355  5585 leader_election.cc:304] T 223d4ab346c24f6c8cce3ba665ceac07 P 59aa9b814c304015a0b4696951184f80 [CANDIDATE]: Term 2 election: Election decided. Result: candidate won. Election summary: received 3 responses out of 3 voters: 2 yes votes; 1 no votes. yes voters: 313fbe57577947fe985adef5aeb1ec03, 59aa9b814c304015a0b4696951184f80; no voters: c968d75da1aa478db16e3de8072583b6
I20260709 13:15:49.646358  5746 raft_consensus.cc:2804] T 223d4ab346c24f6c8cce3ba665ceac07 P 59aa9b814c304015a0b4696951184f80 [term 2 FOLLOWER]: Leader election won for term 2
I20260709 13:15:49.646937  5746 raft_consensus.cc:697] T 223d4ab346c24f6c8cce3ba665ceac07 P 59aa9b814c304015a0b4696951184f80 [term 2 LEADER]: Becoming Leader. State: Replica: 59aa9b814c304015a0b4696951184f80, State: Running, Role: LEADER
I20260709 13:15:49.647980  5746 consensus_queue.cc:237] T 223d4ab346c24f6c8cce3ba665ceac07 P 59aa9b814c304015a0b4696951184f80 [LEADER]: Queue going to LEADER mode. State: All replicated index: 0, Majority replicated index: 1, Committed index: 1, Last appended: 1.1, Last appended by leader: 1, Current term: 2, Majority size: 2, State: 0, Mode: LEADER, active raft config: opid_index: -1 OBSOLETE_local: false peers { permanent_uuid: "313fbe57577947fe985adef5aeb1ec03" member_type: VOTER last_known_addr { host: "127.5.72.129" port: 38669 } } peers { permanent_uuid: "59aa9b814c304015a0b4696951184f80" member_type: VOTER last_known_addr { host: "127.5.72.130" port: 35145 } } peers { permanent_uuid: "c968d75da1aa478db16e3de8072583b6" member_type: VOTER last_known_addr { host: "127.5.72.131" port: 44261 } }
I20260709 13:15:49.655795  5442 catalog_manager.cc:5697] T 223d4ab346c24f6c8cce3ba665ceac07 P 59aa9b814c304015a0b4696951184f80 reported cstate change: term changed from 1 to 2, leader changed from 313fbe57577947fe985adef5aeb1ec03 (127.5.72.129) to 59aa9b814c304015a0b4696951184f80 (127.5.72.130). New cstate: current_term: 2 leader_uuid: "59aa9b814c304015a0b4696951184f80" committed_config { opid_index: -1 OBSOLETE_local: false peers { permanent_uuid: "313fbe57577947fe985adef5aeb1ec03" member_type: VOTER last_known_addr { host: "127.5.72.129" port: 38669 } health_report { overall_health: UNKNOWN } } peers { permanent_uuid: "59aa9b814c304015a0b4696951184f80" member_type: VOTER last_known_addr { host: "127.5.72.130" port: 35145 } health_report { overall_health: HEALTHY } } peers { permanent_uuid: "c968d75da1aa478db16e3de8072583b6" member_type: VOTER last_known_addr { host: "127.5.72.131" port: 44261 } health_report { overall_health: UNKNOWN } } }
I20260709 13:15:49.662652  5619 raft_consensus.cc:3060] T 97a3c3a7823c4eebbebb1762fae68bd2 P 59aa9b814c304015a0b4696951184f80 [term 0 FOLLOWER]: Advancing to term 1
I20260709 13:15:49.671515  5765 consensus_queue.cc:1048] T 97a3c3a7823c4eebbebb1762fae68bd2 P c968d75da1aa478db16e3de8072583b6 [LEADER]: Connected to new peer: Peer: permanent_uuid: "59aa9b814c304015a0b4696951184f80" member_type: VOTER last_known_addr { host: "127.5.72.130" port: 35145 }, Status: LMP_MISMATCH, Last received: 0.0, Next index: 1, Last known committed idx: 0, Time since last communication: 0.000s
I20260709 13:15:49.673580  5745 consensus_queue.cc:1048] T e5534c1666ec4b819cd64abef9c4126d P 313fbe57577947fe985adef5aeb1ec03 [LEADER]: Connected to new peer: Peer: permanent_uuid: "59aa9b814c304015a0b4696951184f80" member_type: VOTER last_known_addr { host: "127.5.72.130" port: 35145 }, Status: LMP_MISMATCH, Last received: 0.0, Next index: 1, Last known committed idx: 0, Time since last communication: 0.000s
I20260709 13:15:49.674780  5801 consensus_queue.cc:1048] T 4386c4eaca784bd6bb100d33b51ca769 P 59aa9b814c304015a0b4696951184f80 [LEADER]: Connected to new peer: Peer: permanent_uuid: "313fbe57577947fe985adef5aeb1ec03" member_type: VOTER last_known_addr { host: "127.5.72.129" port: 38669 }, Status: LMP_MISMATCH, Last received: 0.0, Next index: 1, Last known committed idx: 0, Time since last communication: 0.000s
I20260709 13:15:49.700011  5745 raft_consensus.cc:993] T e5534c1666ec4b819cd64abef9c4126d P 313fbe57577947fe985adef5aeb1ec03: : Instructing follower 59aa9b814c304015a0b4696951184f80 to start an election
I20260709 13:15:49.700467  5745 raft_consensus.cc:1081] T e5534c1666ec4b819cd64abef9c4126d P 313fbe57577947fe985adef5aeb1ec03 [term 1 LEADER]: Signalling peer 59aa9b814c304015a0b4696951184f80 to start an election
I20260709 13:15:49.702220  5619 tablet_service.cc:2044] Received Run Leader Election RPC: tablet_id: "e5534c1666ec4b819cd64abef9c4126d"
dest_uuid: "59aa9b814c304015a0b4696951184f80"
 from {username='slave'} at 127.0.0.1:47860
I20260709 13:15:49.702852  5619 raft_consensus.cc:493] T e5534c1666ec4b819cd64abef9c4126d P 59aa9b814c304015a0b4696951184f80 [term 1 FOLLOWER]: Starting forced leader election (received explicit request)
I20260709 13:15:49.703320  5619 raft_consensus.cc:3060] T e5534c1666ec4b819cd64abef9c4126d P 59aa9b814c304015a0b4696951184f80 [term 1 FOLLOWER]: Advancing to term 2
I20260709 13:15:49.711037  5762 consensus_queue.cc:1048] T 2793b38d6e2c4175bbfce95233f44810 P c968d75da1aa478db16e3de8072583b6 [LEADER]: Connected to new peer: Peer: permanent_uuid: "313fbe57577947fe985adef5aeb1ec03" member_type: VOTER last_known_addr { host: "127.5.72.129" port: 38669 }, Status: LMP_MISMATCH, Last received: 0.0, Next index: 1, Last known committed idx: 0, Time since last communication: 0.000s
I20260709 13:15:49.716943  5619 raft_consensus.cc:515] T e5534c1666ec4b819cd64abef9c4126d P 59aa9b814c304015a0b4696951184f80 [term 2 FOLLOWER]: Starting forced leader election with config: opid_index: -1 OBSOLETE_local: false peers { permanent_uuid: "313fbe57577947fe985adef5aeb1ec03" member_type: VOTER last_known_addr { host: "127.5.72.129" port: 38669 } } peers { permanent_uuid: "59aa9b814c304015a0b4696951184f80" member_type: VOTER last_known_addr { host: "127.5.72.130" port: 35145 } } peers { permanent_uuid: "c968d75da1aa478db16e3de8072583b6" member_type: VOTER last_known_addr { host: "127.5.72.131" port: 44261 } }
I20260709 13:15:49.719503  5619 leader_election.cc:290] T e5534c1666ec4b819cd64abef9c4126d P 59aa9b814c304015a0b4696951184f80 [CANDIDATE]: Term 2 election: Requested vote from peers 313fbe57577947fe985adef5aeb1ec03 (127.5.72.129:38669), c968d75da1aa478db16e3de8072583b6 (127.5.72.131:44261)
I20260709 13:15:49.720165  5545 tablet_service.cc:1917] Received RequestConsensusVote() RPC: tablet_id: "e5534c1666ec4b819cd64abef9c4126d" candidate_uuid: "59aa9b814c304015a0b4696951184f80" candidate_term: 2 candidate_status { last_received { term: 1 index: 1 } } ignore_live_leader: true dest_uuid: "313fbe57577947fe985adef5aeb1ec03"
I20260709 13:15:49.721434  5545 raft_consensus.cc:3055] T e5534c1666ec4b819cd64abef9c4126d P 313fbe57577947fe985adef5aeb1ec03 [term 1 LEADER]: Stepping down as leader of term 1
I20260709 13:15:49.722278  5545 raft_consensus.cc:740] T e5534c1666ec4b819cd64abef9c4126d P 313fbe57577947fe985adef5aeb1ec03 [term 1 LEADER]: Becoming Follower/Learner. State: Replica: 313fbe57577947fe985adef5aeb1ec03, State: Running, Role: LEADER
I20260709 13:15:49.723116  5545 consensus_queue.cc:260] T e5534c1666ec4b819cd64abef9c4126d P 313fbe57577947fe985adef5aeb1ec03 [NON_LEADER]: Queue going to NON_LEADER mode. State: All replicated index: 0, Majority replicated index: 1, Committed index: 1, Last appended: 1.1, Last appended by leader: 1, Current term: 1, Majority size: -1, State: 0, Mode: NON_LEADER, active raft config: opid_index: -1 OBSOLETE_local: false peers { permanent_uuid: "313fbe57577947fe985adef5aeb1ec03" member_type: VOTER last_known_addr { host: "127.5.72.129" port: 38669 } } peers { permanent_uuid: "59aa9b814c304015a0b4696951184f80" member_type: VOTER last_known_addr { host: "127.5.72.130" port: 35145 } } peers { permanent_uuid: "c968d75da1aa478db16e3de8072583b6" member_type: VOTER last_known_addr { host: "127.5.72.131" port: 44261 } }
I20260709 13:15:49.723680  5693 tablet_service.cc:1917] Received RequestConsensusVote() RPC: tablet_id: "e5534c1666ec4b819cd64abef9c4126d" candidate_uuid: "59aa9b814c304015a0b4696951184f80" candidate_term: 2 candidate_status { last_received { term: 1 index: 1 } } ignore_live_leader: true dest_uuid: "c968d75da1aa478db16e3de8072583b6"
I20260709 13:15:49.724351  5693 raft_consensus.cc:3060] T e5534c1666ec4b819cd64abef9c4126d P c968d75da1aa478db16e3de8072583b6 [term 1 FOLLOWER]: Advancing to term 2
I20260709 13:15:49.724614  5545 raft_consensus.cc:3060] T e5534c1666ec4b819cd64abef9c4126d P 313fbe57577947fe985adef5aeb1ec03 [term 1 FOLLOWER]: Advancing to term 2
I20260709 13:15:49.732919  5545 raft_consensus.cc:2468] T e5534c1666ec4b819cd64abef9c4126d P 313fbe57577947fe985adef5aeb1ec03 [term 2 FOLLOWER]: Leader election vote request: Granting yes vote for candidate 59aa9b814c304015a0b4696951184f80 in term 2.
I20260709 13:15:49.733476  5801 consensus_queue.cc:1048] T 4386c4eaca784bd6bb100d33b51ca769 P 59aa9b814c304015a0b4696951184f80 [LEADER]: Connected to new peer: Peer: permanent_uuid: "c968d75da1aa478db16e3de8072583b6" member_type: VOTER last_known_addr { host: "127.5.72.131" port: 44261 }, Status: LMP_MISMATCH, Last received: 0.0, Next index: 1, Last known committed idx: 0, Time since last communication: 0.000s
I20260709 13:15:49.731030  5693 raft_consensus.cc:2468] T e5534c1666ec4b819cd64abef9c4126d P c968d75da1aa478db16e3de8072583b6 [term 2 FOLLOWER]: Leader election vote request: Granting yes vote for candidate 59aa9b814c304015a0b4696951184f80 in term 2.
I20260709 13:15:49.738511  5583 leader_election.cc:304] T e5534c1666ec4b819cd64abef9c4126d P 59aa9b814c304015a0b4696951184f80 [CANDIDATE]: Term 2 election: Election decided. Result: candidate won. Election summary: received 2 responses out of 3 voters: 2 yes votes; 0 no votes. yes voters: 59aa9b814c304015a0b4696951184f80, c968d75da1aa478db16e3de8072583b6; no voters: 
I20260709 13:15:49.739323  5801 raft_consensus.cc:2804] T e5534c1666ec4b819cd64abef9c4126d P 59aa9b814c304015a0b4696951184f80 [term 2 FOLLOWER]: Leader election won for term 2
I20260709 13:15:49.739779  5801 raft_consensus.cc:697] T e5534c1666ec4b819cd64abef9c4126d P 59aa9b814c304015a0b4696951184f80 [term 2 LEADER]: Becoming Leader. State: Replica: 59aa9b814c304015a0b4696951184f80, State: Running, Role: LEADER
I20260709 13:15:49.740679  5801 consensus_queue.cc:237] T e5534c1666ec4b819cd64abef9c4126d P 59aa9b814c304015a0b4696951184f80 [LEADER]: Queue going to LEADER mode. State: All replicated index: 0, Majority replicated index: 1, Committed index: 1, Last appended: 1.1, Last appended by leader: 1, Current term: 2, Majority size: 2, State: 0, Mode: LEADER, active raft config: opid_index: -1 OBSOLETE_local: false peers { permanent_uuid: "313fbe57577947fe985adef5aeb1ec03" member_type: VOTER last_known_addr { host: "127.5.72.129" port: 38669 } } peers { permanent_uuid: "59aa9b814c304015a0b4696951184f80" member_type: VOTER last_known_addr { host: "127.5.72.130" port: 35145 } } peers { permanent_uuid: "c968d75da1aa478db16e3de8072583b6" member_type: VOTER last_known_addr { host: "127.5.72.131" port: 44261 } }
I20260709 13:15:49.744277  5765 raft_consensus.cc:993] T 97a3c3a7823c4eebbebb1762fae68bd2 P c968d75da1aa478db16e3de8072583b6: : Instructing follower 59aa9b814c304015a0b4696951184f80 to start an election
I20260709 13:15:49.744788  5765 raft_consensus.cc:1081] T 97a3c3a7823c4eebbebb1762fae68bd2 P c968d75da1aa478db16e3de8072583b6 [term 1 LEADER]: Signalling peer 59aa9b814c304015a0b4696951184f80 to start an election
