I20260709 12:58:51.831805  1745 raft_consensus.cc:359] T 7d15a42bafca4ff38b331a652327dd91 P 941fbc1892c740088ab9f638531e4158 [term 0 FOLLOWER]: Replica starting. Triggering 0 pending ops. Active config: opid_index: -1 OBSOLETE_local: false peers { permanent_uuid: "941fbc1892c740088ab9f638531e4158" member_type: VOTER last_known_addr { host: "127.0.107.193" port: 43857 } } peers { permanent_uuid: "d34992c734a94a929d9ed04f29f76300" member_type: VOTER last_known_addr { host: "127.0.107.194" port: 37895 } } peers { permanent_uuid: "230f53d7265445048996dc7366ca8a5b" member_type: VOTER last_known_addr { host: "127.0.107.195" port: 36947 } }
I20260709 12:58:51.832473  1745 raft_consensus.cc:385] T 7d15a42bafca4ff38b331a652327dd91 P 941fbc1892c740088ab9f638531e4158 [term 0 FOLLOWER]: Consensus starting up: Expiring failure detector timer to make a prompt election more likely
I20260709 12:58:51.832738  1745 raft_consensus.cc:740] T 7d15a42bafca4ff38b331a652327dd91 P 941fbc1892c740088ab9f638531e4158 [term 0 FOLLOWER]: Becoming Follower/Learner. State: Replica: 941fbc1892c740088ab9f638531e4158, State: Initialized, Role: FOLLOWER
I20260709 12:58:51.833491  1843 raft_consensus.cc:2804] T 24bbfb4e92b54db080e1893276255379 P 941fbc1892c740088ab9f638531e4158 [term 1 FOLLOWER]: Leader election won for term 1
I20260709 12:58:51.833997  1843 raft_consensus.cc:697] T 24bbfb4e92b54db080e1893276255379 P 941fbc1892c740088ab9f638531e4158 [term 1 LEADER]: Becoming Leader. State: Replica: 941fbc1892c740088ab9f638531e4158, State: Running, Role: LEADER
I20260709 12:58:51.834769  1843 consensus_queue.cc:237] T 24bbfb4e92b54db080e1893276255379 P 941fbc1892c740088ab9f638531e4158 [LEADER]: Queue going to LEADER mode. State: All replicated index: 0, Majority replicated index: 0, Committed index: 0, Last appended: 0.0, Last appended by leader: 0, Current term: 1, Majority size: 2, State: 0, Mode: LEADER, active raft config: opid_index: -1 OBSOLETE_local: false peers { permanent_uuid: "941fbc1892c740088ab9f638531e4158" member_type: VOTER last_known_addr { host: "127.0.107.193" port: 43857 } } peers { permanent_uuid: "d34992c734a94a929d9ed04f29f76300" member_type: VOTER last_known_addr { host: "127.0.107.194" port: 37895 } } peers { permanent_uuid: "230f53d7265445048996dc7366ca8a5b" member_type: VOTER last_known_addr { host: "127.0.107.195" port: 36947 } }
I20260709 12:58:51.835721  1699 raft_consensus.cc:2468] T 24bbfb4e92b54db080e1893276255379 P 230f53d7265445048996dc7366ca8a5b [term 1 FOLLOWER]: Leader election vote request: Granting yes vote for candidate 941fbc1892c740088ab9f638531e4158 in term 1.
I20260709 12:58:51.833432  1745 consensus_queue.cc:260] T 7d15a42bafca4ff38b331a652327dd91 P 941fbc1892c740088ab9f638531e4158 [NON_LEADER]: Queue going to NON_LEADER mode. State: All replicated index: 0, Majority replicated index: 0, Committed index: 0, Last appended: 0.0, Last appended by leader: 0, Current term: 0, Majority size: -1, State: 0, Mode: NON_LEADER, active raft config: opid_index: -1 OBSOLETE_local: false peers { permanent_uuid: "941fbc1892c740088ab9f638531e4158" member_type: VOTER last_known_addr { host: "127.0.107.193" port: 43857 } } peers { permanent_uuid: "d34992c734a94a929d9ed04f29f76300" member_type: VOTER last_known_addr { host: "127.0.107.194" port: 37895 } } peers { permanent_uuid: "230f53d7265445048996dc7366ca8a5b" member_type: VOTER last_known_addr { host: "127.0.107.195" port: 36947 } }
I20260709 12:58:51.837548  1745 ts_tablet_manager.cc:1434] T 7d15a42bafca4ff38b331a652327dd91 P 941fbc1892c740088ab9f638531e4158: Time spent starting tablet: real 0.008s	user 0.005s	sys 0.001s
I20260709 12:58:51.837661  1743 ts_tablet_manager.cc:1434] T a02f9e2dd7b44cbeb58896891032a875 P 230f53d7265445048996dc7366ca8a5b: Time spent starting tablet: real 0.045s	user 0.007s	sys 0.000s
I20260709 12:58:51.839139  1743 tablet_bootstrap.cc:492] T 4f0e442a252c42a8a2a820344a7571ac P 230f53d7265445048996dc7366ca8a5b: Bootstrap starting.
I20260709 12:58:51.841361  1745 tablet_bootstrap.cc:492] T 5e7ca04e55d74f62a45e23b91a575f40 P 941fbc1892c740088ab9f638531e4158: Bootstrap starting.
I20260709 12:58:51.851289  1742 tablet_bootstrap.cc:492] T 6790070301764bb3a6ca0c84d22e6d9c P d34992c734a94a929d9ed04f29f76300: No bootstrap required, opened a new log
I20260709 12:58:51.851871  1742 ts_tablet_manager.cc:1403] T 6790070301764bb3a6ca0c84d22e6d9c P d34992c734a94a929d9ed04f29f76300: Time spent bootstrapping tablet: real 0.080s	user 0.016s	sys 0.013s
I20260709 12:58:51.852384  1743 tablet_bootstrap.cc:654] T 4f0e442a252c42a8a2a820344a7571ac P 230f53d7265445048996dc7366ca8a5b: Neither blocks nor log segments found. Creating new log.
I20260709 12:58:51.855813  1742 raft_consensus.cc:359] T 6790070301764bb3a6ca0c84d22e6d9c P d34992c734a94a929d9ed04f29f76300 [term 0 FOLLOWER]: Replica starting. Triggering 0 pending ops. Active config: opid_index: -1 OBSOLETE_local: false peers { permanent_uuid: "941fbc1892c740088ab9f638531e4158" member_type: VOTER last_known_addr { host: "127.0.107.193" port: 43857 } } peers { permanent_uuid: "d34992c734a94a929d9ed04f29f76300" member_type: VOTER last_known_addr { host: "127.0.107.194" port: 37895 } } peers { permanent_uuid: "230f53d7265445048996dc7366ca8a5b" member_type: VOTER last_known_addr { host: "127.0.107.195" port: 36947 } }
I20260709 12:58:51.856549  1745 tablet_bootstrap.cc:654] T 5e7ca04e55d74f62a45e23b91a575f40 P 941fbc1892c740088ab9f638531e4158: Neither blocks nor log segments found. Creating new log.
I20260709 12:58:51.856807  1742 raft_consensus.cc:385] T 6790070301764bb3a6ca0c84d22e6d9c P d34992c734a94a929d9ed04f29f76300 [term 0 FOLLOWER]: Consensus starting up: Expiring failure detector timer to make a prompt election more likely
I20260709 12:58:51.857148  1742 raft_consensus.cc:740] T 6790070301764bb3a6ca0c84d22e6d9c P d34992c734a94a929d9ed04f29f76300 [term 0 FOLLOWER]: Becoming Follower/Learner. State: Replica: d34992c734a94a929d9ed04f29f76300, State: Initialized, Role: FOLLOWER
I20260709 12:58:51.858034  1742 consensus_queue.cc:260] T 6790070301764bb3a6ca0c84d22e6d9c P d34992c734a94a929d9ed04f29f76300 [NON_LEADER]: Queue going to NON_LEADER mode. State: All replicated index: 0, Majority replicated index: 0, Committed index: 0, Last appended: 0.0, Last appended by leader: 0, Current term: 0, Majority size: -1, State: 0, Mode: NON_LEADER, active raft config: opid_index: -1 OBSOLETE_local: false peers { permanent_uuid: "941fbc1892c740088ab9f638531e4158" member_type: VOTER last_known_addr { host: "127.0.107.193" port: 43857 } } peers { permanent_uuid: "d34992c734a94a929d9ed04f29f76300" member_type: VOTER last_known_addr { host: "127.0.107.194" port: 37895 } } peers { permanent_uuid: "230f53d7265445048996dc7366ca8a5b" member_type: VOTER last_known_addr { host: "127.0.107.195" port: 36947 } }
I20260709 12:58:51.860471  1742 ts_tablet_manager.cc:1434] T 6790070301764bb3a6ca0c84d22e6d9c P d34992c734a94a929d9ed04f29f76300: Time spent starting tablet: real 0.008s	user 0.005s	sys 0.000s
I20260709 12:58:51.862026  1742 tablet_bootstrap.cc:492] T a02f9e2dd7b44cbeb58896891032a875 P d34992c734a94a929d9ed04f29f76300: Bootstrap starting.
I20260709 12:58:51.864612  1775 consensus_queue.cc:1048] T f7a925f9ce814e24855cba0eec1ce639 P 941fbc1892c740088ab9f638531e4158 [LEADER]: Connected to new peer: Peer: permanent_uuid: "d34992c734a94a929d9ed04f29f76300" member_type: VOTER last_known_addr { host: "127.0.107.194" port: 37895 }, Status: LMP_MISMATCH, Last received: 0.0, Next index: 1, Last known committed idx: 0, Time since last communication: 0.001s
I20260709 12:58:51.871354  1743 tablet_bootstrap.cc:492] T 4f0e442a252c42a8a2a820344a7571ac P 230f53d7265445048996dc7366ca8a5b: No bootstrap required, opened a new log
I20260709 12:58:51.871887  1743 ts_tablet_manager.cc:1403] T 4f0e442a252c42a8a2a820344a7571ac P 230f53d7265445048996dc7366ca8a5b: Time spent bootstrapping tablet: real 0.033s	user 0.010s	sys 0.004s
I20260709 12:58:51.874583  1743 raft_consensus.cc:359] T 4f0e442a252c42a8a2a820344a7571ac P 230f53d7265445048996dc7366ca8a5b [term 0 FOLLOWER]: Replica starting. Triggering 0 pending ops. Active config: opid_index: -1 OBSOLETE_local: false peers { permanent_uuid: "941fbc1892c740088ab9f638531e4158" member_type: VOTER last_known_addr { host: "127.0.107.193" port: 43857 } } peers { permanent_uuid: "d34992c734a94a929d9ed04f29f76300" member_type: VOTER last_known_addr { host: "127.0.107.194" port: 37895 } } peers { permanent_uuid: "230f53d7265445048996dc7366ca8a5b" member_type: VOTER last_known_addr { host: "127.0.107.195" port: 36947 } }
I20260709 12:58:51.875273  1743 raft_consensus.cc:385] T 4f0e442a252c42a8a2a820344a7571ac P 230f53d7265445048996dc7366ca8a5b [term 0 FOLLOWER]: Consensus starting up: Expiring failure detector timer to make a prompt election more likely
I20260709 12:58:51.875537  1743 raft_consensus.cc:740] T 4f0e442a252c42a8a2a820344a7571ac P 230f53d7265445048996dc7366ca8a5b [term 0 FOLLOWER]: Becoming Follower/Learner. State: Replica: 230f53d7265445048996dc7366ca8a5b, State: Initialized, Role: FOLLOWER
I20260709 12:58:51.875726  1448 catalog_manager.cc:5697] T 24bbfb4e92b54db080e1893276255379 P 941fbc1892c740088ab9f638531e4158 reported cstate change: term changed from 0 to 1, leader changed from <none> to 941fbc1892c740088ab9f638531e4158 (127.0.107.193). New cstate: current_term: 1 leader_uuid: "941fbc1892c740088ab9f638531e4158" committed_config { opid_index: -1 OBSOLETE_local: false peers { permanent_uuid: "941fbc1892c740088ab9f638531e4158" member_type: VOTER last_known_addr { host: "127.0.107.193" port: 43857 } health_report { overall_health: HEALTHY } } peers { permanent_uuid: "d34992c734a94a929d9ed04f29f76300" member_type: VOTER last_known_addr { host: "127.0.107.194" port: 37895 } health_report { overall_health: UNKNOWN } } peers { permanent_uuid: "230f53d7265445048996dc7366ca8a5b" member_type: VOTER last_known_addr { host: "127.0.107.195" port: 36947 } health_report { overall_health: UNKNOWN } } }
I20260709 12:58:51.878690  1745 tablet_bootstrap.cc:492] T 5e7ca04e55d74f62a45e23b91a575f40 P 941fbc1892c740088ab9f638531e4158: No bootstrap required, opened a new log
I20260709 12:58:51.879815  1745 ts_tablet_manager.cc:1403] T 5e7ca04e55d74f62a45e23b91a575f40 P 941fbc1892c740088ab9f638531e4158: Time spent bootstrapping tablet: real 0.039s	user 0.009s	sys 0.006s
I20260709 12:58:51.880663  1743 consensus_queue.cc:260] T 4f0e442a252c42a8a2a820344a7571ac P 230f53d7265445048996dc7366ca8a5b [NON_LEADER]: Queue going to NON_LEADER mode. State: All replicated index: 0, Majority replicated index: 0, Committed index: 0, Last appended: 0.0, Last appended by leader: 0, Current term: 0, Majority size: -1, State: 0, Mode: NON_LEADER, active raft config: opid_index: -1 OBSOLETE_local: false peers { permanent_uuid: "941fbc1892c740088ab9f638531e4158" member_type: VOTER last_known_addr { host: "127.0.107.193" port: 43857 } } peers { permanent_uuid: "d34992c734a94a929d9ed04f29f76300" member_type: VOTER last_known_addr { host: "127.0.107.194" port: 37895 } } peers { permanent_uuid: "230f53d7265445048996dc7366ca8a5b" member_type: VOTER last_known_addr { host: "127.0.107.195" port: 36947 } }
I20260709 12:58:51.882294  1775 raft_consensus.cc:493] T 7d15a42bafca4ff38b331a652327dd91 P 941fbc1892c740088ab9f638531e4158 [term 0 FOLLOWER]: Starting pre-election (no leader contacted us within the election timeout)
I20260709 12:58:51.883863  1775 raft_consensus.cc:515] T 7d15a42bafca4ff38b331a652327dd91 P 941fbc1892c740088ab9f638531e4158 [term 0 FOLLOWER]: Starting pre-election with config: opid_index: -1 OBSOLETE_local: false peers { permanent_uuid: "941fbc1892c740088ab9f638531e4158" member_type: VOTER last_known_addr { host: "127.0.107.193" port: 43857 } } peers { permanent_uuid: "d34992c734a94a929d9ed04f29f76300" member_type: VOTER last_known_addr { host: "127.0.107.194" port: 37895 } } peers { permanent_uuid: "230f53d7265445048996dc7366ca8a5b" member_type: VOTER last_known_addr { host: "127.0.107.195" port: 36947 } }
I20260709 12:58:51.885061  1745 raft_consensus.cc:359] T 5e7ca04e55d74f62a45e23b91a575f40 P 941fbc1892c740088ab9f638531e4158 [term 0 FOLLOWER]: Replica starting. Triggering 0 pending ops. Active config: opid_index: -1 OBSOLETE_local: false peers { permanent_uuid: "941fbc1892c740088ab9f638531e4158" member_type: VOTER last_known_addr { host: "127.0.107.193" port: 43857 } } peers { permanent_uuid: "d34992c734a94a929d9ed04f29f76300" member_type: VOTER last_known_addr { host: "127.0.107.194" port: 37895 } } peers { permanent_uuid: "230f53d7265445048996dc7366ca8a5b" member_type: VOTER last_known_addr { host: "127.0.107.195" port: 36947 } }
I20260709 12:58:51.879263  1742 tablet_bootstrap.cc:654] T a02f9e2dd7b44cbeb58896891032a875 P d34992c734a94a929d9ed04f29f76300: Neither blocks nor log segments found. Creating new log.
I20260709 12:58:51.885749  1745 raft_consensus.cc:385] T 5e7ca04e55d74f62a45e23b91a575f40 P 941fbc1892c740088ab9f638531e4158 [term 0 FOLLOWER]: Consensus starting up: Expiring failure detector timer to make a prompt election more likely
I20260709 12:58:51.886096  1745 raft_consensus.cc:740] T 5e7ca04e55d74f62a45e23b91a575f40 P 941fbc1892c740088ab9f638531e4158 [term 0 FOLLOWER]: Becoming Follower/Learner. State: Replica: 941fbc1892c740088ab9f638531e4158, State: Initialized, Role: FOLLOWER
I20260709 12:58:51.886750  1745 consensus_queue.cc:260] T 5e7ca04e55d74f62a45e23b91a575f40 P 941fbc1892c740088ab9f638531e4158 [NON_LEADER]: Queue going to NON_LEADER mode. State: All replicated index: 0, Majority replicated index: 0, Committed index: 0, Last appended: 0.0, Last appended by leader: 0, Current term: 0, Majority size: -1, State: 0, Mode: NON_LEADER, active raft config: opid_index: -1 OBSOLETE_local: false peers { permanent_uuid: "941fbc1892c740088ab9f638531e4158" member_type: VOTER last_known_addr { host: "127.0.107.193" port: 43857 } } peers { permanent_uuid: "d34992c734a94a929d9ed04f29f76300" member_type: VOTER last_known_addr { host: "127.0.107.194" port: 37895 } } peers { permanent_uuid: "230f53d7265445048996dc7366ca8a5b" member_type: VOTER last_known_addr { host: "127.0.107.195" port: 36947 } }
I20260709 12:58:51.888622  1626 tablet_service.cc:1917] Received RequestConsensusVote() RPC: tablet_id: "7d15a42bafca4ff38b331a652327dd91" candidate_uuid: "941fbc1892c740088ab9f638531e4158" candidate_term: 1 candidate_status { last_received { term: 0 index: 0 } } ignore_live_leader: false dest_uuid: "d34992c734a94a929d9ed04f29f76300" is_pre_election: true
I20260709 12:58:51.889580  1775 leader_election.cc:290] T 7d15a42bafca4ff38b331a652327dd91 P 941fbc1892c740088ab9f638531e4158 [CANDIDATE]: Term 1 pre-election: Requested pre-vote from peers d34992c734a94a929d9ed04f29f76300 (127.0.107.194:37895), 230f53d7265445048996dc7366ca8a5b (127.0.107.195:36947)
I20260709 12:58:51.890643  1699 tablet_service.cc:1917] Received RequestConsensusVote() RPC: tablet_id: "7d15a42bafca4ff38b331a652327dd91" candidate_uuid: "941fbc1892c740088ab9f638531e4158" candidate_term: 1 candidate_status { last_received { term: 0 index: 0 } } ignore_live_leader: false dest_uuid: "230f53d7265445048996dc7366ca8a5b" is_pre_election: true
W20260709 12:58:51.892016  1518 leader_election.cc:343] T 7d15a42bafca4ff38b331a652327dd91 P 941fbc1892c740088ab9f638531e4158 [CANDIDATE]: Term 1 pre-election: Tablet error from VoteRequest() call to peer 230f53d7265445048996dc7366ca8a5b (127.0.107.195:36947): Illegal state: must be running to vote when last-logged opid is not known
I20260709 12:58:51.893079  1816 raft_consensus.cc:493] T a02f9e2dd7b44cbeb58896891032a875 P 230f53d7265445048996dc7366ca8a5b [term 0 FOLLOWER]: Starting pre-election (no leader contacted us within the election timeout)
W20260709 12:58:51.893272  1519 leader_election.cc:343] T 7d15a42bafca4ff38b331a652327dd91 P 941fbc1892c740088ab9f638531e4158 [CANDIDATE]: Term 1 pre-election: Tablet error from VoteRequest() call to peer d34992c734a94a929d9ed04f29f76300 (127.0.107.194:37895): Illegal state: must be running to vote when last-logged opid is not known
I20260709 12:58:51.895489  1850 consensus_queue.cc:1048] T f7a925f9ce814e24855cba0eec1ce639 P 941fbc1892c740088ab9f638531e4158 [LEADER]: Connected to new peer: Peer: permanent_uuid: "230f53d7265445048996dc7366ca8a5b" member_type: VOTER last_known_addr { host: "127.0.107.195" port: 36947 }, Status: LMP_MISMATCH, Last received: 0.0, Next index: 1, Last known committed idx: 0, Time since last communication: 0.001s
I20260709 12:58:51.895622  1816 raft_consensus.cc:515] T a02f9e2dd7b44cbeb58896891032a875 P 230f53d7265445048996dc7366ca8a5b [term 0 FOLLOWER]: Starting pre-election with config: opid_index: -1 OBSOLETE_local: false peers { permanent_uuid: "941fbc1892c740088ab9f638531e4158" member_type: VOTER last_known_addr { host: "127.0.107.193" port: 43857 } } peers { permanent_uuid: "d34992c734a94a929d9ed04f29f76300" member_type: VOTER last_known_addr { host: "127.0.107.194" port: 37895 } } peers { permanent_uuid: "230f53d7265445048996dc7366ca8a5b" member_type: VOTER last_known_addr { host: "127.0.107.195" port: 36947 } }
I20260709 12:58:51.898658  1745 ts_tablet_manager.cc:1434] T 5e7ca04e55d74f62a45e23b91a575f40 P 941fbc1892c740088ab9f638531e4158: Time spent starting tablet: real 0.019s	user 0.007s	sys 0.000s
I20260709 12:58:51.898622  1816 leader_election.cc:290] T a02f9e2dd7b44cbeb58896891032a875 P 230f53d7265445048996dc7366ca8a5b [CANDIDATE]: Term 1 pre-election: Requested pre-vote from peers 941fbc1892c740088ab9f638531e4158 (127.0.107.193:43857), d34992c734a94a929d9ed04f29f76300 (127.0.107.194:37895)
I20260709 12:58:51.899668  1745 tablet_bootstrap.cc:492] T 54fe44598cd041c2ac1bbf6628488fdd P 941fbc1892c740088ab9f638531e4158: Bootstrap starting.
I20260709 12:58:51.900161  1628 tablet_service.cc:1917] Received RequestConsensusVote() RPC: tablet_id: "a02f9e2dd7b44cbeb58896891032a875" candidate_uuid: "230f53d7265445048996dc7366ca8a5b" candidate_term: 1 candidate_status { last_received { term: 0 index: 0 } } ignore_live_leader: false dest_uuid: "d34992c734a94a929d9ed04f29f76300" is_pre_election: true
I20260709 12:58:51.900650  1553 tablet_service.cc:1917] Received RequestConsensusVote() RPC: tablet_id: "a02f9e2dd7b44cbeb58896891032a875" candidate_uuid: "230f53d7265445048996dc7366ca8a5b" candidate_term: 1 candidate_status { last_received { term: 0 index: 0 } } ignore_live_leader: false dest_uuid: "941fbc1892c740088ab9f638531e4158" is_pre_election: true
I20260709 12:58:51.901230  1553 raft_consensus.cc:2468] T a02f9e2dd7b44cbeb58896891032a875 P 941fbc1892c740088ab9f638531e4158 [term 0 FOLLOWER]: Leader pre-election vote request: Granting yes vote for candidate 230f53d7265445048996dc7366ca8a5b in term 0.
W20260709 12:58:51.901357  1668 leader_election.cc:343] T a02f9e2dd7b44cbeb58896891032a875 P 230f53d7265445048996dc7366ca8a5b [CANDIDATE]: Term 1 pre-election: Tablet error from VoteRequest() call to peer d34992c734a94a929d9ed04f29f76300 (127.0.107.194:37895): Illegal state: must be running to vote when last-logged opid is not known
I20260709 12:58:51.902804  1746 raft_consensus.cc:493] T d40a800498ce4860813f2f74315fed39 P d34992c734a94a929d9ed04f29f76300 [term 0 FOLLOWER]: Starting pre-election (no leader contacted us within the election timeout)
I20260709 12:58:51.903335  1746 raft_consensus.cc:515] T d40a800498ce4860813f2f74315fed39 P d34992c734a94a929d9ed04f29f76300 [term 0 FOLLOWER]: Starting pre-election with config: opid_index: -1 OBSOLETE_local: false peers { permanent_uuid: "941fbc1892c740088ab9f638531e4158" member_type: VOTER last_known_addr { host: "127.0.107.193" port: 43857 } } peers { permanent_uuid: "d34992c734a94a929d9ed04f29f76300" member_type: VOTER last_known_addr { host: "127.0.107.194" port: 37895 } } peers { permanent_uuid: "230f53d7265445048996dc7366ca8a5b" member_type: VOTER last_known_addr { host: "127.0.107.195" port: 36947 } }
I20260709 12:58:51.895998  1519 leader_election.cc:304] T 7d15a42bafca4ff38b331a652327dd91 P 941fbc1892c740088ab9f638531e4158 [CANDIDATE]: Term 1 pre-election: Election decided. Result: candidate lost. Election summary: received 3 responses out of 3 voters: 1 yes votes; 2 no votes. yes voters: 941fbc1892c740088ab9f638531e4158; no voters: 230f53d7265445048996dc7366ca8a5b, d34992c734a94a929d9ed04f29f76300
I20260709 12:58:51.906097  1775 raft_consensus.cc:2749] T 7d15a42bafca4ff38b331a652327dd91 P 941fbc1892c740088ab9f638531e4158 [term 0 FOLLOWER]: Leader pre-election lost for term 1. Reason: could not achieve majority
I20260709 12:58:51.909716  1743 ts_tablet_manager.cc:1434] T 4f0e442a252c42a8a2a820344a7571ac P 230f53d7265445048996dc7366ca8a5b: Time spent starting tablet: real 0.038s	user 0.009s	sys 0.000s
I20260709 12:58:51.911041  1743 tablet_bootstrap.cc:492] T 22d546b813ef475a98b37eb1403db9f6 P 230f53d7265445048996dc7366ca8a5b: Bootstrap starting.
I20260709 12:58:51.912010  1745 tablet_bootstrap.cc:654] T 54fe44598cd041c2ac1bbf6628488fdd P 941fbc1892c740088ab9f638531e4158: Neither blocks nor log segments found. Creating new log.
I20260709 12:58:51.912549  1553 tablet_service.cc:1917] Received RequestConsensusVote() RPC: tablet_id: "d40a800498ce4860813f2f74315fed39" candidate_uuid: "d34992c734a94a929d9ed04f29f76300" candidate_term: 1 candidate_status { last_received { term: 0 index: 0 } } ignore_live_leader: false dest_uuid: "941fbc1892c740088ab9f638531e4158" is_pre_election: true
I20260709 12:58:51.914335  1553 raft_consensus.cc:2468] T d40a800498ce4860813f2f74315fed39 P 941fbc1892c740088ab9f638531e4158 [term 0 FOLLOWER]: Leader pre-election vote request: Granting yes vote for candidate d34992c734a94a929d9ed04f29f76300 in term 0.
I20260709 12:58:51.917058  1594 leader_election.cc:304] T d40a800498ce4860813f2f74315fed39 P d34992c734a94a929d9ed04f29f76300 [CANDIDATE]: Term 1 pre-election: Election decided. Result: candidate won. Election summary: received 2 responses out of 3 voters: 2 yes votes; 0 no votes. yes voters: 941fbc1892c740088ab9f638531e4158, d34992c734a94a929d9ed04f29f76300; no voters: 
I20260709 12:58:51.918300  1743 tablet_bootstrap.cc:654] T 22d546b813ef475a98b37eb1403db9f6 P 230f53d7265445048996dc7366ca8a5b: Neither blocks nor log segments found. Creating new log.
I20260709 12:58:51.918535  1793 raft_consensus.cc:2804] T d40a800498ce4860813f2f74315fed39 P d34992c734a94a929d9ed04f29f76300 [term 0 FOLLOWER]: Leader pre-election won for term 1
I20260709 12:58:51.920113  1742 tablet_bootstrap.cc:492] T a02f9e2dd7b44cbeb58896891032a875 P d34992c734a94a929d9ed04f29f76300: No bootstrap required, opened a new log
I20260709 12:58:51.920624  1793 raft_consensus.cc:493] T d40a800498ce4860813f2f74315fed39 P d34992c734a94a929d9ed04f29f76300 [term 0 FOLLOWER]: Starting leader election (no leader contacted us within the election timeout)
I20260709 12:58:51.920823  1742 ts_tablet_manager.cc:1403] T a02f9e2dd7b44cbeb58896891032a875 P d34992c734a94a929d9ed04f29f76300: Time spent bootstrapping tablet: real 0.059s	user 0.011s	sys 0.009s
I20260709 12:58:51.921183  1793 raft_consensus.cc:3060] T d40a800498ce4860813f2f74315fed39 P d34992c734a94a929d9ed04f29f76300 [term 0 FOLLOWER]: Advancing to term 1
I20260709 12:58:51.923535  1742 raft_consensus.cc:359] T a02f9e2dd7b44cbeb58896891032a875 P d34992c734a94a929d9ed04f29f76300 [term 0 FOLLOWER]: Replica starting. Triggering 0 pending ops. Active config: opid_index: -1 OBSOLETE_local: false peers { permanent_uuid: "941fbc1892c740088ab9f638531e4158" member_type: VOTER last_known_addr { host: "127.0.107.193" port: 43857 } } peers { permanent_uuid: "d34992c734a94a929d9ed04f29f76300" member_type: VOTER last_known_addr { host: "127.0.107.194" port: 37895 } } peers { permanent_uuid: "230f53d7265445048996dc7366ca8a5b" member_type: VOTER last_known_addr { host: "127.0.107.195" port: 36947 } }
I20260709 12:58:51.924192  1742 raft_consensus.cc:385] T a02f9e2dd7b44cbeb58896891032a875 P d34992c734a94a929d9ed04f29f76300 [term 0 FOLLOWER]: Consensus starting up: Expiring failure detector timer to make a prompt election more likely
I20260709 12:58:51.924439  1742 raft_consensus.cc:740] T a02f9e2dd7b44cbeb58896891032a875 P d34992c734a94a929d9ed04f29f76300 [term 0 FOLLOWER]: Becoming Follower/Learner. State: Replica: d34992c734a94a929d9ed04f29f76300, State: Initialized, Role: FOLLOWER
I20260709 12:58:51.914819  1668 leader_election.cc:304] T a02f9e2dd7b44cbeb58896891032a875 P 230f53d7265445048996dc7366ca8a5b [CANDIDATE]: Term 1 pre-election: Election decided. Result: candidate won. Election summary: received 3 responses out of 3 voters: 2 yes votes; 1 no votes. yes voters: 230f53d7265445048996dc7366ca8a5b, 941fbc1892c740088ab9f638531e4158; no voters: d34992c734a94a929d9ed04f29f76300
I20260709 12:58:51.925189  1742 consensus_queue.cc:260] T a02f9e2dd7b44cbeb58896891032a875 P d34992c734a94a929d9ed04f29f76300 [NON_LEADER]: Queue going to NON_LEADER mode. State: All replicated index: 0, Majority replicated index: 0, Committed index: 0, Last appended: 0.0, Last appended by leader: 0, Current term: 0, Majority size: -1, State: 0, Mode: NON_LEADER, active raft config: opid_index: -1 OBSOLETE_local: false peers { permanent_uuid: "941fbc1892c740088ab9f638531e4158" member_type: VOTER last_known_addr { host: "127.0.107.193" port: 43857 } } peers { permanent_uuid: "d34992c734a94a929d9ed04f29f76300" member_type: VOTER last_known_addr { host: "127.0.107.194" port: 37895 } } peers { permanent_uuid: "230f53d7265445048996dc7366ca8a5b" member_type: VOTER last_known_addr { host: "127.0.107.195" port: 36947 } }
I20260709 12:58:51.926834  1816 raft_consensus.cc:2804] T a02f9e2dd7b44cbeb58896891032a875 P 230f53d7265445048996dc7366ca8a5b [term 0 FOLLOWER]: Leader pre-election won for term 1
I20260709 12:58:51.927343  1816 raft_consensus.cc:493] T a02f9e2dd7b44cbeb58896891032a875 P 230f53d7265445048996dc7366ca8a5b [term 0 FOLLOWER]: Starting leader election (no leader contacted us within the election timeout)
I20260709 12:58:51.927742  1816 raft_consensus.cc:3060] T a02f9e2dd7b44cbeb58896891032a875 P 230f53d7265445048996dc7366ca8a5b [term 0 FOLLOWER]: Advancing to term 1
I20260709 12:58:51.931380  1745 tablet_bootstrap.cc:492] T 54fe44598cd041c2ac1bbf6628488fdd P 941fbc1892c740088ab9f638531e4158: No bootstrap required, opened a new log
I20260709 12:58:51.931850  1745 ts_tablet_manager.cc:1403] T 54fe44598cd041c2ac1bbf6628488fdd P 941fbc1892c740088ab9f638531e4158: Time spent bootstrapping tablet: real 0.032s	user 0.021s	sys 0.000s
I20260709 12:58:51.931869  1742 ts_tablet_manager.cc:1434] T a02f9e2dd7b44cbeb58896891032a875 P d34992c734a94a929d9ed04f29f76300: Time spent starting tablet: real 0.011s	user 0.006s	sys 0.000s
I20260709 12:58:51.933027  1746 leader_election.cc:290] T d40a800498ce4860813f2f74315fed39 P d34992c734a94a929d9ed04f29f76300 [CANDIDATE]: Term 1 pre-election: Requested pre-vote from peers 941fbc1892c740088ab9f638531e4158 (127.0.107.193:43857), 230f53d7265445048996dc7366ca8a5b (127.0.107.195:36947)
I20260709 12:58:51.934134  1701 tablet_service.cc:1917] Received RequestConsensusVote() RPC: tablet_id: "d40a800498ce4860813f2f74315fed39" candidate_uuid: "d34992c734a94a929d9ed04f29f76300" candidate_term: 1 candidate_status { last_received { term: 0 index: 0 } } ignore_live_leader: false dest_uuid: "230f53d7265445048996dc7366ca8a5b" is_pre_election: true
W20260709 12:58:51.935420  1593 leader_election.cc:343] T d40a800498ce4860813f2f74315fed39 P d34992c734a94a929d9ed04f29f76300 [CANDIDATE]: Term 1 pre-election: Tablet error from VoteRequest() call to peer 230f53d7265445048996dc7366ca8a5b (127.0.107.195:36947): Illegal state: must be running to vote when last-logged opid is not known
I20260709 12:58:51.935202  1745 raft_consensus.cc:359] T 54fe44598cd041c2ac1bbf6628488fdd P 941fbc1892c740088ab9f638531e4158 [term 0 FOLLOWER]: Replica starting. Triggering 0 pending ops. Active config: opid_index: -1 OBSOLETE_local: false peers { permanent_uuid: "941fbc1892c740088ab9f638531e4158" member_type: VOTER last_known_addr { host: "127.0.107.193" port: 43857 } } peers { permanent_uuid: "d34992c734a94a929d9ed04f29f76300" member_type: VOTER last_known_addr { host: "127.0.107.194" port: 37895 } } peers { permanent_uuid: "230f53d7265445048996dc7366ca8a5b" member_type: VOTER last_known_addr { host: "127.0.107.195" port: 36947 } }
I20260709 12:58:51.935915  1745 raft_consensus.cc:385] T 54fe44598cd041c2ac1bbf6628488fdd P 941fbc1892c740088ab9f638531e4158 [term 0 FOLLOWER]: Consensus starting up: Expiring failure detector timer to make a prompt election more likely
I20260709 12:58:51.936190  1745 raft_consensus.cc:740] T 54fe44598cd041c2ac1bbf6628488fdd P 941fbc1892c740088ab9f638531e4158 [term 0 FOLLOWER]: Becoming Follower/Learner. State: Replica: 941fbc1892c740088ab9f638531e4158, State: Initialized, Role: FOLLOWER
I20260709 12:58:51.936810  1745 consensus_queue.cc:260] T 54fe44598cd041c2ac1bbf6628488fdd P 941fbc1892c740088ab9f638531e4158 [NON_LEADER]: Queue going to NON_LEADER mode. State: All replicated index: 0, Majority replicated index: 0, Committed index: 0, Last appended: 0.0, Last appended by leader: 0, Current term: 0, Majority size: -1, State: 0, Mode: NON_LEADER, active raft config: opid_index: -1 OBSOLETE_local: false peers { permanent_uuid: "941fbc1892c740088ab9f638531e4158" member_type: VOTER last_known_addr { host: "127.0.107.193" port: 43857 } } peers { permanent_uuid: "d34992c734a94a929d9ed04f29f76300" member_type: VOTER last_known_addr { host: "127.0.107.194" port: 37895 } } peers { permanent_uuid: "230f53d7265445048996dc7366ca8a5b" member_type: VOTER last_known_addr { host: "127.0.107.195" port: 36947 } }
I20260709 12:58:51.937613  1793 raft_consensus.cc:515] T d40a800498ce4860813f2f74315fed39 P d34992c734a94a929d9ed04f29f76300 [term 1 FOLLOWER]: Starting leader election with config: opid_index: -1 OBSOLETE_local: false peers { permanent_uuid: "941fbc1892c740088ab9f638531e4158" member_type: VOTER last_known_addr { host: "127.0.107.193" port: 43857 } } peers { permanent_uuid: "d34992c734a94a929d9ed04f29f76300" member_type: VOTER last_known_addr { host: "127.0.107.194" port: 37895 } } peers { permanent_uuid: "230f53d7265445048996dc7366ca8a5b" member_type: VOTER last_known_addr { host: "127.0.107.195" port: 36947 } }
I20260709 12:58:51.939138  1745 ts_tablet_manager.cc:1434] T 54fe44598cd041c2ac1bbf6628488fdd P 941fbc1892c740088ab9f638531e4158: Time spent starting tablet: real 0.007s	user 0.006s	sys 0.000s
I20260709 12:58:51.939610  1793 leader_election.cc:290] T d40a800498ce4860813f2f74315fed39 P d34992c734a94a929d9ed04f29f76300 [CANDIDATE]: Term 1 election: Requested vote from peers 941fbc1892c740088ab9f638531e4158 (127.0.107.193:43857), 230f53d7265445048996dc7366ca8a5b (127.0.107.195:36947)
I20260709 12:58:51.940070  1745 tablet_bootstrap.cc:492] T 45bb26598d3948b2992b75a9280dcb7c P 941fbc1892c740088ab9f638531e4158: Bootstrap starting.
I20260709 12:58:51.940794  1701 tablet_service.cc:1917] Received RequestConsensusVote() RPC: tablet_id: "d40a800498ce4860813f2f74315fed39" candidate_uuid: "d34992c734a94a929d9ed04f29f76300" candidate_term: 1 candidate_status { last_received { term: 0 index: 0 } } ignore_live_leader: false dest_uuid: "230f53d7265445048996dc7366ca8a5b"
W20260709 12:58:51.941937  1593 leader_election.cc:343] T d40a800498ce4860813f2f74315fed39 P d34992c734a94a929d9ed04f29f76300 [CANDIDATE]: Term 1 election: Tablet error from VoteRequest() call to peer 230f53d7265445048996dc7366ca8a5b (127.0.107.195:36947): Illegal state: must be running to vote when last-logged opid is not known
I20260709 12:58:51.944432  1742 tablet_bootstrap.cc:492] T 7093128e7c4f4ee6954dc02fa61d4300 P d34992c734a94a929d9ed04f29f76300: Bootstrap starting.
I20260709 12:58:51.947870  1745 tablet_bootstrap.cc:654] T 45bb26598d3948b2992b75a9280dcb7c P 941fbc1892c740088ab9f638531e4158: Neither blocks nor log segments found. Creating new log.
I20260709 12:58:51.947763  1552 tablet_service.cc:1917] Received RequestConsensusVote() RPC: tablet_id: "d40a800498ce4860813f2f74315fed39" candidate_uuid: "d34992c734a94a929d9ed04f29f76300" candidate_term: 1 candidate_status { last_received { term: 0 index: 0 } } ignore_live_leader: false dest_uuid: "941fbc1892c740088ab9f638531e4158"
I20260709 12:58:51.948663  1552 raft_consensus.cc:3060] T d40a800498ce4860813f2f74315fed39 P 941fbc1892c740088ab9f638531e4158 [term 0 FOLLOWER]: Advancing to term 1
I20260709 12:58:51.952310  1742 tablet_bootstrap.cc:654] T 7093128e7c4f4ee6954dc02fa61d4300 P d34992c734a94a929d9ed04f29f76300: Neither blocks nor log segments found. Creating new log.
I20260709 12:58:51.961483  1745 tablet_bootstrap.cc:492] T 45bb26598d3948b2992b75a9280dcb7c P 941fbc1892c740088ab9f638531e4158: No bootstrap required, opened a new log
I20260709 12:58:51.962008  1745 ts_tablet_manager.cc:1403] T 45bb26598d3948b2992b75a9280dcb7c P 941fbc1892c740088ab9f638531e4158: Time spent bootstrapping tablet: real 0.022s	user 0.016s	sys 0.003s
I20260709 12:58:51.963932  1742 tablet_bootstrap.cc:492] T 7093128e7c4f4ee6954dc02fa61d4300 P d34992c734a94a929d9ed04f29f76300: No bootstrap required, opened a new log
I20260709 12:58:51.964582  1745 raft_consensus.cc:359] T 45bb26598d3948b2992b75a9280dcb7c P 941fbc1892c740088ab9f638531e4158 [term 0 FOLLOWER]: Replica starting. Triggering 0 pending ops. Active config: opid_index: -1 OBSOLETE_local: false peers { permanent_uuid: "941fbc1892c740088ab9f638531e4158" member_type: VOTER last_known_addr { host: "127.0.107.193" port: 43857 } } peers { permanent_uuid: "d34992c734a94a929d9ed04f29f76300" member_type: VOTER last_known_addr { host: "127.0.107.194" port: 37895 } } peers { permanent_uuid: "230f53d7265445048996dc7366ca8a5b" member_type: VOTER last_known_addr { host: "127.0.107.195" port: 36947 } }
I20260709 12:58:51.965282  1745 raft_consensus.cc:385] T 45bb26598d3948b2992b75a9280dcb7c P 941fbc1892c740088ab9f638531e4158 [term 0 FOLLOWER]: Consensus starting up: Expiring failure detector timer to make a prompt election more likely
I20260709 12:58:51.965505  1742 ts_tablet_manager.cc:1403] T 7093128e7c4f4ee6954dc02fa61d4300 P d34992c734a94a929d9ed04f29f76300: Time spent bootstrapping tablet: real 0.021s	user 0.017s	sys 0.000s
I20260709 12:58:51.965611  1745 raft_consensus.cc:740] T 45bb26598d3948b2992b75a9280dcb7c P 941fbc1892c740088ab9f638531e4158 [term 0 FOLLOWER]: Becoming Follower/Learner. State: Replica: 941fbc1892c740088ab9f638531e4158, State: Initialized, Role: FOLLOWER
I20260709 12:58:51.966554  1745 consensus_queue.cc:260] T 45bb26598d3948b2992b75a9280dcb7c P 941fbc1892c740088ab9f638531e4158 [NON_LEADER]: Queue going to NON_LEADER mode. State: All replicated index: 0, Majority replicated index: 0, Committed index: 0, Last appended: 0.0, Last appended by leader: 0, Current term: 0, Majority size: -1, State: 0, Mode: NON_LEADER, active raft config: opid_index: -1 OBSOLETE_local: false peers { permanent_uuid: "941fbc1892c740088ab9f638531e4158" member_type: VOTER last_known_addr { host: "127.0.107.193" port: 43857 } } peers { permanent_uuid: "d34992c734a94a929d9ed04f29f76300" member_type: VOTER last_known_addr { host: "127.0.107.194" port: 37895 } } peers { permanent_uuid: "230f53d7265445048996dc7366ca8a5b" member_type: VOTER last_known_addr { host: "127.0.107.195" port: 36947 } }
I20260709 12:58:51.968684  1745 ts_tablet_manager.cc:1434] T 45bb26598d3948b2992b75a9280dcb7c P 941fbc1892c740088ab9f638531e4158: Time spent starting tablet: real 0.006s	user 0.005s	sys 0.000s
I20260709 12:58:51.968788  1742 raft_consensus.cc:359] T 7093128e7c4f4ee6954dc02fa61d4300 P d34992c734a94a929d9ed04f29f76300 [term 0 FOLLOWER]: Replica starting. Triggering 0 pending ops. Active config: opid_index: -1 OBSOLETE_local: false peers { permanent_uuid: "941fbc1892c740088ab9f638531e4158" member_type: VOTER last_known_addr { host: "127.0.107.193" port: 43857 } } peers { permanent_uuid: "d34992c734a94a929d9ed04f29f76300" member_type: VOTER last_known_addr { host: "127.0.107.194" port: 37895 } } peers { permanent_uuid: "230f53d7265445048996dc7366ca8a5b" member_type: VOTER last_known_addr { host: "127.0.107.195" port: 36947 } }
I20260709 12:58:51.969726  1745 tablet_bootstrap.cc:492] T 8cf0d4a412d948c8a9a38b00abd5eb1e P 941fbc1892c740088ab9f638531e4158: Bootstrap starting.
I20260709 12:58:51.969681  1742 raft_consensus.cc:385] T 7093128e7c4f4ee6954dc02fa61d4300 P d34992c734a94a929d9ed04f29f76300 [term 0 FOLLOWER]: Consensus starting up: Expiring failure detector timer to make a prompt election more likely
I20260709 12:58:51.970134  1742 raft_consensus.cc:740] T 7093128e7c4f4ee6954dc02fa61d4300 P d34992c734a94a929d9ed04f29f76300 [term 0 FOLLOWER]: Becoming Follower/Learner. State: Replica: d34992c734a94a929d9ed04f29f76300, State: Initialized, Role: FOLLOWER
I20260709 12:58:51.970947  1742 consensus_queue.cc:260] T 7093128e7c4f4ee6954dc02fa61d4300 P d34992c734a94a929d9ed04f29f76300 [NON_LEADER]: Queue going to NON_LEADER mode. State: All replicated index: 0, Majority replicated index: 0, Committed index: 0, Last appended: 0.0, Last appended by leader: 0, Current term: 0, Majority size: -1, State: 0, Mode: NON_LEADER, active raft config: opid_index: -1 OBSOLETE_local: false peers { permanent_uuid: "941fbc1892c740088ab9f638531e4158" member_type: VOTER last_known_addr { host: "127.0.107.193" port: 43857 } } peers { permanent_uuid: "d34992c734a94a929d9ed04f29f76300" member_type: VOTER last_known_addr { host: "127.0.107.194" port: 37895 } } peers { permanent_uuid: "230f53d7265445048996dc7366ca8a5b" member_type: VOTER last_known_addr { host: "127.0.107.195" port: 36947 } }
I20260709 12:58:51.970854  1552 raft_consensus.cc:2468] T d40a800498ce4860813f2f74315fed39 P 941fbc1892c740088ab9f638531e4158 [term 1 FOLLOWER]: Leader election vote request: Granting yes vote for candidate d34992c734a94a929d9ed04f29f76300 in term 1.
I20260709 12:58:51.973192  1742 ts_tablet_manager.cc:1434] T 7093128e7c4f4ee6954dc02fa61d4300 P d34992c734a94a929d9ed04f29f76300: Time spent starting tablet: real 0.007s	user 0.005s	sys 0.000s
I20260709 12:58:51.974291  1742 tablet_bootstrap.cc:492] T e3cb66fd1c9d44f2b173d53a0f2bb150 P d34992c734a94a929d9ed04f29f76300: Bootstrap starting.
I20260709 12:58:51.976550  1745 tablet_bootstrap.cc:654] T 8cf0d4a412d948c8a9a38b00abd5eb1e P 941fbc1892c740088ab9f638531e4158: Neither blocks nor log segments found. Creating new log.
I20260709 12:58:51.985296  1742 tablet_bootstrap.cc:654] T e3cb66fd1c9d44f2b173d53a0f2bb150 P d34992c734a94a929d9ed04f29f76300: Neither blocks nor log segments found. Creating new log.
I20260709 12:58:51.996271  1786 consensus_queue.cc:1048] T 4aa4a89a7e1f410487f6ee6ee142ab27 P 230f53d7265445048996dc7366ca8a5b [LEADER]: Connected to new peer: Peer: permanent_uuid: "941fbc1892c740088ab9f638531e4158" member_type: VOTER last_known_addr { host: "127.0.107.193" port: 43857 }, Status: LMP_MISMATCH, Last received: 0.0, Next index: 1, Last known committed idx: 0, Time since last communication: 0.000s
I20260709 12:58:52.003479  1816 raft_consensus.cc:515] T a02f9e2dd7b44cbeb58896891032a875 P 230f53d7265445048996dc7366ca8a5b [term 1 FOLLOWER]: Starting leader election with config: opid_index: -1 OBSOLETE_local: false peers { permanent_uuid: "941fbc1892c740088ab9f638531e4158" member_type: VOTER last_known_addr { host: "127.0.107.193" port: 43857 } } peers { permanent_uuid: "d34992c734a94a929d9ed04f29f76300" member_type: VOTER last_known_addr { host: "127.0.107.194" port: 37895 } } peers { permanent_uuid: "230f53d7265445048996dc7366ca8a5b" member_type: VOTER last_known_addr { host: "127.0.107.195" port: 36947 } }
I20260709 12:58:52.007925  1551 tablet_service.cc:1917] Received RequestConsensusVote() RPC: tablet_id: "a02f9e2dd7b44cbeb58896891032a875" candidate_uuid: "230f53d7265445048996dc7366ca8a5b" candidate_term: 1 candidate_status { last_received { term: 0 index: 0 } } ignore_live_leader: false dest_uuid: "941fbc1892c740088ab9f638531e4158"
I20260709 12:58:52.008538  1551 raft_consensus.cc:3060] T a02f9e2dd7b44cbeb58896891032a875 P 941fbc1892c740088ab9f638531e4158 [term 0 FOLLOWER]: Advancing to term 1
I20260709 12:58:52.018250  1551 raft_consensus.cc:2468] T a02f9e2dd7b44cbeb58896891032a875 P 941fbc1892c740088ab9f638531e4158 [term 1 FOLLOWER]: Leader election vote request: Granting yes vote for candidate 230f53d7265445048996dc7366ca8a5b in term 1.
I20260709 12:58:52.008510  1742 tablet_bootstrap.cc:492] T e3cb66fd1c9d44f2b173d53a0f2bb150 P d34992c734a94a929d9ed04f29f76300: No bootstrap required, opened a new log
I20260709 12:58:52.019491  1742 ts_tablet_manager.cc:1403] T e3cb66fd1c9d44f2b173d53a0f2bb150 P d34992c734a94a929d9ed04f29f76300: Time spent bootstrapping tablet: real 0.045s	user 0.017s	sys 0.003s
I20260709 12:58:52.022927  1742 raft_consensus.cc:359] T e3cb66fd1c9d44f2b173d53a0f2bb150 P d34992c734a94a929d9ed04f29f76300 [term 0 FOLLOWER]: Replica starting. Triggering 0 pending ops. Active config: opid_index: -1 OBSOLETE_local: false peers { permanent_uuid: "941fbc1892c740088ab9f638531e4158" member_type: VOTER last_known_addr { host: "127.0.107.193" port: 43857 } } peers { permanent_uuid: "d34992c734a94a929d9ed04f29f76300" member_type: VOTER last_known_addr { host: "127.0.107.194" port: 37895 } } peers { permanent_uuid: "230f53d7265445048996dc7366ca8a5b" member_type: VOTER last_known_addr { host: "127.0.107.195" port: 36947 } }
I20260709 12:58:52.025024  1668 leader_election.cc:304] T a02f9e2dd7b44cbeb58896891032a875 P 230f53d7265445048996dc7366ca8a5b [CANDIDATE]: Term 1 election: Election decided. Result: candidate won. Election summary: received 2 responses out of 3 voters: 2 yes votes; 0 no votes. yes voters: 230f53d7265445048996dc7366ca8a5b, 941fbc1892c740088ab9f638531e4158; no voters: 
I20260709 12:58:52.026432  1868 raft_consensus.cc:2804] T a02f9e2dd7b44cbeb58896891032a875 P 230f53d7265445048996dc7366ca8a5b [term 1 FOLLOWER]: Leader election won for term 1
I20260709 12:58:52.027036  1868 raft_consensus.cc:697] T a02f9e2dd7b44cbeb58896891032a875 P 230f53d7265445048996dc7366ca8a5b [term 1 LEADER]: Becoming Leader. State: Replica: 230f53d7265445048996dc7366ca8a5b, State: Running, Role: LEADER
I20260709 12:58:52.036414  1750 consensus_queue.cc:1048] T 4aa4a89a7e1f410487f6ee6ee142ab27 P 230f53d7265445048996dc7366ca8a5b [LEADER]: Connected to new peer: Peer: permanent_uuid: "d34992c734a94a929d9ed04f29f76300" member_type: VOTER last_known_addr { host: "127.0.107.194" port: 37895 }, Status: LMP_MISMATCH, Last received: 0.0, Next index: 1, Last known committed idx: 0, Time since last communication: 0.001s
I20260709 12:58:52.028578  1868 consensus_queue.cc:237] T a02f9e2dd7b44cbeb58896891032a875 P 230f53d7265445048996dc7366ca8a5b [LEADER]: Queue going to LEADER mode. State: All replicated index: 0, Majority replicated index: 0, Committed index: 0, Last appended: 0.0, Last appended by leader: 0, Current term: 1, Majority size: 2, State: 0, Mode: LEADER, active raft config: opid_index: -1 OBSOLETE_local: false peers { permanent_uuid: "941fbc1892c740088ab9f638531e4158" member_type: VOTER last_known_addr { host: "127.0.107.193" port: 43857 } } peers { permanent_uuid: "d34992c734a94a929d9ed04f29f76300" member_type: VOTER last_known_addr { host: "127.0.107.194" port: 37895 } } peers { permanent_uuid: "230f53d7265445048996dc7366ca8a5b" member_type: VOTER last_known_addr { host: "127.0.107.195" port: 36947 } }
I20260709 12:58:52.044339  1594 leader_election.cc:304] T d40a800498ce4860813f2f74315fed39 P d34992c734a94a929d9ed04f29f76300 [CANDIDATE]: Term 1 election: Election decided. Result: candidate won. Election summary: received 3 responses out of 3 voters: 2 yes votes; 1 no votes. yes voters: 941fbc1892c740088ab9f638531e4158, d34992c734a94a929d9ed04f29f76300; no voters: 230f53d7265445048996dc7366ca8a5b
I20260709 12:58:52.045908  1793 raft_consensus.cc:2804] T d40a800498ce4860813f2f74315fed39 P d34992c734a94a929d9ed04f29f76300 [term 1 FOLLOWER]: Leader election won for term 1
I20260709 12:58:52.046554  1793 raft_consensus.cc:697] T d40a800498ce4860813f2f74315fed39 P d34992c734a94a929d9ed04f29f76300 [term 1 LEADER]: Becoming Leader. State: Replica: d34992c734a94a929d9ed04f29f76300, State: Running, Role: LEADER
I20260709 12:58:52.047485  1793 consensus_queue.cc:237] T d40a800498ce4860813f2f74315fed39 P d34992c734a94a929d9ed04f29f76300 [LEADER]: Queue going to LEADER mode. State: All replicated index: 0, Majority replicated index: 0, Committed index: 0, Last appended: 0.0, Last appended by leader: 0, Current term: 1, Majority size: 2, State: 0, Mode: LEADER, active raft config: opid_index: -1 OBSOLETE_local: false peers { permanent_uuid: "941fbc1892c740088ab9f638531e4158" member_type: VOTER last_known_addr { host: "127.0.107.193" port: 43857 } } peers { permanent_uuid: "d34992c734a94a929d9ed04f29f76300" member_type: VOTER last_known_addr { host: "127.0.107.194" port: 37895 } } peers { permanent_uuid: "230f53d7265445048996dc7366ca8a5b" member_type: VOTER last_known_addr { host: "127.0.107.195" port: 36947 } }
I20260709 12:58:52.051576  1742 raft_consensus.cc:385] T e3cb66fd1c9d44f2b173d53a0f2bb150 P d34992c734a94a929d9ed04f29f76300 [term 0 FOLLOWER]: Consensus starting up: Expiring failure detector timer to make a prompt election more likely
I20260709 12:58:52.052028  1742 raft_consensus.cc:740] T e3cb66fd1c9d44f2b173d53a0f2bb150 P d34992c734a94a929d9ed04f29f76300 [term 0 FOLLOWER]: Becoming Follower/Learner. State: Replica: d34992c734a94a929d9ed04f29f76300, State: Initialized, Role: FOLLOWER
I20260709 12:58:52.053668  1742 consensus_queue.cc:260] T e3cb66fd1c9d44f2b173d53a0f2bb150 P d34992c734a94a929d9ed04f29f76300 [NON_LEADER]: Queue going to NON_LEADER mode. State: All replicated index: 0, Majority replicated index: 0, Committed index: 0, Last appended: 0.0, Last appended by leader: 0, Current term: 0, Majority size: -1, State: 0, Mode: NON_LEADER, active raft config: opid_index: -1 OBSOLETE_local: false peers { permanent_uuid: "941fbc1892c740088ab9f638531e4158" member_type: VOTER last_known_addr { host: "127.0.107.193" port: 43857 } } peers { permanent_uuid: "d34992c734a94a929d9ed04f29f76300" member_type: VOTER last_known_addr { host: "127.0.107.194" port: 37895 } } peers { permanent_uuid: "230f53d7265445048996dc7366ca8a5b" member_type: VOTER last_known_addr { host: "127.0.107.195" port: 36947 } }
I20260709 12:58:52.063324  1742 ts_tablet_manager.cc:1434] T e3cb66fd1c9d44f2b173d53a0f2bb150 P d34992c734a94a929d9ed04f29f76300: Time spent starting tablet: real 0.043s	user 0.007s	sys 0.000s
I20260709 12:58:52.064349  1742 tablet_bootstrap.cc:492] T 913b6dec81cb4dd4a4cabb01162572f6 P d34992c734a94a929d9ed04f29f76300: Bootstrap starting.
I20260709 12:58:52.078119  1448 catalog_manager.cc:5697] T d40a800498ce4860813f2f74315fed39 P d34992c734a94a929d9ed04f29f76300 reported cstate change: term changed from 0 to 1, leader changed from <none> to d34992c734a94a929d9ed04f29f76300 (127.0.107.194). New cstate: current_term: 1 leader_uuid: "d34992c734a94a929d9ed04f29f76300" committed_config { opid_index: -1 OBSOLETE_local: false peers { permanent_uuid: "941fbc1892c740088ab9f638531e4158" member_type: VOTER last_known_addr { host: "127.0.107.193" port: 43857 } health_report { overall_health: UNKNOWN } } peers { permanent_uuid: "d34992c734a94a929d9ed04f29f76300" member_type: VOTER last_known_addr { host: "127.0.107.194" port: 37895 } health_report { overall_health: HEALTHY } } peers { permanent_uuid: "230f53d7265445048996dc7366ca8a5b" member_type: VOTER last_known_addr { host: "127.0.107.195" port: 36947 } health_report { overall_health: UNKNOWN } } }
I20260709 12:58:52.075042  1816 leader_election.cc:290] T a02f9e2dd7b44cbeb58896891032a875 P 230f53d7265445048996dc7366ca8a5b [CANDIDATE]: Term 1 election: Requested vote from peers 941fbc1892c740088ab9f638531e4158 (127.0.107.193:43857), d34992c734a94a929d9ed04f29f76300 (127.0.107.194:37895)
I20260709 12:58:52.091259  1626 tablet_service.cc:1917] Received RequestConsensusVote() RPC: tablet_id: "a02f9e2dd7b44cbeb58896891032a875" candidate_uuid: "230f53d7265445048996dc7366ca8a5b" candidate_term: 1 candidate_status { last_received { term: 0 index: 0 } } ignore_live_leader: false dest_uuid: "d34992c734a94a929d9ed04f29f76300"
I20260709 12:58:52.091593  1775 raft_consensus.cc:493] T 26ddb91d0c7d4e3cb347b1a0ae1aed95 P 941fbc1892c740088ab9f638531e4158 [term 0 FOLLOWER]: Starting pre-election (no leader contacted us within the election timeout)
I20260709 12:58:52.092124  1775 raft_consensus.cc:515] T 26ddb91d0c7d4e3cb347b1a0ae1aed95 P 941fbc1892c740088ab9f638531e4158 [term 0 FOLLOWER]: Starting pre-election with config: opid_index: -1 OBSOLETE_local: false peers { permanent_uuid: "941fbc1892c740088ab9f638531e4158" member_type: VOTER last_known_addr { host: "127.0.107.193" port: 43857 } } peers { permanent_uuid: "d34992c734a94a929d9ed04f29f76300" member_type: VOTER last_known_addr { host: "127.0.107.194" port: 37895 } } peers { permanent_uuid: "230f53d7265445048996dc7366ca8a5b" member_type: VOTER last_known_addr { host: "127.0.107.195" port: 36947 } }
I20260709 12:58:52.092129  1626 raft_consensus.cc:3060] T a02f9e2dd7b44cbeb58896891032a875 P d34992c734a94a929d9ed04f29f76300 [term 0 FOLLOWER]: Advancing to term 1
I20260709 12:58:52.099527  1625 tablet_service.cc:1917] Received RequestConsensusVote() RPC: tablet_id: "26ddb91d0c7d4e3cb347b1a0ae1aed95" candidate_uuid: "941fbc1892c740088ab9f638531e4158" candidate_term: 1 candidate_status { last_received { term: 0 index: 0 } } ignore_live_leader: false dest_uuid: "d34992c734a94a929d9ed04f29f76300" is_pre_election: true
I20260709 12:58:52.100216  1625 raft_consensus.cc:2468] T 26ddb91d0c7d4e3cb347b1a0ae1aed95 P d34992c734a94a929d9ed04f29f76300 [term 0 FOLLOWER]: Leader pre-election vote request: Granting yes vote for candidate 941fbc1892c740088ab9f638531e4158 in term 0.
