I20260709 12:58:37.895646  1065 raft_consensus.cc:515] T c85c694f75f1403fbfb11177c64aaf19 P e2063dbfa87242c0827da99ca818eb96 [term 2 FOLLOWER]: Starting forced leader election with config: opid_index: -1 OBSOLETE_local: false peers { permanent_uuid: "e2063dbfa87242c0827da99ca818eb96" member_type: VOTER last_known_addr { host: "127.0.107.193" port: 44987 } } peers { permanent_uuid: "ec9ac3c1bd354bf9a57d87ea1eaaa435" member_type: VOTER last_known_addr { host: "127.0.107.194" port: 40305 } } peers { permanent_uuid: "7dc7d06580774ce3baaf80faf150331d" member_type: VOTER last_known_addr { host: "127.0.107.195" port: 46729 } }
I20260709 12:58:37.898488   964 catalog_manager.cc:5697] T 8a63b9037b0542bab700b9fb078a9681 P 7dc7d06580774ce3baaf80faf150331d reported cstate change: term changed from 1 to 2, leader changed from e2063dbfa87242c0827da99ca818eb96 (127.0.107.193) to 7dc7d06580774ce3baaf80faf150331d (127.0.107.195). New cstate: current_term: 2 leader_uuid: "7dc7d06580774ce3baaf80faf150331d" committed_config { opid_index: -1 OBSOLETE_local: false peers { permanent_uuid: "e2063dbfa87242c0827da99ca818eb96" member_type: VOTER last_known_addr { host: "127.0.107.193" port: 44987 } health_report { overall_health: UNKNOWN } } peers { permanent_uuid: "ec9ac3c1bd354bf9a57d87ea1eaaa435" member_type: VOTER last_known_addr { host: "127.0.107.194" port: 40305 } health_report { overall_health: UNKNOWN } } peers { permanent_uuid: "7dc7d06580774ce3baaf80faf150331d" member_type: VOTER last_known_addr { host: "127.0.107.195" port: 46729 } health_report { overall_health: HEALTHY } } }
I20260709 12:58:37.899307  1215 tablet_service.cc:1917] Received RequestConsensusVote() RPC: tablet_id: "c85c694f75f1403fbfb11177c64aaf19" candidate_uuid: "e2063dbfa87242c0827da99ca818eb96" candidate_term: 2 candidate_status { last_received { term: 1 index: 1 } } ignore_live_leader: true dest_uuid: "7dc7d06580774ce3baaf80faf150331d"
I20260709 12:58:37.900017  1215 raft_consensus.cc:3060] T c85c694f75f1403fbfb11177c64aaf19 P 7dc7d06580774ce3baaf80faf150331d [term 1 FOLLOWER]: Advancing to term 2
I20260709 12:58:37.902426  1142 tablet_service.cc:1917] Received RequestConsensusVote() RPC: tablet_id: "c85c694f75f1403fbfb11177c64aaf19" candidate_uuid: "e2063dbfa87242c0827da99ca818eb96" candidate_term: 2 candidate_status { last_received { term: 1 index: 1 } } ignore_live_leader: true dest_uuid: "ec9ac3c1bd354bf9a57d87ea1eaaa435"
I20260709 12:58:37.902977  1142 raft_consensus.cc:3055] T c85c694f75f1403fbfb11177c64aaf19 P ec9ac3c1bd354bf9a57d87ea1eaaa435 [term 1 LEADER]: Stepping down as leader of term 1
I20260709 12:58:37.903291  1142 raft_consensus.cc:740] T c85c694f75f1403fbfb11177c64aaf19 P ec9ac3c1bd354bf9a57d87ea1eaaa435 [term 1 LEADER]: Becoming Follower/Learner. State: Replica: ec9ac3c1bd354bf9a57d87ea1eaaa435, State: Running, Role: LEADER
I20260709 12:58:37.903319  1065 leader_election.cc:290] T c85c694f75f1403fbfb11177c64aaf19 P e2063dbfa87242c0827da99ca818eb96 [CANDIDATE]: Term 2 election: Requested vote from peers ec9ac3c1bd354bf9a57d87ea1eaaa435 (127.0.107.194:40305), 7dc7d06580774ce3baaf80faf150331d (127.0.107.195:46729)
I20260709 12:58:37.904127  1142 consensus_queue.cc:260] T c85c694f75f1403fbfb11177c64aaf19 P ec9ac3c1bd354bf9a57d87ea1eaaa435 [NON_LEADER]: Queue going to NON_LEADER mode. State: All replicated index: 0, Majority replicated index: 1, Committed index: 1, Last appended: 1.1, Last appended by leader: 1, Current term: 1, Majority size: -1, State: 0, Mode: NON_LEADER, active raft config: opid_index: -1 OBSOLETE_local: false peers { permanent_uuid: "e2063dbfa87242c0827da99ca818eb96" member_type: VOTER last_known_addr { host: "127.0.107.193" port: 44987 } } peers { permanent_uuid: "ec9ac3c1bd354bf9a57d87ea1eaaa435" member_type: VOTER last_known_addr { host: "127.0.107.194" port: 40305 } } peers { permanent_uuid: "7dc7d06580774ce3baaf80faf150331d" member_type: VOTER last_known_addr { host: "127.0.107.195" port: 46729 } }
I20260709 12:58:37.906622  1142 raft_consensus.cc:3060] T c85c694f75f1403fbfb11177c64aaf19 P ec9ac3c1bd354bf9a57d87ea1eaaa435 [term 1 FOLLOWER]: Advancing to term 2
I20260709 12:58:37.907369  1311 raft_consensus.cc:993] T 28ed7ed2aa504da084ae51f62c5b0243 P 7dc7d06580774ce3baaf80faf150331d: : Instructing follower ec9ac3c1bd354bf9a57d87ea1eaaa435 to start an election
I20260709 12:58:37.907811  1311 raft_consensus.cc:1081] T 28ed7ed2aa504da084ae51f62c5b0243 P 7dc7d06580774ce3baaf80faf150331d [term 1 LEADER]: Signalling peer ec9ac3c1bd354bf9a57d87ea1eaaa435 to start an election
I20260709 12:58:37.908912  1215 raft_consensus.cc:2468] T c85c694f75f1403fbfb11177c64aaf19 P 7dc7d06580774ce3baaf80faf150331d [term 2 FOLLOWER]: Leader election vote request: Granting yes vote for candidate e2063dbfa87242c0827da99ca818eb96 in term 2.
I20260709 12:58:37.910360  1031 leader_election.cc:304] T c85c694f75f1403fbfb11177c64aaf19 P e2063dbfa87242c0827da99ca818eb96 [CANDIDATE]: Term 2 election: Election decided. Result: candidate won. Election summary: received 2 responses out of 3 voters: 2 yes votes; 0 no votes. yes voters: 7dc7d06580774ce3baaf80faf150331d, e2063dbfa87242c0827da99ca818eb96; no voters: 
I20260709 12:58:37.911195  1329 raft_consensus.cc:2804] T c85c694f75f1403fbfb11177c64aaf19 P e2063dbfa87242c0827da99ca818eb96 [term 2 FOLLOWER]: Leader election won for term 2
I20260709 12:58:37.911688  1329 raft_consensus.cc:697] T c85c694f75f1403fbfb11177c64aaf19 P e2063dbfa87242c0827da99ca818eb96 [term 2 LEADER]: Becoming Leader. State: Replica: e2063dbfa87242c0827da99ca818eb96, State: Running, Role: LEADER
I20260709 12:58:37.912581  1329 consensus_queue.cc:237] T c85c694f75f1403fbfb11177c64aaf19 P e2063dbfa87242c0827da99ca818eb96 [LEADER]: Queue going to LEADER mode. State: All replicated index: 0, Majority replicated index: 1, Committed index: 1, Last appended: 1.1, Last appended by leader: 1, Current term: 2, Majority size: 2, State: 0, Mode: LEADER, active raft config: opid_index: -1 OBSOLETE_local: false peers { permanent_uuid: "e2063dbfa87242c0827da99ca818eb96" member_type: VOTER last_known_addr { host: "127.0.107.193" port: 44987 } } peers { permanent_uuid: "ec9ac3c1bd354bf9a57d87ea1eaaa435" member_type: VOTER last_known_addr { host: "127.0.107.194" port: 40305 } } peers { permanent_uuid: "7dc7d06580774ce3baaf80faf150331d" member_type: VOTER last_known_addr { host: "127.0.107.195" port: 46729 } }
I20260709 12:58:37.913729  1065 raft_consensus.cc:1275] T c4386485d88f425ca0aabd089b53b464 P e2063dbfa87242c0827da99ca818eb96 [term 2 FOLLOWER]: Refusing update from remote peer ec9ac3c1bd354bf9a57d87ea1eaaa435: Log matching property violated. Preceding OpId in replica: term: 0 index: 0. Preceding OpId from leader: term: 2 index: 1. (index mismatch)
I20260709 12:58:37.916783  1298 consensus_queue.cc:1048] T c4386485d88f425ca0aabd089b53b464 P ec9ac3c1bd354bf9a57d87ea1eaaa435 [LEADER]: Connected to new peer: Peer: permanent_uuid: "e2063dbfa87242c0827da99ca818eb96" member_type: VOTER last_known_addr { host: "127.0.107.193" port: 44987 }, Status: LMP_MISMATCH, Last received: 0.0, Next index: 1, Last known committed idx: 0, Time since last communication: 0.000s
I20260709 12:58:37.922422  1141 tablet_service.cc:2044] Received Run Leader Election RPC: tablet_id: "28ed7ed2aa504da084ae51f62c5b0243"
dest_uuid: "ec9ac3c1bd354bf9a57d87ea1eaaa435"
 from {username='slave'} at 127.0.0.1:33266
I20260709 12:58:37.922504  1142 raft_consensus.cc:2468] T c85c694f75f1403fbfb11177c64aaf19 P ec9ac3c1bd354bf9a57d87ea1eaaa435 [term 2 FOLLOWER]: Leader election vote request: Granting yes vote for candidate e2063dbfa87242c0827da99ca818eb96 in term 2.
I20260709 12:58:37.923179  1141 raft_consensus.cc:493] T 28ed7ed2aa504da084ae51f62c5b0243 P ec9ac3c1bd354bf9a57d87ea1eaaa435 [term 1 FOLLOWER]: Starting forced leader election (received explicit request)
I20260709 12:58:37.923647  1141 raft_consensus.cc:3060] T 28ed7ed2aa504da084ae51f62c5b0243 P ec9ac3c1bd354bf9a57d87ea1eaaa435 [term 1 FOLLOWER]: Advancing to term 2
I20260709 12:58:37.923800   964 catalog_manager.cc:5697] T c85c694f75f1403fbfb11177c64aaf19 P e2063dbfa87242c0827da99ca818eb96 reported cstate change: term changed from 1 to 2, leader changed from ec9ac3c1bd354bf9a57d87ea1eaaa435 (127.0.107.194) to e2063dbfa87242c0827da99ca818eb96 (127.0.107.193). New cstate: current_term: 2 leader_uuid: "e2063dbfa87242c0827da99ca818eb96" committed_config { opid_index: -1 OBSOLETE_local: false peers { permanent_uuid: "e2063dbfa87242c0827da99ca818eb96" member_type: VOTER last_known_addr { host: "127.0.107.193" port: 44987 } health_report { overall_health: HEALTHY } } peers { permanent_uuid: "ec9ac3c1bd354bf9a57d87ea1eaaa435" member_type: VOTER last_known_addr { host: "127.0.107.194" port: 40305 } health_report { overall_health: UNKNOWN } } peers { permanent_uuid: "7dc7d06580774ce3baaf80faf150331d" member_type: VOTER last_known_addr { host: "127.0.107.195" port: 46729 } health_report { overall_health: UNKNOWN } } }
I20260709 12:58:37.930022  1215 raft_consensus.cc:1275] T c4386485d88f425ca0aabd089b53b464 P 7dc7d06580774ce3baaf80faf150331d [term 2 FOLLOWER]: Refusing update from remote peer ec9ac3c1bd354bf9a57d87ea1eaaa435: Log matching property violated. Preceding OpId in replica: term: 1 index: 1. Preceding OpId from leader: term: 2 index: 1. (term mismatch)
I20260709 12:58:37.930511  1215 pending_rounds.cc:85] T c4386485d88f425ca0aabd089b53b464 P 7dc7d06580774ce3baaf80faf150331d: Aborting all ops after (but not including) 0
I20260709 12:58:37.931885  1141 raft_consensus.cc:515] T 28ed7ed2aa504da084ae51f62c5b0243 P ec9ac3c1bd354bf9a57d87ea1eaaa435 [term 2 FOLLOWER]: Starting forced leader election with config: opid_index: -1 OBSOLETE_local: false peers { permanent_uuid: "e2063dbfa87242c0827da99ca818eb96" member_type: VOTER last_known_addr { host: "127.0.107.193" port: 44987 } } peers { permanent_uuid: "ec9ac3c1bd354bf9a57d87ea1eaaa435" member_type: VOTER last_known_addr { host: "127.0.107.194" port: 40305 } } peers { permanent_uuid: "7dc7d06580774ce3baaf80faf150331d" member_type: VOTER last_known_addr { host: "127.0.107.195" port: 46729 } }
I20260709 12:58:37.932725  1215 pending_rounds.cc:107] T c4386485d88f425ca0aabd089b53b464 P 7dc7d06580774ce3baaf80faf150331d: Aborting uncommitted NO_OP operation due to leader change: 1.1
I20260709 12:58:37.934594  1215 raft_consensus.cc:2889] T c4386485d88f425ca0aabd089b53b464 P 7dc7d06580774ce3baaf80faf150331d [term 2 FOLLOWER]: NO_OP replication failed: Aborted: Op aborted by new leader
I20260709 12:58:37.935386  1065 tablet_service.cc:1917] Received RequestConsensusVote() RPC: tablet_id: "28ed7ed2aa504da084ae51f62c5b0243" candidate_uuid: "ec9ac3c1bd354bf9a57d87ea1eaaa435" candidate_term: 2 candidate_status { last_received { term: 1 index: 1 } } ignore_live_leader: true dest_uuid: "e2063dbfa87242c0827da99ca818eb96"
I20260709 12:58:37.936034  1065 raft_consensus.cc:3060] T 28ed7ed2aa504da084ae51f62c5b0243 P e2063dbfa87242c0827da99ca818eb96 [term 1 FOLLOWER]: Advancing to term 2
I20260709 12:58:37.936408  1259 consensus_queue.cc:1048] T c4386485d88f425ca0aabd089b53b464 P ec9ac3c1bd354bf9a57d87ea1eaaa435 [LEADER]: Connected to new peer: Peer: permanent_uuid: "7dc7d06580774ce3baaf80faf150331d" member_type: VOTER last_known_addr { host: "127.0.107.195" port: 46729 }, Status: LMP_MISMATCH, Last received: 0.0, Next index: 1, Last known committed idx: 0, Time since last communication: 0.000s
I20260709 12:58:37.938417  1141 leader_election.cc:290] T 28ed7ed2aa504da084ae51f62c5b0243 P ec9ac3c1bd354bf9a57d87ea1eaaa435 [CANDIDATE]: Term 2 election: Requested vote from peers e2063dbfa87242c0827da99ca818eb96 (127.0.107.193:44987), 7dc7d06580774ce3baaf80faf150331d (127.0.107.195:46729)
I20260709 12:58:37.943109  1065 raft_consensus.cc:2468] T 28ed7ed2aa504da084ae51f62c5b0243 P e2063dbfa87242c0827da99ca818eb96 [term 2 FOLLOWER]: Leader election vote request: Granting yes vote for candidate ec9ac3c1bd354bf9a57d87ea1eaaa435 in term 2.
I20260709 12:58:37.944063  1215 tablet_service.cc:1917] Received RequestConsensusVote() RPC: tablet_id: "28ed7ed2aa504da084ae51f62c5b0243" candidate_uuid: "ec9ac3c1bd354bf9a57d87ea1eaaa435" candidate_term: 2 candidate_status { last_received { term: 1 index: 1 } } ignore_live_leader: true dest_uuid: "7dc7d06580774ce3baaf80faf150331d"
I20260709 12:58:37.945787  1215 raft_consensus.cc:3055] T 28ed7ed2aa504da084ae51f62c5b0243 P 7dc7d06580774ce3baaf80faf150331d [term 1 LEADER]: Stepping down as leader of term 1
I20260709 12:58:37.945585  1108 leader_election.cc:304] T 28ed7ed2aa504da084ae51f62c5b0243 P ec9ac3c1bd354bf9a57d87ea1eaaa435 [CANDIDATE]: Term 2 election: Election decided. Result: candidate won. Election summary: received 2 responses out of 3 voters: 2 yes votes; 0 no votes. yes voters: e2063dbfa87242c0827da99ca818eb96, ec9ac3c1bd354bf9a57d87ea1eaaa435; no voters: 
I20260709 12:58:37.946095  1215 raft_consensus.cc:740] T 28ed7ed2aa504da084ae51f62c5b0243 P 7dc7d06580774ce3baaf80faf150331d [term 1 LEADER]: Becoming Follower/Learner. State: Replica: 7dc7d06580774ce3baaf80faf150331d, State: Running, Role: LEADER
I20260709 12:58:37.947043  1259 raft_consensus.cc:2804] T 28ed7ed2aa504da084ae51f62c5b0243 P ec9ac3c1bd354bf9a57d87ea1eaaa435 [term 2 FOLLOWER]: Leader election won for term 2
I20260709 12:58:37.947580  1259 raft_consensus.cc:697] T 28ed7ed2aa504da084ae51f62c5b0243 P ec9ac3c1bd354bf9a57d87ea1eaaa435 [term 2 LEADER]: Becoming Leader. State: Replica: ec9ac3c1bd354bf9a57d87ea1eaaa435, State: Running, Role: LEADER
I20260709 12:58:37.946863  1215 consensus_queue.cc:260] T 28ed7ed2aa504da084ae51f62c5b0243 P 7dc7d06580774ce3baaf80faf150331d [NON_LEADER]: Queue going to NON_LEADER mode. State: All replicated index: 0, Majority replicated index: 1, Committed index: 1, Last appended: 1.1, Last appended by leader: 1, Current term: 1, Majority size: -1, State: 0, Mode: NON_LEADER, active raft config: opid_index: -1 OBSOLETE_local: false peers { permanent_uuid: "e2063dbfa87242c0827da99ca818eb96" member_type: VOTER last_known_addr { host: "127.0.107.193" port: 44987 } } peers { permanent_uuid: "ec9ac3c1bd354bf9a57d87ea1eaaa435" member_type: VOTER last_known_addr { host: "127.0.107.194" port: 40305 } } peers { permanent_uuid: "7dc7d06580774ce3baaf80faf150331d" member_type: VOTER last_known_addr { host: "127.0.107.195" port: 46729 } }
I20260709 12:58:37.948575  1215 raft_consensus.cc:3060] T 28ed7ed2aa504da084ae51f62c5b0243 P 7dc7d06580774ce3baaf80faf150331d [term 1 FOLLOWER]: Advancing to term 2
I20260709 12:58:37.948467  1259 consensus_queue.cc:237] T 28ed7ed2aa504da084ae51f62c5b0243 P ec9ac3c1bd354bf9a57d87ea1eaaa435 [LEADER]: Queue going to LEADER mode. State: All replicated index: 0, Majority replicated index: 1, Committed index: 1, Last appended: 1.1, Last appended by leader: 1, Current term: 2, Majority size: 2, State: 0, Mode: LEADER, active raft config: opid_index: -1 OBSOLETE_local: false peers { permanent_uuid: "e2063dbfa87242c0827da99ca818eb96" member_type: VOTER last_known_addr { host: "127.0.107.193" port: 44987 } } peers { permanent_uuid: "ec9ac3c1bd354bf9a57d87ea1eaaa435" member_type: VOTER last_known_addr { host: "127.0.107.194" port: 40305 } } peers { permanent_uuid: "7dc7d06580774ce3baaf80faf150331d" member_type: VOTER last_known_addr { host: "127.0.107.195" port: 46729 } }
I20260709 12:58:37.953747  1215 raft_consensus.cc:2468] T 28ed7ed2aa504da084ae51f62c5b0243 P 7dc7d06580774ce3baaf80faf150331d [term 2 FOLLOWER]: Leader election vote request: Granting yes vote for candidate ec9ac3c1bd354bf9a57d87ea1eaaa435 in term 2.
I20260709 12:58:37.956538   963 catalog_manager.cc:5697] T 28ed7ed2aa504da084ae51f62c5b0243 P ec9ac3c1bd354bf9a57d87ea1eaaa435 reported cstate change: term changed from 1 to 2, leader changed from 7dc7d06580774ce3baaf80faf150331d (127.0.107.195) to ec9ac3c1bd354bf9a57d87ea1eaaa435 (127.0.107.194). New cstate: current_term: 2 leader_uuid: "ec9ac3c1bd354bf9a57d87ea1eaaa435" committed_config { opid_index: -1 OBSOLETE_local: false peers { permanent_uuid: "e2063dbfa87242c0827da99ca818eb96" member_type: VOTER last_known_addr { host: "127.0.107.193" port: 44987 } health_report { overall_health: UNKNOWN } } peers { permanent_uuid: "ec9ac3c1bd354bf9a57d87ea1eaaa435" member_type: VOTER last_known_addr { host: "127.0.107.194" port: 40305 } health_report { overall_health: HEALTHY } } peers { permanent_uuid: "7dc7d06580774ce3baaf80faf150331d" member_type: VOTER last_known_addr { host: "127.0.107.195" port: 46729 } health_report { overall_health: UNKNOWN } } }
I20260709 12:58:37.999007  1215 raft_consensus.cc:1275] T ebdca531d5294f6aa3ecace0b4d89a27 P 7dc7d06580774ce3baaf80faf150331d [term 2 FOLLOWER]: Refusing update from remote peer e2063dbfa87242c0827da99ca818eb96: Log matching property violated. Preceding OpId in replica: term: 1 index: 1. Preceding OpId from leader: term: 2 index: 2. (index mismatch)
I20260709 12:58:38.000268  1329 consensus_queue.cc:1048] T ebdca531d5294f6aa3ecace0b4d89a27 P e2063dbfa87242c0827da99ca818eb96 [LEADER]: Connected to new peer: Peer: permanent_uuid: "7dc7d06580774ce3baaf80faf150331d" member_type: VOTER last_known_addr { host: "127.0.107.195" port: 46729 }, Status: LMP_MISMATCH, Last received: 0.0, Next index: 2, Last known committed idx: 1, Time since last communication: 0.000s
I20260709 12:58:38.008984  1141 raft_consensus.cc:1275] T ebdca531d5294f6aa3ecace0b4d89a27 P ec9ac3c1bd354bf9a57d87ea1eaaa435 [term 2 FOLLOWER]: Refusing update from remote peer e2063dbfa87242c0827da99ca818eb96: Log matching property violated. Preceding OpId in replica: term: 1 index: 1. Preceding OpId from leader: term: 2 index: 2. (index mismatch)
I20260709 12:58:38.010767  1330 consensus_queue.cc:1048] T ebdca531d5294f6aa3ecace0b4d89a27 P e2063dbfa87242c0827da99ca818eb96 [LEADER]: Connected to new peer: Peer: permanent_uuid: "ec9ac3c1bd354bf9a57d87ea1eaaa435" member_type: VOTER last_known_addr { host: "127.0.107.194" port: 40305 }, Status: LMP_MISMATCH, Last received: 0.0, Next index: 2, Last known committed idx: 1, Time since last communication: 0.000s
I20260709 12:58:38.121459  1141 raft_consensus.cc:1275] T 70a4f1c5443940da9b07fb2020835a8a P ec9ac3c1bd354bf9a57d87ea1eaaa435 [term 2 FOLLOWER]: Refusing update from remote peer e2063dbfa87242c0827da99ca818eb96: Log matching property violated. Preceding OpId in replica: term: 1 index: 1. Preceding OpId from leader: term: 2 index: 2. (index mismatch)
I20260709 12:58:38.122707  1303 consensus_queue.cc:1048] T 70a4f1c5443940da9b07fb2020835a8a P e2063dbfa87242c0827da99ca818eb96 [LEADER]: Connected to new peer: Peer: permanent_uuid: "ec9ac3c1bd354bf9a57d87ea1eaaa435" member_type: VOTER last_known_addr { host: "127.0.107.194" port: 40305 }, Status: LMP_MISMATCH, Last received: 0.0, Next index: 2, Last known committed idx: 1, Time since last communication: 0.000s
I20260709 12:58:38.132728  1215 raft_consensus.cc:1275] T 70a4f1c5443940da9b07fb2020835a8a P 7dc7d06580774ce3baaf80faf150331d [term 2 FOLLOWER]: Refusing update from remote peer e2063dbfa87242c0827da99ca818eb96: Log matching property violated. Preceding OpId in replica: term: 1 index: 1. Preceding OpId from leader: term: 2 index: 2. (index mismatch)
I20260709 12:58:38.134174  1330 consensus_queue.cc:1048] T 70a4f1c5443940da9b07fb2020835a8a P e2063dbfa87242c0827da99ca818eb96 [LEADER]: Connected to new peer: Peer: permanent_uuid: "7dc7d06580774ce3baaf80faf150331d" member_type: VOTER last_known_addr { host: "127.0.107.195" port: 46729 }, Status: LMP_MISMATCH, Last received: 0.0, Next index: 2, Last known committed idx: 1, Time since last communication: 0.000s
I20260709 12:58:38.220432  1215 raft_consensus.cc:1275] T a05d8d0685464781921dd2e283a815f4 P 7dc7d06580774ce3baaf80faf150331d [term 2 FOLLOWER]: Refusing update from remote peer e2063dbfa87242c0827da99ca818eb96: Log matching property violated. Preceding OpId in replica: term: 1 index: 1. Preceding OpId from leader: term: 2 index: 2. (index mismatch)
I20260709 12:58:38.221629  1330 consensus_queue.cc:1048] T a05d8d0685464781921dd2e283a815f4 P e2063dbfa87242c0827da99ca818eb96 [LEADER]: Connected to new peer: Peer: permanent_uuid: "7dc7d06580774ce3baaf80faf150331d" member_type: VOTER last_known_addr { host: "127.0.107.195" port: 46729 }, Status: LMP_MISMATCH, Last received: 0.0, Next index: 2, Last known committed idx: 1, Time since last communication: 0.000s
I20260709 12:58:38.229555  1141 raft_consensus.cc:1275] T a05d8d0685464781921dd2e283a815f4 P ec9ac3c1bd354bf9a57d87ea1eaaa435 [term 2 FOLLOWER]: Refusing update from remote peer e2063dbfa87242c0827da99ca818eb96: Log matching property violated. Preceding OpId in replica: term: 1 index: 1. Preceding OpId from leader: term: 2 index: 2. (index mismatch)
I20260709 12:58:38.230991  1303 consensus_queue.cc:1048] T a05d8d0685464781921dd2e283a815f4 P e2063dbfa87242c0827da99ca818eb96 [LEADER]: Connected to new peer: Peer: permanent_uuid: "ec9ac3c1bd354bf9a57d87ea1eaaa435" member_type: VOTER last_known_addr { host: "127.0.107.194" port: 40305 }, Status: LMP_MISMATCH, Last received: 0.0, Next index: 2, Last known committed idx: 1, Time since last communication: 0.000s
I20260709 12:58:38.349691  1141 raft_consensus.cc:1275] T 8a63b9037b0542bab700b9fb078a9681 P ec9ac3c1bd354bf9a57d87ea1eaaa435 [term 2 FOLLOWER]: Refusing update from remote peer 7dc7d06580774ce3baaf80faf150331d: Log matching property violated. Preceding OpId in replica: term: 1 index: 1. Preceding OpId from leader: term: 2 index: 2. (index mismatch)
I20260709 12:58:38.350944  1344 consensus_queue.cc:1048] T 8a63b9037b0542bab700b9fb078a9681 P 7dc7d06580774ce3baaf80faf150331d [LEADER]: Connected to new peer: Peer: permanent_uuid: "ec9ac3c1bd354bf9a57d87ea1eaaa435" member_type: VOTER last_known_addr { host: "127.0.107.194" port: 40305 }, Status: LMP_MISMATCH, Last received: 0.0, Next index: 2, Last known committed idx: 1, Time since last communication: 0.000s
I20260709 12:58:38.357935  1065 raft_consensus.cc:1275] T 8a63b9037b0542bab700b9fb078a9681 P e2063dbfa87242c0827da99ca818eb96 [term 2 FOLLOWER]: Refusing update from remote peer 7dc7d06580774ce3baaf80faf150331d: Log matching property violated. Preceding OpId in replica: term: 1 index: 1. Preceding OpId from leader: term: 2 index: 2. (index mismatch)
I20260709 12:58:38.360188  1343 consensus_queue.cc:1048] T 8a63b9037b0542bab700b9fb078a9681 P 7dc7d06580774ce3baaf80faf150331d [LEADER]: Connected to new peer: Peer: permanent_uuid: "e2063dbfa87242c0827da99ca818eb96" member_type: VOTER last_known_addr { host: "127.0.107.193" port: 44987 }, Status: LMP_MISMATCH, Last received: 0.0, Next index: 2, Last known committed idx: 1, Time since last communication: 0.000s
I20260709 12:58:38.404246  1141 raft_consensus.cc:1275] T c85c694f75f1403fbfb11177c64aaf19 P ec9ac3c1bd354bf9a57d87ea1eaaa435 [term 2 FOLLOWER]: Refusing update from remote peer e2063dbfa87242c0827da99ca818eb96: Log matching property violated. Preceding OpId in replica: term: 1 index: 1. Preceding OpId from leader: term: 2 index: 2. (index mismatch)
I20260709 12:58:38.405602  1303 consensus_queue.cc:1048] T c85c694f75f1403fbfb11177c64aaf19 P e2063dbfa87242c0827da99ca818eb96 [LEADER]: Connected to new peer: Peer: permanent_uuid: "ec9ac3c1bd354bf9a57d87ea1eaaa435" member_type: VOTER last_known_addr { host: "127.0.107.194" port: 40305 }, Status: LMP_MISMATCH, Last received: 0.0, Next index: 2, Last known committed idx: 1, Time since last communication: 0.000s
I20260709 12:58:38.412597  1215 raft_consensus.cc:1275] T c85c694f75f1403fbfb11177c64aaf19 P 7dc7d06580774ce3baaf80faf150331d [term 2 FOLLOWER]: Refusing update from remote peer e2063dbfa87242c0827da99ca818eb96: Log matching property violated. Preceding OpId in replica: term: 1 index: 1. Preceding OpId from leader: term: 2 index: 2. (index mismatch)
I20260709 12:58:38.414811  1330 consensus_queue.cc:1048] T c85c694f75f1403fbfb11177c64aaf19 P e2063dbfa87242c0827da99ca818eb96 [LEADER]: Connected to new peer: Peer: permanent_uuid: "7dc7d06580774ce3baaf80faf150331d" member_type: VOTER last_known_addr { host: "127.0.107.195" port: 46729 }, Status: LMP_MISMATCH, Last received: 0.0, Next index: 2, Last known committed idx: 1, Time since last communication: 0.000s
I20260709 12:58:38.443307  1215 raft_consensus.cc:1275] T 28ed7ed2aa504da084ae51f62c5b0243 P 7dc7d06580774ce3baaf80faf150331d [term 2 FOLLOWER]: Refusing update from remote peer ec9ac3c1bd354bf9a57d87ea1eaaa435: Log matching property violated. Preceding OpId in replica: term: 1 index: 1. Preceding OpId from leader: term: 2 index: 2. (index mismatch)
I20260709 12:58:38.444554  1259 consensus_queue.cc:1048] T 28ed7ed2aa504da084ae51f62c5b0243 P ec9ac3c1bd354bf9a57d87ea1eaaa435 [LEADER]: Connected to new peer: Peer: permanent_uuid: "7dc7d06580774ce3baaf80faf150331d" member_type: VOTER last_known_addr { host: "127.0.107.195" port: 46729 }, Status: LMP_MISMATCH, Last received: 0.0, Next index: 2, Last known committed idx: 1, Time since last communication: 0.000s
I20260709 12:58:38.451823  1065 raft_consensus.cc:1275] T 28ed7ed2aa504da084ae51f62c5b0243 P e2063dbfa87242c0827da99ca818eb96 [term 2 FOLLOWER]: Refusing update from remote peer ec9ac3c1bd354bf9a57d87ea1eaaa435: Log matching property violated. Preceding OpId in replica: term: 1 index: 1. Preceding OpId from leader: term: 2 index: 2. (index mismatch)
I20260709 12:58:38.453358  1286 consensus_queue.cc:1048] T 28ed7ed2aa504da084ae51f62c5b0243 P ec9ac3c1bd354bf9a57d87ea1eaaa435 [LEADER]: Connected to new peer: Peer: permanent_uuid: "e2063dbfa87242c0827da99ca818eb96" member_type: VOTER last_known_addr { host: "127.0.107.193" port: 44987 }, Status: LMP_MISMATCH, Last received: 0.0, Next index: 2, Last known committed idx: 1, Time since last communication: 0.000s
W20260709 12:58:39.618335   996 debug-util.cc:398] Leaking SignalData structure 0x7b0800056220 after lost signal to thread 434
W20260709 12:58:39.619182   996 debug-util.cc:398] Leaking SignalData structure 0x7b0800056900 after lost signal to thread 999
W20260709 12:58:39.620025   996 debug-util.cc:398] Leaking SignalData structure 0x7b08001bd8a0 after lost signal to thread 1091
W20260709 12:58:39.620741   996 debug-util.cc:398] Leaking SignalData structure 0x7b0800049e40 after lost signal to thread 1166
W20260709 12:58:39.621469   996 debug-util.cc:398] Leaking SignalData structure 0x7b08000d4640 after lost signal to thread 1240
W20260709 12:58:39.621909   996 debug-util.cc:398] Leaking SignalData structure 0x7b08000d4a20 after lost signal to thread 1327
I20260709 12:58:40.557035   431 auto_leader_rebalancer-test.cc:348] The leader distribution is 
I20260709 12:58:40.558056   431 auto_leader_rebalancer.cc:141] leader rebalance for table test-workload
I20260709 12:58:40.582955  1065 tablet_service.cc:2072] Received LeaderStepDown RPC: tablet_id: "c85c694f75f1403fbfb11177c64aaf19"
dest_uuid: "e2063dbfa87242c0827da99ca818eb96"
mode: GRACEFUL
new_leader_uuid: "7dc7d06580774ce3baaf80faf150331d"
 from {username='slave'} at 127.0.0.1:40790
I20260709 12:58:40.583508  1065 raft_consensus.cc:606] T c85c694f75f1403fbfb11177c64aaf19 P e2063dbfa87242c0827da99ca818eb96 [term 2 LEADER]: Received request to transfer leadership to TS 7dc7d06580774ce3baaf80faf150331d
I20260709 12:58:40.586457  1065 tablet_service.cc:2072] Received LeaderStepDown RPC: tablet_id: "ebdca531d5294f6aa3ecace0b4d89a27"
dest_uuid: "e2063dbfa87242c0827da99ca818eb96"
mode: GRACEFUL
new_leader_uuid: "7dc7d06580774ce3baaf80faf150331d"
 from {username='slave'} at 127.0.0.1:40790
I20260709 12:58:40.587083  1065 raft_consensus.cc:606] T ebdca531d5294f6aa3ecace0b4d89a27 P e2063dbfa87242c0827da99ca818eb96 [term 2 LEADER]: Received request to transfer leadership to TS 7dc7d06580774ce3baaf80faf150331d
I20260709 12:58:40.588254   431 auto_leader_rebalancer.cc:452] table: test-workload, leader rebalance finish, leader transfer count: 2
I20260709 12:58:40.588716   431 auto_leader_rebalancer.cc:527] All tables' leader rebalancing finished this round
I20260709 12:58:40.726116  1350 raft_consensus.cc:993] T ebdca531d5294f6aa3ecace0b4d89a27 P e2063dbfa87242c0827da99ca818eb96: : Instructing follower 7dc7d06580774ce3baaf80faf150331d to start an election
I20260709 12:58:40.726608  1330 raft_consensus.cc:1081] T ebdca531d5294f6aa3ecace0b4d89a27 P e2063dbfa87242c0827da99ca818eb96 [term 2 LEADER]: Signalling peer 7dc7d06580774ce3baaf80faf150331d to start an election
I20260709 12:58:40.728195  1216 tablet_service.cc:2044] Received Run Leader Election RPC: tablet_id: "ebdca531d5294f6aa3ecace0b4d89a27"
dest_uuid: "7dc7d06580774ce3baaf80faf150331d"
 from {username='slave'} at 127.0.0.1:36842
I20260709 12:58:40.728835  1216 raft_consensus.cc:493] T ebdca531d5294f6aa3ecace0b4d89a27 P 7dc7d06580774ce3baaf80faf150331d [term 2 FOLLOWER]: Starting forced leader election (received explicit request)
I20260709 12:58:40.729252  1216 raft_consensus.cc:3060] T ebdca531d5294f6aa3ecace0b4d89a27 P 7dc7d06580774ce3baaf80faf150331d [term 2 FOLLOWER]: Advancing to term 3
I20260709 12:58:40.740373  1216 raft_consensus.cc:515] T ebdca531d5294f6aa3ecace0b4d89a27 P 7dc7d06580774ce3baaf80faf150331d [term 3 FOLLOWER]: Starting forced leader election with config: opid_index: -1 OBSOLETE_local: false peers { permanent_uuid: "e2063dbfa87242c0827da99ca818eb96" member_type: VOTER last_known_addr { host: "127.0.107.193" port: 44987 } } peers { permanent_uuid: "ec9ac3c1bd354bf9a57d87ea1eaaa435" member_type: VOTER last_known_addr { host: "127.0.107.194" port: 40305 } } peers { permanent_uuid: "7dc7d06580774ce3baaf80faf150331d" member_type: VOTER last_known_addr { host: "127.0.107.195" port: 46729 } }
I20260709 12:58:40.743270  1216 leader_election.cc:290] T ebdca531d5294f6aa3ecace0b4d89a27 P 7dc7d06580774ce3baaf80faf150331d [CANDIDATE]: Term 3 election: Requested vote from peers e2063dbfa87242c0827da99ca818eb96 (127.0.107.193:44987), ec9ac3c1bd354bf9a57d87ea1eaaa435 (127.0.107.194:40305)
I20260709 12:58:40.744112  1065 tablet_service.cc:1917] Received RequestConsensusVote() RPC: tablet_id: "ebdca531d5294f6aa3ecace0b4d89a27" candidate_uuid: "7dc7d06580774ce3baaf80faf150331d" candidate_term: 3 candidate_status { last_received { term: 2 index: 2 } } ignore_live_leader: true dest_uuid: "e2063dbfa87242c0827da99ca818eb96"
I20260709 12:58:40.744740  1065 raft_consensus.cc:3055] T ebdca531d5294f6aa3ecace0b4d89a27 P e2063dbfa87242c0827da99ca818eb96 [term 2 LEADER]: Stepping down as leader of term 2
I20260709 12:58:40.745045  1065 raft_consensus.cc:740] T ebdca531d5294f6aa3ecace0b4d89a27 P e2063dbfa87242c0827da99ca818eb96 [term 2 LEADER]: Becoming Follower/Learner. State: Replica: e2063dbfa87242c0827da99ca818eb96, State: Running, Role: LEADER
I20260709 12:58:40.745285  1141 tablet_service.cc:1917] Received RequestConsensusVote() RPC: tablet_id: "ebdca531d5294f6aa3ecace0b4d89a27" candidate_uuid: "7dc7d06580774ce3baaf80faf150331d" candidate_term: 3 candidate_status { last_received { term: 2 index: 2 } } ignore_live_leader: true dest_uuid: "ec9ac3c1bd354bf9a57d87ea1eaaa435"
I20260709 12:58:40.745930  1141 raft_consensus.cc:3060] T ebdca531d5294f6aa3ecace0b4d89a27 P ec9ac3c1bd354bf9a57d87ea1eaaa435 [term 2 FOLLOWER]: Advancing to term 3
I20260709 12:58:40.745872  1065 consensus_queue.cc:260] T ebdca531d5294f6aa3ecace0b4d89a27 P e2063dbfa87242c0827da99ca818eb96 [NON_LEADER]: Queue going to NON_LEADER mode. State: All replicated index: 0, Majority replicated index: 2, Committed index: 2, Last appended: 2.2, Last appended by leader: 2, Current term: 2, Majority size: -1, State: 0, Mode: NON_LEADER, active raft config: opid_index: -1 OBSOLETE_local: false peers { permanent_uuid: "e2063dbfa87242c0827da99ca818eb96" member_type: VOTER last_known_addr { host: "127.0.107.193" port: 44987 } } peers { permanent_uuid: "ec9ac3c1bd354bf9a57d87ea1eaaa435" member_type: VOTER last_known_addr { host: "127.0.107.194" port: 40305 } } peers { permanent_uuid: "7dc7d06580774ce3baaf80faf150331d" member_type: VOTER last_known_addr { host: "127.0.107.195" port: 46729 } }
I20260709 12:58:40.746923  1065 raft_consensus.cc:3060] T ebdca531d5294f6aa3ecace0b4d89a27 P e2063dbfa87242c0827da99ca818eb96 [term 2 FOLLOWER]: Advancing to term 3
I20260709 12:58:40.816625  1330 raft_consensus.cc:993] T c85c694f75f1403fbfb11177c64aaf19 P e2063dbfa87242c0827da99ca818eb96: : Instructing follower 7dc7d06580774ce3baaf80faf150331d to start an election
I20260709 12:58:40.817158  1350 raft_consensus.cc:1081] T c85c694f75f1403fbfb11177c64aaf19 P e2063dbfa87242c0827da99ca818eb96 [term 2 LEADER]: Signalling peer 7dc7d06580774ce3baaf80faf150331d to start an election
I20260709 12:58:40.819310  1216 tablet_service.cc:2044] Received Run Leader Election RPC: tablet_id: "c85c694f75f1403fbfb11177c64aaf19"
dest_uuid: "7dc7d06580774ce3baaf80faf150331d"
 from {username='slave'} at 127.0.0.1:36842
I20260709 12:58:40.820370  1216 raft_consensus.cc:493] T c85c694f75f1403fbfb11177c64aaf19 P 7dc7d06580774ce3baaf80faf150331d [term 2 FOLLOWER]: Starting forced leader election (received explicit request)
I20260709 12:58:40.820998  1216 raft_consensus.cc:3060] T c85c694f75f1403fbfb11177c64aaf19 P 7dc7d06580774ce3baaf80faf150331d [term 2 FOLLOWER]: Advancing to term 3
I20260709 12:58:40.845762  1065 raft_consensus.cc:2468] T ebdca531d5294f6aa3ecace0b4d89a27 P e2063dbfa87242c0827da99ca818eb96 [term 3 FOLLOWER]: Leader election vote request: Granting yes vote for candidate 7dc7d06580774ce3baaf80faf150331d in term 3.
I20260709 12:58:40.846240  1216 raft_consensus.cc:515] T c85c694f75f1403fbfb11177c64aaf19 P 7dc7d06580774ce3baaf80faf150331d [term 3 FOLLOWER]: Starting forced leader election with config: opid_index: -1 OBSOLETE_local: false peers { permanent_uuid: "e2063dbfa87242c0827da99ca818eb96" member_type: VOTER last_known_addr { host: "127.0.107.193" port: 44987 } } peers { permanent_uuid: "ec9ac3c1bd354bf9a57d87ea1eaaa435" member_type: VOTER last_known_addr { host: "127.0.107.194" port: 40305 } } peers { permanent_uuid: "7dc7d06580774ce3baaf80faf150331d" member_type: VOTER last_known_addr { host: "127.0.107.195" port: 46729 } }
I20260709 12:58:40.845765  1141 raft_consensus.cc:2468] T ebdca531d5294f6aa3ecace0b4d89a27 P ec9ac3c1bd354bf9a57d87ea1eaaa435 [term 3 FOLLOWER]: Leader election vote request: Granting yes vote for candidate 7dc7d06580774ce3baaf80faf150331d in term 3.
I20260709 12:58:40.848627  1216 leader_election.cc:290] T c85c694f75f1403fbfb11177c64aaf19 P 7dc7d06580774ce3baaf80faf150331d [CANDIDATE]: Term 3 election: Requested vote from peers e2063dbfa87242c0827da99ca818eb96 (127.0.107.193:44987), ec9ac3c1bd354bf9a57d87ea1eaaa435 (127.0.107.194:40305)
I20260709 12:58:40.849030  1182 leader_election.cc:304] T ebdca531d5294f6aa3ecace0b4d89a27 P 7dc7d06580774ce3baaf80faf150331d [CANDIDATE]: Term 3 election: Election decided. Result: candidate won. Election summary: received 2 responses out of 3 voters: 2 yes votes; 0 no votes. yes voters: 7dc7d06580774ce3baaf80faf150331d, e2063dbfa87242c0827da99ca818eb96; no voters: 
I20260709 12:58:40.849948  1343 raft_consensus.cc:2804] T ebdca531d5294f6aa3ecace0b4d89a27 P 7dc7d06580774ce3baaf80faf150331d [term 3 FOLLOWER]: Leader election won for term 3
I20260709 12:58:40.850862  1065 tablet_service.cc:1917] Received RequestConsensusVote() RPC: tablet_id: "c85c694f75f1403fbfb11177c64aaf19" candidate_uuid: "7dc7d06580774ce3baaf80faf150331d" candidate_term: 3 candidate_status { last_received { term: 2 index: 2 } } ignore_live_leader: true dest_uuid: "e2063dbfa87242c0827da99ca818eb96"
I20260709 12:58:40.851485  1065 raft_consensus.cc:3055] T c85c694f75f1403fbfb11177c64aaf19 P e2063dbfa87242c0827da99ca818eb96 [term 2 LEADER]: Stepping down as leader of term 2
I20260709 12:58:40.851830  1065 raft_consensus.cc:740] T c85c694f75f1403fbfb11177c64aaf19 P e2063dbfa87242c0827da99ca818eb96 [term 2 LEADER]: Becoming Follower/Learner. State: Replica: e2063dbfa87242c0827da99ca818eb96, State: Running, Role: LEADER
I20260709 12:58:40.852795  1141 tablet_service.cc:1917] Received RequestConsensusVote() RPC: tablet_id: "c85c694f75f1403fbfb11177c64aaf19" candidate_uuid: "7dc7d06580774ce3baaf80faf150331d" candidate_term: 3 candidate_status { last_received { term: 2 index: 2 } } ignore_live_leader: true dest_uuid: "ec9ac3c1bd354bf9a57d87ea1eaaa435"
I20260709 12:58:40.853549  1141 raft_consensus.cc:3060] T c85c694f75f1403fbfb11177c64aaf19 P ec9ac3c1bd354bf9a57d87ea1eaaa435 [term 2 FOLLOWER]: Advancing to term 3
I20260709 12:58:40.853153  1065 consensus_queue.cc:260] T c85c694f75f1403fbfb11177c64aaf19 P e2063dbfa87242c0827da99ca818eb96 [NON_LEADER]: Queue going to NON_LEADER mode. State: All replicated index: 0, Majority replicated index: 2, Committed index: 2, Last appended: 2.2, Last appended by leader: 2, Current term: 2, Majority size: -1, State: 0, Mode: NON_LEADER, active raft config: opid_index: -1 OBSOLETE_local: false peers { permanent_uuid: "e2063dbfa87242c0827da99ca818eb96" member_type: VOTER last_known_addr { host: "127.0.107.193" port: 44987 } } peers { permanent_uuid: "ec9ac3c1bd354bf9a57d87ea1eaaa435" member_type: VOTER last_known_addr { host: "127.0.107.194" port: 40305 } } peers { permanent_uuid: "7dc7d06580774ce3baaf80faf150331d" member_type: VOTER last_known_addr { host: "127.0.107.195" port: 46729 } }
I20260709 12:58:40.854915  1343 raft_consensus.cc:697] T ebdca531d5294f6aa3ecace0b4d89a27 P 7dc7d06580774ce3baaf80faf150331d [term 3 LEADER]: Becoming Leader. State: Replica: 7dc7d06580774ce3baaf80faf150331d, State: Running, Role: LEADER
I20260709 12:58:40.855737  1065 raft_consensus.cc:3060] T c85c694f75f1403fbfb11177c64aaf19 P e2063dbfa87242c0827da99ca818eb96 [term 2 FOLLOWER]: Advancing to term 3
I20260709 12:58:40.855809  1343 consensus_queue.cc:237] T ebdca531d5294f6aa3ecace0b4d89a27 P 7dc7d06580774ce3baaf80faf150331d [LEADER]: Queue going to LEADER mode. State: All replicated index: 0, Majority replicated index: 2, Committed index: 2, Last appended: 2.2, Last appended by leader: 2, Current term: 3, Majority size: 2, State: 0, Mode: LEADER, active raft config: opid_index: -1 OBSOLETE_local: false peers { permanent_uuid: "e2063dbfa87242c0827da99ca818eb96" member_type: VOTER last_known_addr { host: "127.0.107.193" port: 44987 } } peers { permanent_uuid: "ec9ac3c1bd354bf9a57d87ea1eaaa435" member_type: VOTER last_known_addr { host: "127.0.107.194" port: 40305 } } peers { permanent_uuid: "7dc7d06580774ce3baaf80faf150331d" member_type: VOTER last_known_addr { host: "127.0.107.195" port: 46729 } }
I20260709 12:58:40.868134   963 catalog_manager.cc:5697] T ebdca531d5294f6aa3ecace0b4d89a27 P 7dc7d06580774ce3baaf80faf150331d reported cstate change: term changed from 2 to 3, leader changed from e2063dbfa87242c0827da99ca818eb96 (127.0.107.193) to 7dc7d06580774ce3baaf80faf150331d (127.0.107.195). New cstate: current_term: 3 leader_uuid: "7dc7d06580774ce3baaf80faf150331d" committed_config { opid_index: -1 OBSOLETE_local: false peers { permanent_uuid: "e2063dbfa87242c0827da99ca818eb96" member_type: VOTER last_known_addr { host: "127.0.107.193" port: 44987 } health_report { overall_health: UNKNOWN } } peers { permanent_uuid: "ec9ac3c1bd354bf9a57d87ea1eaaa435" member_type: VOTER last_known_addr { host: "127.0.107.194" port: 40305 } health_report { overall_health: UNKNOWN } } peers { permanent_uuid: "7dc7d06580774ce3baaf80faf150331d" member_type: VOTER last_known_addr { host: "127.0.107.195" port: 46729 } health_report { overall_health: HEALTHY } } }
I20260709 12:58:40.949683  1065 raft_consensus.cc:2468] T c85c694f75f1403fbfb11177c64aaf19 P e2063dbfa87242c0827da99ca818eb96 [term 3 FOLLOWER]: Leader election vote request: Granting yes vote for candidate 7dc7d06580774ce3baaf80faf150331d in term 3.
I20260709 12:58:40.949683  1141 raft_consensus.cc:2468] T c85c694f75f1403fbfb11177c64aaf19 P ec9ac3c1bd354bf9a57d87ea1eaaa435 [term 3 FOLLOWER]: Leader election vote request: Granting yes vote for candidate 7dc7d06580774ce3baaf80faf150331d in term 3.
I20260709 12:58:40.951447  1182 leader_election.cc:304] T c85c694f75f1403fbfb11177c64aaf19 P 7dc7d06580774ce3baaf80faf150331d [CANDIDATE]: Term 3 election: Election decided. Result: candidate won. Election summary: received 2 responses out of 3 voters: 2 yes votes; 0 no votes. yes voters: 7dc7d06580774ce3baaf80faf150331d, e2063dbfa87242c0827da99ca818eb96; no voters: 
I20260709 12:58:40.952503  1343 raft_consensus.cc:2804] T c85c694f75f1403fbfb11177c64aaf19 P 7dc7d06580774ce3baaf80faf150331d [term 3 FOLLOWER]: Leader election won for term 3
I20260709 12:58:40.953013  1343 raft_consensus.cc:697] T c85c694f75f1403fbfb11177c64aaf19 P 7dc7d06580774ce3baaf80faf150331d [term 3 LEADER]: Becoming Leader. State: Replica: 7dc7d06580774ce3baaf80faf150331d, State: Running, Role: LEADER
I20260709 12:58:40.954100  1343 consensus_queue.cc:237] T c85c694f75f1403fbfb11177c64aaf19 P 7dc7d06580774ce3baaf80faf150331d [LEADER]: Queue going to LEADER mode. State: All replicated index: 0, Majority replicated index: 2, Committed index: 2, Last appended: 2.2, Last appended by leader: 2, Current term: 3, Majority size: 2, State: 0, Mode: LEADER, active raft config: opid_index: -1 OBSOLETE_local: false peers { permanent_uuid: "e2063dbfa87242c0827da99ca818eb96" member_type: VOTER last_known_addr { host: "127.0.107.193" port: 44987 } } peers { permanent_uuid: "ec9ac3c1bd354bf9a57d87ea1eaaa435" member_type: VOTER last_known_addr { host: "127.0.107.194" port: 40305 } } peers { permanent_uuid: "7dc7d06580774ce3baaf80faf150331d" member_type: VOTER last_known_addr { host: "127.0.107.195" port: 46729 } }
I20260709 12:58:40.962738   963 catalog_manager.cc:5697] T c85c694f75f1403fbfb11177c64aaf19 P 7dc7d06580774ce3baaf80faf150331d reported cstate change: term changed from 2 to 3, leader changed from e2063dbfa87242c0827da99ca818eb96 (127.0.107.193) to 7dc7d06580774ce3baaf80faf150331d (127.0.107.195). New cstate: current_term: 3 leader_uuid: "7dc7d06580774ce3baaf80faf150331d" committed_config { opid_index: -1 OBSOLETE_local: false peers { permanent_uuid: "e2063dbfa87242c0827da99ca818eb96" member_type: VOTER last_known_addr { host: "127.0.107.193" port: 44987 } health_report { overall_health: UNKNOWN } } peers { permanent_uuid: "ec9ac3c1bd354bf9a57d87ea1eaaa435" member_type: VOTER last_known_addr { host: "127.0.107.194" port: 40305 } health_report { overall_health: UNKNOWN } } peers { permanent_uuid: "7dc7d06580774ce3baaf80faf150331d" member_type: VOTER last_known_addr { host: "127.0.107.195" port: 46729 } health_report { overall_health: HEALTHY } } }
I20260709 12:58:41.267024  1141 raft_consensus.cc:1275] T ebdca531d5294f6aa3ecace0b4d89a27 P ec9ac3c1bd354bf9a57d87ea1eaaa435 [term 3 FOLLOWER]: Refusing update from remote peer 7dc7d06580774ce3baaf80faf150331d: Log matching property violated. Preceding OpId in replica: term: 2 index: 2. Preceding OpId from leader: term: 3 index: 3. (index mismatch)
I20260709 12:58:41.268349  1343 consensus_queue.cc:1048] T ebdca531d5294f6aa3ecace0b4d89a27 P 7dc7d06580774ce3baaf80faf150331d [LEADER]: Connected to new peer: Peer: permanent_uuid: "ec9ac3c1bd354bf9a57d87ea1eaaa435" member_type: VOTER last_known_addr { host: "127.0.107.194" port: 40305 }, Status: LMP_MISMATCH, Last received: 0.0, Next index: 3, Last known committed idx: 2, Time since last communication: 0.000s
I20260709 12:58:41.283893  1065 raft_consensus.cc:1275] T ebdca531d5294f6aa3ecace0b4d89a27 P e2063dbfa87242c0827da99ca818eb96 [term 3 FOLLOWER]: Refusing update from remote peer 7dc7d06580774ce3baaf80faf150331d: Log matching property violated. Preceding OpId in replica: term: 2 index: 2. Preceding OpId from leader: term: 3 index: 3. (index mismatch)
I20260709 12:58:41.285818  1343 consensus_queue.cc:1048] T ebdca531d5294f6aa3ecace0b4d89a27 P 7dc7d06580774ce3baaf80faf150331d [LEADER]: Connected to new peer: Peer: permanent_uuid: "e2063dbfa87242c0827da99ca818eb96" member_type: VOTER last_known_addr { host: "127.0.107.193" port: 44987 }, Status: LMP_MISMATCH, Last received: 0.0, Next index: 3, Last known committed idx: 2, Time since last communication: 0.000s
I20260709 12:58:41.438696  1142 raft_consensus.cc:1275] T c85c694f75f1403fbfb11177c64aaf19 P ec9ac3c1bd354bf9a57d87ea1eaaa435 [term 3 FOLLOWER]: Refusing update from remote peer 7dc7d06580774ce3baaf80faf150331d: Log matching property violated. Preceding OpId in replica: term: 2 index: 2. Preceding OpId from leader: term: 3 index: 3. (index mismatch)
I20260709 12:58:41.440079  1343 consensus_queue.cc:1048] T c85c694f75f1403fbfb11177c64aaf19 P 7dc7d06580774ce3baaf80faf150331d [LEADER]: Connected to new peer: Peer: permanent_uuid: "ec9ac3c1bd354bf9a57d87ea1eaaa435" member_type: VOTER last_known_addr { host: "127.0.107.194" port: 40305 }, Status: LMP_MISMATCH, Last received: 0.0, Next index: 3, Last known committed idx: 2, Time since last communication: 0.000s
I20260709 12:58:41.445672  1065 raft_consensus.cc:1275] T c85c694f75f1403fbfb11177c64aaf19 P e2063dbfa87242c0827da99ca818eb96 [term 3 FOLLOWER]: Refusing update from remote peer 7dc7d06580774ce3baaf80faf150331d: Log matching property violated. Preceding OpId in replica: term: 2 index: 2. Preceding OpId from leader: term: 3 index: 3. (index mismatch)
I20260709 12:58:41.447230  1343 consensus_queue.cc:1048] T c85c694f75f1403fbfb11177c64aaf19 P 7dc7d06580774ce3baaf80faf150331d [LEADER]: Connected to new peer: Peer: permanent_uuid: "e2063dbfa87242c0827da99ca818eb96" member_type: VOTER last_known_addr { host: "127.0.107.193" port: 44987 }, Status: LMP_MISMATCH, Last received: 0.0, Next index: 3, Last known committed idx: 2, Time since last communication: 0.000s
I20260709 12:58:41.589771   431 auto_leader_rebalancer.cc:141] leader rebalance for table test-workload
I20260709 12:58:41.606971  1216 tablet_service.cc:2072] Received LeaderStepDown RPC: tablet_id: "ebdca531d5294f6aa3ecace0b4d89a27"
dest_uuid: "7dc7d06580774ce3baaf80faf150331d"
mode: GRACEFUL
new_leader_uuid: "e2063dbfa87242c0827da99ca818eb96"
 from {username='slave'} at 127.0.0.1:36862
I20260709 12:58:41.607724  1216 raft_consensus.cc:606] T ebdca531d5294f6aa3ecace0b4d89a27 P 7dc7d06580774ce3baaf80faf150331d [term 3 LEADER]: Received request to transfer leadership to TS e2063dbfa87242c0827da99ca818eb96
I20260709 12:58:41.617055  1216 tablet_service.cc:2072] Received LeaderStepDown RPC: tablet_id: "c85c694f75f1403fbfb11177c64aaf19"
dest_uuid: "7dc7d06580774ce3baaf80faf150331d"
mode: GRACEFUL
new_leader_uuid: "e2063dbfa87242c0827da99ca818eb96"
 from {username='slave'} at 127.0.0.1:36862
I20260709 12:58:41.617748  1216 raft_consensus.cc:606] T c85c694f75f1403fbfb11177c64aaf19 P 7dc7d06580774ce3baaf80faf150331d [term 3 LEADER]: Received request to transfer leadership to TS e2063dbfa87242c0827da99ca818eb96
I20260709 12:58:41.626492  1142 tablet_service.cc:2072] Received LeaderStepDown RPC: tablet_id: "d54613dc032e46c094056f8eb4ebb275"
dest_uuid: "ec9ac3c1bd354bf9a57d87ea1eaaa435"
mode: GRACEFUL
new_leader_uuid: "e2063dbfa87242c0827da99ca818eb96"
 from {username='slave'} at 127.0.0.1:33270
I20260709 12:58:41.627154  1142 raft_consensus.cc:606] T d54613dc032e46c094056f8eb4ebb275 P ec9ac3c1bd354bf9a57d87ea1eaaa435 [term 1 LEADER]: Received request to transfer leadership to TS e2063dbfa87242c0827da99ca818eb96
I20260709 12:58:41.632695  1142 tablet_service.cc:2072] Received LeaderStepDown RPC: tablet_id: "c4386485d88f425ca0aabd089b53b464"
dest_uuid: "ec9ac3c1bd354bf9a57d87ea1eaaa435"
mode: GRACEFUL
new_leader_uuid: "e2063dbfa87242c0827da99ca818eb96"
 from {username='slave'} at 127.0.0.1:33270
I20260709 12:58:41.633275  1142 raft_consensus.cc:606] T c4386485d88f425ca0aabd089b53b464 P ec9ac3c1bd354bf9a57d87ea1eaaa435 [term 2 LEADER]: Received request to transfer leadership to TS e2063dbfa87242c0827da99ca818eb96
I20260709 12:58:41.638700  1142 tablet_service.cc:2072] Received LeaderStepDown RPC: tablet_id: "b36f7030b14c4af685ca5daca15ff8c2"
dest_uuid: "ec9ac3c1bd354bf9a57d87ea1eaaa435"
mode: GRACEFUL
new_leader_uuid: "e2063dbfa87242c0827da99ca818eb96"
 from {username='slave'} at 127.0.0.1:33270
I20260709 12:58:41.639197  1142 raft_consensus.cc:606] T b36f7030b14c4af685ca5daca15ff8c2 P ec9ac3c1bd354bf9a57d87ea1eaaa435 [term 1 LEADER]: Received request to transfer leadership to TS e2063dbfa87242c0827da99ca818eb96
I20260709 12:58:41.817332  1351 raft_consensus.cc:993] T ebdca531d5294f6aa3ecace0b4d89a27 P 7dc7d06580774ce3baaf80faf150331d: : Instructing follower e2063dbfa87242c0827da99ca818eb96 to start an election
I20260709 12:58:41.817823  1366 raft_consensus.cc:1081] T ebdca531d5294f6aa3ecace0b4d89a27 P 7dc7d06580774ce3baaf80faf150331d [term 3 LEADER]: Signalling peer e2063dbfa87242c0827da99ca818eb96 to start an election
I20260709 12:58:41.819546  1065 tablet_service.cc:2044] Received Run Leader Election RPC: tablet_id: "ebdca531d5294f6aa3ecace0b4d89a27"
dest_uuid: "e2063dbfa87242c0827da99ca818eb96"
 from {username='slave'} at 127.0.0.1:60832
I20260709 12:58:41.820031  1065 raft_consensus.cc:493] T ebdca531d5294f6aa3ecace0b4d89a27 P e2063dbfa87242c0827da99ca818eb96 [term 3 FOLLOWER]: Starting forced leader election (received explicit request)
I20260709 12:58:41.820322  1065 raft_consensus.cc:3060] T ebdca531d5294f6aa3ecace0b4d89a27 P e2063dbfa87242c0827da99ca818eb96 [term 3 FOLLOWER]: Advancing to term 4
I20260709 12:58:41.824890  1065 raft_consensus.cc:515] T ebdca531d5294f6aa3ecace0b4d89a27 P e2063dbfa87242c0827da99ca818eb96 [term 4 FOLLOWER]: Starting forced leader election with config: opid_index: -1 OBSOLETE_local: false peers { permanent_uuid: "e2063dbfa87242c0827da99ca818eb96" member_type: VOTER last_known_addr { host: "127.0.107.193" port: 44987 } } peers { permanent_uuid: "ec9ac3c1bd354bf9a57d87ea1eaaa435" member_type: VOTER last_known_addr { host: "127.0.107.194" port: 40305 } } peers { permanent_uuid: "7dc7d06580774ce3baaf80faf150331d" member_type: VOTER last_known_addr { host: "127.0.107.195" port: 46729 } }
