I20260709 13:15:56.009945 11904 catalog_manager.cc:5697] T 9198854ad8f44b808fdee56f4150184d P e08056a4c93a4c129274fdb4b2babb56 reported cstate change: term changed from 0 to 1, leader changed from <none> to e08056a4c93a4c129274fdb4b2babb56 (127.11.25.131). New cstate: current_term: 1 leader_uuid: "e08056a4c93a4c129274fdb4b2babb56" committed_config { opid_index: -1 OBSOLETE_local: false peers { permanent_uuid: "2d0792b841a54dcf8e9b6ed57af04ebd" member_type: VOTER last_known_addr { host: "127.11.25.129" port: 33395 } health_report { overall_health: UNKNOWN } } peers { permanent_uuid: "62fb39572b39416a9b48b48b83abbdc4" member_type: VOTER last_known_addr { host: "127.11.25.130" port: 44115 } health_report { overall_health: UNKNOWN } } peers { permanent_uuid: "e08056a4c93a4c129274fdb4b2babb56" member_type: VOTER last_known_addr { host: "127.11.25.131" port: 41301 } health_report { overall_health: HEALTHY } } }
I20260709 13:15:56.010828 12196 ts_tablet_manager.cc:1403] T 6468352392f4480f9b3e656d19d86c55 P e08056a4c93a4c129274fdb4b2babb56: Time spent bootstrapping tablet: real 0.101s	user 0.007s	sys 0.009s
I20260709 13:15:56.011137 12200 ts_tablet_manager.cc:1434] T a7dfc23e28d546048958afba67e469f2 P 62fb39572b39416a9b48b48b83abbdc4: Time spent starting tablet: real 0.009s	user 0.007s	sys 0.000s
I20260709 13:15:56.011162 12201 ts_tablet_manager.cc:1403] T d19c5ca83499491e8ede82855ef01a6e P 2d0792b841a54dcf8e9b6ed57af04ebd: Time spent bootstrapping tablet: real 0.065s	user 0.011s	sys 0.007s
I20260709 13:15:56.012173 12200 tablet_bootstrap.cc:492] T d19c5ca83499491e8ede82855ef01a6e P 62fb39572b39416a9b48b48b83abbdc4: Bootstrap starting.
I20260709 13:15:56.013895 12196 raft_consensus.cc:359] T 6468352392f4480f9b3e656d19d86c55 P e08056a4c93a4c129274fdb4b2babb56 [term 0 FOLLOWER]: Replica starting. Triggering 0 pending ops. Active config: opid_index: -1 OBSOLETE_local: false peers { permanent_uuid: "2d0792b841a54dcf8e9b6ed57af04ebd" member_type: VOTER last_known_addr { host: "127.11.25.129" port: 33395 } } peers { permanent_uuid: "62fb39572b39416a9b48b48b83abbdc4" member_type: VOTER last_known_addr { host: "127.11.25.130" port: 44115 } } peers { permanent_uuid: "e08056a4c93a4c129274fdb4b2babb56" member_type: VOTER last_known_addr { host: "127.11.25.131" port: 41301 } }
I20260709 13:15:56.014743 12196 raft_consensus.cc:385] T 6468352392f4480f9b3e656d19d86c55 P e08056a4c93a4c129274fdb4b2babb56 [term 0 FOLLOWER]: Consensus starting up: Expiring failure detector timer to make a prompt election more likely
I20260709 13:15:56.015094 12196 raft_consensus.cc:740] T 6468352392f4480f9b3e656d19d86c55 P e08056a4c93a4c129274fdb4b2babb56 [term 0 FOLLOWER]: Becoming Follower/Learner. State: Replica: e08056a4c93a4c129274fdb4b2babb56, State: Initialized, Role: FOLLOWER
I20260709 13:15:56.015156 12201 raft_consensus.cc:359] T d19c5ca83499491e8ede82855ef01a6e P 2d0792b841a54dcf8e9b6ed57af04ebd [term 0 FOLLOWER]: Replica starting. Triggering 0 pending ops. Active config: opid_index: -1 OBSOLETE_local: false peers { permanent_uuid: "2d0792b841a54dcf8e9b6ed57af04ebd" member_type: VOTER last_known_addr { host: "127.11.25.129" port: 33395 } } peers { permanent_uuid: "62fb39572b39416a9b48b48b83abbdc4" member_type: VOTER last_known_addr { host: "127.11.25.130" port: 44115 } } peers { permanent_uuid: "e08056a4c93a4c129274fdb4b2babb56" member_type: VOTER last_known_addr { host: "127.11.25.131" port: 41301 } }
I20260709 13:15:56.015985 12201 raft_consensus.cc:385] T d19c5ca83499491e8ede82855ef01a6e P 2d0792b841a54dcf8e9b6ed57af04ebd [term 0 FOLLOWER]: Consensus starting up: Expiring failure detector timer to make a prompt election more likely
I20260709 13:15:56.016753 12201 raft_consensus.cc:740] T d19c5ca83499491e8ede82855ef01a6e P 2d0792b841a54dcf8e9b6ed57af04ebd [term 0 FOLLOWER]: Becoming Follower/Learner. State: Replica: 2d0792b841a54dcf8e9b6ed57af04ebd, State: Initialized, Role: FOLLOWER
I20260709 13:15:56.016000 12196 consensus_queue.cc:260] T 6468352392f4480f9b3e656d19d86c55 P e08056a4c93a4c129274fdb4b2babb56 [NON_LEADER]: Queue going to NON_LEADER mode. State: All replicated index: 0, Majority replicated index: 0, Committed index: 0, Last appended: 0.0, Last appended by leader: 0, Current term: 0, Majority size: -1, State: 0, Mode: NON_LEADER, active raft config: opid_index: -1 OBSOLETE_local: false peers { permanent_uuid: "2d0792b841a54dcf8e9b6ed57af04ebd" member_type: VOTER last_known_addr { host: "127.11.25.129" port: 33395 } } peers { permanent_uuid: "62fb39572b39416a9b48b48b83abbdc4" member_type: VOTER last_known_addr { host: "127.11.25.130" port: 44115 } } peers { permanent_uuid: "e08056a4c93a4c129274fdb4b2babb56" member_type: VOTER last_known_addr { host: "127.11.25.131" port: 41301 } }
I20260709 13:15:56.019078 12200 tablet_bootstrap.cc:654] T d19c5ca83499491e8ede82855ef01a6e P 62fb39572b39416a9b48b48b83abbdc4: Neither blocks nor log segments found. Creating new log.
I20260709 13:15:56.019590 11903 catalog_manager.cc:5697] T 921e18bbf5224c2eb23566ad5c69e8dd P 62fb39572b39416a9b48b48b83abbdc4 reported cstate change: term changed from 0 to 1, leader changed from <none> to 62fb39572b39416a9b48b48b83abbdc4 (127.11.25.130). New cstate: current_term: 1 leader_uuid: "62fb39572b39416a9b48b48b83abbdc4" committed_config { opid_index: -1 OBSOLETE_local: false peers { permanent_uuid: "2d0792b841a54dcf8e9b6ed57af04ebd" member_type: VOTER last_known_addr { host: "127.11.25.129" port: 33395 } health_report { overall_health: UNKNOWN } } peers { permanent_uuid: "62fb39572b39416a9b48b48b83abbdc4" member_type: VOTER last_known_addr { host: "127.11.25.130" port: 44115 } health_report { overall_health: HEALTHY } } peers { permanent_uuid: "e08056a4c93a4c129274fdb4b2babb56" member_type: VOTER last_known_addr { host: "127.11.25.131" port: 41301 } health_report { overall_health: UNKNOWN } } }
I20260709 13:15:56.020462 12204 raft_consensus.cc:515] T f5bac806b28147f2ae10779093a2c5d9 P 2d0792b841a54dcf8e9b6ed57af04ebd [term 1 FOLLOWER]: Starting leader election with config: opid_index: -1 OBSOLETE_local: false peers { permanent_uuid: "2d0792b841a54dcf8e9b6ed57af04ebd" member_type: VOTER last_known_addr { host: "127.11.25.129" port: 33395 } } peers { permanent_uuid: "62fb39572b39416a9b48b48b83abbdc4" member_type: VOTER last_known_addr { host: "127.11.25.130" port: 44115 } } peers { permanent_uuid: "e08056a4c93a4c129274fdb4b2babb56" member_type: VOTER last_known_addr { host: "127.11.25.131" port: 41301 } }
I20260709 13:15:56.010818 12082 raft_consensus.cc:2393] T f0d201bc4e524bc9b3ac2c93c52e02f3 P 62fb39572b39416a9b48b48b83abbdc4 [term 1 FOLLOWER]: Leader election vote request: Denying vote to candidate e08056a4c93a4c129274fdb4b2babb56 in current term 1: Already voted for candidate 62fb39572b39416a9b48b48b83abbdc4 in this term.
I20260709 13:15:56.021195 12196 ts_tablet_manager.cc:1434] T 6468352392f4480f9b3e656d19d86c55 P e08056a4c93a4c129274fdb4b2babb56: Time spent starting tablet: real 0.010s	user 0.006s	sys 0.000s
I20260709 13:15:56.018314 12201 consensus_queue.cc:260] T d19c5ca83499491e8ede82855ef01a6e P 2d0792b841a54dcf8e9b6ed57af04ebd [NON_LEADER]: Queue going to NON_LEADER mode. State: All replicated index: 0, Majority replicated index: 0, Committed index: 0, Last appended: 0.0, Last appended by leader: 0, Current term: 0, Majority size: -1, State: 0, Mode: NON_LEADER, active raft config: opid_index: -1 OBSOLETE_local: false peers { permanent_uuid: "2d0792b841a54dcf8e9b6ed57af04ebd" member_type: VOTER last_known_addr { host: "127.11.25.129" port: 33395 } } peers { permanent_uuid: "62fb39572b39416a9b48b48b83abbdc4" member_type: VOTER last_known_addr { host: "127.11.25.130" port: 44115 } } peers { permanent_uuid: "e08056a4c93a4c129274fdb4b2babb56" member_type: VOTER last_known_addr { host: "127.11.25.131" port: 41301 } }
I20260709 13:15:56.023067 12196 tablet_bootstrap.cc:492] T a7dfc23e28d546048958afba67e469f2 P e08056a4c93a4c129274fdb4b2babb56: Bootstrap starting.
I20260709 13:15:56.024351 12081 tablet_service.cc:1917] Received RequestConsensusVote() RPC: tablet_id: "f5bac806b28147f2ae10779093a2c5d9" candidate_uuid: "2d0792b841a54dcf8e9b6ed57af04ebd" candidate_term: 1 candidate_status { last_received { term: 0 index: 0 } } ignore_live_leader: false dest_uuid: "62fb39572b39416a9b48b48b83abbdc4"
W20260709 13:15:56.025744 11973 leader_election.cc:343] T f5bac806b28147f2ae10779093a2c5d9 P 2d0792b841a54dcf8e9b6ed57af04ebd [CANDIDATE]: Term 1 election: Tablet error from VoteRequest() call to peer 62fb39572b39416a9b48b48b83abbdc4 (127.11.25.130:44115): Illegal state: must be running to vote when last-logged opid is not known
I20260709 13:15:56.021332 12218 raft_consensus.cc:515] T a05cc999a2a94640b0d52b5da8c0f890 P 2d0792b841a54dcf8e9b6ed57af04ebd [term 1 FOLLOWER]: Starting leader election with config: opid_index: -1 OBSOLETE_local: false peers { permanent_uuid: "2d0792b841a54dcf8e9b6ed57af04ebd" member_type: VOTER last_known_addr { host: "127.11.25.129" port: 33395 } } peers { permanent_uuid: "62fb39572b39416a9b48b48b83abbdc4" member_type: VOTER last_known_addr { host: "127.11.25.130" port: 44115 } } peers { permanent_uuid: "e08056a4c93a4c129274fdb4b2babb56" member_type: VOTER last_known_addr { host: "127.11.25.131" port: 41301 } }
I20260709 13:15:56.028471 12081 tablet_service.cc:1917] Received RequestConsensusVote() RPC: tablet_id: "a05cc999a2a94640b0d52b5da8c0f890" candidate_uuid: "2d0792b841a54dcf8e9b6ed57af04ebd" candidate_term: 1 candidate_status { last_received { term: 0 index: 0 } } ignore_live_leader: false dest_uuid: "62fb39572b39416a9b48b48b83abbdc4"
I20260709 13:15:56.029003 12081 raft_consensus.cc:3060] T a05cc999a2a94640b0d52b5da8c0f890 P 62fb39572b39416a9b48b48b83abbdc4 [term 0 FOLLOWER]: Advancing to term 1
I20260709 13:15:56.029626 12196 tablet_bootstrap.cc:654] T a7dfc23e28d546048958afba67e469f2 P e08056a4c93a4c129274fdb4b2babb56: Neither blocks nor log segments found. Creating new log.
I20260709 13:15:56.034029 12200 tablet_bootstrap.cc:492] T d19c5ca83499491e8ede82855ef01a6e P 62fb39572b39416a9b48b48b83abbdc4: No bootstrap required, opened a new log
I20260709 13:15:56.034570 12200 ts_tablet_manager.cc:1403] T d19c5ca83499491e8ede82855ef01a6e P 62fb39572b39416a9b48b48b83abbdc4: Time spent bootstrapping tablet: real 0.023s	user 0.007s	sys 0.004s
I20260709 13:15:56.034662 12226 raft_consensus.cc:493] T 64e71002bef14d23b950b2d380644206 P e08056a4c93a4c129274fdb4b2babb56 [term 0 FOLLOWER]: Starting pre-election (no leader contacted us within the election timeout)
I20260709 13:15:56.035099 12226 raft_consensus.cc:515] T 64e71002bef14d23b950b2d380644206 P e08056a4c93a4c129274fdb4b2babb56 [term 0 FOLLOWER]: Starting pre-election with config: opid_index: -1 OBSOLETE_local: false peers { permanent_uuid: "e08056a4c93a4c129274fdb4b2babb56" member_type: VOTER last_known_addr { host: "127.11.25.131" port: 41301 } } peers { permanent_uuid: "2d0792b841a54dcf8e9b6ed57af04ebd" member_type: VOTER last_known_addr { host: "127.11.25.129" port: 33395 } } peers { permanent_uuid: "62fb39572b39416a9b48b48b83abbdc4" member_type: VOTER last_known_addr { host: "127.11.25.130" port: 44115 } }
I20260709 13:15:56.037070 12226 leader_election.cc:290] T 64e71002bef14d23b950b2d380644206 P e08056a4c93a4c129274fdb4b2babb56 [CANDIDATE]: Term 1 pre-election: Requested pre-vote from peers 2d0792b841a54dcf8e9b6ed57af04ebd (127.11.25.129:33395), 62fb39572b39416a9b48b48b83abbdc4 (127.11.25.130:44115)
I20260709 13:15:56.037133 12200 raft_consensus.cc:359] T d19c5ca83499491e8ede82855ef01a6e P 62fb39572b39416a9b48b48b83abbdc4 [term 0 FOLLOWER]: Replica starting. Triggering 0 pending ops. Active config: opid_index: -1 OBSOLETE_local: false peers { permanent_uuid: "2d0792b841a54dcf8e9b6ed57af04ebd" member_type: VOTER last_known_addr { host: "127.11.25.129" port: 33395 } } peers { permanent_uuid: "62fb39572b39416a9b48b48b83abbdc4" member_type: VOTER last_known_addr { host: "127.11.25.130" port: 44115 } } peers { permanent_uuid: "e08056a4c93a4c129274fdb4b2babb56" member_type: VOTER last_known_addr { host: "127.11.25.131" port: 41301 } }
I20260709 13:15:56.037802 12200 raft_consensus.cc:385] T d19c5ca83499491e8ede82855ef01a6e P 62fb39572b39416a9b48b48b83abbdc4 [term 0 FOLLOWER]: Consensus starting up: Expiring failure detector timer to make a prompt election more likely
I20260709 13:15:56.043942 12122 leader_election.cc:304] T f0d201bc4e524bc9b3ac2c93c52e02f3 P e08056a4c93a4c129274fdb4b2babb56 [CANDIDATE]: Term 1 election: Election decided. Result: candidate lost. Election summary: received 3 responses out of 3 voters: 1 yes votes; 2 no votes. yes voters: e08056a4c93a4c129274fdb4b2babb56; no voters: 2d0792b841a54dcf8e9b6ed57af04ebd, 62fb39572b39416a9b48b48b83abbdc4
I20260709 13:15:56.044744 12200 raft_consensus.cc:740] T d19c5ca83499491e8ede82855ef01a6e P 62fb39572b39416a9b48b48b83abbdc4 [term 0 FOLLOWER]: Becoming Follower/Learner. State: Replica: 62fb39572b39416a9b48b48b83abbdc4, State: Initialized, Role: FOLLOWER
I20260709 13:15:56.045511 12226 raft_consensus.cc:2749] T f0d201bc4e524bc9b3ac2c93c52e02f3 P e08056a4c93a4c129274fdb4b2babb56 [term 1 FOLLOWER]: Leader election lost for term 1. Reason: could not achieve majority
I20260709 13:15:56.044284 12201 ts_tablet_manager.cc:1434] T d19c5ca83499491e8ede82855ef01a6e P 2d0792b841a54dcf8e9b6ed57af04ebd: Time spent starting tablet: real 0.033s	user 0.018s	sys 0.008s
I20260709 13:15:56.046072 12081 raft_consensus.cc:2468] T a05cc999a2a94640b0d52b5da8c0f890 P 62fb39572b39416a9b48b48b83abbdc4 [term 1 FOLLOWER]: Leader election vote request: Granting yes vote for candidate 2d0792b841a54dcf8e9b6ed57af04ebd in term 1.
I20260709 13:15:56.046104 12200 consensus_queue.cc:260] T d19c5ca83499491e8ede82855ef01a6e P 62fb39572b39416a9b48b48b83abbdc4 [NON_LEADER]: Queue going to NON_LEADER mode. State: All replicated index: 0, Majority replicated index: 0, Committed index: 0, Last appended: 0.0, Last appended by leader: 0, Current term: 0, Majority size: -1, State: 0, Mode: NON_LEADER, active raft config: opid_index: -1 OBSOLETE_local: false peers { permanent_uuid: "2d0792b841a54dcf8e9b6ed57af04ebd" member_type: VOTER last_known_addr { host: "127.11.25.129" port: 33395 } } peers { permanent_uuid: "62fb39572b39416a9b48b48b83abbdc4" member_type: VOTER last_known_addr { host: "127.11.25.130" port: 44115 } } peers { permanent_uuid: "e08056a4c93a4c129274fdb4b2babb56" member_type: VOTER last_known_addr { host: "127.11.25.131" port: 41301 } }
I20260709 13:15:56.047452 11973 leader_election.cc:304] T a05cc999a2a94640b0d52b5da8c0f890 P 2d0792b841a54dcf8e9b6ed57af04ebd [CANDIDATE]: Term 1 election: Election decided. Result: candidate won. Election summary: received 2 responses out of 3 voters: 2 yes votes; 0 no votes. yes voters: 2d0792b841a54dcf8e9b6ed57af04ebd, 62fb39572b39416a9b48b48b83abbdc4; no voters: 
I20260709 13:15:56.047436 12201 tablet_bootstrap.cc:492] T 11cdb71b7cf44030a5eb280a9cfbce07 P 2d0792b841a54dcf8e9b6ed57af04ebd: Bootstrap starting.
I20260709 13:15:56.048497 12200 ts_tablet_manager.cc:1434] T d19c5ca83499491e8ede82855ef01a6e P 62fb39572b39416a9b48b48b83abbdc4: Time spent starting tablet: real 0.014s	user 0.004s	sys 0.000s
I20260709 13:15:56.042436 12006 tablet_service.cc:1917] Received RequestConsensusVote() RPC: tablet_id: "64e71002bef14d23b950b2d380644206" candidate_uuid: "e08056a4c93a4c129274fdb4b2babb56" candidate_term: 1 candidate_status { last_received { term: 0 index: 0 } } ignore_live_leader: false dest_uuid: "2d0792b841a54dcf8e9b6ed57af04ebd" is_pre_election: true
I20260709 13:15:56.042906 12239 raft_consensus.cc:493] T d19c5ca83499491e8ede82855ef01a6e P 2d0792b841a54dcf8e9b6ed57af04ebd [term 0 FOLLOWER]: Starting pre-election (no leader contacted us within the election timeout)
I20260709 13:15:56.043920 12082 tablet_service.cc:1917] Received RequestConsensusVote() RPC: tablet_id: "64e71002bef14d23b950b2d380644206" candidate_uuid: "e08056a4c93a4c129274fdb4b2babb56" candidate_term: 1 candidate_status { last_received { term: 0 index: 0 } } ignore_live_leader: false dest_uuid: "62fb39572b39416a9b48b48b83abbdc4" is_pre_election: true
I20260709 13:15:56.038947 12206 raft_consensus.cc:493] T a7dfc23e28d546048958afba67e469f2 P 62fb39572b39416a9b48b48b83abbdc4 [term 0 FOLLOWER]: Starting pre-election (no leader contacted us within the election timeout)
I20260709 13:15:56.051764 12082 raft_consensus.cc:2468] T 64e71002bef14d23b950b2d380644206 P 62fb39572b39416a9b48b48b83abbdc4 [term 0 FOLLOWER]: Leader pre-election vote request: Granting yes vote for candidate e08056a4c93a4c129274fdb4b2babb56 in term 0.
W20260709 13:15:56.051842 12119 leader_election.cc:343] T 64e71002bef14d23b950b2d380644206 P e08056a4c93a4c129274fdb4b2babb56 [CANDIDATE]: Term 1 pre-election: Tablet error from VoteRequest() call to peer 2d0792b841a54dcf8e9b6ed57af04ebd (127.11.25.129:33395): Illegal state: must be running to vote when last-logged opid is not known
I20260709 13:15:56.051803 12206 raft_consensus.cc:515] T a7dfc23e28d546048958afba67e469f2 P 62fb39572b39416a9b48b48b83abbdc4 [term 0 FOLLOWER]: Starting pre-election with config: opid_index: -1 OBSOLETE_local: false peers { permanent_uuid: "2d0792b841a54dcf8e9b6ed57af04ebd" member_type: VOTER last_known_addr { host: "127.11.25.129" port: 33395 } } peers { permanent_uuid: "62fb39572b39416a9b48b48b83abbdc4" member_type: VOTER last_known_addr { host: "127.11.25.130" port: 44115 } } peers { permanent_uuid: "e08056a4c93a4c129274fdb4b2babb56" member_type: VOTER last_known_addr { host: "127.11.25.131" port: 41301 } }
I20260709 13:15:56.052856 12122 leader_election.cc:304] T 64e71002bef14d23b950b2d380644206 P e08056a4c93a4c129274fdb4b2babb56 [CANDIDATE]: Term 1 pre-election: Election decided. Result: candidate won. Election summary: received 3 responses out of 3 voters: 2 yes votes; 1 no votes. yes voters: 62fb39572b39416a9b48b48b83abbdc4, e08056a4c93a4c129274fdb4b2babb56; no voters: 2d0792b841a54dcf8e9b6ed57af04ebd
I20260709 13:15:56.052815 12239 raft_consensus.cc:515] T d19c5ca83499491e8ede82855ef01a6e P 2d0792b841a54dcf8e9b6ed57af04ebd [term 0 FOLLOWER]: Starting pre-election with config: opid_index: -1 OBSOLETE_local: false peers { permanent_uuid: "2d0792b841a54dcf8e9b6ed57af04ebd" member_type: VOTER last_known_addr { host: "127.11.25.129" port: 33395 } } peers { permanent_uuid: "62fb39572b39416a9b48b48b83abbdc4" member_type: VOTER last_known_addr { host: "127.11.25.130" port: 44115 } } peers { permanent_uuid: "e08056a4c93a4c129274fdb4b2babb56" member_type: VOTER last_known_addr { host: "127.11.25.131" port: 41301 } }
I20260709 13:15:56.054100 12206 leader_election.cc:290] T a7dfc23e28d546048958afba67e469f2 P 62fb39572b39416a9b48b48b83abbdc4 [CANDIDATE]: Term 1 pre-election: Requested pre-vote from peers 2d0792b841a54dcf8e9b6ed57af04ebd (127.11.25.129:33395), e08056a4c93a4c129274fdb4b2babb56 (127.11.25.131:41301)
I20260709 13:15:56.049291 12236 raft_consensus.cc:2804] T a05cc999a2a94640b0d52b5da8c0f890 P 2d0792b841a54dcf8e9b6ed57af04ebd [term 1 FOLLOWER]: Leader election won for term 1
I20260709 13:15:56.049540 12156 tablet_service.cc:1917] Received RequestConsensusVote() RPC: tablet_id: "f5bac806b28147f2ae10779093a2c5d9" candidate_uuid: "2d0792b841a54dcf8e9b6ed57af04ebd" candidate_term: 1 candidate_status { last_received { term: 0 index: 0 } } ignore_live_leader: false dest_uuid: "e08056a4c93a4c129274fdb4b2babb56"
I20260709 13:15:56.055192 12201 tablet_bootstrap.cc:654] T 11cdb71b7cf44030a5eb280a9cfbce07 P 2d0792b841a54dcf8e9b6ed57af04ebd: Neither blocks nor log segments found. Creating new log.
I20260709 13:15:56.055284 12156 raft_consensus.cc:3060] T f5bac806b28147f2ae10779093a2c5d9 P e08056a4c93a4c129274fdb4b2babb56 [term 0 FOLLOWER]: Advancing to term 1
I20260709 13:15:56.055472 12155 tablet_service.cc:1917] Received RequestConsensusVote() RPC: tablet_id: "a7dfc23e28d546048958afba67e469f2" candidate_uuid: "62fb39572b39416a9b48b48b83abbdc4" candidate_term: 1 candidate_status { last_received { term: 0 index: 0 } } ignore_live_leader: false dest_uuid: "e08056a4c93a4c129274fdb4b2babb56" is_pre_election: true
I20260709 13:15:56.055684 12082 tablet_service.cc:1917] Received RequestConsensusVote() RPC: tablet_id: "d19c5ca83499491e8ede82855ef01a6e" candidate_uuid: "2d0792b841a54dcf8e9b6ed57af04ebd" candidate_term: 1 candidate_status { last_received { term: 0 index: 0 } } ignore_live_leader: false dest_uuid: "62fb39572b39416a9b48b48b83abbdc4" is_pre_election: true
I20260709 13:15:56.056228 12082 raft_consensus.cc:2468] T d19c5ca83499491e8ede82855ef01a6e P 62fb39572b39416a9b48b48b83abbdc4 [term 0 FOLLOWER]: Leader pre-election vote request: Granting yes vote for candidate 2d0792b841a54dcf8e9b6ed57af04ebd in term 0.
W20260709 13:15:56.056846 12048 leader_election.cc:343] T a7dfc23e28d546048958afba67e469f2 P 62fb39572b39416a9b48b48b83abbdc4 [CANDIDATE]: Term 1 pre-election: Tablet error from VoteRequest() call to peer e08056a4c93a4c129274fdb4b2babb56 (127.11.25.131:41301): Illegal state: must be running to vote when last-logged opid is not known
I20260709 13:15:56.054044 12226 raft_consensus.cc:2804] T 64e71002bef14d23b950b2d380644206 P e08056a4c93a4c129274fdb4b2babb56 [term 0 FOLLOWER]: Leader pre-election won for term 1
I20260709 13:15:56.057598 12226 raft_consensus.cc:493] T 64e71002bef14d23b950b2d380644206 P e08056a4c93a4c129274fdb4b2babb56 [term 0 FOLLOWER]: Starting leader election (no leader contacted us within the election timeout)
I20260709 13:15:56.057941 12226 raft_consensus.cc:3060] T 64e71002bef14d23b950b2d380644206 P e08056a4c93a4c129274fdb4b2babb56 [term 0 FOLLOWER]: Advancing to term 1
I20260709 13:15:56.059087 12200 tablet_bootstrap.cc:492] T 9198854ad8f44b808fdee56f4150184d P 62fb39572b39416a9b48b48b83abbdc4: Bootstrap starting.
I20260709 13:15:56.057788 11973 leader_election.cc:304] T d19c5ca83499491e8ede82855ef01a6e P 2d0792b841a54dcf8e9b6ed57af04ebd [CANDIDATE]: Term 1 pre-election: Election decided. Result: candidate won. Election summary: received 2 responses out of 3 voters: 2 yes votes; 0 no votes. yes voters: 2d0792b841a54dcf8e9b6ed57af04ebd, 62fb39572b39416a9b48b48b83abbdc4; no voters: 
I20260709 13:15:56.063506 12236 raft_consensus.cc:697] T a05cc999a2a94640b0d52b5da8c0f890 P 2d0792b841a54dcf8e9b6ed57af04ebd [term 1 LEADER]: Becoming Leader. State: Replica: 2d0792b841a54dcf8e9b6ed57af04ebd, State: Running, Role: LEADER
I20260709 13:15:56.063953 12242 raft_consensus.cc:2804] T d19c5ca83499491e8ede82855ef01a6e P 2d0792b841a54dcf8e9b6ed57af04ebd [term 0 FOLLOWER]: Leader pre-election won for term 1
I20260709 13:15:56.065858 12242 raft_consensus.cc:493] T d19c5ca83499491e8ede82855ef01a6e P 2d0792b841a54dcf8e9b6ed57af04ebd [term 0 FOLLOWER]: Starting leader election (no leader contacted us within the election timeout)
I20260709 13:15:56.066743 12242 raft_consensus.cc:3060] T d19c5ca83499491e8ede82855ef01a6e P 2d0792b841a54dcf8e9b6ed57af04ebd [term 0 FOLLOWER]: Advancing to term 1
I20260709 13:15:56.072068 12218 leader_election.cc:290] T a05cc999a2a94640b0d52b5da8c0f890 P 2d0792b841a54dcf8e9b6ed57af04ebd [CANDIDATE]: Term 1 election: Requested vote from peers 62fb39572b39416a9b48b48b83abbdc4 (127.11.25.130:44115), e08056a4c93a4c129274fdb4b2babb56 (127.11.25.131:41301)
I20260709 13:15:56.064522 12236 consensus_queue.cc:237] T a05cc999a2a94640b0d52b5da8c0f890 P 2d0792b841a54dcf8e9b6ed57af04ebd [LEADER]: Queue going to LEADER mode. State: All replicated index: 0, Majority replicated index: 0, Committed index: 0, Last appended: 0.0, Last appended by leader: 0, Current term: 1, Majority size: 2, State: 0, Mode: LEADER, active raft config: opid_index: -1 OBSOLETE_local: false peers { permanent_uuid: "2d0792b841a54dcf8e9b6ed57af04ebd" member_type: VOTER last_known_addr { host: "127.11.25.129" port: 33395 } } peers { permanent_uuid: "62fb39572b39416a9b48b48b83abbdc4" member_type: VOTER last_known_addr { host: "127.11.25.130" port: 44115 } } peers { permanent_uuid: "e08056a4c93a4c129274fdb4b2babb56" member_type: VOTER last_known_addr { host: "127.11.25.131" port: 41301 } }
I20260709 13:15:56.073608 12156 raft_consensus.cc:2468] T f5bac806b28147f2ae10779093a2c5d9 P e08056a4c93a4c129274fdb4b2babb56 [term 1 FOLLOWER]: Leader election vote request: Granting yes vote for candidate 2d0792b841a54dcf8e9b6ed57af04ebd in term 1.
I20260709 13:15:56.068229 12200 tablet_bootstrap.cc:654] T 9198854ad8f44b808fdee56f4150184d P 62fb39572b39416a9b48b48b83abbdc4: Neither blocks nor log segments found. Creating new log.
I20260709 13:15:56.068492 12204 leader_election.cc:290] T f5bac806b28147f2ae10779093a2c5d9 P 2d0792b841a54dcf8e9b6ed57af04ebd [CANDIDATE]: Term 1 election: Requested vote from peers 62fb39572b39416a9b48b48b83abbdc4 (127.11.25.130:44115), e08056a4c93a4c129274fdb4b2babb56 (127.11.25.131:41301)
I20260709 13:15:56.068974 12201 tablet_bootstrap.cc:492] T 11cdb71b7cf44030a5eb280a9cfbce07 P 2d0792b841a54dcf8e9b6ed57af04ebd: No bootstrap required, opened a new log
I20260709 13:15:56.067557 12226 raft_consensus.cc:515] T 64e71002bef14d23b950b2d380644206 P e08056a4c93a4c129274fdb4b2babb56 [term 1 FOLLOWER]: Starting leader election with config: opid_index: -1 OBSOLETE_local: false peers { permanent_uuid: "e08056a4c93a4c129274fdb4b2babb56" member_type: VOTER last_known_addr { host: "127.11.25.131" port: 41301 } } peers { permanent_uuid: "2d0792b841a54dcf8e9b6ed57af04ebd" member_type: VOTER last_known_addr { host: "127.11.25.129" port: 33395 } } peers { permanent_uuid: "62fb39572b39416a9b48b48b83abbdc4" member_type: VOTER last_known_addr { host: "127.11.25.130" port: 44115 } }
I20260709 13:15:56.075826 12006 tablet_service.cc:1917] Received RequestConsensusVote() RPC: tablet_id: "a7dfc23e28d546048958afba67e469f2" candidate_uuid: "62fb39572b39416a9b48b48b83abbdc4" candidate_term: 1 candidate_status { last_received { term: 0 index: 0 } } ignore_live_leader: false dest_uuid: "2d0792b841a54dcf8e9b6ed57af04ebd" is_pre_election: true
I20260709 13:15:56.079536 12201 ts_tablet_manager.cc:1403] T 11cdb71b7cf44030a5eb280a9cfbce07 P 2d0792b841a54dcf8e9b6ed57af04ebd: Time spent bootstrapping tablet: real 0.032s	user 0.010s	sys 0.008s
I20260709 13:15:56.079632 12006 raft_consensus.cc:2468] T a7dfc23e28d546048958afba67e469f2 P 2d0792b841a54dcf8e9b6ed57af04ebd [term 0 FOLLOWER]: Leader pre-election vote request: Granting yes vote for candidate 62fb39572b39416a9b48b48b83abbdc4 in term 0.
I20260709 13:15:56.077772 12155 tablet_service.cc:1917] Received RequestConsensusVote() RPC: tablet_id: "a05cc999a2a94640b0d52b5da8c0f890" candidate_uuid: "2d0792b841a54dcf8e9b6ed57af04ebd" candidate_term: 1 candidate_status { last_received { term: 0 index: 0 } } ignore_live_leader: false dest_uuid: "e08056a4c93a4c129274fdb4b2babb56"
I20260709 13:15:56.080622 12155 raft_consensus.cc:3060] T a05cc999a2a94640b0d52b5da8c0f890 P e08056a4c93a4c129274fdb4b2babb56 [term 0 FOLLOWER]: Advancing to term 1
I20260709 13:15:56.081036 12239 leader_election.cc:290] T d19c5ca83499491e8ede82855ef01a6e P 2d0792b841a54dcf8e9b6ed57af04ebd [CANDIDATE]: Term 1 pre-election: Requested pre-vote from peers 62fb39572b39416a9b48b48b83abbdc4 (127.11.25.130:44115), e08056a4c93a4c129274fdb4b2babb56 (127.11.25.131:41301)
I20260709 13:15:56.081861 12045 leader_election.cc:304] T a7dfc23e28d546048958afba67e469f2 P 62fb39572b39416a9b48b48b83abbdc4 [CANDIDATE]: Term 1 pre-election: Election decided. Result: candidate won. Election summary: received 3 responses out of 3 voters: 2 yes votes; 1 no votes. yes voters: 2d0792b841a54dcf8e9b6ed57af04ebd, 62fb39572b39416a9b48b48b83abbdc4; no voters: e08056a4c93a4c129274fdb4b2babb56
I20260709 13:15:56.082705 12154 tablet_service.cc:1917] Received RequestConsensusVote() RPC: tablet_id: "d19c5ca83499491e8ede82855ef01a6e" candidate_uuid: "2d0792b841a54dcf8e9b6ed57af04ebd" candidate_term: 1 candidate_status { last_received { term: 0 index: 0 } } ignore_live_leader: false dest_uuid: "e08056a4c93a4c129274fdb4b2babb56" is_pre_election: true
I20260709 13:15:56.083051 12206 raft_consensus.cc:2804] T a7dfc23e28d546048958afba67e469f2 P 62fb39572b39416a9b48b48b83abbdc4 [term 0 FOLLOWER]: Leader pre-election won for term 1
I20260709 13:15:56.083442 12206 raft_consensus.cc:493] T a7dfc23e28d546048958afba67e469f2 P 62fb39572b39416a9b48b48b83abbdc4 [term 0 FOLLOWER]: Starting leader election (no leader contacted us within the election timeout)
I20260709 13:15:56.083762 12206 raft_consensus.cc:3060] T a7dfc23e28d546048958afba67e469f2 P 62fb39572b39416a9b48b48b83abbdc4 [term 0 FOLLOWER]: Advancing to term 1
I20260709 13:15:56.084234 11973 leader_election.cc:304] T f5bac806b28147f2ae10779093a2c5d9 P 2d0792b841a54dcf8e9b6ed57af04ebd [CANDIDATE]: Term 1 election: Election decided. Result: candidate won. Election summary: received 3 responses out of 3 voters: 2 yes votes; 1 no votes. yes voters: 2d0792b841a54dcf8e9b6ed57af04ebd, e08056a4c93a4c129274fdb4b2babb56; no voters: 62fb39572b39416a9b48b48b83abbdc4
I20260709 13:15:56.090353 12006 tablet_service.cc:1917] Received RequestConsensusVote() RPC: tablet_id: "64e71002bef14d23b950b2d380644206" candidate_uuid: "e08056a4c93a4c129274fdb4b2babb56" candidate_term: 1 candidate_status { last_received { term: 0 index: 0 } } ignore_live_leader: false dest_uuid: "2d0792b841a54dcf8e9b6ed57af04ebd"
I20260709 13:15:56.090969 12196 tablet_bootstrap.cc:492] T a7dfc23e28d546048958afba67e469f2 P e08056a4c93a4c129274fdb4b2babb56: No bootstrap required, opened a new log
I20260709 13:15:56.091523 12196 ts_tablet_manager.cc:1403] T a7dfc23e28d546048958afba67e469f2 P e08056a4c93a4c129274fdb4b2babb56: Time spent bootstrapping tablet: real 0.069s	user 0.008s	sys 0.019s
W20260709 13:15:56.091733 12119 leader_election.cc:343] T 64e71002bef14d23b950b2d380644206 P e08056a4c93a4c129274fdb4b2babb56 [CANDIDATE]: Term 1 election: Tablet error from VoteRequest() call to peer 2d0792b841a54dcf8e9b6ed57af04ebd (127.11.25.129:33395): Illegal state: must be running to vote when last-logged opid is not known
W20260709 13:15:56.091799 11973 leader_election.cc:343] T d19c5ca83499491e8ede82855ef01a6e P 2d0792b841a54dcf8e9b6ed57af04ebd [CANDIDATE]: Term 1 pre-election: Tablet error from VoteRequest() call to peer e08056a4c93a4c129274fdb4b2babb56 (127.11.25.131:41301): Illegal state: must be running to vote when last-logged opid is not known
I20260709 13:15:56.087831 12155 raft_consensus.cc:2468] T a05cc999a2a94640b0d52b5da8c0f890 P e08056a4c93a4c129274fdb4b2babb56 [term 1 FOLLOWER]: Leader election vote request: Granting yes vote for candidate 2d0792b841a54dcf8e9b6ed57af04ebd in term 1.
I20260709 13:15:56.092267 12201 raft_consensus.cc:359] T 11cdb71b7cf44030a5eb280a9cfbce07 P 2d0792b841a54dcf8e9b6ed57af04ebd [term 0 FOLLOWER]: Replica starting. Triggering 0 pending ops. Active config: opid_index: -1 OBSOLETE_local: false peers { permanent_uuid: "2d0792b841a54dcf8e9b6ed57af04ebd" member_type: VOTER last_known_addr { host: "127.11.25.129" port: 33395 } } peers { permanent_uuid: "62fb39572b39416a9b48b48b83abbdc4" member_type: VOTER last_known_addr { host: "127.11.25.130" port: 44115 } } peers { permanent_uuid: "e08056a4c93a4c129274fdb4b2babb56" member_type: VOTER last_known_addr { host: "127.11.25.131" port: 41301 } }
I20260709 13:15:56.095320 12201 raft_consensus.cc:385] T 11cdb71b7cf44030a5eb280a9cfbce07 P 2d0792b841a54dcf8e9b6ed57af04ebd [term 0 FOLLOWER]: Consensus starting up: Expiring failure detector timer to make a prompt election more likely
I20260709 13:15:56.095646 12201 raft_consensus.cc:740] T 11cdb71b7cf44030a5eb280a9cfbce07 P 2d0792b841a54dcf8e9b6ed57af04ebd [term 0 FOLLOWER]: Becoming Follower/Learner. State: Replica: 2d0792b841a54dcf8e9b6ed57af04ebd, State: Initialized, Role: FOLLOWER
I20260709 13:15:56.096199 12200 tablet_bootstrap.cc:492] T 9198854ad8f44b808fdee56f4150184d P 62fb39572b39416a9b48b48b83abbdc4: No bootstrap required, opened a new log
I20260709 13:15:56.093060 12239 raft_consensus.cc:2804] T f5bac806b28147f2ae10779093a2c5d9 P 2d0792b841a54dcf8e9b6ed57af04ebd [term 1 FOLLOWER]: Leader election won for term 1
I20260709 13:15:56.096683 12200 ts_tablet_manager.cc:1403] T 9198854ad8f44b808fdee56f4150184d P 62fb39572b39416a9b48b48b83abbdc4: Time spent bootstrapping tablet: real 0.038s	user 0.011s	sys 0.001s
I20260709 13:15:56.096755 12239 raft_consensus.cc:697] T f5bac806b28147f2ae10779093a2c5d9 P 2d0792b841a54dcf8e9b6ed57af04ebd [term 1 LEADER]: Becoming Leader. State: Replica: 2d0792b841a54dcf8e9b6ed57af04ebd, State: Running, Role: LEADER
I20260709 13:15:56.096400 12242 raft_consensus.cc:515] T d19c5ca83499491e8ede82855ef01a6e P 2d0792b841a54dcf8e9b6ed57af04ebd [term 1 FOLLOWER]: Starting leader election with config: opid_index: -1 OBSOLETE_local: false peers { permanent_uuid: "2d0792b841a54dcf8e9b6ed57af04ebd" member_type: VOTER last_known_addr { host: "127.11.25.129" port: 33395 } } peers { permanent_uuid: "62fb39572b39416a9b48b48b83abbdc4" member_type: VOTER last_known_addr { host: "127.11.25.130" port: 44115 } } peers { permanent_uuid: "e08056a4c93a4c129274fdb4b2babb56" member_type: VOTER last_known_addr { host: "127.11.25.131" port: 41301 } }
I20260709 13:15:56.097680 12239 consensus_queue.cc:237] T f5bac806b28147f2ae10779093a2c5d9 P 2d0792b841a54dcf8e9b6ed57af04ebd [LEADER]: Queue going to LEADER mode. State: All replicated index: 0, Majority replicated index: 0, Committed index: 0, Last appended: 0.0, Last appended by leader: 0, Current term: 1, Majority size: 2, State: 0, Mode: LEADER, active raft config: opid_index: -1 OBSOLETE_local: false peers { permanent_uuid: "2d0792b841a54dcf8e9b6ed57af04ebd" member_type: VOTER last_known_addr { host: "127.11.25.129" port: 33395 } } peers { permanent_uuid: "62fb39572b39416a9b48b48b83abbdc4" member_type: VOTER last_known_addr { host: "127.11.25.130" port: 44115 } } peers { permanent_uuid: "e08056a4c93a4c129274fdb4b2babb56" member_type: VOTER last_known_addr { host: "127.11.25.131" port: 41301 } }
I20260709 13:15:56.099426 12082 tablet_service.cc:1917] Received RequestConsensusVote() RPC: tablet_id: "d19c5ca83499491e8ede82855ef01a6e" candidate_uuid: "2d0792b841a54dcf8e9b6ed57af04ebd" candidate_term: 1 candidate_status { last_received { term: 0 index: 0 } } ignore_live_leader: false dest_uuid: "62fb39572b39416a9b48b48b83abbdc4"
I20260709 13:15:56.099462 12200 raft_consensus.cc:359] T 9198854ad8f44b808fdee56f4150184d P 62fb39572b39416a9b48b48b83abbdc4 [term 0 FOLLOWER]: Replica starting. Triggering 0 pending ops. Active config: opid_index: -1 OBSOLETE_local: false peers { permanent_uuid: "2d0792b841a54dcf8e9b6ed57af04ebd" member_type: VOTER last_known_addr { host: "127.11.25.129" port: 33395 } } peers { permanent_uuid: "62fb39572b39416a9b48b48b83abbdc4" member_type: VOTER last_known_addr { host: "127.11.25.130" port: 44115 } } peers { permanent_uuid: "e08056a4c93a4c129274fdb4b2babb56" member_type: VOTER last_known_addr { host: "127.11.25.131" port: 41301 } }
I20260709 13:15:56.100126 12082 raft_consensus.cc:3060] T d19c5ca83499491e8ede82855ef01a6e P 62fb39572b39416a9b48b48b83abbdc4 [term 0 FOLLOWER]: Advancing to term 1
I20260709 13:15:56.100265 12200 raft_consensus.cc:385] T 9198854ad8f44b808fdee56f4150184d P 62fb39572b39416a9b48b48b83abbdc4 [term 0 FOLLOWER]: Consensus starting up: Expiring failure detector timer to make a prompt election more likely
I20260709 13:15:56.100591 12200 raft_consensus.cc:740] T 9198854ad8f44b808fdee56f4150184d P 62fb39572b39416a9b48b48b83abbdc4 [term 0 FOLLOWER]: Becoming Follower/Learner. State: Replica: 62fb39572b39416a9b48b48b83abbdc4, State: Initialized, Role: FOLLOWER
I20260709 13:15:56.096385 12201 consensus_queue.cc:260] T 11cdb71b7cf44030a5eb280a9cfbce07 P 2d0792b841a54dcf8e9b6ed57af04ebd [NON_LEADER]: Queue going to NON_LEADER mode. State: All replicated index: 0, Majority replicated index: 0, Committed index: 0, Last appended: 0.0, Last appended by leader: 0, Current term: 0, Majority size: -1, State: 0, Mode: NON_LEADER, active raft config: opid_index: -1 OBSOLETE_local: false peers { permanent_uuid: "2d0792b841a54dcf8e9b6ed57af04ebd" member_type: VOTER last_known_addr { host: "127.11.25.129" port: 33395 } } peers { permanent_uuid: "62fb39572b39416a9b48b48b83abbdc4" member_type: VOTER last_known_addr { host: "127.11.25.130" port: 44115 } } peers { permanent_uuid: "e08056a4c93a4c129274fdb4b2babb56" member_type: VOTER last_known_addr { host: "127.11.25.131" port: 41301 } }
I20260709 13:15:56.101320 12200 consensus_queue.cc:260] T 9198854ad8f44b808fdee56f4150184d P 62fb39572b39416a9b48b48b83abbdc4 [NON_LEADER]: Queue going to NON_LEADER mode. State: All replicated index: 0, Majority replicated index: 0, Committed index: 0, Last appended: 0.0, Last appended by leader: 0, Current term: 0, Majority size: -1, State: 0, Mode: NON_LEADER, active raft config: opid_index: -1 OBSOLETE_local: false peers { permanent_uuid: "2d0792b841a54dcf8e9b6ed57af04ebd" member_type: VOTER last_known_addr { host: "127.11.25.129" port: 33395 } } peers { permanent_uuid: "62fb39572b39416a9b48b48b83abbdc4" member_type: VOTER last_known_addr { host: "127.11.25.130" port: 44115 } } peers { permanent_uuid: "e08056a4c93a4c129274fdb4b2babb56" member_type: VOTER last_known_addr { host: "127.11.25.131" port: 41301 } }
I20260709 13:15:56.090657 12206 raft_consensus.cc:515] T a7dfc23e28d546048958afba67e469f2 P 62fb39572b39416a9b48b48b83abbdc4 [term 1 FOLLOWER]: Starting leader election with config: opid_index: -1 OBSOLETE_local: false peers { permanent_uuid: "2d0792b841a54dcf8e9b6ed57af04ebd" member_type: VOTER last_known_addr { host: "127.11.25.129" port: 33395 } } peers { permanent_uuid: "62fb39572b39416a9b48b48b83abbdc4" member_type: VOTER last_known_addr { host: "127.11.25.130" port: 44115 } } peers { permanent_uuid: "e08056a4c93a4c129274fdb4b2babb56" member_type: VOTER last_known_addr { host: "127.11.25.131" port: 41301 } }
I20260709 13:15:56.094300 12226 leader_election.cc:290] T 64e71002bef14d23b950b2d380644206 P e08056a4c93a4c129274fdb4b2babb56 [CANDIDATE]: Term 1 election: Requested vote from peers 2d0792b841a54dcf8e9b6ed57af04ebd (127.11.25.129:33395), 62fb39572b39416a9b48b48b83abbdc4 (127.11.25.130:44115)
I20260709 13:15:56.094556 12081 tablet_service.cc:1917] Received RequestConsensusVote() RPC: tablet_id: "64e71002bef14d23b950b2d380644206" candidate_uuid: "e08056a4c93a4c129274fdb4b2babb56" candidate_term: 1 candidate_status { last_received { term: 0 index: 0 } } ignore_live_leader: false dest_uuid: "62fb39572b39416a9b48b48b83abbdc4"
I20260709 13:15:56.107120 12081 raft_consensus.cc:3060] T 64e71002bef14d23b950b2d380644206 P 62fb39572b39416a9b48b48b83abbdc4 [term 0 FOLLOWER]: Advancing to term 1
I20260709 13:15:56.108398 12206 leader_election.cc:290] T a7dfc23e28d546048958afba67e469f2 P 62fb39572b39416a9b48b48b83abbdc4 [CANDIDATE]: Term 1 election: Requested vote from peers 2d0792b841a54dcf8e9b6ed57af04ebd (127.11.25.129:33395), e08056a4c93a4c129274fdb4b2babb56 (127.11.25.131:41301)
I20260709 13:15:56.108983 12006 tablet_service.cc:1917] Received RequestConsensusVote() RPC: tablet_id: "a7dfc23e28d546048958afba67e469f2" candidate_uuid: "62fb39572b39416a9b48b48b83abbdc4" candidate_term: 1 candidate_status { last_received { term: 0 index: 0 } } ignore_live_leader: false dest_uuid: "2d0792b841a54dcf8e9b6ed57af04ebd"
I20260709 13:15:56.109549 12006 raft_consensus.cc:3060] T a7dfc23e28d546048958afba67e469f2 P 2d0792b841a54dcf8e9b6ed57af04ebd [term 0 FOLLOWER]: Advancing to term 1
I20260709 13:15:56.111379 12156 tablet_service.cc:1917] Received RequestConsensusVote() RPC: tablet_id: "a7dfc23e28d546048958afba67e469f2" candidate_uuid: "62fb39572b39416a9b48b48b83abbdc4" candidate_term: 1 candidate_status { last_received { term: 0 index: 0 } } ignore_live_leader: false dest_uuid: "e08056a4c93a4c129274fdb4b2babb56"
I20260709 13:15:56.111805 12082 raft_consensus.cc:2468] T d19c5ca83499491e8ede82855ef01a6e P 62fb39572b39416a9b48b48b83abbdc4 [term 1 FOLLOWER]: Leader election vote request: Granting yes vote for candidate 2d0792b841a54dcf8e9b6ed57af04ebd in term 1.
I20260709 13:15:56.093983 12196 raft_consensus.cc:359] T a7dfc23e28d546048958afba67e469f2 P e08056a4c93a4c129274fdb4b2babb56 [term 0 FOLLOWER]: Replica starting. Triggering 0 pending ops. Active config: opid_index: -1 OBSOLETE_local: false peers { permanent_uuid: "2d0792b841a54dcf8e9b6ed57af04ebd" member_type: VOTER last_known_addr { host: "127.11.25.129" port: 33395 } } peers { permanent_uuid: "62fb39572b39416a9b48b48b83abbdc4" member_type: VOTER last_known_addr { host: "127.11.25.130" port: 44115 } } peers { permanent_uuid: "e08056a4c93a4c129274fdb4b2babb56" member_type: VOTER last_known_addr { host: "127.11.25.131" port: 41301 } }
I20260709 13:15:56.103571 12200 ts_tablet_manager.cc:1434] T 9198854ad8f44b808fdee56f4150184d P 62fb39572b39416a9b48b48b83abbdc4: Time spent starting tablet: real 0.006s	user 0.005s	sys 0.001s
I20260709 13:15:56.103981 12242 leader_election.cc:290] T d19c5ca83499491e8ede82855ef01a6e P 2d0792b841a54dcf8e9b6ed57af04ebd [CANDIDATE]: Term 1 election: Requested vote from peers 62fb39572b39416a9b48b48b83abbdc4 (127.11.25.130:44115), e08056a4c93a4c129274fdb4b2babb56 (127.11.25.131:41301)
I20260709 13:15:56.105070 12201 ts_tablet_manager.cc:1434] T 11cdb71b7cf44030a5eb280a9cfbce07 P 2d0792b841a54dcf8e9b6ed57af04ebd: Time spent starting tablet: real 0.025s	user 0.005s	sys 0.002s
I20260709 13:15:56.105265 12155 tablet_service.cc:1917] Received RequestConsensusVote() RPC: tablet_id: "d19c5ca83499491e8ede82855ef01a6e" candidate_uuid: "2d0792b841a54dcf8e9b6ed57af04ebd" candidate_term: 1 candidate_status { last_received { term: 0 index: 0 } } ignore_live_leader: false dest_uuid: "e08056a4c93a4c129274fdb4b2babb56"
I20260709 13:15:56.112833 11902 catalog_manager.cc:5697] T a05cc999a2a94640b0d52b5da8c0f890 P 2d0792b841a54dcf8e9b6ed57af04ebd reported cstate change: term changed from 0 to 1, leader changed from <none> to 2d0792b841a54dcf8e9b6ed57af04ebd (127.11.25.129). New cstate: current_term: 1 leader_uuid: "2d0792b841a54dcf8e9b6ed57af04ebd" committed_config { opid_index: -1 OBSOLETE_local: false peers { permanent_uuid: "2d0792b841a54dcf8e9b6ed57af04ebd" member_type: VOTER last_known_addr { host: "127.11.25.129" port: 33395 } health_report { overall_health: HEALTHY } } peers { permanent_uuid: "62fb39572b39416a9b48b48b83abbdc4" member_type: VOTER last_known_addr { host: "127.11.25.130" port: 44115 } health_report { overall_health: UNKNOWN } } peers { permanent_uuid: "e08056a4c93a4c129274fdb4b2babb56" member_type: VOTER last_known_addr { host: "127.11.25.131" port: 41301 } health_report { overall_health: UNKNOWN } } }
I20260709 13:15:56.114632 12200 tablet_bootstrap.cc:492] T f5bac806b28147f2ae10779093a2c5d9 P 62fb39572b39416a9b48b48b83abbdc4: Bootstrap starting.
I20260709 13:15:56.113850 12196 raft_consensus.cc:385] T a7dfc23e28d546048958afba67e469f2 P e08056a4c93a4c129274fdb4b2babb56 [term 0 FOLLOWER]: Consensus starting up: Expiring failure detector timer to make a prompt election more likely
I20260709 13:15:56.117515 12196 raft_consensus.cc:740] T a7dfc23e28d546048958afba67e469f2 P e08056a4c93a4c129274fdb4b2babb56 [term 0 FOLLOWER]: Becoming Follower/Learner. State: Replica: e08056a4c93a4c129274fdb4b2babb56, State: Initialized, Role: FOLLOWER
W20260709 13:15:56.115136 11973 leader_election.cc:343] T d19c5ca83499491e8ede82855ef01a6e P 2d0792b841a54dcf8e9b6ed57af04ebd [CANDIDATE]: Term 1 election: Tablet error from VoteRequest() call to peer e08056a4c93a4c129274fdb4b2babb56 (127.11.25.131:41301): Illegal state: must be running to vote when last-logged opid is not known
I20260709 13:15:56.122123 11973 leader_election.cc:304] T d19c5ca83499491e8ede82855ef01a6e P 2d0792b841a54dcf8e9b6ed57af04ebd [CANDIDATE]: Term 1 election: Election decided. Result: candidate won. Election summary: received 3 responses out of 3 voters: 2 yes votes; 1 no votes. yes voters: 2d0792b841a54dcf8e9b6ed57af04ebd, 62fb39572b39416a9b48b48b83abbdc4; no voters: e08056a4c93a4c129274fdb4b2babb56
I20260709 13:15:56.123615 12242 raft_consensus.cc:2804] T d19c5ca83499491e8ede82855ef01a6e P 2d0792b841a54dcf8e9b6ed57af04ebd [term 1 FOLLOWER]: Leader election won for term 1
I20260709 13:15:56.123795 12200 tablet_bootstrap.cc:654] T f5bac806b28147f2ae10779093a2c5d9 P 62fb39572b39416a9b48b48b83abbdc4: Neither blocks nor log segments found. Creating new log.
I20260709 13:15:56.115391 12201 tablet_bootstrap.cc:492] T 64e71002bef14d23b950b2d380644206 P 2d0792b841a54dcf8e9b6ed57af04ebd: Bootstrap starting.
I20260709 13:15:56.125020 12196 consensus_queue.cc:260] T a7dfc23e28d546048958afba67e469f2 P e08056a4c93a4c129274fdb4b2babb56 [NON_LEADER]: Queue going to NON_LEADER mode. State: All replicated index: 0, Majority replicated index: 0, Committed index: 0, Last appended: 0.0, Last appended by leader: 0, Current term: 0, Majority size: -1, State: 0, Mode: NON_LEADER, active raft config: opid_index: -1 OBSOLETE_local: false peers { permanent_uuid: "2d0792b841a54dcf8e9b6ed57af04ebd" member_type: VOTER last_known_addr { host: "127.11.25.129" port: 33395 } } peers { permanent_uuid: "62fb39572b39416a9b48b48b83abbdc4" member_type: VOTER last_known_addr { host: "127.11.25.130" port: 44115 } } peers { permanent_uuid: "e08056a4c93a4c129274fdb4b2babb56" member_type: VOTER last_known_addr { host: "127.11.25.131" port: 41301 } }
I20260709 13:15:56.126114 12156 raft_consensus.cc:3060] T a7dfc23e28d546048958afba67e469f2 P e08056a4c93a4c129274fdb4b2babb56 [term 0 FOLLOWER]: Advancing to term 1
I20260709 13:15:56.126276 12242 raft_consensus.cc:697] T d19c5ca83499491e8ede82855ef01a6e P 2d0792b841a54dcf8e9b6ed57af04ebd [term 1 LEADER]: Becoming Leader. State: Replica: 2d0792b841a54dcf8e9b6ed57af04ebd, State: Running, Role: LEADER
I20260709 13:15:56.126960 12006 raft_consensus.cc:2468] T a7dfc23e28d546048958afba67e469f2 P 2d0792b841a54dcf8e9b6ed57af04ebd [term 1 FOLLOWER]: Leader election vote request: Granting yes vote for candidate 62fb39572b39416a9b48b48b83abbdc4 in term 1.
I20260709 13:15:56.128940 12242 consensus_queue.cc:237] T d19c5ca83499491e8ede82855ef01a6e P 2d0792b841a54dcf8e9b6ed57af04ebd [LEADER]: Queue going to LEADER mode. State: All replicated index: 0, Majority replicated index: 0, Committed index: 0, Last appended: 0.0, Last appended by leader: 0, Current term: 1, Majority size: 2, State: 0, Mode: LEADER, active raft config: opid_index: -1 OBSOLETE_local: false peers { permanent_uuid: "2d0792b841a54dcf8e9b6ed57af04ebd" member_type: VOTER last_known_addr { host: "127.11.25.129" port: 33395 } } peers { permanent_uuid: "62fb39572b39416a9b48b48b83abbdc4" member_type: VOTER last_known_addr { host: "127.11.25.130" port: 44115 } } peers { permanent_uuid: "e08056a4c93a4c129274fdb4b2babb56" member_type: VOTER last_known_addr { host: "127.11.25.131" port: 41301 } }
I20260709 13:15:56.132495 12045 leader_election.cc:304] T a7dfc23e28d546048958afba67e469f2 P 62fb39572b39416a9b48b48b83abbdc4 [CANDIDATE]: Term 1 election: Election decided. Result: candidate won. Election summary: received 2 responses out of 3 voters: 2 yes votes; 0 no votes. yes voters: 2d0792b841a54dcf8e9b6ed57af04ebd, 62fb39572b39416a9b48b48b83abbdc4; no voters: 
I20260709 13:15:56.133270 12206 raft_consensus.cc:2804] T a7dfc23e28d546048958afba67e469f2 P 62fb39572b39416a9b48b48b83abbdc4 [term 1 FOLLOWER]: Leader election won for term 1
I20260709 13:15:56.133370 12081 raft_consensus.cc:2468] T 64e71002bef14d23b950b2d380644206 P 62fb39572b39416a9b48b48b83abbdc4 [term 1 FOLLOWER]: Leader election vote request: Granting yes vote for candidate e08056a4c93a4c129274fdb4b2babb56 in term 1.
I20260709 13:15:56.133785 12206 raft_consensus.cc:697] T a7dfc23e28d546048958afba67e469f2 P 62fb39572b39416a9b48b48b83abbdc4 [term 1 LEADER]: Becoming Leader. State: Replica: 62fb39572b39416a9b48b48b83abbdc4, State: Running, Role: LEADER
I20260709 13:15:56.134534 12122 leader_election.cc:304] T 64e71002bef14d23b950b2d380644206 P e08056a4c93a4c129274fdb4b2babb56 [CANDIDATE]: Term 1 election: Election decided. Result: candidate won. Election summary: received 3 responses out of 3 voters: 2 yes votes; 1 no votes. yes voters: 62fb39572b39416a9b48b48b83abbdc4, e08056a4c93a4c129274fdb4b2babb56; no voters: 2d0792b841a54dcf8e9b6ed57af04ebd
I20260709 13:15:56.134634 12206 consensus_queue.cc:237] T a7dfc23e28d546048958afba67e469f2 P 62fb39572b39416a9b48b48b83abbdc4 [LEADER]: Queue going to LEADER mode. State: All replicated index: 0, Majority replicated index: 0, Committed index: 0, Last appended: 0.0, Last appended by leader: 0, Current term: 1, Majority size: 2, State: 0, Mode: LEADER, active raft config: opid_index: -1 OBSOLETE_local: false peers { permanent_uuid: "2d0792b841a54dcf8e9b6ed57af04ebd" member_type: VOTER last_known_addr { host: "127.11.25.129" port: 33395 } } peers { permanent_uuid: "62fb39572b39416a9b48b48b83abbdc4" member_type: VOTER last_known_addr { host: "127.11.25.130" port: 44115 } } peers { permanent_uuid: "e08056a4c93a4c129274fdb4b2babb56" member_type: VOTER last_known_addr { host: "127.11.25.131" port: 41301 } }
I20260709 13:15:56.135130 12156 raft_consensus.cc:2468] T a7dfc23e28d546048958afba67e469f2 P e08056a4c93a4c129274fdb4b2babb56 [term 1 FOLLOWER]: Leader election vote request: Granting yes vote for candidate 62fb39572b39416a9b48b48b83abbdc4 in term 1.
I20260709 13:15:56.135744 12201 tablet_bootstrap.cc:654] T 64e71002bef14d23b950b2d380644206 P 2d0792b841a54dcf8e9b6ed57af04ebd: Neither blocks nor log segments found. Creating new log.
I20260709 13:15:56.136104 12224 raft_consensus.cc:2804] T 64e71002bef14d23b950b2d380644206 P e08056a4c93a4c129274fdb4b2babb56 [term 1 FOLLOWER]: Leader election won for term 1
I20260709 13:15:56.136585 12224 raft_consensus.cc:697] T 64e71002bef14d23b950b2d380644206 P e08056a4c93a4c129274fdb4b2babb56 [term 1 LEADER]: Becoming Leader. State: Replica: e08056a4c93a4c129274fdb4b2babb56, State: Running, Role: LEADER
