I20260709 13:15:49.975507 10993 raft_consensus.cc:515] T 29825f8a3b3b435c9d0ee12a8fd6d2a1 P 5823e4a1c4724cb9b084a78836a0f5d1 [term 2 FOLLOWER]: Starting forced leader election with config: opid_index: -1 OBSOLETE_local: false peers { permanent_uuid: "5823e4a1c4724cb9b084a78836a0f5d1" member_type: VOTER last_known_addr { host: "127.10.154.193" port: 40019 } } peers { permanent_uuid: "3feefc6acaab422296f450a3c484c2e3" member_type: VOTER last_known_addr { host: "127.10.154.194" port: 42011 } } peers { permanent_uuid: "3f40bc6af96444e38d762b549446dabf" member_type: VOTER last_known_addr { host: "127.10.154.195" port: 46725 } }
I20260709 13:15:49.977552 11143 raft_consensus.cc:515] T 4237fed40d9a459d9b79450897c3a5bb P 3f40bc6af96444e38d762b549446dabf [term 5 FOLLOWER]: Starting forced leader election with config: opid_index: -1 OBSOLETE_local: false peers { permanent_uuid: "5823e4a1c4724cb9b084a78836a0f5d1" member_type: VOTER last_known_addr { host: "127.10.154.193" port: 40019 } } peers { permanent_uuid: "3feefc6acaab422296f450a3c484c2e3" member_type: VOTER last_known_addr { host: "127.10.154.194" port: 42011 } } peers { permanent_uuid: "3f40bc6af96444e38d762b549446dabf" member_type: VOTER last_known_addr { host: "127.10.154.195" port: 46725 } }
I20260709 13:15:49.978685 11069 tablet_service.cc:1917] Received RequestConsensusVote() RPC: tablet_id: "29825f8a3b3b435c9d0ee12a8fd6d2a1" candidate_uuid: "5823e4a1c4724cb9b084a78836a0f5d1" candidate_term: 2 candidate_status { last_received { term: 1 index: 1 } } ignore_live_leader: true dest_uuid: "3feefc6acaab422296f450a3c484c2e3"
I20260709 13:15:49.979266 10993 leader_election.cc:290] T 29825f8a3b3b435c9d0ee12a8fd6d2a1 P 5823e4a1c4724cb9b084a78836a0f5d1 [CANDIDATE]: Term 2 election: Requested vote from peers 3feefc6acaab422296f450a3c484c2e3 (127.10.154.194:42011), 3f40bc6af96444e38d762b549446dabf (127.10.154.195:46725)
I20260709 13:15:49.979471 11069 raft_consensus.cc:3055] T 29825f8a3b3b435c9d0ee12a8fd6d2a1 P 3feefc6acaab422296f450a3c484c2e3 [term 1 LEADER]: Stepping down as leader of term 1
I20260709 13:15:49.979555 11142 tablet_service.cc:1917] Received RequestConsensusVote() RPC: tablet_id: "29825f8a3b3b435c9d0ee12a8fd6d2a1" candidate_uuid: "5823e4a1c4724cb9b084a78836a0f5d1" candidate_term: 2 candidate_status { last_received { term: 1 index: 1 } } ignore_live_leader: true dest_uuid: "3f40bc6af96444e38d762b549446dabf"
I20260709 13:15:49.980495 10992 tablet_service.cc:1917] Received RequestConsensusVote() RPC: tablet_id: "4237fed40d9a459d9b79450897c3a5bb" candidate_uuid: "3f40bc6af96444e38d762b549446dabf" candidate_term: 5 candidate_status { last_received { term: 4 index: 4 } } ignore_live_leader: true dest_uuid: "5823e4a1c4724cb9b084a78836a0f5d1"
I20260709 13:15:49.980852 11315 raft_consensus.cc:993] T e9d44a4b5a6d4d15bb8729e34505615d P 3feefc6acaab422296f450a3c484c2e3: : Instructing follower 3f40bc6af96444e38d762b549446dabf to start an election
I20260709 13:15:49.981003 11142 raft_consensus.cc:3060] T 29825f8a3b3b435c9d0ee12a8fd6d2a1 P 3f40bc6af96444e38d762b549446dabf [term 1 FOLLOWER]: Advancing to term 2
I20260709 13:15:49.981068 10992 raft_consensus.cc:3060] T 4237fed40d9a459d9b79450897c3a5bb P 5823e4a1c4724cb9b084a78836a0f5d1 [term 4 FOLLOWER]: Advancing to term 5
I20260709 13:15:49.981292 11068 tablet_service.cc:1917] Received RequestConsensusVote() RPC: tablet_id: "4237fed40d9a459d9b79450897c3a5bb" candidate_uuid: "3f40bc6af96444e38d762b549446dabf" candidate_term: 5 candidate_status { last_received { term: 4 index: 4 } } ignore_live_leader: true dest_uuid: "3feefc6acaab422296f450a3c484c2e3"
I20260709 13:15:49.982089 11068 raft_consensus.cc:3055] T 4237fed40d9a459d9b79450897c3a5bb P 3feefc6acaab422296f450a3c484c2e3 [term 4 LEADER]: Stepping down as leader of term 4
I20260709 13:15:49.982445 11325 raft_consensus.cc:1081] T e9d44a4b5a6d4d15bb8729e34505615d P 3feefc6acaab422296f450a3c484c2e3 [term 3 LEADER]: Signalling peer 3f40bc6af96444e38d762b549446dabf to start an election
I20260709 13:15:49.982401 11068 raft_consensus.cc:740] T 4237fed40d9a459d9b79450897c3a5bb P 3feefc6acaab422296f450a3c484c2e3 [term 4 LEADER]: Becoming Follower/Learner. State: Replica: 3feefc6acaab422296f450a3c484c2e3, State: Running, Role: LEADER
I20260709 13:15:49.983343 11068 consensus_queue.cc:260] T 4237fed40d9a459d9b79450897c3a5bb P 3feefc6acaab422296f450a3c484c2e3 [NON_LEADER]: Queue going to NON_LEADER mode. State: All replicated index: 0, Majority replicated index: 4, Committed index: 4, Last appended: 4.4, Last appended by leader: 4, Current term: 4, Majority size: -1, State: 0, Mode: NON_LEADER, active raft config: opid_index: -1 OBSOLETE_local: false peers { permanent_uuid: "5823e4a1c4724cb9b084a78836a0f5d1" member_type: VOTER last_known_addr { host: "127.10.154.193" port: 40019 } } peers { permanent_uuid: "3feefc6acaab422296f450a3c484c2e3" member_type: VOTER last_known_addr { host: "127.10.154.194" port: 42011 } } peers { permanent_uuid: "3f40bc6af96444e38d762b549446dabf" member_type: VOTER last_known_addr { host: "127.10.154.195" port: 46725 } }
I20260709 13:15:49.984299 11141 tablet_service.cc:2044] Received Run Leader Election RPC: tablet_id: "e9d44a4b5a6d4d15bb8729e34505615d"
dest_uuid: "3f40bc6af96444e38d762b549446dabf"
 from {username='slave'} at 127.0.0.1:50086
I20260709 13:15:49.984717 11068 raft_consensus.cc:3060] T 4237fed40d9a459d9b79450897c3a5bb P 3feefc6acaab422296f450a3c484c2e3 [term 4 FOLLOWER]: Advancing to term 5
I20260709 13:15:49.984829 11141 raft_consensus.cc:493] T e9d44a4b5a6d4d15bb8729e34505615d P 3f40bc6af96444e38d762b549446dabf [term 3 FOLLOWER]: Starting forced leader election (received explicit request)
I20260709 13:15:49.985201 11141 raft_consensus.cc:3060] T e9d44a4b5a6d4d15bb8729e34505615d P 3f40bc6af96444e38d762b549446dabf [term 3 FOLLOWER]: Advancing to term 4
I20260709 13:15:49.985782 11069 raft_consensus.cc:740] T 29825f8a3b3b435c9d0ee12a8fd6d2a1 P 3feefc6acaab422296f450a3c484c2e3 [term 1 LEADER]: Becoming Follower/Learner. State: Replica: 3feefc6acaab422296f450a3c484c2e3, State: Running, Role: LEADER
I20260709 13:15:49.986616 11069 consensus_queue.cc:260] T 29825f8a3b3b435c9d0ee12a8fd6d2a1 P 3feefc6acaab422296f450a3c484c2e3 [NON_LEADER]: Queue going to NON_LEADER mode. State: All replicated index: 0, Majority replicated index: 1, Committed index: 1, Last appended: 1.1, Last appended by leader: 1, Current term: 1, Majority size: -1, State: 0, Mode: NON_LEADER, active raft config: opid_index: -1 OBSOLETE_local: false peers { permanent_uuid: "5823e4a1c4724cb9b084a78836a0f5d1" member_type: VOTER last_known_addr { host: "127.10.154.193" port: 40019 } } peers { permanent_uuid: "3feefc6acaab422296f450a3c484c2e3" member_type: VOTER last_known_addr { host: "127.10.154.194" port: 42011 } } peers { permanent_uuid: "3f40bc6af96444e38d762b549446dabf" member_type: VOTER last_known_addr { host: "127.10.154.195" port: 46725 } }
I20260709 13:15:49.987358 11143 leader_election.cc:290] T 4237fed40d9a459d9b79450897c3a5bb P 3f40bc6af96444e38d762b549446dabf [CANDIDATE]: Term 5 election: Requested vote from peers 5823e4a1c4724cb9b084a78836a0f5d1 (127.10.154.193:40019), 3feefc6acaab422296f450a3c484c2e3 (127.10.154.194:42011)
I20260709 13:15:49.987640 10992 raft_consensus.cc:2468] T 4237fed40d9a459d9b79450897c3a5bb P 5823e4a1c4724cb9b084a78836a0f5d1 [term 5 FOLLOWER]: Leader election vote request: Granting yes vote for candidate 3f40bc6af96444e38d762b549446dabf in term 5.
I20260709 13:15:49.989554 11069 raft_consensus.cc:3060] T 29825f8a3b3b435c9d0ee12a8fd6d2a1 P 3feefc6acaab422296f450a3c484c2e3 [term 1 FOLLOWER]: Advancing to term 2
I20260709 13:15:49.990729 11109 leader_election.cc:304] T 4237fed40d9a459d9b79450897c3a5bb P 3f40bc6af96444e38d762b549446dabf [CANDIDATE]: Term 5 election: Election decided. Result: candidate won. Election summary: received 2 responses out of 3 voters: 2 yes votes; 0 no votes. yes voters: 3f40bc6af96444e38d762b549446dabf, 5823e4a1c4724cb9b084a78836a0f5d1; no voters: 
I20260709 13:15:49.991678 11302 raft_consensus.cc:2804] T 4237fed40d9a459d9b79450897c3a5bb P 3f40bc6af96444e38d762b549446dabf [term 5 FOLLOWER]: Leader election won for term 5
I20260709 13:15:49.993567 11068 raft_consensus.cc:2468] T 4237fed40d9a459d9b79450897c3a5bb P 3feefc6acaab422296f450a3c484c2e3 [term 5 FOLLOWER]: Leader election vote request: Granting yes vote for candidate 3f40bc6af96444e38d762b549446dabf in term 5.
I20260709 13:15:49.994269 11069 raft_consensus.cc:2468] T 29825f8a3b3b435c9d0ee12a8fd6d2a1 P 3feefc6acaab422296f450a3c484c2e3 [term 2 FOLLOWER]: Leader election vote request: Granting yes vote for candidate 5823e4a1c4724cb9b084a78836a0f5d1 in term 2.
I20260709 13:15:49.988905 11142 raft_consensus.cc:2468] T 29825f8a3b3b435c9d0ee12a8fd6d2a1 P 3f40bc6af96444e38d762b549446dabf [term 2 FOLLOWER]: Leader election vote request: Granting yes vote for candidate 5823e4a1c4724cb9b084a78836a0f5d1 in term 2.
I20260709 13:15:49.997288 11302 raft_consensus.cc:697] T 4237fed40d9a459d9b79450897c3a5bb P 3f40bc6af96444e38d762b549446dabf [term 5 LEADER]: Becoming Leader. State: Replica: 3f40bc6af96444e38d762b549446dabf, State: Running, Role: LEADER
I20260709 13:15:49.994697 11141 raft_consensus.cc:515] T e9d44a4b5a6d4d15bb8729e34505615d P 3f40bc6af96444e38d762b549446dabf [term 4 FOLLOWER]: Starting forced leader election with config: opid_index: -1 OBSOLETE_local: false peers { permanent_uuid: "5823e4a1c4724cb9b084a78836a0f5d1" member_type: VOTER last_known_addr { host: "127.10.154.193" port: 40019 } } peers { permanent_uuid: "3feefc6acaab422296f450a3c484c2e3" member_type: VOTER last_known_addr { host: "127.10.154.194" port: 42011 } } peers { permanent_uuid: "3f40bc6af96444e38d762b549446dabf" member_type: VOTER last_known_addr { host: "127.10.154.195" port: 46725 } }
I20260709 13:15:49.997692 10958 leader_election.cc:304] T 29825f8a3b3b435c9d0ee12a8fd6d2a1 P 5823e4a1c4724cb9b084a78836a0f5d1 [CANDIDATE]: Term 2 election: Election decided. Result: candidate won. Election summary: received 2 responses out of 3 voters: 2 yes votes; 0 no votes. yes voters: 3feefc6acaab422296f450a3c484c2e3, 5823e4a1c4724cb9b084a78836a0f5d1; no voters: 
I20260709 13:15:49.998579 11302 consensus_queue.cc:237] T 4237fed40d9a459d9b79450897c3a5bb P 3f40bc6af96444e38d762b549446dabf [LEADER]: Queue going to LEADER mode. State: All replicated index: 0, Majority replicated index: 4, Committed index: 4, Last appended: 4.4, Last appended by leader: 4, Current term: 5, Majority size: 2, State: 0, Mode: LEADER, active raft config: opid_index: -1 OBSOLETE_local: false peers { permanent_uuid: "5823e4a1c4724cb9b084a78836a0f5d1" member_type: VOTER last_known_addr { host: "127.10.154.193" port: 40019 } } peers { permanent_uuid: "3feefc6acaab422296f450a3c484c2e3" member_type: VOTER last_known_addr { host: "127.10.154.194" port: 42011 } } peers { permanent_uuid: "3f40bc6af96444e38d762b549446dabf" member_type: VOTER last_known_addr { host: "127.10.154.195" port: 46725 } }
I20260709 13:15:49.999872 11141 leader_election.cc:290] T e9d44a4b5a6d4d15bb8729e34505615d P 3f40bc6af96444e38d762b549446dabf [CANDIDATE]: Term 4 election: Requested vote from peers 5823e4a1c4724cb9b084a78836a0f5d1 (127.10.154.193:40019), 3feefc6acaab422296f450a3c484c2e3 (127.10.154.194:42011)
I20260709 13:15:50.001293 11068 tablet_service.cc:1917] Received RequestConsensusVote() RPC: tablet_id: "e9d44a4b5a6d4d15bb8729e34505615d" candidate_uuid: "3f40bc6af96444e38d762b549446dabf" candidate_term: 4 candidate_status { last_received { term: 3 index: 3 } } ignore_live_leader: true dest_uuid: "3feefc6acaab422296f450a3c484c2e3"
I20260709 13:15:50.001856 11328 raft_consensus.cc:2804] T 29825f8a3b3b435c9d0ee12a8fd6d2a1 P 5823e4a1c4724cb9b084a78836a0f5d1 [term 2 FOLLOWER]: Leader election won for term 2
I20260709 13:15:50.002007 11068 raft_consensus.cc:3055] T e9d44a4b5a6d4d15bb8729e34505615d P 3feefc6acaab422296f450a3c484c2e3 [term 3 LEADER]: Stepping down as leader of term 3
I20260709 13:15:50.002486 10992 tablet_service.cc:1917] Received RequestConsensusVote() RPC: tablet_id: "e9d44a4b5a6d4d15bb8729e34505615d" candidate_uuid: "3f40bc6af96444e38d762b549446dabf" candidate_term: 4 candidate_status { last_received { term: 3 index: 3 } } ignore_live_leader: true dest_uuid: "5823e4a1c4724cb9b084a78836a0f5d1"
I20260709 13:15:50.002592 11068 raft_consensus.cc:740] T e9d44a4b5a6d4d15bb8729e34505615d P 3feefc6acaab422296f450a3c484c2e3 [term 3 LEADER]: Becoming Follower/Learner. State: Replica: 3feefc6acaab422296f450a3c484c2e3, State: Running, Role: LEADER
I20260709 13:15:50.003297 10992 raft_consensus.cc:3060] T e9d44a4b5a6d4d15bb8729e34505615d P 5823e4a1c4724cb9b084a78836a0f5d1 [term 3 FOLLOWER]: Advancing to term 4
I20260709 13:15:50.004096 11068 consensus_queue.cc:260] T e9d44a4b5a6d4d15bb8729e34505615d P 3feefc6acaab422296f450a3c484c2e3 [NON_LEADER]: Queue going to NON_LEADER mode. State: All replicated index: 0, Majority replicated index: 3, Committed index: 3, Last appended: 3.3, Last appended by leader: 3, Current term: 3, Majority size: -1, State: 0, Mode: NON_LEADER, active raft config: opid_index: -1 OBSOLETE_local: false peers { permanent_uuid: "5823e4a1c4724cb9b084a78836a0f5d1" member_type: VOTER last_known_addr { host: "127.10.154.193" port: 40019 } } peers { permanent_uuid: "3feefc6acaab422296f450a3c484c2e3" member_type: VOTER last_known_addr { host: "127.10.154.194" port: 42011 } } peers { permanent_uuid: "3f40bc6af96444e38d762b549446dabf" member_type: VOTER last_known_addr { host: "127.10.154.195" port: 46725 } }
I20260709 13:15:50.005848 11068 raft_consensus.cc:3060] T e9d44a4b5a6d4d15bb8729e34505615d P 3feefc6acaab422296f450a3c484c2e3 [term 3 FOLLOWER]: Advancing to term 4
I20260709 13:15:50.011941 10992 raft_consensus.cc:2468] T e9d44a4b5a6d4d15bb8729e34505615d P 5823e4a1c4724cb9b084a78836a0f5d1 [term 4 FOLLOWER]: Leader election vote request: Granting yes vote for candidate 3f40bc6af96444e38d762b549446dabf in term 4.
I20260709 13:15:50.015761 11326 raft_consensus.cc:993] T 1bf031efce6141ec8ea6a1cdc9b2e073 P 3feefc6acaab422296f450a3c484c2e3: : Instructing follower 5823e4a1c4724cb9b084a78836a0f5d1 to start an election
I20260709 13:15:50.014730 10890 catalog_manager.cc:5697] T 4237fed40d9a459d9b79450897c3a5bb P 3f40bc6af96444e38d762b549446dabf reported cstate change: term changed from 4 to 5, leader changed from 3feefc6acaab422296f450a3c484c2e3 (127.10.154.194) to 3f40bc6af96444e38d762b549446dabf (127.10.154.195). New cstate: current_term: 5 leader_uuid: "3f40bc6af96444e38d762b549446dabf" committed_config { opid_index: -1 OBSOLETE_local: false peers { permanent_uuid: "5823e4a1c4724cb9b084a78836a0f5d1" member_type: VOTER last_known_addr { host: "127.10.154.193" port: 40019 } health_report { overall_health: UNKNOWN } } peers { permanent_uuid: "3feefc6acaab422296f450a3c484c2e3" member_type: VOTER last_known_addr { host: "127.10.154.194" port: 42011 } health_report { overall_health: UNKNOWN } } peers { permanent_uuid: "3f40bc6af96444e38d762b549446dabf" member_type: VOTER last_known_addr { host: "127.10.154.195" port: 46725 } health_report { overall_health: HEALTHY } } }
I20260709 13:15:50.016567 11109 leader_election.cc:304] T e9d44a4b5a6d4d15bb8729e34505615d P 3f40bc6af96444e38d762b549446dabf [CANDIDATE]: Term 4 election: Election decided. Result: candidate won. Election summary: received 2 responses out of 3 voters: 2 yes votes; 0 no votes. yes voters: 3f40bc6af96444e38d762b549446dabf, 5823e4a1c4724cb9b084a78836a0f5d1; no voters: 
I20260709 13:15:50.017231 11328 raft_consensus.cc:697] T 29825f8a3b3b435c9d0ee12a8fd6d2a1 P 5823e4a1c4724cb9b084a78836a0f5d1 [term 2 LEADER]: Becoming Leader. State: Replica: 5823e4a1c4724cb9b084a78836a0f5d1, State: Running, Role: LEADER
I20260709 13:15:50.017802 11302 raft_consensus.cc:2804] T e9d44a4b5a6d4d15bb8729e34505615d P 3f40bc6af96444e38d762b549446dabf [term 4 FOLLOWER]: Leader election won for term 4
I20260709 13:15:50.018333 11328 consensus_queue.cc:237] T 29825f8a3b3b435c9d0ee12a8fd6d2a1 P 5823e4a1c4724cb9b084a78836a0f5d1 [LEADER]: Queue going to LEADER mode. State: All replicated index: 0, Majority replicated index: 1, Committed index: 1, Last appended: 1.1, Last appended by leader: 1, Current term: 2, Majority size: 2, State: 0, Mode: LEADER, active raft config: opid_index: -1 OBSOLETE_local: false peers { permanent_uuid: "5823e4a1c4724cb9b084a78836a0f5d1" member_type: VOTER last_known_addr { host: "127.10.154.193" port: 40019 } } peers { permanent_uuid: "3feefc6acaab422296f450a3c484c2e3" member_type: VOTER last_known_addr { host: "127.10.154.194" port: 42011 } } peers { permanent_uuid: "3f40bc6af96444e38d762b549446dabf" member_type: VOTER last_known_addr { host: "127.10.154.195" port: 46725 } }
I20260709 13:15:50.017330 11326 raft_consensus.cc:1081] T 1bf031efce6141ec8ea6a1cdc9b2e073 P 3feefc6acaab422296f450a3c484c2e3 [term 2 LEADER]: Signalling peer 5823e4a1c4724cb9b084a78836a0f5d1 to start an election
I20260709 13:15:50.019150 11302 raft_consensus.cc:697] T e9d44a4b5a6d4d15bb8729e34505615d P 3f40bc6af96444e38d762b549446dabf [term 4 LEADER]: Becoming Leader. State: Replica: 3f40bc6af96444e38d762b549446dabf, State: Running, Role: LEADER
I20260709 13:15:50.020219 11302 consensus_queue.cc:237] T e9d44a4b5a6d4d15bb8729e34505615d P 3f40bc6af96444e38d762b549446dabf [LEADER]: Queue going to LEADER mode. State: All replicated index: 0, Majority replicated index: 3, Committed index: 3, Last appended: 3.3, Last appended by leader: 3, Current term: 4, Majority size: 2, State: 0, Mode: LEADER, active raft config: opid_index: -1 OBSOLETE_local: false peers { permanent_uuid: "5823e4a1c4724cb9b084a78836a0f5d1" member_type: VOTER last_known_addr { host: "127.10.154.193" port: 40019 } } peers { permanent_uuid: "3feefc6acaab422296f450a3c484c2e3" member_type: VOTER last_known_addr { host: "127.10.154.194" port: 42011 } } peers { permanent_uuid: "3f40bc6af96444e38d762b549446dabf" member_type: VOTER last_known_addr { host: "127.10.154.195" port: 46725 } }
I20260709 13:15:50.021204 10992 tablet_service.cc:2044] Received Run Leader Election RPC: tablet_id: "1bf031efce6141ec8ea6a1cdc9b2e073"
dest_uuid: "5823e4a1c4724cb9b084a78836a0f5d1"
 from {username='slave'} at 127.0.0.1:41998
I20260709 13:15:50.021884 10992 raft_consensus.cc:493] T 1bf031efce6141ec8ea6a1cdc9b2e073 P 5823e4a1c4724cb9b084a78836a0f5d1 [term 2 FOLLOWER]: Starting forced leader election (received explicit request)
I20260709 13:15:50.022313 10992 raft_consensus.cc:3060] T 1bf031efce6141ec8ea6a1cdc9b2e073 P 5823e4a1c4724cb9b084a78836a0f5d1 [term 2 FOLLOWER]: Advancing to term 3
I20260709 13:15:50.030440 11068 raft_consensus.cc:2468] T e9d44a4b5a6d4d15bb8729e34505615d P 3feefc6acaab422296f450a3c484c2e3 [term 4 FOLLOWER]: Leader election vote request: Granting yes vote for candidate 3f40bc6af96444e38d762b549446dabf in term 4.
I20260709 13:15:50.033946 10992 raft_consensus.cc:515] T 1bf031efce6141ec8ea6a1cdc9b2e073 P 5823e4a1c4724cb9b084a78836a0f5d1 [term 3 FOLLOWER]: Starting forced leader election with config: opid_index: -1 OBSOLETE_local: false peers { permanent_uuid: "5823e4a1c4724cb9b084a78836a0f5d1" member_type: VOTER last_known_addr { host: "127.10.154.193" port: 40019 } } peers { permanent_uuid: "3feefc6acaab422296f450a3c484c2e3" member_type: VOTER last_known_addr { host: "127.10.154.194" port: 42011 } } peers { permanent_uuid: "3f40bc6af96444e38d762b549446dabf" member_type: VOTER last_known_addr { host: "127.10.154.195" port: 46725 } }
I20260709 13:15:50.036927 10891 catalog_manager.cc:5697] T 29825f8a3b3b435c9d0ee12a8fd6d2a1 P 5823e4a1c4724cb9b084a78836a0f5d1 reported cstate change: term changed from 1 to 2, leader changed from 3feefc6acaab422296f450a3c484c2e3 (127.10.154.194) to 5823e4a1c4724cb9b084a78836a0f5d1 (127.10.154.193). New cstate: current_term: 2 leader_uuid: "5823e4a1c4724cb9b084a78836a0f5d1" committed_config { opid_index: -1 OBSOLETE_local: false peers { permanent_uuid: "5823e4a1c4724cb9b084a78836a0f5d1" member_type: VOTER last_known_addr { host: "127.10.154.193" port: 40019 } health_report { overall_health: HEALTHY } } peers { permanent_uuid: "3feefc6acaab422296f450a3c484c2e3" member_type: VOTER last_known_addr { host: "127.10.154.194" port: 42011 } health_report { overall_health: UNKNOWN } } peers { permanent_uuid: "3f40bc6af96444e38d762b549446dabf" member_type: VOTER last_known_addr { host: "127.10.154.195" port: 46725 } health_report { overall_health: UNKNOWN } } }
I20260709 13:15:50.039369 10992 leader_election.cc:290] T 1bf031efce6141ec8ea6a1cdc9b2e073 P 5823e4a1c4724cb9b084a78836a0f5d1 [CANDIDATE]: Term 3 election: Requested vote from peers 3feefc6acaab422296f450a3c484c2e3 (127.10.154.194:42011), 3f40bc6af96444e38d762b549446dabf (127.10.154.195:46725)
I20260709 13:15:50.039732 11068 tablet_service.cc:1917] Received RequestConsensusVote() RPC: tablet_id: "1bf031efce6141ec8ea6a1cdc9b2e073" candidate_uuid: "5823e4a1c4724cb9b084a78836a0f5d1" candidate_term: 3 candidate_status { last_received { term: 2 index: 2 } } ignore_live_leader: true dest_uuid: "3feefc6acaab422296f450a3c484c2e3"
I20260709 13:15:50.039960 11141 tablet_service.cc:1917] Received RequestConsensusVote() RPC: tablet_id: "1bf031efce6141ec8ea6a1cdc9b2e073" candidate_uuid: "5823e4a1c4724cb9b084a78836a0f5d1" candidate_term: 3 candidate_status { last_received { term: 2 index: 2 } } ignore_live_leader: true dest_uuid: "3f40bc6af96444e38d762b549446dabf"
I20260709 13:15:50.040278 11068 raft_consensus.cc:3055] T 1bf031efce6141ec8ea6a1cdc9b2e073 P 3feefc6acaab422296f450a3c484c2e3 [term 2 LEADER]: Stepping down as leader of term 2
I20260709 13:15:50.040500 11141 raft_consensus.cc:3060] T 1bf031efce6141ec8ea6a1cdc9b2e073 P 3f40bc6af96444e38d762b549446dabf [term 2 FOLLOWER]: Advancing to term 3
I20260709 13:15:50.040614 11068 raft_consensus.cc:740] T 1bf031efce6141ec8ea6a1cdc9b2e073 P 3feefc6acaab422296f450a3c484c2e3 [term 2 LEADER]: Becoming Follower/Learner. State: Replica: 3feefc6acaab422296f450a3c484c2e3, State: Running, Role: LEADER
I20260709 13:15:50.041795 11068 consensus_queue.cc:260] T 1bf031efce6141ec8ea6a1cdc9b2e073 P 3feefc6acaab422296f450a3c484c2e3 [NON_LEADER]: Queue going to NON_LEADER mode. State: All replicated index: 0, Majority replicated index: 2, Committed index: 2, Last appended: 2.2, Last appended by leader: 2, Current term: 2, Majority size: -1, State: 0, Mode: NON_LEADER, active raft config: opid_index: -1 OBSOLETE_local: false peers { permanent_uuid: "5823e4a1c4724cb9b084a78836a0f5d1" member_type: VOTER last_known_addr { host: "127.10.154.193" port: 40019 } } peers { permanent_uuid: "3feefc6acaab422296f450a3c484c2e3" member_type: VOTER last_known_addr { host: "127.10.154.194" port: 42011 } } peers { permanent_uuid: "3f40bc6af96444e38d762b549446dabf" member_type: VOTER last_known_addr { host: "127.10.154.195" port: 46725 } }
I20260709 13:15:50.043200 11068 raft_consensus.cc:3060] T 1bf031efce6141ec8ea6a1cdc9b2e073 P 3feefc6acaab422296f450a3c484c2e3 [term 2 FOLLOWER]: Advancing to term 3
I20260709 13:15:50.051162 11326 raft_consensus.cc:993] T ed4302fa7d1b4ff49c6a60bccf3e70e9 P 3feefc6acaab422296f450a3c484c2e3: : Instructing follower 5823e4a1c4724cb9b084a78836a0f5d1 to start an election
I20260709 13:15:50.051610 11326 raft_consensus.cc:1081] T ed4302fa7d1b4ff49c6a60bccf3e70e9 P 3feefc6acaab422296f450a3c484c2e3 [term 3 LEADER]: Signalling peer 5823e4a1c4724cb9b084a78836a0f5d1 to start an election
I20260709 13:15:50.052462 11068 raft_consensus.cc:2468] T 1bf031efce6141ec8ea6a1cdc9b2e073 P 3feefc6acaab422296f450a3c484c2e3 [term 3 FOLLOWER]: Leader election vote request: Granting yes vote for candidate 5823e4a1c4724cb9b084a78836a0f5d1 in term 3.
I20260709 13:15:50.053382 10994 tablet_service.cc:2044] Received Run Leader Election RPC: tablet_id: "ed4302fa7d1b4ff49c6a60bccf3e70e9"
dest_uuid: "5823e4a1c4724cb9b084a78836a0f5d1"
 from {username='slave'} at 127.0.0.1:41998
I20260709 13:15:50.053912 10994 raft_consensus.cc:493] T ed4302fa7d1b4ff49c6a60bccf3e70e9 P 5823e4a1c4724cb9b084a78836a0f5d1 [term 3 FOLLOWER]: Starting forced leader election (received explicit request)
I20260709 13:15:50.054265 10958 leader_election.cc:304] T 1bf031efce6141ec8ea6a1cdc9b2e073 P 5823e4a1c4724cb9b084a78836a0f5d1 [CANDIDATE]: Term 3 election: Election decided. Result: candidate won. Election summary: received 2 responses out of 3 voters: 2 yes votes; 0 no votes. yes voters: 3feefc6acaab422296f450a3c484c2e3, 5823e4a1c4724cb9b084a78836a0f5d1; no voters: 
I20260709 13:15:50.054994 11141 raft_consensus.cc:2468] T 1bf031efce6141ec8ea6a1cdc9b2e073 P 3f40bc6af96444e38d762b549446dabf [term 3 FOLLOWER]: Leader election vote request: Granting yes vote for candidate 5823e4a1c4724cb9b084a78836a0f5d1 in term 3.
I20260709 13:15:50.055163 11328 raft_consensus.cc:2804] T 1bf031efce6141ec8ea6a1cdc9b2e073 P 5823e4a1c4724cb9b084a78836a0f5d1 [term 3 FOLLOWER]: Leader election won for term 3
I20260709 13:15:50.055845 11328 raft_consensus.cc:697] T 1bf031efce6141ec8ea6a1cdc9b2e073 P 5823e4a1c4724cb9b084a78836a0f5d1 [term 3 LEADER]: Becoming Leader. State: Replica: 5823e4a1c4724cb9b084a78836a0f5d1, State: Running, Role: LEADER
I20260709 13:15:50.056329 10890 catalog_manager.cc:5697] T e9d44a4b5a6d4d15bb8729e34505615d P 3f40bc6af96444e38d762b549446dabf reported cstate change: term changed from 3 to 4, leader changed from 3feefc6acaab422296f450a3c484c2e3 (127.10.154.194) to 3f40bc6af96444e38d762b549446dabf (127.10.154.195). New cstate: current_term: 4 leader_uuid: "3f40bc6af96444e38d762b549446dabf" committed_config { opid_index: -1 OBSOLETE_local: false peers { permanent_uuid: "5823e4a1c4724cb9b084a78836a0f5d1" member_type: VOTER last_known_addr { host: "127.10.154.193" port: 40019 } health_report { overall_health: UNKNOWN } } peers { permanent_uuid: "3feefc6acaab422296f450a3c484c2e3" member_type: VOTER last_known_addr { host: "127.10.154.194" port: 42011 } health_report { overall_health: UNKNOWN } } peers { permanent_uuid: "3f40bc6af96444e38d762b549446dabf" member_type: VOTER last_known_addr { host: "127.10.154.195" port: 46725 } health_report { overall_health: HEALTHY } } }
I20260709 13:15:50.056924 11328 consensus_queue.cc:237] T 1bf031efce6141ec8ea6a1cdc9b2e073 P 5823e4a1c4724cb9b084a78836a0f5d1 [LEADER]: Queue going to LEADER mode. State: All replicated index: 0, Majority replicated index: 2, Committed index: 2, Last appended: 2.2, Last appended by leader: 2, Current term: 3, Majority size: 2, State: 0, Mode: LEADER, active raft config: opid_index: -1 OBSOLETE_local: false peers { permanent_uuid: "5823e4a1c4724cb9b084a78836a0f5d1" member_type: VOTER last_known_addr { host: "127.10.154.193" port: 40019 } } peers { permanent_uuid: "3feefc6acaab422296f450a3c484c2e3" member_type: VOTER last_known_addr { host: "127.10.154.194" port: 42011 } } peers { permanent_uuid: "3f40bc6af96444e38d762b549446dabf" member_type: VOTER last_known_addr { host: "127.10.154.195" port: 46725 } }
I20260709 13:15:50.057307 10994 raft_consensus.cc:3060] T ed4302fa7d1b4ff49c6a60bccf3e70e9 P 5823e4a1c4724cb9b084a78836a0f5d1 [term 3 FOLLOWER]: Advancing to term 4
I20260709 13:15:50.065472 10994 raft_consensus.cc:515] T ed4302fa7d1b4ff49c6a60bccf3e70e9 P 5823e4a1c4724cb9b084a78836a0f5d1 [term 4 FOLLOWER]: Starting forced leader election with config: opid_index: -1 OBSOLETE_local: false peers { permanent_uuid: "5823e4a1c4724cb9b084a78836a0f5d1" member_type: VOTER last_known_addr { host: "127.10.154.193" port: 40019 } } peers { permanent_uuid: "3feefc6acaab422296f450a3c484c2e3" member_type: VOTER last_known_addr { host: "127.10.154.194" port: 42011 } } peers { permanent_uuid: "3f40bc6af96444e38d762b549446dabf" member_type: VOTER last_known_addr { host: "127.10.154.195" port: 46725 } }
I20260709 13:15:50.069406 10994 leader_election.cc:290] T ed4302fa7d1b4ff49c6a60bccf3e70e9 P 5823e4a1c4724cb9b084a78836a0f5d1 [CANDIDATE]: Term 4 election: Requested vote from peers 3feefc6acaab422296f450a3c484c2e3 (127.10.154.194:42011), 3f40bc6af96444e38d762b549446dabf (127.10.154.195:46725)
I20260709 13:15:50.070990 11141 tablet_service.cc:1917] Received RequestConsensusVote() RPC: tablet_id: "ed4302fa7d1b4ff49c6a60bccf3e70e9" candidate_uuid: "5823e4a1c4724cb9b084a78836a0f5d1" candidate_term: 4 candidate_status { last_received { term: 3 index: 3 } } ignore_live_leader: true dest_uuid: "3f40bc6af96444e38d762b549446dabf"
I20260709 13:15:50.071646 11141 raft_consensus.cc:3060] T ed4302fa7d1b4ff49c6a60bccf3e70e9 P 3f40bc6af96444e38d762b549446dabf [term 3 FOLLOWER]: Advancing to term 4
I20260709 13:15:50.071892 10890 catalog_manager.cc:5697] T 1bf031efce6141ec8ea6a1cdc9b2e073 P 5823e4a1c4724cb9b084a78836a0f5d1 reported cstate change: term changed from 2 to 3, leader changed from 3feefc6acaab422296f450a3c484c2e3 (127.10.154.194) to 5823e4a1c4724cb9b084a78836a0f5d1 (127.10.154.193). New cstate: current_term: 3 leader_uuid: "5823e4a1c4724cb9b084a78836a0f5d1" committed_config { opid_index: -1 OBSOLETE_local: false peers { permanent_uuid: "5823e4a1c4724cb9b084a78836a0f5d1" member_type: VOTER last_known_addr { host: "127.10.154.193" port: 40019 } health_report { overall_health: HEALTHY } } peers { permanent_uuid: "3feefc6acaab422296f450a3c484c2e3" member_type: VOTER last_known_addr { host: "127.10.154.194" port: 42011 } health_report { overall_health: UNKNOWN } } peers { permanent_uuid: "3f40bc6af96444e38d762b549446dabf" member_type: VOTER last_known_addr { host: "127.10.154.195" port: 46725 } health_report { overall_health: UNKNOWN } } }
I20260709 13:15:50.072382 11068 tablet_service.cc:1917] Received RequestConsensusVote() RPC: tablet_id: "ed4302fa7d1b4ff49c6a60bccf3e70e9" candidate_uuid: "5823e4a1c4724cb9b084a78836a0f5d1" candidate_term: 4 candidate_status { last_received { term: 3 index: 3 } } ignore_live_leader: true dest_uuid: "3feefc6acaab422296f450a3c484c2e3"
I20260709 13:15:50.072939 11068 raft_consensus.cc:3055] T ed4302fa7d1b4ff49c6a60bccf3e70e9 P 3feefc6acaab422296f450a3c484c2e3 [term 3 LEADER]: Stepping down as leader of term 3
I20260709 13:15:50.073256 11068 raft_consensus.cc:740] T ed4302fa7d1b4ff49c6a60bccf3e70e9 P 3feefc6acaab422296f450a3c484c2e3 [term 3 LEADER]: Becoming Follower/Learner. State: Replica: 3feefc6acaab422296f450a3c484c2e3, State: Running, Role: LEADER
I20260709 13:15:50.074036 11068 consensus_queue.cc:260] T ed4302fa7d1b4ff49c6a60bccf3e70e9 P 3feefc6acaab422296f450a3c484c2e3 [NON_LEADER]: Queue going to NON_LEADER mode. State: All replicated index: 0, Majority replicated index: 3, Committed index: 3, Last appended: 3.3, Last appended by leader: 3, Current term: 3, Majority size: -1, State: 0, Mode: NON_LEADER, active raft config: opid_index: -1 OBSOLETE_local: false peers { permanent_uuid: "5823e4a1c4724cb9b084a78836a0f5d1" member_type: VOTER last_known_addr { host: "127.10.154.193" port: 40019 } } peers { permanent_uuid: "3feefc6acaab422296f450a3c484c2e3" member_type: VOTER last_known_addr { host: "127.10.154.194" port: 42011 } } peers { permanent_uuid: "3f40bc6af96444e38d762b549446dabf" member_type: VOTER last_known_addr { host: "127.10.154.195" port: 46725 } }
I20260709 13:15:50.075173 11068 raft_consensus.cc:3060] T ed4302fa7d1b4ff49c6a60bccf3e70e9 P 3feefc6acaab422296f450a3c484c2e3 [term 3 FOLLOWER]: Advancing to term 4
I20260709 13:15:50.078194 11141 raft_consensus.cc:2468] T ed4302fa7d1b4ff49c6a60bccf3e70e9 P 3f40bc6af96444e38d762b549446dabf [term 4 FOLLOWER]: Leader election vote request: Granting yes vote for candidate 5823e4a1c4724cb9b084a78836a0f5d1 in term 4.
I20260709 13:15:50.079728 10960 leader_election.cc:304] T ed4302fa7d1b4ff49c6a60bccf3e70e9 P 5823e4a1c4724cb9b084a78836a0f5d1 [CANDIDATE]: Term 4 election: Election decided. Result: candidate won. Election summary: received 2 responses out of 3 voters: 2 yes votes; 0 no votes. yes voters: 3f40bc6af96444e38d762b549446dabf, 5823e4a1c4724cb9b084a78836a0f5d1; no voters: 
I20260709 13:15:50.081030 11328 raft_consensus.cc:2804] T ed4302fa7d1b4ff49c6a60bccf3e70e9 P 5823e4a1c4724cb9b084a78836a0f5d1 [term 4 FOLLOWER]: Leader election won for term 4
I20260709 13:15:50.081452 11328 raft_consensus.cc:697] T ed4302fa7d1b4ff49c6a60bccf3e70e9 P 5823e4a1c4724cb9b084a78836a0f5d1 [term 4 LEADER]: Becoming Leader. State: Replica: 5823e4a1c4724cb9b084a78836a0f5d1, State: Running, Role: LEADER
I20260709 13:15:50.081713 11068 raft_consensus.cc:2468] T ed4302fa7d1b4ff49c6a60bccf3e70e9 P 3feefc6acaab422296f450a3c484c2e3 [term 4 FOLLOWER]: Leader election vote request: Granting yes vote for candidate 5823e4a1c4724cb9b084a78836a0f5d1 in term 4.
I20260709 13:15:50.082306 11328 consensus_queue.cc:237] T ed4302fa7d1b4ff49c6a60bccf3e70e9 P 5823e4a1c4724cb9b084a78836a0f5d1 [LEADER]: Queue going to LEADER mode. State: All replicated index: 0, Majority replicated index: 3, Committed index: 3, Last appended: 3.3, Last appended by leader: 3, Current term: 4, Majority size: 2, State: 0, Mode: LEADER, active raft config: opid_index: -1 OBSOLETE_local: false peers { permanent_uuid: "5823e4a1c4724cb9b084a78836a0f5d1" member_type: VOTER last_known_addr { host: "127.10.154.193" port: 40019 } } peers { permanent_uuid: "3feefc6acaab422296f450a3c484c2e3" member_type: VOTER last_known_addr { host: "127.10.154.194" port: 42011 } } peers { permanent_uuid: "3f40bc6af96444e38d762b549446dabf" member_type: VOTER last_known_addr { host: "127.10.154.195" port: 46725 } }
I20260709 13:15:50.089535 10890 catalog_manager.cc:5697] T ed4302fa7d1b4ff49c6a60bccf3e70e9 P 5823e4a1c4724cb9b084a78836a0f5d1 reported cstate change: term changed from 3 to 4, leader changed from 3feefc6acaab422296f450a3c484c2e3 (127.10.154.194) to 5823e4a1c4724cb9b084a78836a0f5d1 (127.10.154.193). New cstate: current_term: 4 leader_uuid: "5823e4a1c4724cb9b084a78836a0f5d1" committed_config { opid_index: -1 OBSOLETE_local: false peers { permanent_uuid: "5823e4a1c4724cb9b084a78836a0f5d1" member_type: VOTER last_known_addr { host: "127.10.154.193" port: 40019 } health_report { overall_health: HEALTHY } } peers { permanent_uuid: "3feefc6acaab422296f450a3c484c2e3" member_type: VOTER last_known_addr { host: "127.10.154.194" port: 42011 } health_report { overall_health: UNKNOWN } } peers { permanent_uuid: "3f40bc6af96444e38d762b549446dabf" member_type: VOTER last_known_addr { host: "127.10.154.195" port: 46725 } health_report { overall_health: UNKNOWN } } }
I20260709 13:15:50.444443 11141 raft_consensus.cc:1275] T 29825f8a3b3b435c9d0ee12a8fd6d2a1 P 3f40bc6af96444e38d762b549446dabf [term 2 FOLLOWER]: Refusing update from remote peer 5823e4a1c4724cb9b084a78836a0f5d1: Log matching property violated. Preceding OpId in replica: term: 1 index: 1. Preceding OpId from leader: term: 2 index: 2. (index mismatch)
I20260709 13:15:50.445580 11328 consensus_queue.cc:1048] T 29825f8a3b3b435c9d0ee12a8fd6d2a1 P 5823e4a1c4724cb9b084a78836a0f5d1 [LEADER]: Connected to new peer: Peer: permanent_uuid: "3f40bc6af96444e38d762b549446dabf" member_type: VOTER last_known_addr { host: "127.10.154.195" port: 46725 }, Status: LMP_MISMATCH, Last received: 0.0, Next index: 2, Last known committed idx: 1, Time since last communication: 0.001s
I20260709 13:15:50.455992 11068 raft_consensus.cc:1275] T 29825f8a3b3b435c9d0ee12a8fd6d2a1 P 3feefc6acaab422296f450a3c484c2e3 [term 2 FOLLOWER]: Refusing update from remote peer 5823e4a1c4724cb9b084a78836a0f5d1: Log matching property violated. Preceding OpId in replica: term: 1 index: 1. Preceding OpId from leader: term: 2 index: 2. (index mismatch)
I20260709 13:15:50.457883 11330 consensus_queue.cc:1048] T 29825f8a3b3b435c9d0ee12a8fd6d2a1 P 5823e4a1c4724cb9b084a78836a0f5d1 [LEADER]: Connected to new peer: Peer: permanent_uuid: "3feefc6acaab422296f450a3c484c2e3" member_type: VOTER last_known_addr { host: "127.10.154.194" port: 42011 }, Status: LMP_MISMATCH, Last received: 0.0, Next index: 2, Last known committed idx: 1, Time since last communication: 0.001s
I20260709 13:15:50.463598 10994 raft_consensus.cc:1275] T e9d44a4b5a6d4d15bb8729e34505615d P 5823e4a1c4724cb9b084a78836a0f5d1 [term 4 FOLLOWER]: Refusing update from remote peer 3f40bc6af96444e38d762b549446dabf: Log matching property violated. Preceding OpId in replica: term: 3 index: 3. Preceding OpId from leader: term: 4 index: 4. (index mismatch)
I20260709 13:15:50.465095 11302 consensus_queue.cc:1048] T e9d44a4b5a6d4d15bb8729e34505615d P 3f40bc6af96444e38d762b549446dabf [LEADER]: Connected to new peer: Peer: permanent_uuid: "5823e4a1c4724cb9b084a78836a0f5d1" member_type: VOTER last_known_addr { host: "127.10.154.193" port: 40019 }, Status: LMP_MISMATCH, Last received: 0.0, Next index: 4, Last known committed idx: 3, Time since last communication: 0.000s
I20260709 13:15:50.476341 11069 raft_consensus.cc:1275] T e9d44a4b5a6d4d15bb8729e34505615d P 3feefc6acaab422296f450a3c484c2e3 [term 4 FOLLOWER]: Refusing update from remote peer 3f40bc6af96444e38d762b549446dabf: Log matching property violated. Preceding OpId in replica: term: 3 index: 3. Preceding OpId from leader: term: 4 index: 4. (index mismatch)
I20260709 13:15:50.478863 11069 raft_consensus.cc:1275] T 1bf031efce6141ec8ea6a1cdc9b2e073 P 3feefc6acaab422296f450a3c484c2e3 [term 3 FOLLOWER]: Refusing update from remote peer 5823e4a1c4724cb9b084a78836a0f5d1: Log matching property violated. Preceding OpId in replica: term: 2 index: 2. Preceding OpId from leader: term: 3 index: 3. (index mismatch)
I20260709 13:15:50.479657 11302 consensus_queue.cc:1048] T e9d44a4b5a6d4d15bb8729e34505615d P 3f40bc6af96444e38d762b549446dabf [LEADER]: Connected to new peer: Peer: permanent_uuid: "3feefc6acaab422296f450a3c484c2e3" member_type: VOTER last_known_addr { host: "127.10.154.194" port: 42011 }, Status: LMP_MISMATCH, Last received: 0.0, Next index: 4, Last known committed idx: 3, Time since last communication: 0.000s
I20260709 13:15:50.480792 11328 consensus_queue.cc:1048] T 1bf031efce6141ec8ea6a1cdc9b2e073 P 5823e4a1c4724cb9b084a78836a0f5d1 [LEADER]: Connected to new peer: Peer: permanent_uuid: "3feefc6acaab422296f450a3c484c2e3" member_type: VOTER last_known_addr { host: "127.10.154.194" port: 42011 }, Status: LMP_MISMATCH, Last received: 0.0, Next index: 3, Last known committed idx: 2, Time since last communication: 0.000s
I20260709 13:15:50.481941 10994 raft_consensus.cc:1275] T 4237fed40d9a459d9b79450897c3a5bb P 5823e4a1c4724cb9b084a78836a0f5d1 [term 5 FOLLOWER]: Refusing update from remote peer 3f40bc6af96444e38d762b549446dabf: Log matching property violated. Preceding OpId in replica: term: 4 index: 4. Preceding OpId from leader: term: 5 index: 5. (index mismatch)
I20260709 13:15:50.486850 11347 consensus_queue.cc:1048] T 4237fed40d9a459d9b79450897c3a5bb P 3f40bc6af96444e38d762b549446dabf [LEADER]: Connected to new peer: Peer: permanent_uuid: "5823e4a1c4724cb9b084a78836a0f5d1" member_type: VOTER last_known_addr { host: "127.10.154.193" port: 40019 }, Status: LMP_MISMATCH, Last received: 0.0, Next index: 5, Last known committed idx: 4, Time since last communication: 0.001s
I20260709 13:15:50.492697 11141 raft_consensus.cc:1275] T 1bf031efce6141ec8ea6a1cdc9b2e073 P 3f40bc6af96444e38d762b549446dabf [term 3 FOLLOWER]: Refusing update from remote peer 5823e4a1c4724cb9b084a78836a0f5d1: Log matching property violated. Preceding OpId in replica: term: 2 index: 2. Preceding OpId from leader: term: 3 index: 3. (index mismatch)
I20260709 13:15:50.494315 11330 consensus_queue.cc:1048] T 1bf031efce6141ec8ea6a1cdc9b2e073 P 5823e4a1c4724cb9b084a78836a0f5d1 [LEADER]: Connected to new peer: Peer: permanent_uuid: "3f40bc6af96444e38d762b549446dabf" member_type: VOTER last_known_addr { host: "127.10.154.195" port: 46725 }, Status: LMP_MISMATCH, Last received: 0.0, Next index: 3, Last known committed idx: 2, Time since last communication: 0.000s
I20260709 13:15:50.518579 11068 raft_consensus.cc:1275] T 4237fed40d9a459d9b79450897c3a5bb P 3feefc6acaab422296f450a3c484c2e3 [term 5 FOLLOWER]: Refusing update from remote peer 3f40bc6af96444e38d762b549446dabf: Log matching property violated. Preceding OpId in replica: term: 4 index: 4. Preceding OpId from leader: term: 5 index: 5. (index mismatch)
I20260709 13:15:50.520458 11348 consensus_queue.cc:1048] T 4237fed40d9a459d9b79450897c3a5bb P 3f40bc6af96444e38d762b549446dabf [LEADER]: Connected to new peer: Peer: permanent_uuid: "3feefc6acaab422296f450a3c484c2e3" member_type: VOTER last_known_addr { host: "127.10.154.194" port: 42011 }, Status: LMP_MISMATCH, Last received: 0.0, Next index: 5, Last known committed idx: 4, Time since last communication: 0.000s
I20260709 13:15:50.679385 11141 raft_consensus.cc:1275] T ed4302fa7d1b4ff49c6a60bccf3e70e9 P 3f40bc6af96444e38d762b549446dabf [term 4 FOLLOWER]: Refusing update from remote peer 5823e4a1c4724cb9b084a78836a0f5d1: Log matching property violated. Preceding OpId in replica: term: 3 index: 3. Preceding OpId from leader: term: 4 index: 4. (index mismatch)
I20260709 13:15:50.680523 11342 consensus_queue.cc:1048] T ed4302fa7d1b4ff49c6a60bccf3e70e9 P 5823e4a1c4724cb9b084a78836a0f5d1 [LEADER]: Connected to new peer: Peer: permanent_uuid: "3f40bc6af96444e38d762b549446dabf" member_type: VOTER last_known_addr { host: "127.10.154.195" port: 46725 }, Status: LMP_MISMATCH, Last received: 0.0, Next index: 4, Last known committed idx: 3, Time since last communication: 0.000s
I20260709 13:15:50.690344 11068 raft_consensus.cc:1275] T ed4302fa7d1b4ff49c6a60bccf3e70e9 P 3feefc6acaab422296f450a3c484c2e3 [term 4 FOLLOWER]: Refusing update from remote peer 5823e4a1c4724cb9b084a78836a0f5d1: Log matching property violated. Preceding OpId in replica: term: 3 index: 3. Preceding OpId from leader: term: 4 index: 4. (index mismatch)
I20260709 13:15:50.691576 11328 consensus_queue.cc:1048] T ed4302fa7d1b4ff49c6a60bccf3e70e9 P 5823e4a1c4724cb9b084a78836a0f5d1 [LEADER]: Connected to new peer: Peer: permanent_uuid: "3feefc6acaab422296f450a3c484c2e3" member_type: VOTER last_known_addr { host: "127.10.154.194" port: 42011 }, Status: LMP_MISMATCH, Last received: 0.0, Next index: 4, Last known committed idx: 3, Time since last communication: 0.000s
I20260709 13:15:50.958670 10859 auto_leader_rebalancer.cc:141] leader rebalance for table test-workload
I20260709 13:15:50.963999 10859 tablet_server.cc:179] TabletServer@127.10.154.193:0 shutting down...
W20260709 13:15:50.989830 11109 proxy.cc:239] Call had error, refreshing address and retrying: Remote error: Service unavailable: service kudu.consensus.ConsensusService not registered on TabletServer
W20260709 13:15:50.994310 11109 consensus_peers.cc:597] T 4237fed40d9a459d9b79450897c3a5bb P 3f40bc6af96444e38d762b549446dabf -> Peer 5823e4a1c4724cb9b084a78836a0f5d1 (127.10.154.193:40019): Couldn't send request to peer 5823e4a1c4724cb9b084a78836a0f5d1. Status: Remote error: Service unavailable: service kudu.consensus.ConsensusService not registered on TabletServer. This is attempt 1: this message will repeat every 5th retry.
I20260709 13:15:50.999070 10859 ts_tablet_manager.cc:1507] Shutting down tablet manager...
I20260709 13:15:50.999780 10859 tablet_replica.cc:333] T 84c7bc33d5fb4d6eae41cde467948a27 P 5823e4a1c4724cb9b084a78836a0f5d1: stopping tablet replica
I20260709 13:15:51.000491 10859 raft_consensus.cc:2243] T 84c7bc33d5fb4d6eae41cde467948a27 P 5823e4a1c4724cb9b084a78836a0f5d1 [term 2 FOLLOWER]: Raft consensus shutting down.
I20260709 13:15:51.001055 10859 raft_consensus.cc:2272] T 84c7bc33d5fb4d6eae41cde467948a27 P 5823e4a1c4724cb9b084a78836a0f5d1 [term 2 FOLLOWER]: Raft consensus is shut down!
I20260709 13:15:51.003314 10859 tablet_replica.cc:333] T 169d3ac8b63944fd88fa4ea06a8dc9d6 P 5823e4a1c4724cb9b084a78836a0f5d1: stopping tablet replica
I20260709 13:15:51.003844 10859 raft_consensus.cc:2243] T 169d3ac8b63944fd88fa4ea06a8dc9d6 P 5823e4a1c4724cb9b084a78836a0f5d1 [term 2 FOLLOWER]: Raft consensus shutting down.
I20260709 13:15:51.004242 10859 raft_consensus.cc:2272] T 169d3ac8b63944fd88fa4ea06a8dc9d6 P 5823e4a1c4724cb9b084a78836a0f5d1 [term 2 FOLLOWER]: Raft consensus is shut down!
I20260709 13:15:51.005865 10859 tablet_replica.cc:333] T ed4302fa7d1b4ff49c6a60bccf3e70e9 P 5823e4a1c4724cb9b084a78836a0f5d1: stopping tablet replica
I20260709 13:15:51.006335 10859 raft_consensus.cc:2243] T ed4302fa7d1b4ff49c6a60bccf3e70e9 P 5823e4a1c4724cb9b084a78836a0f5d1 [term 4 LEADER]: Raft consensus shutting down.
I20260709 13:15:51.007027 10859 raft_consensus.cc:2272] T ed4302fa7d1b4ff49c6a60bccf3e70e9 P 5823e4a1c4724cb9b084a78836a0f5d1 [term 4 FOLLOWER]: Raft consensus is shut down!
I20260709 13:15:51.008814 10859 tablet_replica.cc:333] T 9b8aba77459e4aee9972e0efd99b40b2 P 5823e4a1c4724cb9b084a78836a0f5d1: stopping tablet replica
I20260709 13:15:51.009280 10859 raft_consensus.cc:2243] T 9b8aba77459e4aee9972e0efd99b40b2 P 5823e4a1c4724cb9b084a78836a0f5d1 [term 3 FOLLOWER]: Raft consensus shutting down.
I20260709 13:15:51.009729 10859 raft_consensus.cc:2272] T 9b8aba77459e4aee9972e0efd99b40b2 P 5823e4a1c4724cb9b084a78836a0f5d1 [term 3 FOLLOWER]: Raft consensus is shut down!
I20260709 13:15:51.011193 10859 tablet_replica.cc:333] T 1bf031efce6141ec8ea6a1cdc9b2e073 P 5823e4a1c4724cb9b084a78836a0f5d1: stopping tablet replica
I20260709 13:15:51.011641 10859 raft_consensus.cc:2243] T 1bf031efce6141ec8ea6a1cdc9b2e073 P 5823e4a1c4724cb9b084a78836a0f5d1 [term 3 LEADER]: Raft consensus shutting down.
I20260709 13:15:51.012271 10859 raft_consensus.cc:2272] T 1bf031efce6141ec8ea6a1cdc9b2e073 P 5823e4a1c4724cb9b084a78836a0f5d1 [term 3 FOLLOWER]: Raft consensus is shut down!
I20260709 13:15:51.014087 10859 tablet_replica.cc:333] T 29825f8a3b3b435c9d0ee12a8fd6d2a1 P 5823e4a1c4724cb9b084a78836a0f5d1: stopping tablet replica
I20260709 13:15:51.014559 10859 raft_consensus.cc:2243] T 29825f8a3b3b435c9d0ee12a8fd6d2a1 P 5823e4a1c4724cb9b084a78836a0f5d1 [term 2 LEADER]: Raft consensus shutting down.
I20260709 13:15:51.015231 10859 raft_consensus.cc:2272] T 29825f8a3b3b435c9d0ee12a8fd6d2a1 P 5823e4a1c4724cb9b084a78836a0f5d1 [term 2 FOLLOWER]: Raft consensus is shut down!
I20260709 13:15:51.016963 10859 tablet_replica.cc:333] T e9d44a4b5a6d4d15bb8729e34505615d P 5823e4a1c4724cb9b084a78836a0f5d1: stopping tablet replica
I20260709 13:15:51.017416 10859 raft_consensus.cc:2243] T e9d44a4b5a6d4d15bb8729e34505615d P 5823e4a1c4724cb9b084a78836a0f5d1 [term 4 FOLLOWER]: Raft consensus shutting down.
I20260709 13:15:51.017827 10859 raft_consensus.cc:2272] T e9d44a4b5a6d4d15bb8729e34505615d P 5823e4a1c4724cb9b084a78836a0f5d1 [term 4 FOLLOWER]: Raft consensus is shut down!
I20260709 13:15:51.019852 10859 tablet_replica.cc:333] T 4237fed40d9a459d9b79450897c3a5bb P 5823e4a1c4724cb9b084a78836a0f5d1: stopping tablet replica
I20260709 13:15:51.020296 10859 raft_consensus.cc:2243] T 4237fed40d9a459d9b79450897c3a5bb P 5823e4a1c4724cb9b084a78836a0f5d1 [term 5 FOLLOWER]: Raft consensus shutting down.
I20260709 13:15:51.020689 10859 raft_consensus.cc:2272] T 4237fed40d9a459d9b79450897c3a5bb P 5823e4a1c4724cb9b084a78836a0f5d1 [term 5 FOLLOWER]: Raft consensus is shut down!
I20260709 13:15:51.022326 10859 tablet_replica.cc:333] T 44969a576f6c4329bbf43e236a3254a5 P 5823e4a1c4724cb9b084a78836a0f5d1: stopping tablet replica
I20260709 13:15:51.022743 10859 raft_consensus.cc:2243] T 44969a576f6c4329bbf43e236a3254a5 P 5823e4a1c4724cb9b084a78836a0f5d1 [term 2 FOLLOWER]: Raft consensus shutting down.
I20260709 13:15:51.023120 10859 raft_consensus.cc:2272] T 44969a576f6c4329bbf43e236a3254a5 P 5823e4a1c4724cb9b084a78836a0f5d1 [term 2 FOLLOWER]: Raft consensus is shut down!
I20260709 13:15:51.114955 10859 tablet_server.cc:196] TabletServer@127.10.154.193:0 shutdown complete.
I20260709 13:15:51.132469 10859 tablet_server.cc:179] TabletServer@127.10.154.194:0 shutting down...
I20260709 13:15:51.157902 10859 ts_tablet_manager.cc:1507] Shutting down tablet manager...
I20260709 13:15:51.158640 10859 tablet_replica.cc:333] T 44969a576f6c4329bbf43e236a3254a5 P 3feefc6acaab422296f450a3c484c2e3: stopping tablet replica
I20260709 13:15:51.159298 10859 raft_consensus.cc:2243] T 44969a576f6c4329bbf43e236a3254a5 P 3feefc6acaab422296f450a3c484c2e3 [term 2 LEADER]: Raft consensus shutting down.
I20260709 13:15:51.160079 10859 raft_consensus.cc:2272] T 44969a576f6c4329bbf43e236a3254a5 P 3feefc6acaab422296f450a3c484c2e3 [term 2 FOLLOWER]: Raft consensus is shut down!
I20260709 13:15:51.161947 10859 tablet_replica.cc:333] T 1bf031efce6141ec8ea6a1cdc9b2e073 P 3feefc6acaab422296f450a3c484c2e3: stopping tablet replica
I20260709 13:15:51.162448 10859 raft_consensus.cc:2243] T 1bf031efce6141ec8ea6a1cdc9b2e073 P 3feefc6acaab422296f450a3c484c2e3 [term 3 FOLLOWER]: Raft consensus shutting down.
I20260709 13:15:51.162940 10859 raft_consensus.cc:2272] T 1bf031efce6141ec8ea6a1cdc9b2e073 P 3feefc6acaab422296f450a3c484c2e3 [term 3 FOLLOWER]: Raft consensus is shut down!
I20260709 13:15:51.165331 10859 tablet_replica.cc:333] T 84c7bc33d5fb4d6eae41cde467948a27 P 3feefc6acaab422296f450a3c484c2e3: stopping tablet replica
I20260709 13:15:51.165858 10859 raft_consensus.cc:2243] T 84c7bc33d5fb4d6eae41cde467948a27 P 3feefc6acaab422296f450a3c484c2e3 [term 2 FOLLOWER]: Raft consensus shutting down.
I20260709 13:15:51.166298 10859 raft_consensus.cc:2272] T 84c7bc33d5fb4d6eae41cde467948a27 P 3feefc6acaab422296f450a3c484c2e3 [term 2 FOLLOWER]: Raft consensus is shut down!
I20260709 13:15:51.167971 10859 tablet_replica.cc:333] T 4237fed40d9a459d9b79450897c3a5bb P 3feefc6acaab422296f450a3c484c2e3: stopping tablet replica
I20260709 13:15:51.168431 10859 raft_consensus.cc:2243] T 4237fed40d9a459d9b79450897c3a5bb P 3feefc6acaab422296f450a3c484c2e3 [term 5 FOLLOWER]: Raft consensus shutting down.
I20260709 13:15:51.168820 10859 raft_consensus.cc:2272] T 4237fed40d9a459d9b79450897c3a5bb P 3feefc6acaab422296f450a3c484c2e3 [term 5 FOLLOWER]: Raft consensus is shut down!
I20260709 13:15:51.171046 10859 tablet_replica.cc:333] T 29825f8a3b3b435c9d0ee12a8fd6d2a1 P 3feefc6acaab422296f450a3c484c2e3: stopping tablet replica
I20260709 13:15:51.171588 10859 raft_consensus.cc:2243] T 29825f8a3b3b435c9d0ee12a8fd6d2a1 P 3feefc6acaab422296f450a3c484c2e3 [term 2 FOLLOWER]: Raft consensus shutting down.
