I20260709 13:16:00.619712 11687 consensus_queue.cc:260] T 47d50994d71243b282a268cff1177510 P d8a69fe4f7374fa592f2f8f20591fb56 [NON_LEADER]: Queue going to NON_LEADER mode. State: All replicated index: 0, Majority replicated index: 0, Committed index: 0, Last appended: 0.0, Last appended by leader: 0, Current term: 0, Majority size: -1, State: 0, Mode: NON_LEADER, active raft config: opid_index: -1 OBSOLETE_local: false peers { permanent_uuid: "d8a69fe4f7374fa592f2f8f20591fb56" member_type: VOTER last_known_addr { host: "127.10.36.1" port: 32851 } } peers { permanent_uuid: "6d330226017648fb82ba8a820ee99ea2" member_type: VOTER last_known_addr { host: "127.10.36.2" port: 40673 } } peers { permanent_uuid: "9229b4c38a234a9da51e64e7bc2cf236" member_type: VOTER last_known_addr { host: "127.10.36.3" port: 46849 } }
I20260709 13:16:00.625370 11687 ts_tablet_manager.cc:1434] T 47d50994d71243b282a268cff1177510 P d8a69fe4f7374fa592f2f8f20591fb56: Time spent starting tablet: real 0.009s	user 0.005s	sys 0.000s
I20260709 13:16:00.625449 11682 tablet_bootstrap.cc:492] T b828f9ca18824b58802af3e3f542e17a P 9229b4c38a234a9da51e64e7bc2cf236: No bootstrap required, opened a new log
I20260709 13:16:00.626085 11682 ts_tablet_manager.cc:1403] T b828f9ca18824b58802af3e3f542e17a P 9229b4c38a234a9da51e64e7bc2cf236: Time spent bootstrapping tablet: real 0.028s	user 0.009s	sys 0.008s
I20260709 13:16:00.626327 11687 tablet_bootstrap.cc:492] T 46fd8d5976c34fdc8f8113639ec9d0ce P d8a69fe4f7374fa592f2f8f20591fb56: Bootstrap starting.
I20260709 13:16:00.629895 11682 raft_consensus.cc:359] T b828f9ca18824b58802af3e3f542e17a P 9229b4c38a234a9da51e64e7bc2cf236 [term 0 FOLLOWER]: Replica starting. Triggering 0 pending ops. Active config: opid_index: -1 OBSOLETE_local: false peers { permanent_uuid: "d8a69fe4f7374fa592f2f8f20591fb56" member_type: VOTER last_known_addr { host: "127.10.36.1" port: 32851 } } peers { permanent_uuid: "6d330226017648fb82ba8a820ee99ea2" member_type: VOTER last_known_addr { host: "127.10.36.2" port: 40673 } } peers { permanent_uuid: "9229b4c38a234a9da51e64e7bc2cf236" member_type: VOTER last_known_addr { host: "127.10.36.3" port: 46849 } }
I20260709 13:16:00.630848 11682 raft_consensus.cc:385] T b828f9ca18824b58802af3e3f542e17a P 9229b4c38a234a9da51e64e7bc2cf236 [term 0 FOLLOWER]: Consensus starting up: Expiring failure detector timer to make a prompt election more likely
I20260709 13:16:00.631378 11682 raft_consensus.cc:740] T b828f9ca18824b58802af3e3f542e17a P 9229b4c38a234a9da51e64e7bc2cf236 [term 0 FOLLOWER]: Becoming Follower/Learner. State: Replica: 9229b4c38a234a9da51e64e7bc2cf236, State: Initialized, Role: FOLLOWER
I20260709 13:16:00.632952 11687 tablet_bootstrap.cc:654] T 46fd8d5976c34fdc8f8113639ec9d0ce P d8a69fe4f7374fa592f2f8f20591fb56: Neither blocks nor log segments found. Creating new log.
I20260709 13:16:00.632404 11682 consensus_queue.cc:260] T b828f9ca18824b58802af3e3f542e17a P 9229b4c38a234a9da51e64e7bc2cf236 [NON_LEADER]: Queue going to NON_LEADER mode. State: All replicated index: 0, Majority replicated index: 0, Committed index: 0, Last appended: 0.0, Last appended by leader: 0, Current term: 0, Majority size: -1, State: 0, Mode: NON_LEADER, active raft config: opid_index: -1 OBSOLETE_local: false peers { permanent_uuid: "d8a69fe4f7374fa592f2f8f20591fb56" member_type: VOTER last_known_addr { host: "127.10.36.1" port: 32851 } } peers { permanent_uuid: "6d330226017648fb82ba8a820ee99ea2" member_type: VOTER last_known_addr { host: "127.10.36.2" port: 40673 } } peers { permanent_uuid: "9229b4c38a234a9da51e64e7bc2cf236" member_type: VOTER last_known_addr { host: "127.10.36.3" port: 46849 } }
I20260709 13:16:00.639839 11682 ts_tablet_manager.cc:1434] T b828f9ca18824b58802af3e3f542e17a P 9229b4c38a234a9da51e64e7bc2cf236: Time spent starting tablet: real 0.013s	user 0.009s	sys 0.000s
I20260709 13:16:00.641124 11682 tablet_bootstrap.cc:492] T 9429469e779d4068b415a92e24750da2 P 9229b4c38a234a9da51e64e7bc2cf236: Bootstrap starting.
I20260709 13:16:00.645676 11704 raft_consensus.cc:493] T 6a05dea4dd4f49d6849579ed1ce9388a P d8a69fe4f7374fa592f2f8f20591fb56 [term 0 FOLLOWER]: Starting pre-election (no leader contacted us within the election timeout)
I20260709 13:16:00.646324 11704 raft_consensus.cc:515] T 6a05dea4dd4f49d6849579ed1ce9388a P d8a69fe4f7374fa592f2f8f20591fb56 [term 0 FOLLOWER]: Starting pre-election with config: opid_index: -1 OBSOLETE_local: false peers { permanent_uuid: "d8a69fe4f7374fa592f2f8f20591fb56" member_type: VOTER last_known_addr { host: "127.10.36.1" port: 32851 } } peers { permanent_uuid: "6d330226017648fb82ba8a820ee99ea2" member_type: VOTER last_known_addr { host: "127.10.36.2" port: 40673 } } peers { permanent_uuid: "9229b4c38a234a9da51e64e7bc2cf236" member_type: VOTER last_known_addr { host: "127.10.36.3" port: 46849 } }
I20260709 13:16:00.648669 11704 leader_election.cc:290] T 6a05dea4dd4f49d6849579ed1ce9388a P d8a69fe4f7374fa592f2f8f20591fb56 [CANDIDATE]: Term 1 pre-election: Requested pre-vote from peers 6d330226017648fb82ba8a820ee99ea2 (127.10.36.2:40673), 9229b4c38a234a9da51e64e7bc2cf236 (127.10.36.3:46849)
I20260709 13:16:00.653152 11686 raft_consensus.cc:493] T 6a05dea4dd4f49d6849579ed1ce9388a P 9229b4c38a234a9da51e64e7bc2cf236 [term 0 FOLLOWER]: Starting pre-election (no leader contacted us within the election timeout)
I20260709 13:16:00.653879 11686 raft_consensus.cc:515] T 6a05dea4dd4f49d6849579ed1ce9388a P 9229b4c38a234a9da51e64e7bc2cf236 [term 0 FOLLOWER]: Starting pre-election with config: opid_index: -1 OBSOLETE_local: false peers { permanent_uuid: "d8a69fe4f7374fa592f2f8f20591fb56" member_type: VOTER last_known_addr { host: "127.10.36.1" port: 32851 } } peers { permanent_uuid: "6d330226017648fb82ba8a820ee99ea2" member_type: VOTER last_known_addr { host: "127.10.36.2" port: 40673 } } peers { permanent_uuid: "9229b4c38a234a9da51e64e7bc2cf236" member_type: VOTER last_known_addr { host: "127.10.36.3" port: 46849 } }
I20260709 13:16:00.653417 11682 tablet_bootstrap.cc:654] T 9429469e779d4068b415a92e24750da2 P 9229b4c38a234a9da51e64e7bc2cf236: Neither blocks nor log segments found. Creating new log.
I20260709 13:16:00.656082 11642 tablet_service.cc:1917] Received RequestConsensusVote() RPC: tablet_id: "6a05dea4dd4f49d6849579ed1ce9388a" candidate_uuid: "d8a69fe4f7374fa592f2f8f20591fb56" candidate_term: 1 candidate_status { last_received { term: 0 index: 0 } } ignore_live_leader: false dest_uuid: "9229b4c38a234a9da51e64e7bc2cf236" is_pre_election: true
I20260709 13:16:00.656781 11642 raft_consensus.cc:2468] T 6a05dea4dd4f49d6849579ed1ce9388a P 9229b4c38a234a9da51e64e7bc2cf236 [term 0 FOLLOWER]: Leader pre-election vote request: Granting yes vote for candidate d8a69fe4f7374fa592f2f8f20591fb56 in term 0.
I20260709 13:16:00.657681 11568 tablet_service.cc:1917] Received RequestConsensusVote() RPC: tablet_id: "6a05dea4dd4f49d6849579ed1ce9388a" candidate_uuid: "d8a69fe4f7374fa592f2f8f20591fb56" candidate_term: 1 candidate_status { last_received { term: 0 index: 0 } } ignore_live_leader: false dest_uuid: "6d330226017648fb82ba8a820ee99ea2" is_pre_election: true
I20260709 13:16:00.657873 11493 tablet_service.cc:1917] Received RequestConsensusVote() RPC: tablet_id: "6a05dea4dd4f49d6849579ed1ce9388a" candidate_uuid: "9229b4c38a234a9da51e64e7bc2cf236" candidate_term: 1 candidate_status { last_received { term: 0 index: 0 } } ignore_live_leader: false dest_uuid: "d8a69fe4f7374fa592f2f8f20591fb56" is_pre_election: true
I20260709 13:16:00.658238 11459 leader_election.cc:304] T 6a05dea4dd4f49d6849579ed1ce9388a P d8a69fe4f7374fa592f2f8f20591fb56 [CANDIDATE]: Term 1 pre-election: Election decided. Result: candidate won. Election summary: received 2 responses out of 3 voters: 2 yes votes; 0 no votes. yes voters: 9229b4c38a234a9da51e64e7bc2cf236, d8a69fe4f7374fa592f2f8f20591fb56; no voters: 
I20260709 13:16:00.658476 11493 raft_consensus.cc:2468] T 6a05dea4dd4f49d6849579ed1ce9388a P d8a69fe4f7374fa592f2f8f20591fb56 [term 0 FOLLOWER]: Leader pre-election vote request: Granting yes vote for candidate 9229b4c38a234a9da51e64e7bc2cf236 in term 0.
I20260709 13:16:00.660305 11704 raft_consensus.cc:2804] T 6a05dea4dd4f49d6849579ed1ce9388a P d8a69fe4f7374fa592f2f8f20591fb56 [term 0 FOLLOWER]: Leader pre-election won for term 1
W20260709 13:16:00.661118 11457 leader_election.cc:343] T 6a05dea4dd4f49d6849579ed1ce9388a P d8a69fe4f7374fa592f2f8f20591fb56 [CANDIDATE]: Term 1 pre-election: Tablet error from VoteRequest() call to peer 6d330226017648fb82ba8a820ee99ea2 (127.10.36.2:40673): Illegal state: must be running to vote when last-logged opid is not known
I20260709 13:16:00.662736 11686 leader_election.cc:290] T 6a05dea4dd4f49d6849579ed1ce9388a P 9229b4c38a234a9da51e64e7bc2cf236 [CANDIDATE]: Term 1 pre-election: Requested pre-vote from peers d8a69fe4f7374fa592f2f8f20591fb56 (127.10.36.1:32851), 6d330226017648fb82ba8a820ee99ea2 (127.10.36.2:40673)
I20260709 13:16:00.663159 11568 tablet_service.cc:1917] Received RequestConsensusVote() RPC: tablet_id: "6a05dea4dd4f49d6849579ed1ce9388a" candidate_uuid: "9229b4c38a234a9da51e64e7bc2cf236" candidate_term: 1 candidate_status { last_received { term: 0 index: 0 } } ignore_live_leader: false dest_uuid: "6d330226017648fb82ba8a820ee99ea2" is_pre_election: true
I20260709 13:16:00.664465 11687 tablet_bootstrap.cc:492] T 46fd8d5976c34fdc8f8113639ec9d0ce P d8a69fe4f7374fa592f2f8f20591fb56: No bootstrap required, opened a new log
I20260709 13:16:00.666778 11687 ts_tablet_manager.cc:1403] T 46fd8d5976c34fdc8f8113639ec9d0ce P d8a69fe4f7374fa592f2f8f20591fb56: Time spent bootstrapping tablet: real 0.041s	user 0.016s	sys 0.004s
I20260709 13:16:00.660713 11704 raft_consensus.cc:493] T 6a05dea4dd4f49d6849579ed1ce9388a P d8a69fe4f7374fa592f2f8f20591fb56 [term 0 FOLLOWER]: Starting leader election (no leader contacted us within the election timeout)
I20260709 13:16:00.669941 11704 raft_consensus.cc:3060] T 6a05dea4dd4f49d6849579ed1ce9388a P d8a69fe4f7374fa592f2f8f20591fb56 [term 0 FOLLOWER]: Advancing to term 1
I20260709 13:16:00.671015 11687 raft_consensus.cc:359] T 46fd8d5976c34fdc8f8113639ec9d0ce P d8a69fe4f7374fa592f2f8f20591fb56 [term 0 FOLLOWER]: Replica starting. Triggering 0 pending ops. Active config: opid_index: -1 OBSOLETE_local: false peers { permanent_uuid: "d8a69fe4f7374fa592f2f8f20591fb56" member_type: VOTER last_known_addr { host: "127.10.36.1" port: 32851 } } peers { permanent_uuid: "6d330226017648fb82ba8a820ee99ea2" member_type: VOTER last_known_addr { host: "127.10.36.2" port: 40673 } } peers { permanent_uuid: "9229b4c38a234a9da51e64e7bc2cf236" member_type: VOTER last_known_addr { host: "127.10.36.3" port: 46849 } }
I20260709 13:16:00.671816 11687 raft_consensus.cc:385] T 46fd8d5976c34fdc8f8113639ec9d0ce P d8a69fe4f7374fa592f2f8f20591fb56 [term 0 FOLLOWER]: Consensus starting up: Expiring failure detector timer to make a prompt election more likely
I20260709 13:16:00.672091 11687 raft_consensus.cc:740] T 46fd8d5976c34fdc8f8113639ec9d0ce P d8a69fe4f7374fa592f2f8f20591fb56 [term 0 FOLLOWER]: Becoming Follower/Learner. State: Replica: d8a69fe4f7374fa592f2f8f20591fb56, State: Initialized, Role: FOLLOWER
I20260709 13:16:00.672699 11687 consensus_queue.cc:260] T 46fd8d5976c34fdc8f8113639ec9d0ce P d8a69fe4f7374fa592f2f8f20591fb56 [NON_LEADER]: Queue going to NON_LEADER mode. State: All replicated index: 0, Majority replicated index: 0, Committed index: 0, Last appended: 0.0, Last appended by leader: 0, Current term: 0, Majority size: -1, State: 0, Mode: NON_LEADER, active raft config: opid_index: -1 OBSOLETE_local: false peers { permanent_uuid: "d8a69fe4f7374fa592f2f8f20591fb56" member_type: VOTER last_known_addr { host: "127.10.36.1" port: 32851 } } peers { permanent_uuid: "6d330226017648fb82ba8a820ee99ea2" member_type: VOTER last_known_addr { host: "127.10.36.2" port: 40673 } } peers { permanent_uuid: "9229b4c38a234a9da51e64e7bc2cf236" member_type: VOTER last_known_addr { host: "127.10.36.3" port: 46849 } }
I20260709 13:16:00.673250 11683 tablet_bootstrap.cc:492] T d6c63794502142049a4ee3756500d96d P 6d330226017648fb82ba8a820ee99ea2: No bootstrap required, opened a new log
I20260709 13:16:00.673687 11683 ts_tablet_manager.cc:1403] T d6c63794502142049a4ee3756500d96d P 6d330226017648fb82ba8a820ee99ea2: Time spent bootstrapping tablet: real 0.062s	user 0.025s	sys 0.033s
I20260709 13:16:00.666564 11607 leader_election.cc:304] T 6a05dea4dd4f49d6849579ed1ce9388a P 9229b4c38a234a9da51e64e7bc2cf236 [CANDIDATE]: Term 1 pre-election: Election decided. Result: candidate won. Election summary: received 2 responses out of 3 voters: 2 yes votes; 0 no votes. yes voters: 9229b4c38a234a9da51e64e7bc2cf236, d8a69fe4f7374fa592f2f8f20591fb56; no voters: 
I20260709 13:16:00.676342 11686 raft_consensus.cc:2804] T 6a05dea4dd4f49d6849579ed1ce9388a P 9229b4c38a234a9da51e64e7bc2cf236 [term 0 FOLLOWER]: Leader pre-election won for term 1
I20260709 13:16:00.676867 11686 raft_consensus.cc:493] T 6a05dea4dd4f49d6849579ed1ce9388a P 9229b4c38a234a9da51e64e7bc2cf236 [term 0 FOLLOWER]: Starting leader election (no leader contacted us within the election timeout)
I20260709 13:16:00.677415 11686 raft_consensus.cc:3060] T 6a05dea4dd4f49d6849579ed1ce9388a P 9229b4c38a234a9da51e64e7bc2cf236 [term 0 FOLLOWER]: Advancing to term 1
I20260709 13:16:00.676702 11683 raft_consensus.cc:359] T d6c63794502142049a4ee3756500d96d P 6d330226017648fb82ba8a820ee99ea2 [term 0 FOLLOWER]: Replica starting. Triggering 0 pending ops. Active config: opid_index: -1 OBSOLETE_local: false peers { permanent_uuid: "d8a69fe4f7374fa592f2f8f20591fb56" member_type: VOTER last_known_addr { host: "127.10.36.1" port: 32851 } } peers { permanent_uuid: "6d330226017648fb82ba8a820ee99ea2" member_type: VOTER last_known_addr { host: "127.10.36.2" port: 40673 } } peers { permanent_uuid: "9229b4c38a234a9da51e64e7bc2cf236" member_type: VOTER last_known_addr { host: "127.10.36.3" port: 46849 } }
I20260709 13:16:00.678342 11683 raft_consensus.cc:385] T d6c63794502142049a4ee3756500d96d P 6d330226017648fb82ba8a820ee99ea2 [term 0 FOLLOWER]: Consensus starting up: Expiring failure detector timer to make a prompt election more likely
I20260709 13:16:00.678627 11683 raft_consensus.cc:740] T d6c63794502142049a4ee3756500d96d P 6d330226017648fb82ba8a820ee99ea2 [term 0 FOLLOWER]: Becoming Follower/Learner. State: Replica: 6d330226017648fb82ba8a820ee99ea2, State: Initialized, Role: FOLLOWER
I20260709 13:16:00.679278 11683 consensus_queue.cc:260] T d6c63794502142049a4ee3756500d96d P 6d330226017648fb82ba8a820ee99ea2 [NON_LEADER]: Queue going to NON_LEADER mode. State: All replicated index: 0, Majority replicated index: 0, Committed index: 0, Last appended: 0.0, Last appended by leader: 0, Current term: 0, Majority size: -1, State: 0, Mode: NON_LEADER, active raft config: opid_index: -1 OBSOLETE_local: false peers { permanent_uuid: "d8a69fe4f7374fa592f2f8f20591fb56" member_type: VOTER last_known_addr { host: "127.10.36.1" port: 32851 } } peers { permanent_uuid: "6d330226017648fb82ba8a820ee99ea2" member_type: VOTER last_known_addr { host: "127.10.36.2" port: 40673 } } peers { permanent_uuid: "9229b4c38a234a9da51e64e7bc2cf236" member_type: VOTER last_known_addr { host: "127.10.36.3" port: 46849 } }
W20260709 13:16:00.681205 11606 leader_election.cc:343] T 6a05dea4dd4f49d6849579ed1ce9388a P 9229b4c38a234a9da51e64e7bc2cf236 [CANDIDATE]: Term 1 pre-election: Tablet error from VoteRequest() call to peer 6d330226017648fb82ba8a820ee99ea2 (127.10.36.2:40673): Illegal state: must be running to vote when last-logged opid is not known
I20260709 13:16:00.681687 11683 ts_tablet_manager.cc:1434] T d6c63794502142049a4ee3756500d96d P 6d330226017648fb82ba8a820ee99ea2: Time spent starting tablet: real 0.008s	user 0.003s	sys 0.003s
I20260709 13:16:00.683785 11701 consensus_queue.cc:1048] T 6234fd8d4fd244bcad9436548085f3d4 P 6d330226017648fb82ba8a820ee99ea2 [LEADER]: Connected to new peer: Peer: permanent_uuid: "9229b4c38a234a9da51e64e7bc2cf236" member_type: VOTER last_known_addr { host: "127.10.36.3" port: 46849 }, Status: LMP_MISMATCH, Last received: 0.0, Next index: 1, Last known committed idx: 0, Time since last communication: 0.001s
I20260709 13:16:00.689932 11683 tablet_bootstrap.cc:492] T 6a05dea4dd4f49d6849579ed1ce9388a P 6d330226017648fb82ba8a820ee99ea2: Bootstrap starting.
I20260709 13:16:00.709785 11683 tablet_bootstrap.cc:654] T 6a05dea4dd4f49d6849579ed1ce9388a P 6d330226017648fb82ba8a820ee99ea2: Neither blocks nor log segments found. Creating new log.
I20260709 13:16:00.704396 11686 raft_consensus.cc:515] T 6a05dea4dd4f49d6849579ed1ce9388a P 9229b4c38a234a9da51e64e7bc2cf236 [term 1 FOLLOWER]: Starting leader election with config: opid_index: -1 OBSOLETE_local: false peers { permanent_uuid: "d8a69fe4f7374fa592f2f8f20591fb56" member_type: VOTER last_known_addr { host: "127.10.36.1" port: 32851 } } peers { permanent_uuid: "6d330226017648fb82ba8a820ee99ea2" member_type: VOTER last_known_addr { host: "127.10.36.2" port: 40673 } } peers { permanent_uuid: "9229b4c38a234a9da51e64e7bc2cf236" member_type: VOTER last_known_addr { host: "127.10.36.3" port: 46849 } }
I20260709 13:16:00.718932 11493 tablet_service.cc:1917] Received RequestConsensusVote() RPC: tablet_id: "6a05dea4dd4f49d6849579ed1ce9388a" candidate_uuid: "9229b4c38a234a9da51e64e7bc2cf236" candidate_term: 1 candidate_status { last_received { term: 0 index: 0 } } ignore_live_leader: false dest_uuid: "d8a69fe4f7374fa592f2f8f20591fb56"
I20260709 13:16:00.719549 11755 raft_consensus.cc:493] T cfb63837303f422b868ca8b72932e944 P d8a69fe4f7374fa592f2f8f20591fb56 [term 0 FOLLOWER]: Starting pre-election (no leader contacted us within the election timeout)
I20260709 13:16:00.715969 11704 raft_consensus.cc:515] T 6a05dea4dd4f49d6849579ed1ce9388a P d8a69fe4f7374fa592f2f8f20591fb56 [term 1 FOLLOWER]: Starting leader election with config: opid_index: -1 OBSOLETE_local: false peers { permanent_uuid: "d8a69fe4f7374fa592f2f8f20591fb56" member_type: VOTER last_known_addr { host: "127.10.36.1" port: 32851 } } peers { permanent_uuid: "6d330226017648fb82ba8a820ee99ea2" member_type: VOTER last_known_addr { host: "127.10.36.2" port: 40673 } } peers { permanent_uuid: "9229b4c38a234a9da51e64e7bc2cf236" member_type: VOTER last_known_addr { host: "127.10.36.3" port: 46849 } }
I20260709 13:16:00.721838 11493 raft_consensus.cc:2393] T 6a05dea4dd4f49d6849579ed1ce9388a P d8a69fe4f7374fa592f2f8f20591fb56 [term 1 FOLLOWER]: Leader election vote request: Denying vote to candidate 9229b4c38a234a9da51e64e7bc2cf236 in current term 1: Already voted for candidate d8a69fe4f7374fa592f2f8f20591fb56 in this term.
I20260709 13:16:00.723809 11724 consensus_queue.cc:1048] T 6234fd8d4fd244bcad9436548085f3d4 P 6d330226017648fb82ba8a820ee99ea2 [LEADER]: Connected to new peer: Peer: permanent_uuid: "d8a69fe4f7374fa592f2f8f20591fb56" member_type: VOTER last_known_addr { host: "127.10.36.1" port: 32851 }, Status: LMP_MISMATCH, Last received: 0.0, Next index: 1, Last known committed idx: 0, Time since last communication: 0.001s
I20260709 13:16:00.720798 11686 leader_election.cc:290] T 6a05dea4dd4f49d6849579ed1ce9388a P 9229b4c38a234a9da51e64e7bc2cf236 [CANDIDATE]: Term 1 election: Requested vote from peers d8a69fe4f7374fa592f2f8f20591fb56 (127.10.36.1:32851), 6d330226017648fb82ba8a820ee99ea2 (127.10.36.2:40673)
I20260709 13:16:00.720474 11687 ts_tablet_manager.cc:1434] T 46fd8d5976c34fdc8f8113639ec9d0ce P d8a69fe4f7374fa592f2f8f20591fb56: Time spent starting tablet: real 0.053s	user 0.026s	sys 0.011s
I20260709 13:16:00.727455 11687 tablet_bootstrap.cc:492] T 4a046fb1364e4bf0a3b1864871d95e05 P d8a69fe4f7374fa592f2f8f20591fb56: Bootstrap starting.
I20260709 13:16:00.727767 11641 tablet_service.cc:1917] Received RequestConsensusVote() RPC: tablet_id: "6a05dea4dd4f49d6849579ed1ce9388a" candidate_uuid: "d8a69fe4f7374fa592f2f8f20591fb56" candidate_term: 1 candidate_status { last_received { term: 0 index: 0 } } ignore_live_leader: false dest_uuid: "9229b4c38a234a9da51e64e7bc2cf236"
I20260709 13:16:00.728545 11641 raft_consensus.cc:2393] T 6a05dea4dd4f49d6849579ed1ce9388a P 9229b4c38a234a9da51e64e7bc2cf236 [term 1 FOLLOWER]: Leader election vote request: Denying vote to candidate d8a69fe4f7374fa592f2f8f20591fb56 in current term 1: Already voted for candidate 9229b4c38a234a9da51e64e7bc2cf236 in this term.
I20260709 13:16:00.726244 11568 tablet_service.cc:1917] Received RequestConsensusVote() RPC: tablet_id: "6a05dea4dd4f49d6849579ed1ce9388a" candidate_uuid: "9229b4c38a234a9da51e64e7bc2cf236" candidate_term: 1 candidate_status { last_received { term: 0 index: 0 } } ignore_live_leader: false dest_uuid: "6d330226017648fb82ba8a820ee99ea2"
W20260709 13:16:00.730334 11606 leader_election.cc:343] T 6a05dea4dd4f49d6849579ed1ce9388a P 9229b4c38a234a9da51e64e7bc2cf236 [CANDIDATE]: Term 1 election: Tablet error from VoteRequest() call to peer 6d330226017648fb82ba8a820ee99ea2 (127.10.36.2:40673): Illegal state: must be running to vote when last-logged opid is not known
I20260709 13:16:00.726256 11704 leader_election.cc:290] T 6a05dea4dd4f49d6849579ed1ce9388a P d8a69fe4f7374fa592f2f8f20591fb56 [CANDIDATE]: Term 1 election: Requested vote from peers 6d330226017648fb82ba8a820ee99ea2 (127.10.36.2:40673), 9229b4c38a234a9da51e64e7bc2cf236 (127.10.36.3:46849)
I20260709 13:16:00.734902 11568 tablet_service.cc:1917] Received RequestConsensusVote() RPC: tablet_id: "6a05dea4dd4f49d6849579ed1ce9388a" candidate_uuid: "d8a69fe4f7374fa592f2f8f20591fb56" candidate_term: 1 candidate_status { last_received { term: 0 index: 0 } } ignore_live_leader: false dest_uuid: "6d330226017648fb82ba8a820ee99ea2"
I20260709 13:16:00.734727 11607 leader_election.cc:304] T 6a05dea4dd4f49d6849579ed1ce9388a P 9229b4c38a234a9da51e64e7bc2cf236 [CANDIDATE]: Term 1 election: Election decided. Result: candidate lost. Election summary: received 3 responses out of 3 voters: 1 yes votes; 2 no votes. yes voters: 9229b4c38a234a9da51e64e7bc2cf236; no voters: 6d330226017648fb82ba8a820ee99ea2, d8a69fe4f7374fa592f2f8f20591fb56
W20260709 13:16:00.737835 11457 leader_election.cc:343] T 6a05dea4dd4f49d6849579ed1ce9388a P d8a69fe4f7374fa592f2f8f20591fb56 [CANDIDATE]: Term 1 election: Tablet error from VoteRequest() call to peer 6d330226017648fb82ba8a820ee99ea2 (127.10.36.2:40673): Illegal state: must be running to vote when last-logged opid is not known
I20260709 13:16:00.738006 11726 raft_consensus.cc:2749] T 6a05dea4dd4f49d6849579ed1ce9388a P 9229b4c38a234a9da51e64e7bc2cf236 [term 1 FOLLOWER]: Leader election lost for term 1. Reason: could not achieve majority
I20260709 13:16:00.738392 11457 leader_election.cc:304] T 6a05dea4dd4f49d6849579ed1ce9388a P d8a69fe4f7374fa592f2f8f20591fb56 [CANDIDATE]: Term 1 election: Election decided. Result: candidate lost. Election summary: received 3 responses out of 3 voters: 1 yes votes; 2 no votes. yes voters: d8a69fe4f7374fa592f2f8f20591fb56; no voters: 6d330226017648fb82ba8a820ee99ea2, 9229b4c38a234a9da51e64e7bc2cf236
I20260709 13:16:00.740296 11704 raft_consensus.cc:2749] T 6a05dea4dd4f49d6849579ed1ce9388a P d8a69fe4f7374fa592f2f8f20591fb56 [term 1 FOLLOWER]: Leader election lost for term 1. Reason: could not achieve majority
I20260709 13:16:00.745466 11687 tablet_bootstrap.cc:654] T 4a046fb1364e4bf0a3b1864871d95e05 P d8a69fe4f7374fa592f2f8f20591fb56: Neither blocks nor log segments found. Creating new log.
I20260709 13:16:00.720065 11755 raft_consensus.cc:515] T cfb63837303f422b868ca8b72932e944 P d8a69fe4f7374fa592f2f8f20591fb56 [term 0 FOLLOWER]: Starting pre-election with config: opid_index: -1 OBSOLETE_local: false peers { permanent_uuid: "d8a69fe4f7374fa592f2f8f20591fb56" member_type: VOTER last_known_addr { host: "127.10.36.1" port: 32851 } } peers { permanent_uuid: "6d330226017648fb82ba8a820ee99ea2" member_type: VOTER last_known_addr { host: "127.10.36.2" port: 40673 } } peers { permanent_uuid: "9229b4c38a234a9da51e64e7bc2cf236" member_type: VOTER last_known_addr { host: "127.10.36.3" port: 46849 } }
I20260709 13:16:00.749161 11683 tablet_bootstrap.cc:492] T 6a05dea4dd4f49d6849579ed1ce9388a P 6d330226017648fb82ba8a820ee99ea2: No bootstrap required, opened a new log
I20260709 13:16:00.749635 11683 ts_tablet_manager.cc:1403] T 6a05dea4dd4f49d6849579ed1ce9388a P 6d330226017648fb82ba8a820ee99ea2: Time spent bootstrapping tablet: real 0.060s	user 0.014s	sys 0.000s
I20260709 13:16:00.751505 11682 tablet_bootstrap.cc:492] T 9429469e779d4068b415a92e24750da2 P 9229b4c38a234a9da51e64e7bc2cf236: No bootstrap required, opened a new log
I20260709 13:16:00.752045 11682 ts_tablet_manager.cc:1403] T 9429469e779d4068b415a92e24750da2 P 9229b4c38a234a9da51e64e7bc2cf236: Time spent bootstrapping tablet: real 0.111s	user 0.021s	sys 0.028s
I20260709 13:16:00.752424 11568 tablet_service.cc:1917] Received RequestConsensusVote() RPC: tablet_id: "cfb63837303f422b868ca8b72932e944" candidate_uuid: "d8a69fe4f7374fa592f2f8f20591fb56" candidate_term: 1 candidate_status { last_received { term: 0 index: 0 } } ignore_live_leader: false dest_uuid: "6d330226017648fb82ba8a820ee99ea2" is_pre_election: true
I20260709 13:16:00.753057 11755 leader_election.cc:290] T cfb63837303f422b868ca8b72932e944 P d8a69fe4f7374fa592f2f8f20591fb56 [CANDIDATE]: Term 1 pre-election: Requested pre-vote from peers 6d330226017648fb82ba8a820ee99ea2 (127.10.36.2:40673), 9229b4c38a234a9da51e64e7bc2cf236 (127.10.36.3:46849)
I20260709 13:16:00.753261 11568 raft_consensus.cc:2468] T cfb63837303f422b868ca8b72932e944 P 6d330226017648fb82ba8a820ee99ea2 [term 0 FOLLOWER]: Leader pre-election vote request: Granting yes vote for candidate d8a69fe4f7374fa592f2f8f20591fb56 in term 0.
I20260709 13:16:00.753659 11755 raft_consensus.cc:493] T 47d50994d71243b282a268cff1177510 P d8a69fe4f7374fa592f2f8f20591fb56 [term 0 FOLLOWER]: Starting pre-election (no leader contacted us within the election timeout)
I20260709 13:16:00.754367 11642 tablet_service.cc:1917] Received RequestConsensusVote() RPC: tablet_id: "cfb63837303f422b868ca8b72932e944" candidate_uuid: "d8a69fe4f7374fa592f2f8f20591fb56" candidate_term: 1 candidate_status { last_received { term: 0 index: 0 } } ignore_live_leader: false dest_uuid: "9229b4c38a234a9da51e64e7bc2cf236" is_pre_election: true
I20260709 13:16:00.754578 11457 leader_election.cc:304] T cfb63837303f422b868ca8b72932e944 P d8a69fe4f7374fa592f2f8f20591fb56 [CANDIDATE]: Term 1 pre-election: Election decided. Result: candidate won. Election summary: received 2 responses out of 3 voters: 2 yes votes; 0 no votes. yes voters: 6d330226017648fb82ba8a820ee99ea2, d8a69fe4f7374fa592f2f8f20591fb56; no voters: 
I20260709 13:16:00.755123 11642 raft_consensus.cc:2468] T cfb63837303f422b868ca8b72932e944 P 9229b4c38a234a9da51e64e7bc2cf236 [term 0 FOLLOWER]: Leader pre-election vote request: Granting yes vote for candidate d8a69fe4f7374fa592f2f8f20591fb56 in term 0.
I20260709 13:16:00.752385 11683 raft_consensus.cc:359] T 6a05dea4dd4f49d6849579ed1ce9388a P 6d330226017648fb82ba8a820ee99ea2 [term 0 FOLLOWER]: Replica starting. Triggering 0 pending ops. Active config: opid_index: -1 OBSOLETE_local: false peers { permanent_uuid: "d8a69fe4f7374fa592f2f8f20591fb56" member_type: VOTER last_known_addr { host: "127.10.36.1" port: 32851 } } peers { permanent_uuid: "6d330226017648fb82ba8a820ee99ea2" member_type: VOTER last_known_addr { host: "127.10.36.2" port: 40673 } } peers { permanent_uuid: "9229b4c38a234a9da51e64e7bc2cf236" member_type: VOTER last_known_addr { host: "127.10.36.3" port: 46849 } }
I20260709 13:16:00.755452 11682 raft_consensus.cc:359] T 9429469e779d4068b415a92e24750da2 P 9229b4c38a234a9da51e64e7bc2cf236 [term 0 FOLLOWER]: Replica starting. Triggering 0 pending ops. Active config: opid_index: -1 OBSOLETE_local: false peers { permanent_uuid: "d8a69fe4f7374fa592f2f8f20591fb56" member_type: VOTER last_known_addr { host: "127.10.36.1" port: 32851 } } peers { permanent_uuid: "6d330226017648fb82ba8a820ee99ea2" member_type: VOTER last_known_addr { host: "127.10.36.2" port: 40673 } } peers { permanent_uuid: "9229b4c38a234a9da51e64e7bc2cf236" member_type: VOTER last_known_addr { host: "127.10.36.3" port: 46849 } }
I20260709 13:16:00.756006 11683 raft_consensus.cc:385] T 6a05dea4dd4f49d6849579ed1ce9388a P 6d330226017648fb82ba8a820ee99ea2 [term 0 FOLLOWER]: Consensus starting up: Expiring failure detector timer to make a prompt election more likely
I20260709 13:16:00.756304 11683 raft_consensus.cc:740] T 6a05dea4dd4f49d6849579ed1ce9388a P 6d330226017648fb82ba8a820ee99ea2 [term 0 FOLLOWER]: Becoming Follower/Learner. State: Replica: 6d330226017648fb82ba8a820ee99ea2, State: Initialized, Role: FOLLOWER
I20260709 13:16:00.756309 11682 raft_consensus.cc:385] T 9429469e779d4068b415a92e24750da2 P 9229b4c38a234a9da51e64e7bc2cf236 [term 0 FOLLOWER]: Consensus starting up: Expiring failure detector timer to make a prompt election more likely
I20260709 13:16:00.756925 11682 raft_consensus.cc:740] T 9429469e779d4068b415a92e24750da2 P 9229b4c38a234a9da51e64e7bc2cf236 [term 0 FOLLOWER]: Becoming Follower/Learner. State: Replica: 9229b4c38a234a9da51e64e7bc2cf236, State: Initialized, Role: FOLLOWER
I20260709 13:16:00.757344 11753 raft_consensus.cc:2804] T cfb63837303f422b868ca8b72932e944 P d8a69fe4f7374fa592f2f8f20591fb56 [term 0 FOLLOWER]: Leader pre-election won for term 1
I20260709 13:16:00.757184 11683 consensus_queue.cc:260] T 6a05dea4dd4f49d6849579ed1ce9388a P 6d330226017648fb82ba8a820ee99ea2 [NON_LEADER]: Queue going to NON_LEADER mode. State: All replicated index: 0, Majority replicated index: 0, Committed index: 0, Last appended: 0.0, Last appended by leader: 0, Current term: 0, Majority size: -1, State: 0, Mode: NON_LEADER, active raft config: opid_index: -1 OBSOLETE_local: false peers { permanent_uuid: "d8a69fe4f7374fa592f2f8f20591fb56" member_type: VOTER last_known_addr { host: "127.10.36.1" port: 32851 } } peers { permanent_uuid: "6d330226017648fb82ba8a820ee99ea2" member_type: VOTER last_known_addr { host: "127.10.36.2" port: 40673 } } peers { permanent_uuid: "9229b4c38a234a9da51e64e7bc2cf236" member_type: VOTER last_known_addr { host: "127.10.36.3" port: 46849 } }
I20260709 13:16:00.757915 11753 raft_consensus.cc:493] T cfb63837303f422b868ca8b72932e944 P d8a69fe4f7374fa592f2f8f20591fb56 [term 0 FOLLOWER]: Starting leader election (no leader contacted us within the election timeout)
I20260709 13:16:00.757849 11682 consensus_queue.cc:260] T 9429469e779d4068b415a92e24750da2 P 9229b4c38a234a9da51e64e7bc2cf236 [NON_LEADER]: Queue going to NON_LEADER mode. State: All replicated index: 0, Majority replicated index: 0, Committed index: 0, Last appended: 0.0, Last appended by leader: 0, Current term: 0, Majority size: -1, State: 0, Mode: NON_LEADER, active raft config: opid_index: -1 OBSOLETE_local: false peers { permanent_uuid: "d8a69fe4f7374fa592f2f8f20591fb56" member_type: VOTER last_known_addr { host: "127.10.36.1" port: 32851 } } peers { permanent_uuid: "6d330226017648fb82ba8a820ee99ea2" member_type: VOTER last_known_addr { host: "127.10.36.2" port: 40673 } } peers { permanent_uuid: "9229b4c38a234a9da51e64e7bc2cf236" member_type: VOTER last_known_addr { host: "127.10.36.3" port: 46849 } }
I20260709 13:16:00.758569 11753 raft_consensus.cc:3060] T cfb63837303f422b868ca8b72932e944 P d8a69fe4f7374fa592f2f8f20591fb56 [term 0 FOLLOWER]: Advancing to term 1
I20260709 13:16:00.759897 11683 ts_tablet_manager.cc:1434] T 6a05dea4dd4f49d6849579ed1ce9388a P 6d330226017648fb82ba8a820ee99ea2: Time spent starting tablet: real 0.010s	user 0.008s	sys 0.000s
I20260709 13:16:00.760771 11682 ts_tablet_manager.cc:1434] T 9429469e779d4068b415a92e24750da2 P 9229b4c38a234a9da51e64e7bc2cf236: Time spent starting tablet: real 0.008s	user 0.006s	sys 0.000s
I20260709 13:16:00.761057 11683 tablet_bootstrap.cc:492] T 93292e2be7194525bf5ff4fb7ad86847 P 6d330226017648fb82ba8a820ee99ea2: Bootstrap starting.
I20260709 13:16:00.762003 11682 tablet_bootstrap.cc:492] T 47d50994d71243b282a268cff1177510 P 9229b4c38a234a9da51e64e7bc2cf236: Bootstrap starting.
I20260709 13:16:00.769162 11682 tablet_bootstrap.cc:654] T 47d50994d71243b282a268cff1177510 P 9229b4c38a234a9da51e64e7bc2cf236: Neither blocks nor log segments found. Creating new log.
I20260709 13:16:00.770988 11683 tablet_bootstrap.cc:654] T 93292e2be7194525bf5ff4fb7ad86847 P 6d330226017648fb82ba8a820ee99ea2: Neither blocks nor log segments found. Creating new log.
I20260709 13:16:00.754142 11755 raft_consensus.cc:515] T 47d50994d71243b282a268cff1177510 P d8a69fe4f7374fa592f2f8f20591fb56 [term 0 FOLLOWER]: Starting pre-election with config: opid_index: -1 OBSOLETE_local: false peers { permanent_uuid: "d8a69fe4f7374fa592f2f8f20591fb56" member_type: VOTER last_known_addr { host: "127.10.36.1" port: 32851 } } peers { permanent_uuid: "6d330226017648fb82ba8a820ee99ea2" member_type: VOTER last_known_addr { host: "127.10.36.2" port: 40673 } } peers { permanent_uuid: "9229b4c38a234a9da51e64e7bc2cf236" member_type: VOTER last_known_addr { host: "127.10.36.3" port: 46849 } }
I20260709 13:16:00.778110 11687 tablet_bootstrap.cc:492] T 4a046fb1364e4bf0a3b1864871d95e05 P d8a69fe4f7374fa592f2f8f20591fb56: No bootstrap required, opened a new log
I20260709 13:16:00.778352 11753 raft_consensus.cc:515] T cfb63837303f422b868ca8b72932e944 P d8a69fe4f7374fa592f2f8f20591fb56 [term 1 FOLLOWER]: Starting leader election with config: opid_index: -1 OBSOLETE_local: false peers { permanent_uuid: "d8a69fe4f7374fa592f2f8f20591fb56" member_type: VOTER last_known_addr { host: "127.10.36.1" port: 32851 } } peers { permanent_uuid: "6d330226017648fb82ba8a820ee99ea2" member_type: VOTER last_known_addr { host: "127.10.36.2" port: 40673 } } peers { permanent_uuid: "9229b4c38a234a9da51e64e7bc2cf236" member_type: VOTER last_known_addr { host: "127.10.36.3" port: 46849 } }
I20260709 13:16:00.778774 11687 ts_tablet_manager.cc:1403] T 4a046fb1364e4bf0a3b1864871d95e05 P d8a69fe4f7374fa592f2f8f20591fb56: Time spent bootstrapping tablet: real 0.051s	user 0.008s	sys 0.009s
I20260709 13:16:00.779834 11492 raft_consensus.cc:3060] T cde809a1e18442be92fe8877fe8ecf97 P d8a69fe4f7374fa592f2f8f20591fb56 [term 0 FOLLOWER]: Advancing to term 1
I20260709 13:16:00.780524 11753 leader_election.cc:290] T cfb63837303f422b868ca8b72932e944 P d8a69fe4f7374fa592f2f8f20591fb56 [CANDIDATE]: Term 1 election: Requested vote from peers 6d330226017648fb82ba8a820ee99ea2 (127.10.36.2:40673), 9229b4c38a234a9da51e64e7bc2cf236 (127.10.36.3:46849)
I20260709 13:16:00.781246 11568 tablet_service.cc:1917] Received RequestConsensusVote() RPC: tablet_id: "cfb63837303f422b868ca8b72932e944" candidate_uuid: "d8a69fe4f7374fa592f2f8f20591fb56" candidate_term: 1 candidate_status { last_received { term: 0 index: 0 } } ignore_live_leader: false dest_uuid: "6d330226017648fb82ba8a820ee99ea2"
I20260709 13:16:00.781795 11568 raft_consensus.cc:3060] T cfb63837303f422b868ca8b72932e944 P 6d330226017648fb82ba8a820ee99ea2 [term 0 FOLLOWER]: Advancing to term 1
I20260709 13:16:00.782033 11642 tablet_service.cc:1917] Received RequestConsensusVote() RPC: tablet_id: "cfb63837303f422b868ca8b72932e944" candidate_uuid: "d8a69fe4f7374fa592f2f8f20591fb56" candidate_term: 1 candidate_status { last_received { term: 0 index: 0 } } ignore_live_leader: false dest_uuid: "9229b4c38a234a9da51e64e7bc2cf236"
I20260709 13:16:00.782595 11755 leader_election.cc:290] T 47d50994d71243b282a268cff1177510 P d8a69fe4f7374fa592f2f8f20591fb56 [CANDIDATE]: Term 1 pre-election: Requested pre-vote from peers 6d330226017648fb82ba8a820ee99ea2 (127.10.36.2:40673), 9229b4c38a234a9da51e64e7bc2cf236 (127.10.36.3:46849)
I20260709 13:16:00.782685 11642 raft_consensus.cc:3060] T cfb63837303f422b868ca8b72932e944 P 9229b4c38a234a9da51e64e7bc2cf236 [term 0 FOLLOWER]: Advancing to term 1
I20260709 13:16:00.792321 11491 raft_consensus.cc:3060] T 46fd8d5976c34fdc8f8113639ec9d0ce P d8a69fe4f7374fa592f2f8f20591fb56 [term 0 FOLLOWER]: Advancing to term 1
I20260709 13:16:00.794486 11755 raft_consensus.cc:493] T 203824ba782d4d3c9ed5e6fcc120f81d P d8a69fe4f7374fa592f2f8f20591fb56 [term 0 FOLLOWER]: Starting pre-election (no leader contacted us within the election timeout)
I20260709 13:16:00.795718 11755 raft_consensus.cc:515] T 203824ba782d4d3c9ed5e6fcc120f81d P d8a69fe4f7374fa592f2f8f20591fb56 [term 0 FOLLOWER]: Starting pre-election with config: opid_index: -1 OBSOLETE_local: false peers { permanent_uuid: "d8a69fe4f7374fa592f2f8f20591fb56" member_type: VOTER last_known_addr { host: "127.10.36.1" port: 32851 } } peers { permanent_uuid: "6d330226017648fb82ba8a820ee99ea2" member_type: VOTER last_known_addr { host: "127.10.36.2" port: 40673 } } peers { permanent_uuid: "9229b4c38a234a9da51e64e7bc2cf236" member_type: VOTER last_known_addr { host: "127.10.36.3" port: 46849 } }
I20260709 13:16:00.799746 11755 leader_election.cc:290] T 203824ba782d4d3c9ed5e6fcc120f81d P d8a69fe4f7374fa592f2f8f20591fb56 [CANDIDATE]: Term 1 pre-election: Requested pre-vote from peers 6d330226017648fb82ba8a820ee99ea2 (127.10.36.2:40673), 9229b4c38a234a9da51e64e7bc2cf236 (127.10.36.3:46849)
I20260709 13:16:00.801903 11567 tablet_service.cc:1917] Received RequestConsensusVote() RPC: tablet_id: "47d50994d71243b282a268cff1177510" candidate_uuid: "d8a69fe4f7374fa592f2f8f20591fb56" candidate_term: 1 candidate_status { last_received { term: 0 index: 0 } } ignore_live_leader: false dest_uuid: "6d330226017648fb82ba8a820ee99ea2" is_pre_election: true
I20260709 13:16:00.802270 11687 raft_consensus.cc:359] T 4a046fb1364e4bf0a3b1864871d95e05 P d8a69fe4f7374fa592f2f8f20591fb56 [term 0 FOLLOWER]: Replica starting. Triggering 0 pending ops. Active config: opid_index: -1 OBSOLETE_local: false peers { permanent_uuid: "d8a69fe4f7374fa592f2f8f20591fb56" member_type: VOTER last_known_addr { host: "127.10.36.1" port: 32851 } } peers { permanent_uuid: "6d330226017648fb82ba8a820ee99ea2" member_type: VOTER last_known_addr { host: "127.10.36.2" port: 40673 } } peers { permanent_uuid: "9229b4c38a234a9da51e64e7bc2cf236" member_type: VOTER last_known_addr { host: "127.10.36.3" port: 46849 } }
I20260709 13:16:00.802981 11687 raft_consensus.cc:385] T 4a046fb1364e4bf0a3b1864871d95e05 P d8a69fe4f7374fa592f2f8f20591fb56 [term 0 FOLLOWER]: Consensus starting up: Expiring failure detector timer to make a prompt election more likely
I20260709 13:16:00.802809 11567 raft_consensus.cc:2468] T 47d50994d71243b282a268cff1177510 P 6d330226017648fb82ba8a820ee99ea2 [term 0 FOLLOWER]: Leader pre-election vote request: Granting yes vote for candidate d8a69fe4f7374fa592f2f8f20591fb56 in term 0.
I20260709 13:16:00.803354 11687 raft_consensus.cc:740] T 4a046fb1364e4bf0a3b1864871d95e05 P d8a69fe4f7374fa592f2f8f20591fb56 [term 0 FOLLOWER]: Becoming Follower/Learner. State: Replica: d8a69fe4f7374fa592f2f8f20591fb56, State: Initialized, Role: FOLLOWER
I20260709 13:16:00.804070 11687 consensus_queue.cc:260] T 4a046fb1364e4bf0a3b1864871d95e05 P d8a69fe4f7374fa592f2f8f20591fb56 [NON_LEADER]: Queue going to NON_LEADER mode. State: All replicated index: 0, Majority replicated index: 0, Committed index: 0, Last appended: 0.0, Last appended by leader: 0, Current term: 0, Majority size: -1, State: 0, Mode: NON_LEADER, active raft config: opid_index: -1 OBSOLETE_local: false peers { permanent_uuid: "d8a69fe4f7374fa592f2f8f20591fb56" member_type: VOTER last_known_addr { host: "127.10.36.1" port: 32851 } } peers { permanent_uuid: "6d330226017648fb82ba8a820ee99ea2" member_type: VOTER last_known_addr { host: "127.10.36.2" port: 40673 } } peers { permanent_uuid: "9229b4c38a234a9da51e64e7bc2cf236" member_type: VOTER last_known_addr { host: "127.10.36.3" port: 46849 } }
I20260709 13:16:00.800628 11640 tablet_service.cc:1917] Received RequestConsensusVote() RPC: tablet_id: "203824ba782d4d3c9ed5e6fcc120f81d" candidate_uuid: "d8a69fe4f7374fa592f2f8f20591fb56" candidate_term: 1 candidate_status { last_received { term: 0 index: 0 } } ignore_live_leader: false dest_uuid: "9229b4c38a234a9da51e64e7bc2cf236" is_pre_election: true
I20260709 13:16:00.805204 11686 raft_consensus.cc:493] T 9429469e779d4068b415a92e24750da2 P 9229b4c38a234a9da51e64e7bc2cf236 [term 0 FOLLOWER]: Starting pre-election (no leader contacted us within the election timeout)
I20260709 13:16:00.805667 11686 raft_consensus.cc:515] T 9429469e779d4068b415a92e24750da2 P 9229b4c38a234a9da51e64e7bc2cf236 [term 0 FOLLOWER]: Starting pre-election with config: opid_index: -1 OBSOLETE_local: false peers { permanent_uuid: "d8a69fe4f7374fa592f2f8f20591fb56" member_type: VOTER last_known_addr { host: "127.10.36.1" port: 32851 } } peers { permanent_uuid: "6d330226017648fb82ba8a820ee99ea2" member_type: VOTER last_known_addr { host: "127.10.36.2" port: 40673 } } peers { permanent_uuid: "9229b4c38a234a9da51e64e7bc2cf236" member_type: VOTER last_known_addr { host: "127.10.36.3" port: 46849 } }
I20260709 13:16:00.800562 11701 raft_consensus.cc:493] T d6c63794502142049a4ee3756500d96d P 6d330226017648fb82ba8a820ee99ea2 [term 0 FOLLOWER]: Starting pre-election (no leader contacted us within the election timeout)
I20260709 13:16:00.806555 11687 ts_tablet_manager.cc:1434] T 4a046fb1364e4bf0a3b1864871d95e05 P d8a69fe4f7374fa592f2f8f20591fb56: Time spent starting tablet: real 0.027s	user 0.006s	sys 0.000s
I20260709 13:16:00.806692 11701 raft_consensus.cc:515] T d6c63794502142049a4ee3756500d96d P 6d330226017648fb82ba8a820ee99ea2 [term 0 FOLLOWER]: Starting pre-election with config: opid_index: -1 OBSOLETE_local: false peers { permanent_uuid: "d8a69fe4f7374fa592f2f8f20591fb56" member_type: VOTER last_known_addr { host: "127.10.36.1" port: 32851 } } peers { permanent_uuid: "6d330226017648fb82ba8a820ee99ea2" member_type: VOTER last_known_addr { host: "127.10.36.2" port: 40673 } } peers { permanent_uuid: "9229b4c38a234a9da51e64e7bc2cf236" member_type: VOTER last_known_addr { host: "127.10.36.3" port: 46849 } }
I20260709 13:16:00.807832 11686 leader_election.cc:290] T 9429469e779d4068b415a92e24750da2 P 9229b4c38a234a9da51e64e7bc2cf236 [CANDIDATE]: Term 1 pre-election: Requested pre-vote from peers d8a69fe4f7374fa592f2f8f20591fb56 (127.10.36.1:32851), 6d330226017648fb82ba8a820ee99ea2 (127.10.36.2:40673)
I20260709 13:16:00.806010 11640 raft_consensus.cc:2393] T 203824ba782d4d3c9ed5e6fcc120f81d P 9229b4c38a234a9da51e64e7bc2cf236 [term 1 FOLLOWER]: Leader pre-election vote request: Denying vote to candidate d8a69fe4f7374fa592f2f8f20591fb56 in current term 1: Already voted for candidate 6d330226017648fb82ba8a820ee99ea2 in this term.
I20260709 13:16:00.809783 11701 leader_election.cc:290] T d6c63794502142049a4ee3756500d96d P 6d330226017648fb82ba8a820ee99ea2 [CANDIDATE]: Term 1 pre-election: Requested pre-vote from peers d8a69fe4f7374fa592f2f8f20591fb56 (127.10.36.1:32851), 9229b4c38a234a9da51e64e7bc2cf236 (127.10.36.3:46849)
I20260709 13:16:00.809908 11493 tablet_service.cc:1917] Received RequestConsensusVote() RPC: tablet_id: "9429469e779d4068b415a92e24750da2" candidate_uuid: "9229b4c38a234a9da51e64e7bc2cf236" candidate_term: 1 candidate_status { last_received { term: 0 index: 0 } } ignore_live_leader: false dest_uuid: "d8a69fe4f7374fa592f2f8f20591fb56" is_pre_election: true
I20260709 13:16:00.810850 11493 raft_consensus.cc:2468] T 9429469e779d4068b415a92e24750da2 P d8a69fe4f7374fa592f2f8f20591fb56 [term 0 FOLLOWER]: Leader pre-election vote request: Granting yes vote for candidate 9229b4c38a234a9da51e64e7bc2cf236 in term 0.
I20260709 13:16:00.807503 11687 tablet_bootstrap.cc:492] T 1b4e2465fe6b4e1e895ed5ec410e6ee2 P d8a69fe4f7374fa592f2f8f20591fb56: Bootstrap starting.
I20260709 13:16:00.791895 11641 tablet_service.cc:1917] Received RequestConsensusVote() RPC: tablet_id: "47d50994d71243b282a268cff1177510" candidate_uuid: "d8a69fe4f7374fa592f2f8f20591fb56" candidate_term: 1 candidate_status { last_received { term: 0 index: 0 } } ignore_live_leader: false dest_uuid: "9229b4c38a234a9da51e64e7bc2cf236" is_pre_election: true
I20260709 13:16:00.812071 11490 tablet_service.cc:1917] Received RequestConsensusVote() RPC: tablet_id: "d6c63794502142049a4ee3756500d96d" candidate_uuid: "6d330226017648fb82ba8a820ee99ea2" candidate_term: 1 candidate_status { last_received { term: 0 index: 0 } } ignore_live_leader: false dest_uuid: "d8a69fe4f7374fa592f2f8f20591fb56" is_pre_election: true
I20260709 13:16:00.814589 11567 tablet_service.cc:1917] Received RequestConsensusVote() RPC: tablet_id: "9429469e779d4068b415a92e24750da2" candidate_uuid: "9229b4c38a234a9da51e64e7bc2cf236" candidate_term: 1 candidate_status { last_received { term: 0 index: 0 } } ignore_live_leader: false dest_uuid: "6d330226017648fb82ba8a820ee99ea2" is_pre_election: true
I20260709 13:16:00.815250 11567 raft_consensus.cc:2468] T 9429469e779d4068b415a92e24750da2 P 6d330226017648fb82ba8a820ee99ea2 [term 0 FOLLOWER]: Leader pre-election vote request: Granting yes vote for candidate 9229b4c38a234a9da51e64e7bc2cf236 in term 0.
W20260709 13:16:00.815538 11533 leader_election.cc:343] T d6c63794502142049a4ee3756500d96d P 6d330226017648fb82ba8a820ee99ea2 [CANDIDATE]: Term 1 pre-election: Tablet error from VoteRequest() call to peer d8a69fe4f7374fa592f2f8f20591fb56 (127.10.36.1:32851): Illegal state: must be running to vote when last-logged opid is not known
I20260709 13:16:00.816045 11607 leader_election.cc:304] T 9429469e779d4068b415a92e24750da2 P 9229b4c38a234a9da51e64e7bc2cf236 [CANDIDATE]: Term 1 pre-election: Election decided. Result: candidate won. Election summary: received 2 responses out of 3 voters: 2 yes votes; 0 no votes. yes voters: 9229b4c38a234a9da51e64e7bc2cf236, d8a69fe4f7374fa592f2f8f20591fb56; no voters: 
I20260709 13:16:00.816449 11686 raft_consensus.cc:493] T 4d998043267449a6a37d887cc1cedffb P 9229b4c38a234a9da51e64e7bc2cf236 [term 0 FOLLOWER]: Starting pre-election (no leader contacted us within the election timeout)
I20260709 13:16:00.816936 11686 raft_consensus.cc:515] T 4d998043267449a6a37d887cc1cedffb P 9229b4c38a234a9da51e64e7bc2cf236 [term 0 FOLLOWER]: Starting pre-election with config: opid_index: -1 OBSOLETE_local: false peers { permanent_uuid: "d8a69fe4f7374fa592f2f8f20591fb56" member_type: VOTER last_known_addr { host: "127.10.36.1" port: 32851 } } peers { permanent_uuid: "6d330226017648fb82ba8a820ee99ea2" member_type: VOTER last_known_addr { host: "127.10.36.2" port: 40673 } } peers { permanent_uuid: "9229b4c38a234a9da51e64e7bc2cf236" member_type: VOTER last_known_addr { host: "127.10.36.3" port: 46849 } }
I20260709 13:16:00.817121 11726 raft_consensus.cc:2804] T 9429469e779d4068b415a92e24750da2 P 9229b4c38a234a9da51e64e7bc2cf236 [term 0 FOLLOWER]: Leader pre-election won for term 1
I20260709 13:16:00.817502 11726 raft_consensus.cc:493] T 9429469e779d4068b415a92e24750da2 P 9229b4c38a234a9da51e64e7bc2cf236 [term 0 FOLLOWER]: Starting leader election (no leader contacted us within the election timeout)
I20260709 13:16:00.817817 11726 raft_consensus.cc:3060] T 9429469e779d4068b415a92e24750da2 P 9229b4c38a234a9da51e64e7bc2cf236 [term 0 FOLLOWER]: Advancing to term 1
I20260709 13:16:00.821786 11457 leader_election.cc:304] T 47d50994d71243b282a268cff1177510 P d8a69fe4f7374fa592f2f8f20591fb56 [CANDIDATE]: Term 1 pre-election: Election decided. Result: candidate won. Election summary: received 2 responses out of 3 voters: 2 yes votes; 0 no votes. yes voters: 6d330226017648fb82ba8a820ee99ea2, d8a69fe4f7374fa592f2f8f20591fb56; no voters: 
W20260709 13:16:00.823203 11459 leader_election.cc:343] T 47d50994d71243b282a268cff1177510 P d8a69fe4f7374fa592f2f8f20591fb56 [CANDIDATE]: Term 1 pre-election: Tablet error from VoteRequest() call to peer 9229b4c38a234a9da51e64e7bc2cf236 (127.10.36.3:46849): Illegal state: must be running to vote when last-logged opid is not known
I20260709 13:16:00.823772 11755 raft_consensus.cc:2804] T 47d50994d71243b282a268cff1177510 P d8a69fe4f7374fa592f2f8f20591fb56 [term 0 FOLLOWER]: Leader pre-election won for term 1
I20260709 13:16:00.823813 11640 tablet_service.cc:1917] Received RequestConsensusVote() RPC: tablet_id: "d6c63794502142049a4ee3756500d96d" candidate_uuid: "6d330226017648fb82ba8a820ee99ea2" candidate_term: 1 candidate_status { last_received { term: 0 index: 0 } } ignore_live_leader: false dest_uuid: "9229b4c38a234a9da51e64e7bc2cf236" is_pre_election: true
I20260709 13:16:00.824085 11724 raft_consensus.cc:493] T b828f9ca18824b58802af3e3f542e17a P 6d330226017648fb82ba8a820ee99ea2 [term 0 FOLLOWER]: Starting pre-election (no leader contacted us within the election timeout)
I20260709 13:16:00.824335 11755 raft_consensus.cc:493] T 47d50994d71243b282a268cff1177510 P d8a69fe4f7374fa592f2f8f20591fb56 [term 0 FOLLOWER]: Starting leader election (no leader contacted us within the election timeout)
I20260709 13:16:00.824579 11640 raft_consensus.cc:2468] T d6c63794502142049a4ee3756500d96d P 9229b4c38a234a9da51e64e7bc2cf236 [term 0 FOLLOWER]: Leader pre-election vote request: Granting yes vote for candidate 6d330226017648fb82ba8a820ee99ea2 in term 0.
I20260709 13:16:00.821907 11567 tablet_service.cc:1917] Received RequestConsensusVote() RPC: tablet_id: "203824ba782d4d3c9ed5e6fcc120f81d" candidate_uuid: "d8a69fe4f7374fa592f2f8f20591fb56" candidate_term: 1 candidate_status { last_received { term: 0 index: 0 } } ignore_live_leader: false dest_uuid: "6d330226017648fb82ba8a820ee99ea2" is_pre_election: true
I20260709 13:16:00.824631 11724 raft_consensus.cc:515] T b828f9ca18824b58802af3e3f542e17a P 6d330226017648fb82ba8a820ee99ea2 [term 0 FOLLOWER]: Starting pre-election with config: opid_index: -1 OBSOLETE_local: false peers { permanent_uuid: "d8a69fe4f7374fa592f2f8f20591fb56" member_type: VOTER last_known_addr { host: "127.10.36.1" port: 32851 } } peers { permanent_uuid: "6d330226017648fb82ba8a820ee99ea2" member_type: VOTER last_known_addr { host: "127.10.36.2" port: 40673 } } peers { permanent_uuid: "9229b4c38a234a9da51e64e7bc2cf236" member_type: VOTER last_known_addr { host: "127.10.36.3" port: 46849 } }
