I20260709 12:58:26.780485   641 tablet_service.cc:1917] Received RequestConsensusVote() RPC: tablet_id: "55b1480b29844740886a68e14fca57bb" candidate_uuid: "67ecc30c223742b5829b7ca0bc0e460c" candidate_term: 1 candidate_status { last_received { term: 0 index: 0 } } ignore_live_leader: false dest_uuid: "d5db0d0d1cc94b3db7b1efa86c904a9f" is_pre_election: true
I20260709 12:58:26.779199   759 ts_tablet_manager.cc:1434] T 305e55f360274140b6b3c97662332755 P 67ecc30c223742b5829b7ca0bc0e460c: Time spent starting tablet: real 0.064s	user 0.008s	sys 0.002s
I20260709 12:58:26.782860   759 tablet_bootstrap.cc:492] T f2cbc2505aa5488faab305c6eeeda169 P 67ecc30c223742b5829b7ca0bc0e460c: Bootstrap starting.
I20260709 12:58:26.785945   565 raft_consensus.cc:2468] T fa7feb0348b14b1ca15386d09ec07079 P a77e4b86cf594c3a9242f5a68ae7e348 [term 1 FOLLOWER]: Leader election vote request: Granting yes vote for candidate 67ecc30c223742b5829b7ca0bc0e460c in term 1.
I20260709 12:58:26.787882   681 leader_election.cc:304] T fa7feb0348b14b1ca15386d09ec07079 P 67ecc30c223742b5829b7ca0bc0e460c [CANDIDATE]: Term 1 election: Election decided. Result: candidate won. Election summary: received 2 responses out of 3 voters: 2 yes votes; 0 no votes. yes voters: 67ecc30c223742b5829b7ca0bc0e460c, a77e4b86cf594c3a9242f5a68ae7e348; no voters: 
I20260709 12:58:26.789072   804 raft_consensus.cc:2804] T 55b1480b29844740886a68e14fca57bb P 67ecc30c223742b5829b7ca0bc0e460c [term 0 FOLLOWER]: Leader pre-election won for term 1
I20260709 12:58:26.789464   804 raft_consensus.cc:493] T 55b1480b29844740886a68e14fca57bb P 67ecc30c223742b5829b7ca0bc0e460c [term 0 FOLLOWER]: Starting leader election (no leader contacted us within the election timeout)
I20260709 12:58:26.790356   796 raft_consensus.cc:2804] T fa7feb0348b14b1ca15386d09ec07079 P 67ecc30c223742b5829b7ca0bc0e460c [term 1 FOLLOWER]: Leader election won for term 1
I20260709 12:58:26.792140   796 raft_consensus.cc:697] T fa7feb0348b14b1ca15386d09ec07079 P 67ecc30c223742b5829b7ca0bc0e460c [term 1 LEADER]: Becoming Leader. State: Replica: 67ecc30c223742b5829b7ca0bc0e460c, State: Running, Role: LEADER
I20260709 12:58:26.791348   804 raft_consensus.cc:3060] T 55b1480b29844740886a68e14fca57bb P 67ecc30c223742b5829b7ca0bc0e460c [term 0 FOLLOWER]: Advancing to term 1
I20260709 12:58:26.791034   641 tablet_service.cc:1917] Received RequestConsensusVote() RPC: tablet_id: "fa7feb0348b14b1ca15386d09ec07079" candidate_uuid: "67ecc30c223742b5829b7ca0bc0e460c" candidate_term: 1 candidate_status { last_received { term: 0 index: 0 } } ignore_live_leader: false dest_uuid: "d5db0d0d1cc94b3db7b1efa86c904a9f"
I20260709 12:58:26.797430   641 raft_consensus.cc:3060] T fa7feb0348b14b1ca15386d09ec07079 P d5db0d0d1cc94b3db7b1efa86c904a9f [term 0 FOLLOWER]: Advancing to term 1
I20260709 12:58:26.797914   796 consensus_queue.cc:237] T fa7feb0348b14b1ca15386d09ec07079 P 67ecc30c223742b5829b7ca0bc0e460c [LEADER]: Queue going to LEADER mode. State: All replicated index: 0, Majority replicated index: 0, Committed index: 0, Last appended: 0.0, Last appended by leader: 0, Current term: 1, Majority size: 2, State: 0, Mode: LEADER, active raft config: opid_index: -1 OBSOLETE_local: false peers { permanent_uuid: "a77e4b86cf594c3a9242f5a68ae7e348" member_type: VOTER last_known_addr { host: "127.0.107.193" port: 42435 } } peers { permanent_uuid: "d5db0d0d1cc94b3db7b1efa86c904a9f" member_type: VOTER last_known_addr { host: "127.0.107.194" port: 33025 } } peers { permanent_uuid: "67ecc30c223742b5829b7ca0bc0e460c" member_type: VOTER last_known_addr { host: "127.0.107.195" port: 46863 } }
I20260709 12:58:26.798879   759 tablet_bootstrap.cc:654] T f2cbc2505aa5488faab305c6eeeda169 P 67ecc30c223742b5829b7ca0bc0e460c: Neither blocks nor log segments found. Creating new log.
I20260709 12:58:26.793200   760 tablet_bootstrap.cc:654] T 55b1480b29844740886a68e14fca57bb P d5db0d0d1cc94b3db7b1efa86c904a9f: Neither blocks nor log segments found. Creating new log.
I20260709 12:58:26.793515   714 tablet_service.cc:1917] Received RequestConsensusVote() RPC: tablet_id: "305e55f360274140b6b3c97662332755" candidate_uuid: "d5db0d0d1cc94b3db7b1efa86c904a9f" candidate_term: 1 candidate_status { last_received { term: 0 index: 0 } } ignore_live_leader: false dest_uuid: "67ecc30c223742b5829b7ca0bc0e460c" is_pre_election: true
W20260709 12:58:26.793711   679 leader_election.cc:343] T 55b1480b29844740886a68e14fca57bb P 67ecc30c223742b5829b7ca0bc0e460c [CANDIDATE]: Term 1 pre-election: Tablet error from VoteRequest() call to peer d5db0d0d1cc94b3db7b1efa86c904a9f (127.0.107.194:33025): Illegal state: must be running to vote when last-logged opid is not known
I20260709 12:58:26.793105   715 tablet_service.cc:1917] Received RequestConsensusVote() RPC: tablet_id: "76c9c511a74a4e5980a867c6695ecf5a" candidate_uuid: "d5db0d0d1cc94b3db7b1efa86c904a9f" candidate_term: 1 candidate_status { last_received { term: 0 index: 0 } } ignore_live_leader: false dest_uuid: "67ecc30c223742b5829b7ca0bc0e460c" is_pre_election: true
I20260709 12:58:26.795550   640 raft_consensus.cc:3060] T 3ca89ba75beb47e2a1316787c7b26c4c P d5db0d0d1cc94b3db7b1efa86c904a9f [term 0 FOLLOWER]: Advancing to term 1
I20260709 12:58:26.795542   758 raft_consensus.cc:359] T 305e55f360274140b6b3c97662332755 P a77e4b86cf594c3a9242f5a68ae7e348 [term 0 FOLLOWER]: Replica starting. Triggering 0 pending ops. Active config: opid_index: -1 OBSOLETE_local: false peers { permanent_uuid: "a77e4b86cf594c3a9242f5a68ae7e348" member_type: VOTER last_known_addr { host: "127.0.107.193" port: 42435 } } peers { permanent_uuid: "d5db0d0d1cc94b3db7b1efa86c904a9f" member_type: VOTER last_known_addr { host: "127.0.107.194" port: 33025 } } peers { permanent_uuid: "67ecc30c223742b5829b7ca0bc0e460c" member_type: VOTER last_known_addr { host: "127.0.107.195" port: 46863 } }
I20260709 12:58:26.796746   565 tablet_service.cc:1917] Received RequestConsensusVote() RPC: tablet_id: "76c9c511a74a4e5980a867c6695ecf5a" candidate_uuid: "d5db0d0d1cc94b3db7b1efa86c904a9f" candidate_term: 1 candidate_status { last_received { term: 0 index: 0 } } ignore_live_leader: false dest_uuid: "a77e4b86cf594c3a9242f5a68ae7e348" is_pre_election: true
I20260709 12:58:26.803248   758 raft_consensus.cc:385] T 305e55f360274140b6b3c97662332755 P a77e4b86cf594c3a9242f5a68ae7e348 [term 0 FOLLOWER]: Consensus starting up: Expiring failure detector timer to make a prompt election more likely
I20260709 12:58:26.807562   758 raft_consensus.cc:740] T 305e55f360274140b6b3c97662332755 P a77e4b86cf594c3a9242f5a68ae7e348 [term 0 FOLLOWER]: Becoming Follower/Learner. State: Replica: a77e4b86cf594c3a9242f5a68ae7e348, State: Initialized, Role: FOLLOWER
I20260709 12:58:26.802747   566 tablet_service.cc:1917] Received RequestConsensusVote() RPC: tablet_id: "305e55f360274140b6b3c97662332755" candidate_uuid: "d5db0d0d1cc94b3db7b1efa86c904a9f" candidate_term: 1 candidate_status { last_received { term: 0 index: 0 } } ignore_live_leader: false dest_uuid: "a77e4b86cf594c3a9242f5a68ae7e348" is_pre_election: true
I20260709 12:58:26.808600   758 consensus_queue.cc:260] T 305e55f360274140b6b3c97662332755 P a77e4b86cf594c3a9242f5a68ae7e348 [NON_LEADER]: Queue going to NON_LEADER mode. State: All replicated index: 0, Majority replicated index: 0, Committed index: 0, Last appended: 0.0, Last appended by leader: 0, Current term: 0, Majority size: -1, State: 0, Mode: NON_LEADER, active raft config: opid_index: -1 OBSOLETE_local: false peers { permanent_uuid: "a77e4b86cf594c3a9242f5a68ae7e348" member_type: VOTER last_known_addr { host: "127.0.107.193" port: 42435 } } peers { permanent_uuid: "d5db0d0d1cc94b3db7b1efa86c904a9f" member_type: VOTER last_known_addr { host: "127.0.107.194" port: 33025 } } peers { permanent_uuid: "67ecc30c223742b5829b7ca0bc0e460c" member_type: VOTER last_known_addr { host: "127.0.107.195" port: 46863 } }
I20260709 12:58:26.801455   714 raft_consensus.cc:2468] T 305e55f360274140b6b3c97662332755 P 67ecc30c223742b5829b7ca0bc0e460c [term 0 FOLLOWER]: Leader pre-election vote request: Granting yes vote for candidate d5db0d0d1cc94b3db7b1efa86c904a9f in term 0.
I20260709 12:58:26.812536   715 raft_consensus.cc:2393] T 76c9c511a74a4e5980a867c6695ecf5a P 67ecc30c223742b5829b7ca0bc0e460c [term 1 FOLLOWER]: Leader pre-election vote request: Denying vote to candidate d5db0d0d1cc94b3db7b1efa86c904a9f in current term 1: Already voted for candidate a77e4b86cf594c3a9242f5a68ae7e348 in this term.
I20260709 12:58:26.811290   566 raft_consensus.cc:2468] T 305e55f360274140b6b3c97662332755 P a77e4b86cf594c3a9242f5a68ae7e348 [term 0 FOLLOWER]: Leader pre-election vote request: Granting yes vote for candidate d5db0d0d1cc94b3db7b1efa86c904a9f in term 0.
I20260709 12:58:26.815943   758 ts_tablet_manager.cc:1434] T 305e55f360274140b6b3c97662332755 P a77e4b86cf594c3a9242f5a68ae7e348: Time spent starting tablet: real 0.039s	user 0.006s	sys 0.001s
I20260709 12:58:26.822336   758 tablet_bootstrap.cc:492] T 4386f255228143329238805242698fa4 P a77e4b86cf594c3a9242f5a68ae7e348: Bootstrap starting.
I20260709 12:58:26.823609   607 leader_election.cc:304] T 305e55f360274140b6b3c97662332755 P d5db0d0d1cc94b3db7b1efa86c904a9f [CANDIDATE]: Term 1 pre-election: Election decided. Result: candidate won. Election summary: received 2 responses out of 3 voters: 2 yes votes; 0 no votes. yes voters: a77e4b86cf594c3a9242f5a68ae7e348, d5db0d0d1cc94b3db7b1efa86c904a9f; no voters: 
I20260709 12:58:26.832387   759 tablet_bootstrap.cc:492] T f2cbc2505aa5488faab305c6eeeda169 P 67ecc30c223742b5829b7ca0bc0e460c: No bootstrap required, opened a new log
I20260709 12:58:26.833030   759 ts_tablet_manager.cc:1403] T f2cbc2505aa5488faab305c6eeeda169 P 67ecc30c223742b5829b7ca0bc0e460c: Time spent bootstrapping tablet: real 0.050s	user 0.016s	sys 0.004s
I20260709 12:58:26.839725   758 tablet_bootstrap.cc:654] T 4386f255228143329238805242698fa4 P a77e4b86cf594c3a9242f5a68ae7e348: Neither blocks nor log segments found. Creating new log.
I20260709 12:58:26.839759   759 raft_consensus.cc:359] T f2cbc2505aa5488faab305c6eeeda169 P 67ecc30c223742b5829b7ca0bc0e460c [term 0 FOLLOWER]: Replica starting. Triggering 0 pending ops. Active config: opid_index: -1 OBSOLETE_local: false peers { permanent_uuid: "a77e4b86cf594c3a9242f5a68ae7e348" member_type: VOTER last_known_addr { host: "127.0.107.193" port: 42435 } } peers { permanent_uuid: "d5db0d0d1cc94b3db7b1efa86c904a9f" member_type: VOTER last_known_addr { host: "127.0.107.194" port: 33025 } } peers { permanent_uuid: "67ecc30c223742b5829b7ca0bc0e460c" member_type: VOTER last_known_addr { host: "127.0.107.195" port: 46863 } }
I20260709 12:58:26.840790   759 raft_consensus.cc:385] T f2cbc2505aa5488faab305c6eeeda169 P 67ecc30c223742b5829b7ca0bc0e460c [term 0 FOLLOWER]: Consensus starting up: Expiring failure detector timer to make a prompt election more likely
I20260709 12:58:26.841130   759 raft_consensus.cc:740] T f2cbc2505aa5488faab305c6eeeda169 P 67ecc30c223742b5829b7ca0bc0e460c [term 0 FOLLOWER]: Becoming Follower/Learner. State: Replica: 67ecc30c223742b5829b7ca0bc0e460c, State: Initialized, Role: FOLLOWER
I20260709 12:58:26.837232   804 raft_consensus.cc:515] T 55b1480b29844740886a68e14fca57bb P 67ecc30c223742b5829b7ca0bc0e460c [term 1 FOLLOWER]: Starting leader election with config: opid_index: -1 OBSOLETE_local: false peers { permanent_uuid: "a77e4b86cf594c3a9242f5a68ae7e348" member_type: VOTER last_known_addr { host: "127.0.107.193" port: 42435 } } peers { permanent_uuid: "d5db0d0d1cc94b3db7b1efa86c904a9f" member_type: VOTER last_known_addr { host: "127.0.107.194" port: 33025 } } peers { permanent_uuid: "67ecc30c223742b5829b7ca0bc0e460c" member_type: VOTER last_known_addr { host: "127.0.107.195" port: 46863 } }
I20260709 12:58:26.842291   759 consensus_queue.cc:260] T f2cbc2505aa5488faab305c6eeeda169 P 67ecc30c223742b5829b7ca0bc0e460c [NON_LEADER]: Queue going to NON_LEADER mode. State: All replicated index: 0, Majority replicated index: 0, Committed index: 0, Last appended: 0.0, Last appended by leader: 0, Current term: 0, Majority size: -1, State: 0, Mode: NON_LEADER, active raft config: opid_index: -1 OBSOLETE_local: false peers { permanent_uuid: "a77e4b86cf594c3a9242f5a68ae7e348" member_type: VOTER last_known_addr { host: "127.0.107.193" port: 42435 } } peers { permanent_uuid: "d5db0d0d1cc94b3db7b1efa86c904a9f" member_type: VOTER last_known_addr { host: "127.0.107.194" port: 33025 } } peers { permanent_uuid: "67ecc30c223742b5829b7ca0bc0e460c" member_type: VOTER last_known_addr { host: "127.0.107.195" port: 46863 } }
I20260709 12:58:26.843629   769 raft_consensus.cc:493] T 3ca89ba75beb47e2a1316787c7b26c4c P d5db0d0d1cc94b3db7b1efa86c904a9f [term 1 FOLLOWER]: Starting pre-election (no leader contacted us within the election timeout)
I20260709 12:58:26.844597   607 leader_election.cc:304] T 76c9c511a74a4e5980a867c6695ecf5a P d5db0d0d1cc94b3db7b1efa86c904a9f [CANDIDATE]: Term 1 pre-election: Election decided. Result: candidate lost. Election summary: received 3 responses out of 3 voters: 1 yes votes; 2 no votes. yes voters: d5db0d0d1cc94b3db7b1efa86c904a9f; no voters: 67ecc30c223742b5829b7ca0bc0e460c, a77e4b86cf594c3a9242f5a68ae7e348
I20260709 12:58:26.844602   809 raft_consensus.cc:2804] T 305e55f360274140b6b3c97662332755 P d5db0d0d1cc94b3db7b1efa86c904a9f [term 0 FOLLOWER]: Leader pre-election won for term 1
I20260709 12:58:26.845125   769 raft_consensus.cc:515] T 3ca89ba75beb47e2a1316787c7b26c4c P d5db0d0d1cc94b3db7b1efa86c904a9f [term 1 FOLLOWER]: Starting pre-election with config: opid_index: -1 OBSOLETE_local: false peers { permanent_uuid: "67ecc30c223742b5829b7ca0bc0e460c" member_type: VOTER last_known_addr { host: "127.0.107.195" port: 46863 } } peers { permanent_uuid: "d5db0d0d1cc94b3db7b1efa86c904a9f" member_type: VOTER last_known_addr { host: "127.0.107.194" port: 33025 } } peers { permanent_uuid: "a77e4b86cf594c3a9242f5a68ae7e348" member_type: VOTER last_known_addr { host: "127.0.107.193" port: 42435 } }
I20260709 12:58:26.845799   809 raft_consensus.cc:493] T 305e55f360274140b6b3c97662332755 P d5db0d0d1cc94b3db7b1efa86c904a9f [term 0 FOLLOWER]: Starting leader election (no leader contacted us within the election timeout)
I20260709 12:58:26.846280   809 raft_consensus.cc:3060] T 305e55f360274140b6b3c97662332755 P d5db0d0d1cc94b3db7b1efa86c904a9f [term 0 FOLLOWER]: Advancing to term 1
I20260709 12:58:26.847601   759 ts_tablet_manager.cc:1434] T f2cbc2505aa5488faab305c6eeeda169 P 67ecc30c223742b5829b7ca0bc0e460c: Time spent starting tablet: real 0.014s	user 0.008s	sys 0.000s
I20260709 12:58:26.848471   759 tablet_bootstrap.cc:492] T 4386f255228143329238805242698fa4 P 67ecc30c223742b5829b7ca0bc0e460c: Bootstrap starting.
I20260709 12:58:26.848067   804 leader_election.cc:290] T 55b1480b29844740886a68e14fca57bb P 67ecc30c223742b5829b7ca0bc0e460c [CANDIDATE]: Term 1 election: Requested vote from peers a77e4b86cf594c3a9242f5a68ae7e348 (127.0.107.193:42435), d5db0d0d1cc94b3db7b1efa86c904a9f (127.0.107.194:33025)
I20260709 12:58:26.849192   565 tablet_service.cc:1917] Received RequestConsensusVote() RPC: tablet_id: "55b1480b29844740886a68e14fca57bb" candidate_uuid: "67ecc30c223742b5829b7ca0bc0e460c" candidate_term: 1 candidate_status { last_received { term: 0 index: 0 } } ignore_live_leader: false dest_uuid: "a77e4b86cf594c3a9242f5a68ae7e348"
I20260709 12:58:26.849676   806 raft_consensus.cc:493] T f2cbc2505aa5488faab305c6eeeda169 P d5db0d0d1cc94b3db7b1efa86c904a9f [term 0 FOLLOWER]: Starting pre-election (no leader contacted us within the election timeout)
I20260709 12:58:26.849797   565 raft_consensus.cc:3060] T 55b1480b29844740886a68e14fca57bb P a77e4b86cf594c3a9242f5a68ae7e348 [term 0 FOLLOWER]: Advancing to term 1
I20260709 12:58:26.852587   760 tablet_bootstrap.cc:492] T 55b1480b29844740886a68e14fca57bb P d5db0d0d1cc94b3db7b1efa86c904a9f: No bootstrap required, opened a new log
I20260709 12:58:26.853153   760 ts_tablet_manager.cc:1403] T 55b1480b29844740886a68e14fca57bb P d5db0d0d1cc94b3db7b1efa86c904a9f: Time spent bootstrapping tablet: real 0.111s	user 0.009s	sys 0.016s
I20260709 12:58:26.857796   760 raft_consensus.cc:359] T 55b1480b29844740886a68e14fca57bb P d5db0d0d1cc94b3db7b1efa86c904a9f [term 0 FOLLOWER]: Replica starting. Triggering 0 pending ops. Active config: opid_index: -1 OBSOLETE_local: false peers { permanent_uuid: "a77e4b86cf594c3a9242f5a68ae7e348" member_type: VOTER last_known_addr { host: "127.0.107.193" port: 42435 } } peers { permanent_uuid: "d5db0d0d1cc94b3db7b1efa86c904a9f" member_type: VOTER last_known_addr { host: "127.0.107.194" port: 33025 } } peers { permanent_uuid: "67ecc30c223742b5829b7ca0bc0e460c" member_type: VOTER last_known_addr { host: "127.0.107.195" port: 46863 } }
I20260709 12:58:26.860431   810 raft_consensus.cc:3060] T 76c9c511a74a4e5980a867c6695ecf5a P d5db0d0d1cc94b3db7b1efa86c904a9f [term 0 FOLLOWER]: Advancing to term 1
I20260709 12:58:26.860999   771 consensus_queue.cc:1048] T 3ca89ba75beb47e2a1316787c7b26c4c P a77e4b86cf594c3a9242f5a68ae7e348 [LEADER]: Connected to new peer: Peer: permanent_uuid: "d5db0d0d1cc94b3db7b1efa86c904a9f" member_type: VOTER last_known_addr { host: "127.0.107.194" port: 33025 }, Status: LMP_MISMATCH, Last received: 0.0, Next index: 1, Last known committed idx: 0, Time since last communication: 0.001s
I20260709 12:58:26.858922   760 raft_consensus.cc:385] T 55b1480b29844740886a68e14fca57bb P d5db0d0d1cc94b3db7b1efa86c904a9f [term 0 FOLLOWER]: Consensus starting up: Expiring failure detector timer to make a prompt election more likely
I20260709 12:58:26.863057   760 raft_consensus.cc:740] T 55b1480b29844740886a68e14fca57bb P d5db0d0d1cc94b3db7b1efa86c904a9f [term 0 FOLLOWER]: Becoming Follower/Learner. State: Replica: d5db0d0d1cc94b3db7b1efa86c904a9f, State: Initialized, Role: FOLLOWER
I20260709 12:58:26.863795   760 consensus_queue.cc:260] T 55b1480b29844740886a68e14fca57bb P d5db0d0d1cc94b3db7b1efa86c904a9f [NON_LEADER]: Queue going to NON_LEADER mode. State: All replicated index: 0, Majority replicated index: 0, Committed index: 0, Last appended: 0.0, Last appended by leader: 0, Current term: 0, Majority size: -1, State: 0, Mode: NON_LEADER, active raft config: opid_index: -1 OBSOLETE_local: false peers { permanent_uuid: "a77e4b86cf594c3a9242f5a68ae7e348" member_type: VOTER last_known_addr { host: "127.0.107.193" port: 42435 } } peers { permanent_uuid: "d5db0d0d1cc94b3db7b1efa86c904a9f" member_type: VOTER last_known_addr { host: "127.0.107.194" port: 33025 } } peers { permanent_uuid: "67ecc30c223742b5829b7ca0bc0e460c" member_type: VOTER last_known_addr { host: "127.0.107.195" port: 46863 } }
I20260709 12:58:26.853864   641 raft_consensus.cc:2468] T fa7feb0348b14b1ca15386d09ec07079 P d5db0d0d1cc94b3db7b1efa86c904a9f [term 1 FOLLOWER]: Leader election vote request: Granting yes vote for candidate 67ecc30c223742b5829b7ca0bc0e460c in term 1.
I20260709 12:58:26.852626   806 raft_consensus.cc:515] T f2cbc2505aa5488faab305c6eeeda169 P d5db0d0d1cc94b3db7b1efa86c904a9f [term 0 FOLLOWER]: Starting pre-election with config: opid_index: -1 OBSOLETE_local: false peers { permanent_uuid: "a77e4b86cf594c3a9242f5a68ae7e348" member_type: VOTER last_known_addr { host: "127.0.107.193" port: 42435 } } peers { permanent_uuid: "d5db0d0d1cc94b3db7b1efa86c904a9f" member_type: VOTER last_known_addr { host: "127.0.107.194" port: 33025 } } peers { permanent_uuid: "67ecc30c223742b5829b7ca0bc0e460c" member_type: VOTER last_known_addr { host: "127.0.107.195" port: 46863 } }
I20260709 12:58:26.864326   640 tablet_service.cc:1917] Received RequestConsensusVote() RPC: tablet_id: "55b1480b29844740886a68e14fca57bb" candidate_uuid: "67ecc30c223742b5829b7ca0bc0e460c" candidate_term: 1 candidate_status { last_received { term: 0 index: 0 } } ignore_live_leader: false dest_uuid: "d5db0d0d1cc94b3db7b1efa86c904a9f"
I20260709 12:58:26.873379   640 raft_consensus.cc:3060] T 55b1480b29844740886a68e14fca57bb P d5db0d0d1cc94b3db7b1efa86c904a9f [term 0 FOLLOWER]: Advancing to term 1
I20260709 12:58:26.875116   760 ts_tablet_manager.cc:1434] T 55b1480b29844740886a68e14fca57bb P d5db0d0d1cc94b3db7b1efa86c904a9f: Time spent starting tablet: real 0.022s	user 0.009s	sys 0.006s
I20260709 12:58:26.876127   760 tablet_bootstrap.cc:492] T 4386f255228143329238805242698fa4 P d5db0d0d1cc94b3db7b1efa86c904a9f: Bootstrap starting.
I20260709 12:58:26.879338   758 tablet_bootstrap.cc:492] T 4386f255228143329238805242698fa4 P a77e4b86cf594c3a9242f5a68ae7e348: No bootstrap required, opened a new log
I20260709 12:58:26.879777   758 ts_tablet_manager.cc:1403] T 4386f255228143329238805242698fa4 P a77e4b86cf594c3a9242f5a68ae7e348: Time spent bootstrapping tablet: real 0.058s	user 0.018s	sys 0.004s
I20260709 12:58:26.888953   810 raft_consensus.cc:2749] T 76c9c511a74a4e5980a867c6695ecf5a P d5db0d0d1cc94b3db7b1efa86c904a9f [term 1 FOLLOWER]: Leader pre-election lost for term 1. Reason: could not achieve majority
I20260709 12:58:26.889137   806 leader_election.cc:290] T f2cbc2505aa5488faab305c6eeeda169 P d5db0d0d1cc94b3db7b1efa86c904a9f [CANDIDATE]: Term 1 pre-election: Requested pre-vote from peers a77e4b86cf594c3a9242f5a68ae7e348 (127.0.107.193:42435), 67ecc30c223742b5829b7ca0bc0e460c (127.0.107.195:46863)
I20260709 12:58:26.890959   566 tablet_service.cc:1917] Received RequestConsensusVote() RPC: tablet_id: "f2cbc2505aa5488faab305c6eeeda169" candidate_uuid: "d5db0d0d1cc94b3db7b1efa86c904a9f" candidate_term: 1 candidate_status { last_received { term: 0 index: 0 } } ignore_live_leader: false dest_uuid: "a77e4b86cf594c3a9242f5a68ae7e348" is_pre_election: true
I20260709 12:58:26.891799   566 raft_consensus.cc:2468] T f2cbc2505aa5488faab305c6eeeda169 P a77e4b86cf594c3a9242f5a68ae7e348 [term 0 FOLLOWER]: Leader pre-election vote request: Granting yes vote for candidate d5db0d0d1cc94b3db7b1efa86c904a9f in term 0.
I20260709 12:58:26.892293   759 tablet_bootstrap.cc:654] T 4386f255228143329238805242698fa4 P 67ecc30c223742b5829b7ca0bc0e460c: Neither blocks nor log segments found. Creating new log.
I20260709 12:58:26.890975   565 raft_consensus.cc:2468] T 55b1480b29844740886a68e14fca57bb P a77e4b86cf594c3a9242f5a68ae7e348 [term 1 FOLLOWER]: Leader election vote request: Granting yes vote for candidate 67ecc30c223742b5829b7ca0bc0e460c in term 1.
I20260709 12:58:26.893045   607 leader_election.cc:304] T f2cbc2505aa5488faab305c6eeeda169 P d5db0d0d1cc94b3db7b1efa86c904a9f [CANDIDATE]: Term 1 pre-election: Election decided. Result: candidate won. Election summary: received 2 responses out of 3 voters: 2 yes votes; 0 no votes. yes voters: a77e4b86cf594c3a9242f5a68ae7e348, d5db0d0d1cc94b3db7b1efa86c904a9f; no voters: 
I20260709 12:58:26.894434   806 raft_consensus.cc:2804] T f2cbc2505aa5488faab305c6eeeda169 P d5db0d0d1cc94b3db7b1efa86c904a9f [term 0 FOLLOWER]: Leader pre-election won for term 1
I20260709 12:58:26.894381   681 leader_election.cc:304] T 55b1480b29844740886a68e14fca57bb P 67ecc30c223742b5829b7ca0bc0e460c [CANDIDATE]: Term 1 election: Election decided. Result: candidate won. Election summary: received 2 responses out of 3 voters: 2 yes votes; 0 no votes. yes voters: 67ecc30c223742b5829b7ca0bc0e460c, a77e4b86cf594c3a9242f5a68ae7e348; no voters: 
I20260709 12:58:26.894896   806 raft_consensus.cc:493] T f2cbc2505aa5488faab305c6eeeda169 P d5db0d0d1cc94b3db7b1efa86c904a9f [term 0 FOLLOWER]: Starting leader election (no leader contacted us within the election timeout)
I20260709 12:58:26.895278   806 raft_consensus.cc:3060] T f2cbc2505aa5488faab305c6eeeda169 P d5db0d0d1cc94b3db7b1efa86c904a9f [term 0 FOLLOWER]: Advancing to term 1
I20260709 12:58:26.895519   804 raft_consensus.cc:2804] T 55b1480b29844740886a68e14fca57bb P 67ecc30c223742b5829b7ca0bc0e460c [term 1 FOLLOWER]: Leader election won for term 1
I20260709 12:58:26.887732   809 raft_consensus.cc:515] T 305e55f360274140b6b3c97662332755 P d5db0d0d1cc94b3db7b1efa86c904a9f [term 1 FOLLOWER]: Starting leader election with config: opid_index: -1 OBSOLETE_local: false peers { permanent_uuid: "a77e4b86cf594c3a9242f5a68ae7e348" member_type: VOTER last_known_addr { host: "127.0.107.193" port: 42435 } } peers { permanent_uuid: "d5db0d0d1cc94b3db7b1efa86c904a9f" member_type: VOTER last_known_addr { host: "127.0.107.194" port: 33025 } } peers { permanent_uuid: "67ecc30c223742b5829b7ca0bc0e460c" member_type: VOTER last_known_addr { host: "127.0.107.195" port: 46863 } }
I20260709 12:58:26.896476   804 raft_consensus.cc:697] T 55b1480b29844740886a68e14fca57bb P 67ecc30c223742b5829b7ca0bc0e460c [term 1 LEADER]: Becoming Leader. State: Replica: 67ecc30c223742b5829b7ca0bc0e460c, State: Running, Role: LEADER
I20260709 12:58:26.897454   758 raft_consensus.cc:359] T 4386f255228143329238805242698fa4 P a77e4b86cf594c3a9242f5a68ae7e348 [term 0 FOLLOWER]: Replica starting. Triggering 0 pending ops. Active config: opid_index: -1 OBSOLETE_local: false peers { permanent_uuid: "a77e4b86cf594c3a9242f5a68ae7e348" member_type: VOTER last_known_addr { host: "127.0.107.193" port: 42435 } } peers { permanent_uuid: "d5db0d0d1cc94b3db7b1efa86c904a9f" member_type: VOTER last_known_addr { host: "127.0.107.194" port: 33025 } } peers { permanent_uuid: "67ecc30c223742b5829b7ca0bc0e460c" member_type: VOTER last_known_addr { host: "127.0.107.195" port: 46863 } }
I20260709 12:58:26.898221   758 raft_consensus.cc:385] T 4386f255228143329238805242698fa4 P a77e4b86cf594c3a9242f5a68ae7e348 [term 0 FOLLOWER]: Consensus starting up: Expiring failure detector timer to make a prompt election more likely
I20260709 12:58:26.898540   758 raft_consensus.cc:740] T 4386f255228143329238805242698fa4 P a77e4b86cf594c3a9242f5a68ae7e348 [term 0 FOLLOWER]: Becoming Follower/Learner. State: Replica: a77e4b86cf594c3a9242f5a68ae7e348, State: Initialized, Role: FOLLOWER
I20260709 12:58:26.899457   804 consensus_queue.cc:237] T 55b1480b29844740886a68e14fca57bb P 67ecc30c223742b5829b7ca0bc0e460c [LEADER]: Queue going to LEADER mode. State: All replicated index: 0, Majority replicated index: 0, Committed index: 0, Last appended: 0.0, Last appended by leader: 0, Current term: 1, Majority size: 2, State: 0, Mode: LEADER, active raft config: opid_index: -1 OBSOLETE_local: false peers { permanent_uuid: "a77e4b86cf594c3a9242f5a68ae7e348" member_type: VOTER last_known_addr { host: "127.0.107.193" port: 42435 } } peers { permanent_uuid: "d5db0d0d1cc94b3db7b1efa86c904a9f" member_type: VOTER last_known_addr { host: "127.0.107.194" port: 33025 } } peers { permanent_uuid: "67ecc30c223742b5829b7ca0bc0e460c" member_type: VOTER last_known_addr { host: "127.0.107.195" port: 46863 } }
I20260709 12:58:26.901521   771 consensus_queue.cc:1048] T 76c9c511a74a4e5980a867c6695ecf5a P a77e4b86cf594c3a9242f5a68ae7e348 [LEADER]: Connected to new peer: Peer: permanent_uuid: "d5db0d0d1cc94b3db7b1efa86c904a9f" member_type: VOTER last_known_addr { host: "127.0.107.194" port: 33025 }, Status: LMP_MISMATCH, Last received: 0.0, Next index: 1, Last known committed idx: 0, Time since last communication: 0.001s
I20260709 12:58:26.903298   809 leader_election.cc:290] T 305e55f360274140b6b3c97662332755 P d5db0d0d1cc94b3db7b1efa86c904a9f [CANDIDATE]: Term 1 election: Requested vote from peers a77e4b86cf594c3a9242f5a68ae7e348 (127.0.107.193:42435), 67ecc30c223742b5829b7ca0bc0e460c (127.0.107.195:46863)
I20260709 12:58:26.903342   771 consensus_queue.cc:1048] T 3ca89ba75beb47e2a1316787c7b26c4c P a77e4b86cf594c3a9242f5a68ae7e348 [LEADER]: Connected to new peer: Peer: permanent_uuid: "67ecc30c223742b5829b7ca0bc0e460c" member_type: VOTER last_known_addr { host: "127.0.107.195" port: 46863 }, Status: LMP_MISMATCH, Last received: 0.0, Next index: 1, Last known committed idx: 0, Time since last communication: 0.001s
I20260709 12:58:26.906256   758 consensus_queue.cc:260] T 4386f255228143329238805242698fa4 P a77e4b86cf594c3a9242f5a68ae7e348 [NON_LEADER]: Queue going to NON_LEADER mode. State: All replicated index: 0, Majority replicated index: 0, Committed index: 0, Last appended: 0.0, Last appended by leader: 0, Current term: 0, Majority size: -1, State: 0, Mode: NON_LEADER, active raft config: opid_index: -1 OBSOLETE_local: false peers { permanent_uuid: "a77e4b86cf594c3a9242f5a68ae7e348" member_type: VOTER last_known_addr { host: "127.0.107.193" port: 42435 } } peers { permanent_uuid: "d5db0d0d1cc94b3db7b1efa86c904a9f" member_type: VOTER last_known_addr { host: "127.0.107.194" port: 33025 } } peers { permanent_uuid: "67ecc30c223742b5829b7ca0bc0e460c" member_type: VOTER last_known_addr { host: "127.0.107.195" port: 46863 } }
I20260709 12:58:26.905478   640 raft_consensus.cc:2468] T 55b1480b29844740886a68e14fca57bb P d5db0d0d1cc94b3db7b1efa86c904a9f [term 1 FOLLOWER]: Leader election vote request: Granting yes vote for candidate 67ecc30c223742b5829b7ca0bc0e460c in term 1.
I20260709 12:58:26.907306   565 tablet_service.cc:1917] Received RequestConsensusVote() RPC: tablet_id: "305e55f360274140b6b3c97662332755" candidate_uuid: "d5db0d0d1cc94b3db7b1efa86c904a9f" candidate_term: 1 candidate_status { last_received { term: 0 index: 0 } } ignore_live_leader: false dest_uuid: "a77e4b86cf594c3a9242f5a68ae7e348"
I20260709 12:58:26.909834   565 raft_consensus.cc:3060] T 305e55f360274140b6b3c97662332755 P a77e4b86cf594c3a9242f5a68ae7e348 [term 0 FOLLOWER]: Advancing to term 1
I20260709 12:58:26.919615   760 tablet_bootstrap.cc:654] T 4386f255228143329238805242698fa4 P d5db0d0d1cc94b3db7b1efa86c904a9f: Neither blocks nor log segments found. Creating new log.
I20260709 12:58:26.920974   758 ts_tablet_manager.cc:1434] T 4386f255228143329238805242698fa4 P a77e4b86cf594c3a9242f5a68ae7e348: Time spent starting tablet: real 0.041s	user 0.006s	sys 0.004s
I20260709 12:58:26.927188   565 raft_consensus.cc:2468] T 305e55f360274140b6b3c97662332755 P a77e4b86cf594c3a9242f5a68ae7e348 [term 1 FOLLOWER]: Leader election vote request: Granting yes vote for candidate d5db0d0d1cc94b3db7b1efa86c904a9f in term 1.
I20260709 12:58:26.927083   806 raft_consensus.cc:515] T f2cbc2505aa5488faab305c6eeeda169 P d5db0d0d1cc94b3db7b1efa86c904a9f [term 1 FOLLOWER]: Starting leader election with config: opid_index: -1 OBSOLETE_local: false peers { permanent_uuid: "a77e4b86cf594c3a9242f5a68ae7e348" member_type: VOTER last_known_addr { host: "127.0.107.193" port: 42435 } } peers { permanent_uuid: "d5db0d0d1cc94b3db7b1efa86c904a9f" member_type: VOTER last_known_addr { host: "127.0.107.194" port: 33025 } } peers { permanent_uuid: "67ecc30c223742b5829b7ca0bc0e460c" member_type: VOTER last_known_addr { host: "127.0.107.195" port: 46863 } }
I20260709 12:58:26.929042   607 leader_election.cc:304] T 305e55f360274140b6b3c97662332755 P d5db0d0d1cc94b3db7b1efa86c904a9f [CANDIDATE]: Term 1 election: Election decided. Result: candidate won. Election summary: received 2 responses out of 3 voters: 2 yes votes; 0 no votes. yes voters: a77e4b86cf594c3a9242f5a68ae7e348, d5db0d0d1cc94b3db7b1efa86c904a9f; no voters: 
I20260709 12:58:26.932592   806 leader_election.cc:290] T f2cbc2505aa5488faab305c6eeeda169 P d5db0d0d1cc94b3db7b1efa86c904a9f [CANDIDATE]: Term 1 election: Requested vote from peers a77e4b86cf594c3a9242f5a68ae7e348 (127.0.107.193:42435), 67ecc30c223742b5829b7ca0bc0e460c (127.0.107.195:46863)
I20260709 12:58:26.933327   806 raft_consensus.cc:2804] T 305e55f360274140b6b3c97662332755 P d5db0d0d1cc94b3db7b1efa86c904a9f [term 1 FOLLOWER]: Leader election won for term 1
I20260709 12:58:26.933375   565 tablet_service.cc:1917] Received RequestConsensusVote() RPC: tablet_id: "f2cbc2505aa5488faab305c6eeeda169" candidate_uuid: "d5db0d0d1cc94b3db7b1efa86c904a9f" candidate_term: 1 candidate_status { last_received { term: 0 index: 0 } } ignore_live_leader: false dest_uuid: "a77e4b86cf594c3a9242f5a68ae7e348"
I20260709 12:58:26.934159   565 raft_consensus.cc:3060] T f2cbc2505aa5488faab305c6eeeda169 P a77e4b86cf594c3a9242f5a68ae7e348 [term 0 FOLLOWER]: Advancing to term 1
I20260709 12:58:26.936858   806 raft_consensus.cc:697] T 305e55f360274140b6b3c97662332755 P d5db0d0d1cc94b3db7b1efa86c904a9f [term 1 LEADER]: Becoming Leader. State: Replica: d5db0d0d1cc94b3db7b1efa86c904a9f, State: Running, Role: LEADER
I20260709 12:58:26.937719   806 consensus_queue.cc:237] T 305e55f360274140b6b3c97662332755 P d5db0d0d1cc94b3db7b1efa86c904a9f [LEADER]: Queue going to LEADER mode. State: All replicated index: 0, Majority replicated index: 0, Committed index: 0, Last appended: 0.0, Last appended by leader: 0, Current term: 1, Majority size: 2, State: 0, Mode: LEADER, active raft config: opid_index: -1 OBSOLETE_local: false peers { permanent_uuid: "a77e4b86cf594c3a9242f5a68ae7e348" member_type: VOTER last_known_addr { host: "127.0.107.193" port: 42435 } } peers { permanent_uuid: "d5db0d0d1cc94b3db7b1efa86c904a9f" member_type: VOTER last_known_addr { host: "127.0.107.194" port: 33025 } } peers { permanent_uuid: "67ecc30c223742b5829b7ca0bc0e460c" member_type: VOTER last_known_addr { host: "127.0.107.195" port: 46863 } }
I20260709 12:58:26.950750   565 raft_consensus.cc:2468] T f2cbc2505aa5488faab305c6eeeda169 P a77e4b86cf594c3a9242f5a68ae7e348 [term 1 FOLLOWER]: Leader election vote request: Granting yes vote for candidate d5db0d0d1cc94b3db7b1efa86c904a9f in term 1.
I20260709 12:58:26.951536   771 consensus_queue.cc:1048] T 76c9c511a74a4e5980a867c6695ecf5a P a77e4b86cf594c3a9242f5a68ae7e348 [LEADER]: Connected to new peer: Peer: permanent_uuid: "67ecc30c223742b5829b7ca0bc0e460c" member_type: VOTER last_known_addr { host: "127.0.107.195" port: 46863 }, Status: LMP_MISMATCH, Last received: 0.0, Next index: 1, Last known committed idx: 0, Time since last communication: 0.001s
I20260709 12:58:26.952092   607 leader_election.cc:304] T f2cbc2505aa5488faab305c6eeeda169 P d5db0d0d1cc94b3db7b1efa86c904a9f [CANDIDATE]: Term 1 election: Election decided. Result: candidate won. Election summary: received 2 responses out of 3 voters: 2 yes votes; 0 no votes. yes voters: a77e4b86cf594c3a9242f5a68ae7e348, d5db0d0d1cc94b3db7b1efa86c904a9f; no voters: 
I20260709 12:58:26.953377   771 consensus_queue.cc:1048] T 15506930758440c8889acba1d3bf0ed5 P a77e4b86cf594c3a9242f5a68ae7e348 [LEADER]: Connected to new peer: Peer: permanent_uuid: "67ecc30c223742b5829b7ca0bc0e460c" member_type: VOTER last_known_addr { host: "127.0.107.195" port: 46863 }, Status: LMP_MISMATCH, Last received: 0.0, Next index: 1, Last known committed idx: 0, Time since last communication: 0.001s
I20260709 12:58:26.954762   809 raft_consensus.cc:2804] T f2cbc2505aa5488faab305c6eeeda169 P d5db0d0d1cc94b3db7b1efa86c904a9f [term 1 FOLLOWER]: Leader election won for term 1
I20260709 12:58:26.956686   809 raft_consensus.cc:697] T f2cbc2505aa5488faab305c6eeeda169 P d5db0d0d1cc94b3db7b1efa86c904a9f [term 1 LEADER]: Becoming Leader. State: Replica: d5db0d0d1cc94b3db7b1efa86c904a9f, State: Running, Role: LEADER
I20260709 12:58:26.961812   809 consensus_queue.cc:237] T f2cbc2505aa5488faab305c6eeeda169 P d5db0d0d1cc94b3db7b1efa86c904a9f [LEADER]: Queue going to LEADER mode. State: All replicated index: 0, Majority replicated index: 0, Committed index: 0, Last appended: 0.0, Last appended by leader: 0, Current term: 1, Majority size: 2, State: 0, Mode: LEADER, active raft config: opid_index: -1 OBSOLETE_local: false peers { permanent_uuid: "a77e4b86cf594c3a9242f5a68ae7e348" member_type: VOTER last_known_addr { host: "127.0.107.193" port: 42435 } } peers { permanent_uuid: "d5db0d0d1cc94b3db7b1efa86c904a9f" member_type: VOTER last_known_addr { host: "127.0.107.194" port: 33025 } } peers { permanent_uuid: "67ecc30c223742b5829b7ca0bc0e460c" member_type: VOTER last_known_addr { host: "127.0.107.195" port: 46863 } }
I20260709 12:58:26.993278   759 tablet_bootstrap.cc:492] T 4386f255228143329238805242698fa4 P 67ecc30c223742b5829b7ca0bc0e460c: No bootstrap required, opened a new log
I20260709 12:58:26.993891   759 ts_tablet_manager.cc:1403] T 4386f255228143329238805242698fa4 P 67ecc30c223742b5829b7ca0bc0e460c: Time spent bootstrapping tablet: real 0.146s	user 0.019s	sys 0.021s
I20260709 12:58:27.007123   759 raft_consensus.cc:359] T 4386f255228143329238805242698fa4 P 67ecc30c223742b5829b7ca0bc0e460c [term 0 FOLLOWER]: Replica starting. Triggering 0 pending ops. Active config: opid_index: -1 OBSOLETE_local: false peers { permanent_uuid: "a77e4b86cf594c3a9242f5a68ae7e348" member_type: VOTER last_known_addr { host: "127.0.107.193" port: 42435 } } peers { permanent_uuid: "d5db0d0d1cc94b3db7b1efa86c904a9f" member_type: VOTER last_known_addr { host: "127.0.107.194" port: 33025 } } peers { permanent_uuid: "67ecc30c223742b5829b7ca0bc0e460c" member_type: VOTER last_known_addr { host: "127.0.107.195" port: 46863 } }
I20260709 12:58:27.009865   759 raft_consensus.cc:385] T 4386f255228143329238805242698fa4 P 67ecc30c223742b5829b7ca0bc0e460c [term 0 FOLLOWER]: Consensus starting up: Expiring failure detector timer to make a prompt election more likely
I20260709 12:58:27.010353   759 raft_consensus.cc:740] T 4386f255228143329238805242698fa4 P 67ecc30c223742b5829b7ca0bc0e460c [term 0 FOLLOWER]: Becoming Follower/Learner. State: Replica: 67ecc30c223742b5829b7ca0bc0e460c, State: Initialized, Role: FOLLOWER
I20260709 12:58:27.021801   759 consensus_queue.cc:260] T 4386f255228143329238805242698fa4 P 67ecc30c223742b5829b7ca0bc0e460c [NON_LEADER]: Queue going to NON_LEADER mode. State: All replicated index: 0, Majority replicated index: 0, Committed index: 0, Last appended: 0.0, Last appended by leader: 0, Current term: 0, Majority size: -1, State: 0, Mode: NON_LEADER, active raft config: opid_index: -1 OBSOLETE_local: false peers { permanent_uuid: "a77e4b86cf594c3a9242f5a68ae7e348" member_type: VOTER last_known_addr { host: "127.0.107.193" port: 42435 } } peers { permanent_uuid: "d5db0d0d1cc94b3db7b1efa86c904a9f" member_type: VOTER last_known_addr { host: "127.0.107.194" port: 33025 } } peers { permanent_uuid: "67ecc30c223742b5829b7ca0bc0e460c" member_type: VOTER last_known_addr { host: "127.0.107.195" port: 46863 } }
I20260709 12:58:27.020099   769 leader_election.cc:290] T 3ca89ba75beb47e2a1316787c7b26c4c P d5db0d0d1cc94b3db7b1efa86c904a9f [CANDIDATE]: Term 2 pre-election: Requested pre-vote from peers 67ecc30c223742b5829b7ca0bc0e460c (127.0.107.195:46863), a77e4b86cf594c3a9242f5a68ae7e348 (127.0.107.193:42435)
W20260709 12:58:27.023398   605 outbound_call.cc:321] RPC callback for RPC call kudu.consensus.ConsensusService.RequestConsensusVote -> {remote=127.0.107.195:46863, user_credentials={real_user=slave}} blocked reactor thread for 180152us
I20260709 12:58:27.026943   565 tablet_service.cc:1917] Received RequestConsensusVote() RPC: tablet_id: "3ca89ba75beb47e2a1316787c7b26c4c" candidate_uuid: "d5db0d0d1cc94b3db7b1efa86c904a9f" candidate_term: 2 candidate_status { last_received { term: 0 index: 0 } } ignore_live_leader: false dest_uuid: "a77e4b86cf594c3a9242f5a68ae7e348" is_pre_election: true
I20260709 12:58:27.055435   796 raft_consensus.cc:493] T f2cbc2505aa5488faab305c6eeeda169 P 67ecc30c223742b5829b7ca0bc0e460c [term 0 FOLLOWER]: Starting pre-election (no leader contacted us within the election timeout)
I20260709 12:58:27.069756   759 ts_tablet_manager.cc:1434] T 4386f255228143329238805242698fa4 P 67ecc30c223742b5829b7ca0bc0e460c: Time spent starting tablet: real 0.076s	user 0.023s	sys 0.008s
W20260709 12:58:27.075448   510 auto_rebalancer.cc:288] Could not retrieve cluster info: Service unavailable: Tablet not running
I20260709 12:58:27.069656   796 raft_consensus.cc:515] T f2cbc2505aa5488faab305c6eeeda169 P 67ecc30c223742b5829b7ca0bc0e460c [term 0 FOLLOWER]: Starting pre-election with config: opid_index: -1 OBSOLETE_local: false peers { permanent_uuid: "a77e4b86cf594c3a9242f5a68ae7e348" member_type: VOTER last_known_addr { host: "127.0.107.193" port: 42435 } } peers { permanent_uuid: "d5db0d0d1cc94b3db7b1efa86c904a9f" member_type: VOTER last_known_addr { host: "127.0.107.194" port: 33025 } } peers { permanent_uuid: "67ecc30c223742b5829b7ca0bc0e460c" member_type: VOTER last_known_addr { host: "127.0.107.195" port: 46863 } }
I20260709 12:58:27.075651   711 tablet_service.cc:1917] Received RequestConsensusVote() RPC: tablet_id: "305e55f360274140b6b3c97662332755" candidate_uuid: "d5db0d0d1cc94b3db7b1efa86c904a9f" candidate_term: 1 candidate_status { last_received { term: 0 index: 0 } } ignore_live_leader: false dest_uuid: "67ecc30c223742b5829b7ca0bc0e460c"
I20260709 12:58:27.087749   711 raft_consensus.cc:3060] T 305e55f360274140b6b3c97662332755 P 67ecc30c223742b5829b7ca0bc0e460c [term 0 FOLLOWER]: Advancing to term 1
I20260709 12:58:27.075806   771 raft_consensus.cc:493] T 4386f255228143329238805242698fa4 P a77e4b86cf594c3a9242f5a68ae7e348 [term 0 FOLLOWER]: Starting pre-election (no leader contacted us within the election timeout)
I20260709 12:58:27.074754   712 tablet_service.cc:1917] Received RequestConsensusVote() RPC: tablet_id: "f2cbc2505aa5488faab305c6eeeda169" candidate_uuid: "d5db0d0d1cc94b3db7b1efa86c904a9f" candidate_term: 1 candidate_status { last_received { term: 0 index: 0 } } ignore_live_leader: false dest_uuid: "67ecc30c223742b5829b7ca0bc0e460c" is_pre_election: true
I20260709 12:58:27.108084   712 raft_consensus.cc:2468] T f2cbc2505aa5488faab305c6eeeda169 P 67ecc30c223742b5829b7ca0bc0e460c [term 0 FOLLOWER]: Leader pre-election vote request: Granting yes vote for candidate d5db0d0d1cc94b3db7b1efa86c904a9f in term 0.
I20260709 12:58:27.109081   796 leader_election.cc:290] T f2cbc2505aa5488faab305c6eeeda169 P 67ecc30c223742b5829b7ca0bc0e460c [CANDIDATE]: Term 1 pre-election: Requested pre-vote from peers a77e4b86cf594c3a9242f5a68ae7e348 (127.0.107.193:42435), d5db0d0d1cc94b3db7b1efa86c904a9f (127.0.107.194:33025)
I20260709 12:58:27.110874   641 tablet_service.cc:1917] Received RequestConsensusVote() RPC: tablet_id: "f2cbc2505aa5488faab305c6eeeda169" candidate_uuid: "67ecc30c223742b5829b7ca0bc0e460c" candidate_term: 1 candidate_status { last_received { term: 0 index: 0 } } ignore_live_leader: false dest_uuid: "d5db0d0d1cc94b3db7b1efa86c904a9f" is_pre_election: true
I20260709 12:58:27.113790   760 tablet_bootstrap.cc:492] T 4386f255228143329238805242698fa4 P d5db0d0d1cc94b3db7b1efa86c904a9f: No bootstrap required, opened a new log
I20260709 12:58:27.114451   760 ts_tablet_manager.cc:1403] T 4386f255228143329238805242698fa4 P d5db0d0d1cc94b3db7b1efa86c904a9f: Time spent bootstrapping tablet: real 0.239s	user 0.031s	sys 0.024s
I20260709 12:58:27.065970   462 catalog_manager.cc:5697] T fa7feb0348b14b1ca15386d09ec07079 P 67ecc30c223742b5829b7ca0bc0e460c reported cstate change: term changed from 0 to 1, leader changed from <none> to 67ecc30c223742b5829b7ca0bc0e460c (127.0.107.195). New cstate: current_term: 1 leader_uuid: "67ecc30c223742b5829b7ca0bc0e460c" committed_config { opid_index: -1 OBSOLETE_local: false peers { permanent_uuid: "a77e4b86cf594c3a9242f5a68ae7e348" member_type: VOTER last_known_addr { host: "127.0.107.193" port: 42435 } health_report { overall_health: UNKNOWN } } peers { permanent_uuid: "d5db0d0d1cc94b3db7b1efa86c904a9f" member_type: VOTER last_known_addr { host: "127.0.107.194" port: 33025 } health_report { overall_health: UNKNOWN } } peers { permanent_uuid: "67ecc30c223742b5829b7ca0bc0e460c" member_type: VOTER last_known_addr { host: "127.0.107.195" port: 46863 } health_report { overall_health: HEALTHY } } }
I20260709 12:58:27.088866   710 tablet_service.cc:1917] Received RequestConsensusVote() RPC: tablet_id: "f2cbc2505aa5488faab305c6eeeda169" candidate_uuid: "d5db0d0d1cc94b3db7b1efa86c904a9f" candidate_term: 1 candidate_status { last_received { term: 0 index: 0 } } ignore_live_leader: false dest_uuid: "67ecc30c223742b5829b7ca0bc0e460c"
I20260709 12:58:27.097118   771 raft_consensus.cc:515] T 4386f255228143329238805242698fa4 P a77e4b86cf594c3a9242f5a68ae7e348 [term 0 FOLLOWER]: Starting pre-election with config: opid_index: -1 OBSOLETE_local: false peers { permanent_uuid: "a77e4b86cf594c3a9242f5a68ae7e348" member_type: VOTER last_known_addr { host: "127.0.107.193" port: 42435 } } peers { permanent_uuid: "d5db0d0d1cc94b3db7b1efa86c904a9f" member_type: VOTER last_known_addr { host: "127.0.107.194" port: 33025 } } peers { permanent_uuid: "67ecc30c223742b5829b7ca0bc0e460c" member_type: VOTER last_known_addr { host: "127.0.107.195" port: 46863 } }
W20260709 12:58:27.124100   530 outbound_call.cc:321] RPC callback for RPC call kudu.consensus.ConsensusService.UpdateConsensus -> {remote=127.0.107.194:33025, user_credentials={real_user=slave}} blocked reactor thread for 45871.5us
I20260709 12:58:27.133805   760 raft_consensus.cc:359] T 4386f255228143329238805242698fa4 P d5db0d0d1cc94b3db7b1efa86c904a9f [term 0 FOLLOWER]: Replica starting. Triggering 0 pending ops. Active config: opid_index: -1 OBSOLETE_local: false peers { permanent_uuid: "a77e4b86cf594c3a9242f5a68ae7e348" member_type: VOTER last_known_addr { host: "127.0.107.193" port: 42435 } } peers { permanent_uuid: "d5db0d0d1cc94b3db7b1efa86c904a9f" member_type: VOTER last_known_addr { host: "127.0.107.194" port: 33025 } } peers { permanent_uuid: "67ecc30c223742b5829b7ca0bc0e460c" member_type: VOTER last_known_addr { host: "127.0.107.195" port: 46863 } }
I20260709 12:58:27.135121   771 leader_election.cc:290] T 4386f255228143329238805242698fa4 P a77e4b86cf594c3a9242f5a68ae7e348 [CANDIDATE]: Term 1 pre-election: Requested pre-vote from peers d5db0d0d1cc94b3db7b1efa86c904a9f (127.0.107.194:33025), 67ecc30c223742b5829b7ca0bc0e460c (127.0.107.195:46863)
I20260709 12:58:27.125177   710 raft_consensus.cc:3060] T f2cbc2505aa5488faab305c6eeeda169 P 67ecc30c223742b5829b7ca0bc0e460c [term 0 FOLLOWER]: Advancing to term 1
I20260709 12:58:27.136140   565 tablet_service.cc:1917] Received RequestConsensusVote() RPC: tablet_id: "f2cbc2505aa5488faab305c6eeeda169" candidate_uuid: "67ecc30c223742b5829b7ca0bc0e460c" candidate_term: 1 candidate_status { last_received { term: 0 index: 0 } } ignore_live_leader: false dest_uuid: "a77e4b86cf594c3a9242f5a68ae7e348" is_pre_election: true
I20260709 12:58:27.139611   565 raft_consensus.cc:2393] T f2cbc2505aa5488faab305c6eeeda169 P a77e4b86cf594c3a9242f5a68ae7e348 [term 1 FOLLOWER]: Leader pre-election vote request: Denying vote to candidate 67ecc30c223742b5829b7ca0bc0e460c in current term 1: Already voted for candidate d5db0d0d1cc94b3db7b1efa86c904a9f in this term.
I20260709 12:58:27.135139   760 raft_consensus.cc:385] T 4386f255228143329238805242698fa4 P d5db0d0d1cc94b3db7b1efa86c904a9f [term 0 FOLLOWER]: Consensus starting up: Expiring failure detector timer to make a prompt election more likely
I20260709 12:58:27.132383   709 tablet_service.cc:1917] Received RequestConsensusVote() RPC: tablet_id: "3ca89ba75beb47e2a1316787c7b26c4c" candidate_uuid: "d5db0d0d1cc94b3db7b1efa86c904a9f" candidate_term: 2 candidate_status { last_received { term: 0 index: 0 } } ignore_live_leader: false dest_uuid: "67ecc30c223742b5829b7ca0bc0e460c" is_pre_election: true
I20260709 12:58:27.142442   760 raft_consensus.cc:740] T 4386f255228143329238805242698fa4 P d5db0d0d1cc94b3db7b1efa86c904a9f [term 0 FOLLOWER]: Becoming Follower/Learner. State: Replica: d5db0d0d1cc94b3db7b1efa86c904a9f, State: Initialized, Role: FOLLOWER
I20260709 12:58:27.148288   605 leader_election.cc:304] T 3ca89ba75beb47e2a1316787c7b26c4c P d5db0d0d1cc94b3db7b1efa86c904a9f [CANDIDATE]: Term 2 pre-election: Election decided. Result: candidate lost. Election summary: received 3 responses out of 3 voters: 1 yes votes; 2 no votes. yes voters: d5db0d0d1cc94b3db7b1efa86c904a9f; no voters: 67ecc30c223742b5829b7ca0bc0e460c, a77e4b86cf594c3a9242f5a68ae7e348
I20260709 12:58:27.149962   806 raft_consensus.cc:2749] T 3ca89ba75beb47e2a1316787c7b26c4c P d5db0d0d1cc94b3db7b1efa86c904a9f [term 1 FOLLOWER]: Leader pre-election lost for term 2. Reason: could not achieve majority
I20260709 12:58:27.150017   709 tablet_service.cc:1917] Received RequestConsensusVote() RPC: tablet_id: "4386f255228143329238805242698fa4" candidate_uuid: "a77e4b86cf594c3a9242f5a68ae7e348" candidate_term: 1 candidate_status { last_received { term: 0 index: 0 } } ignore_live_leader: false dest_uuid: "67ecc30c223742b5829b7ca0bc0e460c" is_pre_election: true
I20260709 12:58:27.150738   709 raft_consensus.cc:2468] T 4386f255228143329238805242698fa4 P 67ecc30c223742b5829b7ca0bc0e460c [term 0 FOLLOWER]: Leader pre-election vote request: Granting yes vote for candidate a77e4b86cf594c3a9242f5a68ae7e348 in term 0.
I20260709 12:58:27.155232   679 leader_election.cc:304] T f2cbc2505aa5488faab305c6eeeda169 P 67ecc30c223742b5829b7ca0bc0e460c [CANDIDATE]: Term 1 pre-election: Election decided. Result: candidate lost. Election summary: received 3 responses out of 3 voters: 1 yes votes; 2 no votes. yes voters: 67ecc30c223742b5829b7ca0bc0e460c; no voters: a77e4b86cf594c3a9242f5a68ae7e348, d5db0d0d1cc94b3db7b1efa86c904a9f
I20260709 12:58:27.157032   641 tablet_service.cc:1917] Received RequestConsensusVote() RPC: tablet_id: "4386f255228143329238805242698fa4" candidate_uuid: "a77e4b86cf594c3a9242f5a68ae7e348" candidate_term: 1 candidate_status { last_received { term: 0 index: 0 } } ignore_live_leader: false dest_uuid: "d5db0d0d1cc94b3db7b1efa86c904a9f" is_pre_election: true
I20260709 12:58:27.159740   762 consensus_queue.cc:1048] T 15506930758440c8889acba1d3bf0ed5 P a77e4b86cf594c3a9242f5a68ae7e348 [LEADER]: Connected to new peer: Peer: permanent_uuid: "d5db0d0d1cc94b3db7b1efa86c904a9f" member_type: VOTER last_known_addr { host: "127.0.107.194" port: 33025 }, Status: LMP_MISMATCH, Last received: 0.0, Next index: 1, Last known committed idx: 0, Time since last communication: 0.000s
I20260709 12:58:27.161298   762 consensus_queue.cc:1048] T 03240cfe635c4295801a1631ac795914 P a77e4b86cf594c3a9242f5a68ae7e348 [LEADER]: Connected to new peer: Peer: permanent_uuid: "d5db0d0d1cc94b3db7b1efa86c904a9f" member_type: VOTER last_known_addr { host: "127.0.107.194" port: 33025 }, Status: LMP_MISMATCH, Last received: 0.0, Next index: 1, Last known committed idx: 0, Time since last communication: 0.000s
