I20260709 13:15:49.741444 15398 raft_consensus.cc:740] T 5441423518bb4b4a82be24dc78a92a64 P d454a822cf3446ed957d77596ead26e8 [term 0 FOLLOWER]: Becoming Follower/Learner. State: Replica: d454a822cf3446ed957d77596ead26e8, State: Initialized, Role: FOLLOWER
I20260709 13:15:49.742530 15398 consensus_queue.cc:260] T 5441423518bb4b4a82be24dc78a92a64 P d454a822cf3446ed957d77596ead26e8 [NON_LEADER]: Queue going to NON_LEADER mode. State: All replicated index: 0, Majority replicated index: 0, Committed index: 0, Last appended: 0.0, Last appended by leader: 0, Current term: 0, Majority size: -1, State: 0, Mode: NON_LEADER, active raft config: opid_index: -1 OBSOLETE_local: false peers { permanent_uuid: "40ec520408394058b72d56dd8a2b2c27" member_type: VOTER last_known_addr { host: "127.13.196.129" port: 44625 } } peers { permanent_uuid: "9e852d0bc61840b2b4c0503bf0caf048" member_type: VOTER last_known_addr { host: "127.13.196.130" port: 37239 } } peers { permanent_uuid: "d454a822cf3446ed957d77596ead26e8" member_type: VOTER last_known_addr { host: "127.13.196.131" port: 38217 } }
I20260709 13:15:49.745688 15398 ts_tablet_manager.cc:1434] T 5441423518bb4b4a82be24dc78a92a64 P d454a822cf3446ed957d77596ead26e8: Time spent starting tablet: real 0.053s	user 0.021s	sys 0.018s
I20260709 13:15:49.746579 15398 tablet_bootstrap.cc:492] T a8189448e57b4bf2ab4c258a79829240 P d454a822cf3446ed957d77596ead26e8: Bootstrap starting.
I20260709 13:15:49.752369 15650 raft_consensus.cc:493] T 048daf0d186144c5a1fef634511c91ed P 9e852d0bc61840b2b4c0503bf0caf048 [term 0 FOLLOWER]: Starting pre-election (no leader contacted us within the election timeout)
I20260709 13:15:49.752815 15650 raft_consensus.cc:515] T 048daf0d186144c5a1fef634511c91ed P 9e852d0bc61840b2b4c0503bf0caf048 [term 0 FOLLOWER]: Starting pre-election with config: opid_index: -1 OBSOLETE_local: false peers { permanent_uuid: "40ec520408394058b72d56dd8a2b2c27" member_type: VOTER last_known_addr { host: "127.13.196.129" port: 44625 } } peers { permanent_uuid: "9e852d0bc61840b2b4c0503bf0caf048" member_type: VOTER last_known_addr { host: "127.13.196.130" port: 37239 } } peers { permanent_uuid: "d454a822cf3446ed957d77596ead26e8" member_type: VOTER last_known_addr { host: "127.13.196.131" port: 38217 } }
I20260709 13:15:49.754739 15650 leader_election.cc:290] T 048daf0d186144c5a1fef634511c91ed P 9e852d0bc61840b2b4c0503bf0caf048 [CANDIDATE]: Term 1 pre-election: Requested pre-vote from peers 40ec520408394058b72d56dd8a2b2c27 (127.13.196.129:44625), d454a822cf3446ed957d77596ead26e8 (127.13.196.131:38217)
I20260709 13:15:49.756206 15204 tablet_service.cc:1917] Received RequestConsensusVote() RPC: tablet_id: "048daf0d186144c5a1fef634511c91ed" candidate_uuid: "9e852d0bc61840b2b4c0503bf0caf048" candidate_term: 1 candidate_status { last_received { term: 0 index: 0 } } ignore_live_leader: false dest_uuid: "40ec520408394058b72d56dd8a2b2c27" is_pre_election: true
W20260709 13:15:49.757268 15248 leader_election.cc:343] T 048daf0d186144c5a1fef634511c91ed P 9e852d0bc61840b2b4c0503bf0caf048 [CANDIDATE]: Term 1 pre-election: Tablet error from VoteRequest() call to peer 40ec520408394058b72d56dd8a2b2c27 (127.13.196.129:44625): Illegal state: must be running to vote when last-logged opid is not known
I20260709 13:15:49.758530 15353 tablet_service.cc:1917] Received RequestConsensusVote() RPC: tablet_id: "048daf0d186144c5a1fef634511c91ed" candidate_uuid: "9e852d0bc61840b2b4c0503bf0caf048" candidate_term: 1 candidate_status { last_received { term: 0 index: 0 } } ignore_live_leader: false dest_uuid: "d454a822cf3446ed957d77596ead26e8" is_pre_election: true
I20260709 13:15:49.763237 15398 tablet_bootstrap.cc:654] T a8189448e57b4bf2ab4c258a79829240 P d454a822cf3446ed957d77596ead26e8: Neither blocks nor log segments found. Creating new log.
W20260709 13:15:49.764878 15248 leader_election.cc:343] T 048daf0d186144c5a1fef634511c91ed P 9e852d0bc61840b2b4c0503bf0caf048 [CANDIDATE]: Term 1 pre-election: Tablet error from VoteRequest() call to peer d454a822cf3446ed957d77596ead26e8 (127.13.196.131:38217): Illegal state: must be running to vote when last-logged opid is not known
I20260709 13:15:49.765250 15248 leader_election.cc:304] T 048daf0d186144c5a1fef634511c91ed P 9e852d0bc61840b2b4c0503bf0caf048 [CANDIDATE]: Term 1 pre-election: Election decided. Result: candidate lost. Election summary: received 3 responses out of 3 voters: 1 yes votes; 2 no votes. yes voters: 9e852d0bc61840b2b4c0503bf0caf048; no voters: 40ec520408394058b72d56dd8a2b2c27, d454a822cf3446ed957d77596ead26e8
I20260709 13:15:49.765897 15650 raft_consensus.cc:2749] T 048daf0d186144c5a1fef634511c91ed P 9e852d0bc61840b2b4c0503bf0caf048 [term 0 FOLLOWER]: Leader pre-election lost for term 1. Reason: could not achieve majority
I20260709 13:15:49.765992 15397 tablet_bootstrap.cc:492] T f806db144b6c41fda7321cc1293240d5 P 9e852d0bc61840b2b4c0503bf0caf048: No bootstrap required, opened a new log
I20260709 13:15:49.766532 15397 ts_tablet_manager.cc:1403] T f806db144b6c41fda7321cc1293240d5 P 9e852d0bc61840b2b4c0503bf0caf048: Time spent bootstrapping tablet: real 0.138s	user 0.009s	sys 0.003s
I20260709 13:15:49.774032 15395 tablet_bootstrap.cc:492] T 5351116eee27416f9ce1b9625955137a P 40ec520408394058b72d56dd8a2b2c27: No bootstrap required, opened a new log
I20260709 13:15:49.774495 15395 ts_tablet_manager.cc:1403] T 5351116eee27416f9ce1b9625955137a P 40ec520408394058b72d56dd8a2b2c27: Time spent bootstrapping tablet: real 0.154s	user 0.012s	sys 0.000s
I20260709 13:15:49.774609 15397 raft_consensus.cc:359] T f806db144b6c41fda7321cc1293240d5 P 9e852d0bc61840b2b4c0503bf0caf048 [term 0 FOLLOWER]: Replica starting. Triggering 0 pending ops. Active config: opid_index: -1 OBSOLETE_local: false peers { permanent_uuid: "40ec520408394058b72d56dd8a2b2c27" member_type: VOTER last_known_addr { host: "127.13.196.129" port: 44625 } } peers { permanent_uuid: "9e852d0bc61840b2b4c0503bf0caf048" member_type: VOTER last_known_addr { host: "127.13.196.130" port: 37239 } } peers { permanent_uuid: "d454a822cf3446ed957d77596ead26e8" member_type: VOTER last_known_addr { host: "127.13.196.131" port: 38217 } }
I20260709 13:15:49.775293 15397 raft_consensus.cc:385] T f806db144b6c41fda7321cc1293240d5 P 9e852d0bc61840b2b4c0503bf0caf048 [term 0 FOLLOWER]: Consensus starting up: Expiring failure detector timer to make a prompt election more likely
I20260709 13:15:49.775545 15397 raft_consensus.cc:740] T f806db144b6c41fda7321cc1293240d5 P 9e852d0bc61840b2b4c0503bf0caf048 [term 0 FOLLOWER]: Becoming Follower/Learner. State: Replica: 9e852d0bc61840b2b4c0503bf0caf048, State: Initialized, Role: FOLLOWER
I20260709 13:15:49.776196 15398 tablet_bootstrap.cc:492] T a8189448e57b4bf2ab4c258a79829240 P d454a822cf3446ed957d77596ead26e8: No bootstrap required, opened a new log
I20260709 13:15:49.776139 15397 consensus_queue.cc:260] T f806db144b6c41fda7321cc1293240d5 P 9e852d0bc61840b2b4c0503bf0caf048 [NON_LEADER]: Queue going to NON_LEADER mode. State: All replicated index: 0, Majority replicated index: 0, Committed index: 0, Last appended: 0.0, Last appended by leader: 0, Current term: 0, Majority size: -1, State: 0, Mode: NON_LEADER, active raft config: opid_index: -1 OBSOLETE_local: false peers { permanent_uuid: "40ec520408394058b72d56dd8a2b2c27" member_type: VOTER last_known_addr { host: "127.13.196.129" port: 44625 } } peers { permanent_uuid: "9e852d0bc61840b2b4c0503bf0caf048" member_type: VOTER last_known_addr { host: "127.13.196.130" port: 37239 } } peers { permanent_uuid: "d454a822cf3446ed957d77596ead26e8" member_type: VOTER last_known_addr { host: "127.13.196.131" port: 38217 } }
I20260709 13:15:49.776634 15398 ts_tablet_manager.cc:1403] T a8189448e57b4bf2ab4c258a79829240 P d454a822cf3446ed957d77596ead26e8: Time spent bootstrapping tablet: real 0.030s	user 0.011s	sys 0.003s
I20260709 13:15:49.778339 15397 ts_tablet_manager.cc:1434] T f806db144b6c41fda7321cc1293240d5 P 9e852d0bc61840b2b4c0503bf0caf048: Time spent starting tablet: real 0.012s	user 0.004s	sys 0.001s
I20260709 13:15:49.779170 15397 tablet_bootstrap.cc:492] T 758853e108f942ad9a24890a8898dbe3 P 9e852d0bc61840b2b4c0503bf0caf048: Bootstrap starting.
I20260709 13:15:49.779076 15398 raft_consensus.cc:359] T a8189448e57b4bf2ab4c258a79829240 P d454a822cf3446ed957d77596ead26e8 [term 0 FOLLOWER]: Replica starting. Triggering 0 pending ops. Active config: opid_index: -1 OBSOLETE_local: false peers { permanent_uuid: "40ec520408394058b72d56dd8a2b2c27" member_type: VOTER last_known_addr { host: "127.13.196.129" port: 44625 } } peers { permanent_uuid: "9e852d0bc61840b2b4c0503bf0caf048" member_type: VOTER last_known_addr { host: "127.13.196.130" port: 37239 } } peers { permanent_uuid: "d454a822cf3446ed957d77596ead26e8" member_type: VOTER last_known_addr { host: "127.13.196.131" port: 38217 } }
I20260709 13:15:49.779757 15398 raft_consensus.cc:385] T a8189448e57b4bf2ab4c258a79829240 P d454a822cf3446ed957d77596ead26e8 [term 0 FOLLOWER]: Consensus starting up: Expiring failure detector timer to make a prompt election more likely
I20260709 13:15:49.780045 15398 raft_consensus.cc:740] T a8189448e57b4bf2ab4c258a79829240 P d454a822cf3446ed957d77596ead26e8 [term 0 FOLLOWER]: Becoming Follower/Learner. State: Replica: d454a822cf3446ed957d77596ead26e8, State: Initialized, Role: FOLLOWER
I20260709 13:15:49.780659 15398 consensus_queue.cc:260] T a8189448e57b4bf2ab4c258a79829240 P d454a822cf3446ed957d77596ead26e8 [NON_LEADER]: Queue going to NON_LEADER mode. State: All replicated index: 0, Majority replicated index: 0, Committed index: 0, Last appended: 0.0, Last appended by leader: 0, Current term: 0, Majority size: -1, State: 0, Mode: NON_LEADER, active raft config: opid_index: -1 OBSOLETE_local: false peers { permanent_uuid: "40ec520408394058b72d56dd8a2b2c27" member_type: VOTER last_known_addr { host: "127.13.196.129" port: 44625 } } peers { permanent_uuid: "9e852d0bc61840b2b4c0503bf0caf048" member_type: VOTER last_known_addr { host: "127.13.196.130" port: 37239 } } peers { permanent_uuid: "d454a822cf3446ed957d77596ead26e8" member_type: VOTER last_known_addr { host: "127.13.196.131" port: 38217 } }
I20260709 13:15:49.782123 15395 raft_consensus.cc:359] T 5351116eee27416f9ce1b9625955137a P 40ec520408394058b72d56dd8a2b2c27 [term 0 FOLLOWER]: Replica starting. Triggering 0 pending ops. Active config: opid_index: -1 OBSOLETE_local: false peers { permanent_uuid: "40ec520408394058b72d56dd8a2b2c27" member_type: VOTER last_known_addr { host: "127.13.196.129" port: 44625 } } peers { permanent_uuid: "9e852d0bc61840b2b4c0503bf0caf048" member_type: VOTER last_known_addr { host: "127.13.196.130" port: 37239 } } peers { permanent_uuid: "d454a822cf3446ed957d77596ead26e8" member_type: VOTER last_known_addr { host: "127.13.196.131" port: 38217 } }
I20260709 13:15:49.782745 15395 raft_consensus.cc:385] T 5351116eee27416f9ce1b9625955137a P 40ec520408394058b72d56dd8a2b2c27 [term 0 FOLLOWER]: Consensus starting up: Expiring failure detector timer to make a prompt election more likely
I20260709 13:15:49.782871 15398 ts_tablet_manager.cc:1434] T a8189448e57b4bf2ab4c258a79829240 P d454a822cf3446ed957d77596ead26e8: Time spent starting tablet: real 0.006s	user 0.005s	sys 0.001s
I20260709 13:15:49.783084 15395 raft_consensus.cc:740] T 5351116eee27416f9ce1b9625955137a P 40ec520408394058b72d56dd8a2b2c27 [term 0 FOLLOWER]: Becoming Follower/Learner. State: Replica: 40ec520408394058b72d56dd8a2b2c27, State: Initialized, Role: FOLLOWER
I20260709 13:15:49.783792 15398 tablet_bootstrap.cc:492] T 34baaf7e7db14b819486c484f6102992 P d454a822cf3446ed957d77596ead26e8: Bootstrap starting.
I20260709 13:15:49.783798 15395 consensus_queue.cc:260] T 5351116eee27416f9ce1b9625955137a P 40ec520408394058b72d56dd8a2b2c27 [NON_LEADER]: Queue going to NON_LEADER mode. State: All replicated index: 0, Majority replicated index: 0, Committed index: 0, Last appended: 0.0, Last appended by leader: 0, Current term: 0, Majority size: -1, State: 0, Mode: NON_LEADER, active raft config: opid_index: -1 OBSOLETE_local: false peers { permanent_uuid: "40ec520408394058b72d56dd8a2b2c27" member_type: VOTER last_known_addr { host: "127.13.196.129" port: 44625 } } peers { permanent_uuid: "9e852d0bc61840b2b4c0503bf0caf048" member_type: VOTER last_known_addr { host: "127.13.196.130" port: 37239 } } peers { permanent_uuid: "d454a822cf3446ed957d77596ead26e8" member_type: VOTER last_known_addr { host: "127.13.196.131" port: 38217 } }
I20260709 13:15:49.789892 15398 tablet_bootstrap.cc:654] T 34baaf7e7db14b819486c484f6102992 P d454a822cf3446ed957d77596ead26e8: Neither blocks nor log segments found. Creating new log.
I20260709 13:15:49.796465 15397 tablet_bootstrap.cc:654] T 758853e108f942ad9a24890a8898dbe3 P 9e852d0bc61840b2b4c0503bf0caf048: Neither blocks nor log segments found. Creating new log.
I20260709 13:15:49.796411 15395 ts_tablet_manager.cc:1434] T 5351116eee27416f9ce1b9625955137a P 40ec520408394058b72d56dd8a2b2c27: Time spent starting tablet: real 0.017s	user 0.004s	sys 0.000s
I20260709 13:15:49.797616 15395 tablet_bootstrap.cc:492] T c769efed208c4f289f26dd0aa16f76f6 P 40ec520408394058b72d56dd8a2b2c27: Bootstrap starting.
I20260709 13:15:49.804481 15398 tablet_bootstrap.cc:492] T 34baaf7e7db14b819486c484f6102992 P d454a822cf3446ed957d77596ead26e8: No bootstrap required, opened a new log
I20260709 13:15:49.804920 15398 ts_tablet_manager.cc:1403] T 34baaf7e7db14b819486c484f6102992 P d454a822cf3446ed957d77596ead26e8: Time spent bootstrapping tablet: real 0.021s	user 0.005s	sys 0.013s
I20260709 13:15:49.807304 15398 raft_consensus.cc:359] T 34baaf7e7db14b819486c484f6102992 P d454a822cf3446ed957d77596ead26e8 [term 0 FOLLOWER]: Replica starting. Triggering 0 pending ops. Active config: opid_index: -1 OBSOLETE_local: false peers { permanent_uuid: "40ec520408394058b72d56dd8a2b2c27" member_type: VOTER last_known_addr { host: "127.13.196.129" port: 44625 } } peers { permanent_uuid: "9e852d0bc61840b2b4c0503bf0caf048" member_type: VOTER last_known_addr { host: "127.13.196.130" port: 37239 } } peers { permanent_uuid: "d454a822cf3446ed957d77596ead26e8" member_type: VOTER last_known_addr { host: "127.13.196.131" port: 38217 } }
I20260709 13:15:49.807919 15398 raft_consensus.cc:385] T 34baaf7e7db14b819486c484f6102992 P d454a822cf3446ed957d77596ead26e8 [term 0 FOLLOWER]: Consensus starting up: Expiring failure detector timer to make a prompt election more likely
I20260709 13:15:49.808183 15398 raft_consensus.cc:740] T 34baaf7e7db14b819486c484f6102992 P d454a822cf3446ed957d77596ead26e8 [term 0 FOLLOWER]: Becoming Follower/Learner. State: Replica: d454a822cf3446ed957d77596ead26e8, State: Initialized, Role: FOLLOWER
I20260709 13:15:49.808987 15395 tablet_bootstrap.cc:654] T c769efed208c4f289f26dd0aa16f76f6 P 40ec520408394058b72d56dd8a2b2c27: Neither blocks nor log segments found. Creating new log.
I20260709 13:15:49.808781 15398 consensus_queue.cc:260] T 34baaf7e7db14b819486c484f6102992 P d454a822cf3446ed957d77596ead26e8 [NON_LEADER]: Queue going to NON_LEADER mode. State: All replicated index: 0, Majority replicated index: 0, Committed index: 0, Last appended: 0.0, Last appended by leader: 0, Current term: 0, Majority size: -1, State: 0, Mode: NON_LEADER, active raft config: opid_index: -1 OBSOLETE_local: false peers { permanent_uuid: "40ec520408394058b72d56dd8a2b2c27" member_type: VOTER last_known_addr { host: "127.13.196.129" port: 44625 } } peers { permanent_uuid: "9e852d0bc61840b2b4c0503bf0caf048" member_type: VOTER last_known_addr { host: "127.13.196.130" port: 37239 } } peers { permanent_uuid: "d454a822cf3446ed957d77596ead26e8" member_type: VOTER last_known_addr { host: "127.13.196.131" port: 38217 } }
I20260709 13:15:49.811849 15397 tablet_bootstrap.cc:492] T 758853e108f942ad9a24890a8898dbe3 P 9e852d0bc61840b2b4c0503bf0caf048: No bootstrap required, opened a new log
I20260709 13:15:49.812264 15397 ts_tablet_manager.cc:1403] T 758853e108f942ad9a24890a8898dbe3 P 9e852d0bc61840b2b4c0503bf0caf048: Time spent bootstrapping tablet: real 0.033s	user 0.007s	sys 0.004s
I20260709 13:15:49.812887 15355 raft_consensus.cc:3060] T a8189448e57b4bf2ab4c258a79829240 P d454a822cf3446ed957d77596ead26e8 [term 0 FOLLOWER]: Advancing to term 1
I20260709 13:15:49.814563 15397 raft_consensus.cc:359] T 758853e108f942ad9a24890a8898dbe3 P 9e852d0bc61840b2b4c0503bf0caf048 [term 0 FOLLOWER]: Replica starting. Triggering 0 pending ops. Active config: opid_index: -1 OBSOLETE_local: false peers { permanent_uuid: "40ec520408394058b72d56dd8a2b2c27" member_type: VOTER last_known_addr { host: "127.13.196.129" port: 44625 } } peers { permanent_uuid: "9e852d0bc61840b2b4c0503bf0caf048" member_type: VOTER last_known_addr { host: "127.13.196.130" port: 37239 } } peers { permanent_uuid: "d454a822cf3446ed957d77596ead26e8" member_type: VOTER last_known_addr { host: "127.13.196.131" port: 38217 } }
I20260709 13:15:49.815341 15397 raft_consensus.cc:385] T 758853e108f942ad9a24890a8898dbe3 P 9e852d0bc61840b2b4c0503bf0caf048 [term 0 FOLLOWER]: Consensus starting up: Expiring failure detector timer to make a prompt election more likely
I20260709 13:15:49.815585 15397 raft_consensus.cc:740] T 758853e108f942ad9a24890a8898dbe3 P 9e852d0bc61840b2b4c0503bf0caf048 [term 0 FOLLOWER]: Becoming Follower/Learner. State: Replica: 9e852d0bc61840b2b4c0503bf0caf048, State: Initialized, Role: FOLLOWER
I20260709 13:15:49.816172 15397 consensus_queue.cc:260] T 758853e108f942ad9a24890a8898dbe3 P 9e852d0bc61840b2b4c0503bf0caf048 [NON_LEADER]: Queue going to NON_LEADER mode. State: All replicated index: 0, Majority replicated index: 0, Committed index: 0, Last appended: 0.0, Last appended by leader: 0, Current term: 0, Majority size: -1, State: 0, Mode: NON_LEADER, active raft config: opid_index: -1 OBSOLETE_local: false peers { permanent_uuid: "40ec520408394058b72d56dd8a2b2c27" member_type: VOTER last_known_addr { host: "127.13.196.129" port: 44625 } } peers { permanent_uuid: "9e852d0bc61840b2b4c0503bf0caf048" member_type: VOTER last_known_addr { host: "127.13.196.130" port: 37239 } } peers { permanent_uuid: "d454a822cf3446ed957d77596ead26e8" member_type: VOTER last_known_addr { host: "127.13.196.131" port: 38217 } }
I20260709 13:15:49.818075 15397 ts_tablet_manager.cc:1434] T 758853e108f942ad9a24890a8898dbe3 P 9e852d0bc61840b2b4c0503bf0caf048: Time spent starting tablet: real 0.006s	user 0.007s	sys 0.000s
I20260709 13:15:49.818895 15397 tablet_bootstrap.cc:492] T 9e1b4d5ca6714edd805240df9be51326 P 9e852d0bc61840b2b4c0503bf0caf048: Bootstrap starting.
I20260709 13:15:49.824018 15397 tablet_bootstrap.cc:654] T 9e1b4d5ca6714edd805240df9be51326 P 9e852d0bc61840b2b4c0503bf0caf048: Neither blocks nor log segments found. Creating new log.
I20260709 13:15:49.824335 15398 ts_tablet_manager.cc:1434] T 34baaf7e7db14b819486c484f6102992 P d454a822cf3446ed957d77596ead26e8: Time spent starting tablet: real 0.019s	user 0.004s	sys 0.004s
I20260709 13:15:49.824761 15395 tablet_bootstrap.cc:492] T c769efed208c4f289f26dd0aa16f76f6 P 40ec520408394058b72d56dd8a2b2c27: No bootstrap required, opened a new log
I20260709 13:15:49.824371 15485 consensus_queue.cc:1048] T a8189448e57b4bf2ab4c258a79829240 P 9e852d0bc61840b2b4c0503bf0caf048 [LEADER]: Connected to new peer: Peer: permanent_uuid: "d454a822cf3446ed957d77596ead26e8" member_type: VOTER last_known_addr { host: "127.13.196.131" port: 38217 }, Status: LMP_MISMATCH, Last received: 0.0, Next index: 1, Last known committed idx: 0, Time since last communication: 0.001s
I20260709 13:15:49.825193 15395 ts_tablet_manager.cc:1403] T c769efed208c4f289f26dd0aa16f76f6 P 40ec520408394058b72d56dd8a2b2c27: Time spent bootstrapping tablet: real 0.028s	user 0.012s	sys 0.008s
I20260709 13:15:49.825347 15398 tablet_bootstrap.cc:492] T 9e1b4d5ca6714edd805240df9be51326 P d454a822cf3446ed957d77596ead26e8: Bootstrap starting.
I20260709 13:15:49.828164 15395 raft_consensus.cc:359] T c769efed208c4f289f26dd0aa16f76f6 P 40ec520408394058b72d56dd8a2b2c27 [term 0 FOLLOWER]: Replica starting. Triggering 0 pending ops. Active config: opid_index: -1 OBSOLETE_local: false peers { permanent_uuid: "40ec520408394058b72d56dd8a2b2c27" member_type: VOTER last_known_addr { host: "127.13.196.129" port: 44625 } } peers { permanent_uuid: "9e852d0bc61840b2b4c0503bf0caf048" member_type: VOTER last_known_addr { host: "127.13.196.130" port: 37239 } } peers { permanent_uuid: "d454a822cf3446ed957d77596ead26e8" member_type: VOTER last_known_addr { host: "127.13.196.131" port: 38217 } }
I20260709 13:15:49.828778 15395 raft_consensus.cc:385] T c769efed208c4f289f26dd0aa16f76f6 P 40ec520408394058b72d56dd8a2b2c27 [term 0 FOLLOWER]: Consensus starting up: Expiring failure detector timer to make a prompt election more likely
I20260709 13:15:49.829030 15395 raft_consensus.cc:740] T c769efed208c4f289f26dd0aa16f76f6 P 40ec520408394058b72d56dd8a2b2c27 [term 0 FOLLOWER]: Becoming Follower/Learner. State: Replica: 40ec520408394058b72d56dd8a2b2c27, State: Initialized, Role: FOLLOWER
I20260709 13:15:49.829631 15395 consensus_queue.cc:260] T c769efed208c4f289f26dd0aa16f76f6 P 40ec520408394058b72d56dd8a2b2c27 [NON_LEADER]: Queue going to NON_LEADER mode. State: All replicated index: 0, Majority replicated index: 0, Committed index: 0, Last appended: 0.0, Last appended by leader: 0, Current term: 0, Majority size: -1, State: 0, Mode: NON_LEADER, active raft config: opid_index: -1 OBSOLETE_local: false peers { permanent_uuid: "40ec520408394058b72d56dd8a2b2c27" member_type: VOTER last_known_addr { host: "127.13.196.129" port: 44625 } } peers { permanent_uuid: "9e852d0bc61840b2b4c0503bf0caf048" member_type: VOTER last_known_addr { host: "127.13.196.130" port: 37239 } } peers { permanent_uuid: "d454a822cf3446ed957d77596ead26e8" member_type: VOTER last_known_addr { host: "127.13.196.131" port: 38217 } }
I20260709 13:15:49.831146 15398 tablet_bootstrap.cc:654] T 9e1b4d5ca6714edd805240df9be51326 P d454a822cf3446ed957d77596ead26e8: Neither blocks nor log segments found. Creating new log.
I20260709 13:15:49.831480 15395 ts_tablet_manager.cc:1434] T c769efed208c4f289f26dd0aa16f76f6 P 40ec520408394058b72d56dd8a2b2c27: Time spent starting tablet: real 0.006s	user 0.006s	sys 0.000s
I20260709 13:15:49.835426 15398 tablet_bootstrap.cc:492] T 9e1b4d5ca6714edd805240df9be51326 P d454a822cf3446ed957d77596ead26e8: No bootstrap required, opened a new log
I20260709 13:15:49.835844 15398 ts_tablet_manager.cc:1403] T 9e1b4d5ca6714edd805240df9be51326 P d454a822cf3446ed957d77596ead26e8: Time spent bootstrapping tablet: real 0.011s	user 0.005s	sys 0.003s
I20260709 13:15:49.838083 15395 tablet_bootstrap.cc:492] T 5642677b2cd34fa28a2caea566e61ee7 P 40ec520408394058b72d56dd8a2b2c27: Bootstrap starting.
I20260709 13:15:49.843518 15395 tablet_bootstrap.cc:654] T 5642677b2cd34fa28a2caea566e61ee7 P 40ec520408394058b72d56dd8a2b2c27: Neither blocks nor log segments found. Creating new log.
I20260709 13:15:49.843721 15412 raft_consensus.cc:493] T 9e1b4d5ca6714edd805240df9be51326 P 40ec520408394058b72d56dd8a2b2c27 [term 0 FOLLOWER]: Starting pre-election (no leader contacted us within the election timeout)
I20260709 13:15:49.844170 15412 raft_consensus.cc:515] T 9e1b4d5ca6714edd805240df9be51326 P 40ec520408394058b72d56dd8a2b2c27 [term 0 FOLLOWER]: Starting pre-election with config: opid_index: -1 OBSOLETE_local: false peers { permanent_uuid: "40ec520408394058b72d56dd8a2b2c27" member_type: VOTER last_known_addr { host: "127.13.196.129" port: 44625 } } peers { permanent_uuid: "9e852d0bc61840b2b4c0503bf0caf048" member_type: VOTER last_known_addr { host: "127.13.196.130" port: 37239 } } peers { permanent_uuid: "d454a822cf3446ed957d77596ead26e8" member_type: VOTER last_known_addr { host: "127.13.196.131" port: 38217 } }
I20260709 13:15:49.846107 15412 leader_election.cc:290] T 9e1b4d5ca6714edd805240df9be51326 P 40ec520408394058b72d56dd8a2b2c27 [CANDIDATE]: Term 1 pre-election: Requested pre-vote from peers 9e852d0bc61840b2b4c0503bf0caf048 (127.13.196.130:37239), d454a822cf3446ed957d77596ead26e8 (127.13.196.131:38217)
I20260709 13:15:49.847352 15398 raft_consensus.cc:359] T 9e1b4d5ca6714edd805240df9be51326 P d454a822cf3446ed957d77596ead26e8 [term 0 FOLLOWER]: Replica starting. Triggering 0 pending ops. Active config: opid_index: -1 OBSOLETE_local: false peers { permanent_uuid: "40ec520408394058b72d56dd8a2b2c27" member_type: VOTER last_known_addr { host: "127.13.196.129" port: 44625 } } peers { permanent_uuid: "9e852d0bc61840b2b4c0503bf0caf048" member_type: VOTER last_known_addr { host: "127.13.196.130" port: 37239 } } peers { permanent_uuid: "d454a822cf3446ed957d77596ead26e8" member_type: VOTER last_known_addr { host: "127.13.196.131" port: 38217 } }
I20260709 13:15:49.847980 15398 raft_consensus.cc:385] T 9e1b4d5ca6714edd805240df9be51326 P d454a822cf3446ed957d77596ead26e8 [term 0 FOLLOWER]: Consensus starting up: Expiring failure detector timer to make a prompt election more likely
I20260709 13:15:49.847878 15282 tablet_service.cc:1917] Received RequestConsensusVote() RPC: tablet_id: "9e1b4d5ca6714edd805240df9be51326" candidate_uuid: "40ec520408394058b72d56dd8a2b2c27" candidate_term: 1 candidate_status { last_received { term: 0 index: 0 } } ignore_live_leader: false dest_uuid: "9e852d0bc61840b2b4c0503bf0caf048" is_pre_election: true
I20260709 13:15:49.848315 15398 raft_consensus.cc:740] T 9e1b4d5ca6714edd805240df9be51326 P d454a822cf3446ed957d77596ead26e8 [term 0 FOLLOWER]: Becoming Follower/Learner. State: Replica: d454a822cf3446ed957d77596ead26e8, State: Initialized, Role: FOLLOWER
W20260709 13:15:49.849344 15173 leader_election.cc:343] T 9e1b4d5ca6714edd805240df9be51326 P 40ec520408394058b72d56dd8a2b2c27 [CANDIDATE]: Term 1 pre-election: Tablet error from VoteRequest() call to peer 9e852d0bc61840b2b4c0503bf0caf048 (127.13.196.130:37239): Illegal state: must be running to vote when last-logged opid is not known
I20260709 13:15:49.847704 15355 tablet_service.cc:1917] Received RequestConsensusVote() RPC: tablet_id: "9e1b4d5ca6714edd805240df9be51326" candidate_uuid: "40ec520408394058b72d56dd8a2b2c27" candidate_term: 1 candidate_status { last_received { term: 0 index: 0 } } ignore_live_leader: false dest_uuid: "d454a822cf3446ed957d77596ead26e8" is_pre_election: true
I20260709 13:15:49.849390 15398 consensus_queue.cc:260] T 9e1b4d5ca6714edd805240df9be51326 P d454a822cf3446ed957d77596ead26e8 [NON_LEADER]: Queue going to NON_LEADER mode. State: All replicated index: 0, Majority replicated index: 0, Committed index: 0, Last appended: 0.0, Last appended by leader: 0, Current term: 0, Majority size: -1, State: 0, Mode: NON_LEADER, active raft config: opid_index: -1 OBSOLETE_local: false peers { permanent_uuid: "40ec520408394058b72d56dd8a2b2c27" member_type: VOTER last_known_addr { host: "127.13.196.129" port: 44625 } } peers { permanent_uuid: "9e852d0bc61840b2b4c0503bf0caf048" member_type: VOTER last_known_addr { host: "127.13.196.130" port: 37239 } } peers { permanent_uuid: "d454a822cf3446ed957d77596ead26e8" member_type: VOTER last_known_addr { host: "127.13.196.131" port: 38217 } }
I20260709 13:15:49.850296 15355 raft_consensus.cc:2468] T 9e1b4d5ca6714edd805240df9be51326 P d454a822cf3446ed957d77596ead26e8 [term 0 FOLLOWER]: Leader pre-election vote request: Granting yes vote for candidate 40ec520408394058b72d56dd8a2b2c27 in term 0.
I20260709 13:15:49.851487 15173 leader_election.cc:304] T 9e1b4d5ca6714edd805240df9be51326 P 40ec520408394058b72d56dd8a2b2c27 [CANDIDATE]: Term 1 pre-election: Election decided. Result: candidate won. Election summary: received 3 responses out of 3 voters: 2 yes votes; 1 no votes. yes voters: 40ec520408394058b72d56dd8a2b2c27, d454a822cf3446ed957d77596ead26e8; no voters: 9e852d0bc61840b2b4c0503bf0caf048
I20260709 13:15:49.852106 15395 tablet_bootstrap.cc:492] T 5642677b2cd34fa28a2caea566e61ee7 P 40ec520408394058b72d56dd8a2b2c27: No bootstrap required, opened a new log
I20260709 13:15:49.852540 15395 ts_tablet_manager.cc:1403] T 5642677b2cd34fa28a2caea566e61ee7 P 40ec520408394058b72d56dd8a2b2c27: Time spent bootstrapping tablet: real 0.015s	user 0.008s	sys 0.000s
I20260709 13:15:49.852129 15412 raft_consensus.cc:2804] T 9e1b4d5ca6714edd805240df9be51326 P 40ec520408394058b72d56dd8a2b2c27 [term 0 FOLLOWER]: Leader pre-election won for term 1
I20260709 13:15:49.852946 15412 raft_consensus.cc:493] T 9e1b4d5ca6714edd805240df9be51326 P 40ec520408394058b72d56dd8a2b2c27 [term 0 FOLLOWER]: Starting leader election (no leader contacted us within the election timeout)
I20260709 13:15:49.853228 15412 raft_consensus.cc:3060] T 9e1b4d5ca6714edd805240df9be51326 P 40ec520408394058b72d56dd8a2b2c27 [term 0 FOLLOWER]: Advancing to term 1
I20260709 13:15:49.854617 15398 ts_tablet_manager.cc:1434] T 9e1b4d5ca6714edd805240df9be51326 P d454a822cf3446ed957d77596ead26e8: Time spent starting tablet: real 0.019s	user 0.007s	sys 0.002s
I20260709 13:15:49.855083 15395 raft_consensus.cc:359] T 5642677b2cd34fa28a2caea566e61ee7 P 40ec520408394058b72d56dd8a2b2c27 [term 0 FOLLOWER]: Replica starting. Triggering 0 pending ops. Active config: opid_index: -1 OBSOLETE_local: false peers { permanent_uuid: "40ec520408394058b72d56dd8a2b2c27" member_type: VOTER last_known_addr { host: "127.13.196.129" port: 44625 } } peers { permanent_uuid: "9e852d0bc61840b2b4c0503bf0caf048" member_type: VOTER last_known_addr { host: "127.13.196.130" port: 37239 } } peers { permanent_uuid: "d454a822cf3446ed957d77596ead26e8" member_type: VOTER last_known_addr { host: "127.13.196.131" port: 38217 } }
I20260709 13:15:49.855487 15398 tablet_bootstrap.cc:492] T 5351116eee27416f9ce1b9625955137a P d454a822cf3446ed957d77596ead26e8: Bootstrap starting.
I20260709 13:15:49.855743 15395 raft_consensus.cc:385] T 5642677b2cd34fa28a2caea566e61ee7 P 40ec520408394058b72d56dd8a2b2c27 [term 0 FOLLOWER]: Consensus starting up: Expiring failure detector timer to make a prompt election more likely
I20260709 13:15:49.856030 15395 raft_consensus.cc:740] T 5642677b2cd34fa28a2caea566e61ee7 P 40ec520408394058b72d56dd8a2b2c27 [term 0 FOLLOWER]: Becoming Follower/Learner. State: Replica: 40ec520408394058b72d56dd8a2b2c27, State: Initialized, Role: FOLLOWER
I20260709 13:15:49.856611 15395 consensus_queue.cc:260] T 5642677b2cd34fa28a2caea566e61ee7 P 40ec520408394058b72d56dd8a2b2c27 [NON_LEADER]: Queue going to NON_LEADER mode. State: All replicated index: 0, Majority replicated index: 0, Committed index: 0, Last appended: 0.0, Last appended by leader: 0, Current term: 0, Majority size: -1, State: 0, Mode: NON_LEADER, active raft config: opid_index: -1 OBSOLETE_local: false peers { permanent_uuid: "40ec520408394058b72d56dd8a2b2c27" member_type: VOTER last_known_addr { host: "127.13.196.129" port: 44625 } } peers { permanent_uuid: "9e852d0bc61840b2b4c0503bf0caf048" member_type: VOTER last_known_addr { host: "127.13.196.130" port: 37239 } } peers { permanent_uuid: "d454a822cf3446ed957d77596ead26e8" member_type: VOTER last_known_addr { host: "127.13.196.131" port: 38217 } }
I20260709 13:15:49.858569 15395 ts_tablet_manager.cc:1434] T 5642677b2cd34fa28a2caea566e61ee7 P 40ec520408394058b72d56dd8a2b2c27: Time spent starting tablet: real 0.006s	user 0.007s	sys 0.000s
I20260709 13:15:49.859380 15395 tablet_bootstrap.cc:492] T 048daf0d186144c5a1fef634511c91ed P 40ec520408394058b72d56dd8a2b2c27: Bootstrap starting.
I20260709 13:15:49.863497 15398 tablet_bootstrap.cc:654] T 5351116eee27416f9ce1b9625955137a P d454a822cf3446ed957d77596ead26e8: Neither blocks nor log segments found. Creating new log.
I20260709 13:15:49.865249 15533 consensus_queue.cc:1048] T a8189448e57b4bf2ab4c258a79829240 P 9e852d0bc61840b2b4c0503bf0caf048 [LEADER]: Connected to new peer: Peer: permanent_uuid: "40ec520408394058b72d56dd8a2b2c27" member_type: VOTER last_known_addr { host: "127.13.196.129" port: 44625 }, Status: LMP_MISMATCH, Last received: 0.0, Next index: 1, Last known committed idx: 0, Time since last communication: 0.000s
I20260709 13:15:49.868094 15395 tablet_bootstrap.cc:654] T 048daf0d186144c5a1fef634511c91ed P 40ec520408394058b72d56dd8a2b2c27: Neither blocks nor log segments found. Creating new log.
I20260709 13:15:49.874387 15412 raft_consensus.cc:515] T 9e1b4d5ca6714edd805240df9be51326 P 40ec520408394058b72d56dd8a2b2c27 [term 1 FOLLOWER]: Starting leader election with config: opid_index: -1 OBSOLETE_local: false peers { permanent_uuid: "40ec520408394058b72d56dd8a2b2c27" member_type: VOTER last_known_addr { host: "127.13.196.129" port: 44625 } } peers { permanent_uuid: "9e852d0bc61840b2b4c0503bf0caf048" member_type: VOTER last_known_addr { host: "127.13.196.130" port: 37239 } } peers { permanent_uuid: "d454a822cf3446ed957d77596ead26e8" member_type: VOTER last_known_addr { host: "127.13.196.131" port: 38217 } }
I20260709 13:15:49.884349 15355 tablet_service.cc:1917] Received RequestConsensusVote() RPC: tablet_id: "9e1b4d5ca6714edd805240df9be51326" candidate_uuid: "40ec520408394058b72d56dd8a2b2c27" candidate_term: 1 candidate_status { last_received { term: 0 index: 0 } } ignore_live_leader: false dest_uuid: "d454a822cf3446ed957d77596ead26e8"
I20260709 13:15:49.884907 15355 raft_consensus.cc:3060] T 9e1b4d5ca6714edd805240df9be51326 P d454a822cf3446ed957d77596ead26e8 [term 0 FOLLOWER]: Advancing to term 1
I20260709 13:15:49.885859 15282 tablet_service.cc:1917] Received RequestConsensusVote() RPC: tablet_id: "9e1b4d5ca6714edd805240df9be51326" candidate_uuid: "40ec520408394058b72d56dd8a2b2c27" candidate_term: 1 candidate_status { last_received { term: 0 index: 0 } } ignore_live_leader: false dest_uuid: "9e852d0bc61840b2b4c0503bf0caf048"
W20260709 13:15:49.887247 15173 leader_election.cc:343] T 9e1b4d5ca6714edd805240df9be51326 P 40ec520408394058b72d56dd8a2b2c27 [CANDIDATE]: Term 1 election: Tablet error from VoteRequest() call to peer 9e852d0bc61840b2b4c0503bf0caf048 (127.13.196.130:37239): Illegal state: must be running to vote when last-logged opid is not known
I20260709 13:15:49.878348 15102 catalog_manager.cc:5697] T 190273fe421d49a49eaef1fc610de47e P 9e852d0bc61840b2b4c0503bf0caf048 reported cstate change: term changed from 0 to 1, leader changed from <none> to 9e852d0bc61840b2b4c0503bf0caf048 (127.13.196.130). New cstate: current_term: 1 leader_uuid: "9e852d0bc61840b2b4c0503bf0caf048" committed_config { opid_index: -1 OBSOLETE_local: false peers { permanent_uuid: "40ec520408394058b72d56dd8a2b2c27" member_type: VOTER last_known_addr { host: "127.13.196.129" port: 44625 } health_report { overall_health: UNKNOWN } } peers { permanent_uuid: "9e852d0bc61840b2b4c0503bf0caf048" member_type: VOTER last_known_addr { host: "127.13.196.130" port: 37239 } health_report { overall_health: HEALTHY } } peers { permanent_uuid: "d454a822cf3446ed957d77596ead26e8" member_type: VOTER last_known_addr { host: "127.13.196.131" port: 38217 } health_report { overall_health: UNKNOWN } } }
I20260709 13:15:49.891124 15355 raft_consensus.cc:2468] T 9e1b4d5ca6714edd805240df9be51326 P d454a822cf3446ed957d77596ead26e8 [term 1 FOLLOWER]: Leader election vote request: Granting yes vote for candidate 40ec520408394058b72d56dd8a2b2c27 in term 1.
I20260709 13:15:49.892159 15412 leader_election.cc:290] T 9e1b4d5ca6714edd805240df9be51326 P 40ec520408394058b72d56dd8a2b2c27 [CANDIDATE]: Term 1 election: Requested vote from peers 9e852d0bc61840b2b4c0503bf0caf048 (127.13.196.130:37239), d454a822cf3446ed957d77596ead26e8 (127.13.196.131:38217)
I20260709 13:15:49.879522 15397 tablet_bootstrap.cc:492] T 9e1b4d5ca6714edd805240df9be51326 P 9e852d0bc61840b2b4c0503bf0caf048: No bootstrap required, opened a new log
I20260709 13:15:49.892091 15173 leader_election.cc:304] T 9e1b4d5ca6714edd805240df9be51326 P 40ec520408394058b72d56dd8a2b2c27 [CANDIDATE]: Term 1 election: Election decided. Result: candidate won. Election summary: received 3 responses out of 3 voters: 2 yes votes; 1 no votes. yes voters: 40ec520408394058b72d56dd8a2b2c27, d454a822cf3446ed957d77596ead26e8; no voters: 9e852d0bc61840b2b4c0503bf0caf048
I20260709 13:15:49.892877 15397 ts_tablet_manager.cc:1403] T 9e1b4d5ca6714edd805240df9be51326 P 9e852d0bc61840b2b4c0503bf0caf048: Time spent bootstrapping tablet: real 0.074s	user 0.011s	sys 0.029s
I20260709 13:15:49.892988 15484 raft_consensus.cc:2804] T 9e1b4d5ca6714edd805240df9be51326 P 40ec520408394058b72d56dd8a2b2c27 [term 1 FOLLOWER]: Leader election won for term 1
I20260709 13:15:49.893468 15484 raft_consensus.cc:697] T 9e1b4d5ca6714edd805240df9be51326 P 40ec520408394058b72d56dd8a2b2c27 [term 1 LEADER]: Becoming Leader. State: Replica: 40ec520408394058b72d56dd8a2b2c27, State: Running, Role: LEADER
I20260709 13:15:49.894281 15484 consensus_queue.cc:237] T 9e1b4d5ca6714edd805240df9be51326 P 40ec520408394058b72d56dd8a2b2c27 [LEADER]: Queue going to LEADER mode. State: All replicated index: 0, Majority replicated index: 0, Committed index: 0, Last appended: 0.0, Last appended by leader: 0, Current term: 1, Majority size: 2, State: 0, Mode: LEADER, active raft config: opid_index: -1 OBSOLETE_local: false peers { permanent_uuid: "40ec520408394058b72d56dd8a2b2c27" member_type: VOTER last_known_addr { host: "127.13.196.129" port: 44625 } } peers { permanent_uuid: "9e852d0bc61840b2b4c0503bf0caf048" member_type: VOTER last_known_addr { host: "127.13.196.130" port: 37239 } } peers { permanent_uuid: "d454a822cf3446ed957d77596ead26e8" member_type: VOTER last_known_addr { host: "127.13.196.131" port: 38217 } }
I20260709 13:15:49.895463 15397 raft_consensus.cc:359] T 9e1b4d5ca6714edd805240df9be51326 P 9e852d0bc61840b2b4c0503bf0caf048 [term 0 FOLLOWER]: Replica starting. Triggering 0 pending ops. Active config: opid_index: -1 OBSOLETE_local: false peers { permanent_uuid: "40ec520408394058b72d56dd8a2b2c27" member_type: VOTER last_known_addr { host: "127.13.196.129" port: 44625 } } peers { permanent_uuid: "9e852d0bc61840b2b4c0503bf0caf048" member_type: VOTER last_known_addr { host: "127.13.196.130" port: 37239 } } peers { permanent_uuid: "d454a822cf3446ed957d77596ead26e8" member_type: VOTER last_known_addr { host: "127.13.196.131" port: 38217 } }
I20260709 13:15:49.896132 15397 raft_consensus.cc:385] T 9e1b4d5ca6714edd805240df9be51326 P 9e852d0bc61840b2b4c0503bf0caf048 [term 0 FOLLOWER]: Consensus starting up: Expiring failure detector timer to make a prompt election more likely
I20260709 13:15:49.896421 15397 raft_consensus.cc:740] T 9e1b4d5ca6714edd805240df9be51326 P 9e852d0bc61840b2b4c0503bf0caf048 [term 0 FOLLOWER]: Becoming Follower/Learner. State: Replica: 9e852d0bc61840b2b4c0503bf0caf048, State: Initialized, Role: FOLLOWER
I20260709 13:15:49.897063 15397 consensus_queue.cc:260] T 9e1b4d5ca6714edd805240df9be51326 P 9e852d0bc61840b2b4c0503bf0caf048 [NON_LEADER]: Queue going to NON_LEADER mode. State: All replicated index: 0, Majority replicated index: 0, Committed index: 0, Last appended: 0.0, Last appended by leader: 0, Current term: 0, Majority size: -1, State: 0, Mode: NON_LEADER, active raft config: opid_index: -1 OBSOLETE_local: false peers { permanent_uuid: "40ec520408394058b72d56dd8a2b2c27" member_type: VOTER last_known_addr { host: "127.13.196.129" port: 44625 } } peers { permanent_uuid: "9e852d0bc61840b2b4c0503bf0caf048" member_type: VOTER last_known_addr { host: "127.13.196.130" port: 37239 } } peers { permanent_uuid: "d454a822cf3446ed957d77596ead26e8" member_type: VOTER last_known_addr { host: "127.13.196.131" port: 38217 } }
I20260709 13:15:49.879528 15398 tablet_bootstrap.cc:492] T 5351116eee27416f9ce1b9625955137a P d454a822cf3446ed957d77596ead26e8: No bootstrap required, opened a new log
I20260709 13:15:49.898953 15398 ts_tablet_manager.cc:1403] T 5351116eee27416f9ce1b9625955137a P d454a822cf3446ed957d77596ead26e8: Time spent bootstrapping tablet: real 0.044s	user 0.009s	sys 0.008s
I20260709 13:15:49.899580 15397 ts_tablet_manager.cc:1434] T 9e1b4d5ca6714edd805240df9be51326 P 9e852d0bc61840b2b4c0503bf0caf048: Time spent starting tablet: real 0.006s	user 0.005s	sys 0.000s
I20260709 13:15:49.900604 15397 tablet_bootstrap.cc:492] T 20cbd8e7e0f7471aa9548aecfb96c27f P 9e852d0bc61840b2b4c0503bf0caf048: Bootstrap starting.
I20260709 13:15:49.903896 15395 tablet_bootstrap.cc:492] T 048daf0d186144c5a1fef634511c91ed P 40ec520408394058b72d56dd8a2b2c27: No bootstrap required, opened a new log
I20260709 13:15:49.904327 15395 ts_tablet_manager.cc:1403] T 048daf0d186144c5a1fef634511c91ed P 40ec520408394058b72d56dd8a2b2c27: Time spent bootstrapping tablet: real 0.045s	user 0.026s	sys 0.004s
I20260709 13:15:49.906399 15397 tablet_bootstrap.cc:654] T 20cbd8e7e0f7471aa9548aecfb96c27f P 9e852d0bc61840b2b4c0503bf0caf048: Neither blocks nor log segments found. Creating new log.
I20260709 13:15:49.906656 15395 raft_consensus.cc:359] T 048daf0d186144c5a1fef634511c91ed P 40ec520408394058b72d56dd8a2b2c27 [term 0 FOLLOWER]: Replica starting. Triggering 0 pending ops. Active config: opid_index: -1 OBSOLETE_local: false peers { permanent_uuid: "40ec520408394058b72d56dd8a2b2c27" member_type: VOTER last_known_addr { host: "127.13.196.129" port: 44625 } } peers { permanent_uuid: "9e852d0bc61840b2b4c0503bf0caf048" member_type: VOTER last_known_addr { host: "127.13.196.130" port: 37239 } } peers { permanent_uuid: "d454a822cf3446ed957d77596ead26e8" member_type: VOTER last_known_addr { host: "127.13.196.131" port: 38217 } }
I20260709 13:15:49.907285 15395 raft_consensus.cc:385] T 048daf0d186144c5a1fef634511c91ed P 40ec520408394058b72d56dd8a2b2c27 [term 0 FOLLOWER]: Consensus starting up: Expiring failure detector timer to make a prompt election more likely
I20260709 13:15:49.907538 15395 raft_consensus.cc:740] T 048daf0d186144c5a1fef634511c91ed P 40ec520408394058b72d56dd8a2b2c27 [term 0 FOLLOWER]: Becoming Follower/Learner. State: Replica: 40ec520408394058b72d56dd8a2b2c27, State: Initialized, Role: FOLLOWER
I20260709 13:15:49.908306 15398 raft_consensus.cc:359] T 5351116eee27416f9ce1b9625955137a P d454a822cf3446ed957d77596ead26e8 [term 0 FOLLOWER]: Replica starting. Triggering 0 pending ops. Active config: opid_index: -1 OBSOLETE_local: false peers { permanent_uuid: "40ec520408394058b72d56dd8a2b2c27" member_type: VOTER last_known_addr { host: "127.13.196.129" port: 44625 } } peers { permanent_uuid: "9e852d0bc61840b2b4c0503bf0caf048" member_type: VOTER last_known_addr { host: "127.13.196.130" port: 37239 } } peers { permanent_uuid: "d454a822cf3446ed957d77596ead26e8" member_type: VOTER last_known_addr { host: "127.13.196.131" port: 38217 } }
I20260709 13:15:49.908984 15398 raft_consensus.cc:385] T 5351116eee27416f9ce1b9625955137a P d454a822cf3446ed957d77596ead26e8 [term 0 FOLLOWER]: Consensus starting up: Expiring failure detector timer to make a prompt election more likely
I20260709 13:15:49.909238 15398 raft_consensus.cc:740] T 5351116eee27416f9ce1b9625955137a P d454a822cf3446ed957d77596ead26e8 [term 0 FOLLOWER]: Becoming Follower/Learner. State: Replica: d454a822cf3446ed957d77596ead26e8, State: Initialized, Role: FOLLOWER
I20260709 13:15:49.909893 15398 consensus_queue.cc:260] T 5351116eee27416f9ce1b9625955137a P d454a822cf3446ed957d77596ead26e8 [NON_LEADER]: Queue going to NON_LEADER mode. State: All replicated index: 0, Majority replicated index: 0, Committed index: 0, Last appended: 0.0, Last appended by leader: 0, Current term: 0, Majority size: -1, State: 0, Mode: NON_LEADER, active raft config: opid_index: -1 OBSOLETE_local: false peers { permanent_uuid: "40ec520408394058b72d56dd8a2b2c27" member_type: VOTER last_known_addr { host: "127.13.196.129" port: 44625 } } peers { permanent_uuid: "9e852d0bc61840b2b4c0503bf0caf048" member_type: VOTER last_known_addr { host: "127.13.196.130" port: 37239 } } peers { permanent_uuid: "d454a822cf3446ed957d77596ead26e8" member_type: VOTER last_known_addr { host: "127.13.196.131" port: 38217 } }
I20260709 13:15:49.910537 15395 consensus_queue.cc:260] T 048daf0d186144c5a1fef634511c91ed P 40ec520408394058b72d56dd8a2b2c27 [NON_LEADER]: Queue going to NON_LEADER mode. State: All replicated index: 0, Majority replicated index: 0, Committed index: 0, Last appended: 0.0, Last appended by leader: 0, Current term: 0, Majority size: -1, State: 0, Mode: NON_LEADER, active raft config: opid_index: -1 OBSOLETE_local: false peers { permanent_uuid: "40ec520408394058b72d56dd8a2b2c27" member_type: VOTER last_known_addr { host: "127.13.196.129" port: 44625 } } peers { permanent_uuid: "9e852d0bc61840b2b4c0503bf0caf048" member_type: VOTER last_known_addr { host: "127.13.196.130" port: 37239 } } peers { permanent_uuid: "d454a822cf3446ed957d77596ead26e8" member_type: VOTER last_known_addr { host: "127.13.196.131" port: 38217 } }
I20260709 13:15:49.912400 15395 ts_tablet_manager.cc:1434] T 048daf0d186144c5a1fef634511c91ed P 40ec520408394058b72d56dd8a2b2c27: Time spent starting tablet: real 0.008s	user 0.005s	sys 0.001s
I20260709 13:15:49.913229 15395 tablet_bootstrap.cc:492] T 7127fec0aa4a485da525654fbb6cd7f7 P 40ec520408394058b72d56dd8a2b2c27: Bootstrap starting.
I20260709 13:15:49.913793 15485 raft_consensus.cc:493] T a606bd66650a41d78c2fc70e389c0820 P 9e852d0bc61840b2b4c0503bf0caf048 [term 0 FOLLOWER]: Starting pre-election (no leader contacted us within the election timeout)
I20260709 13:15:49.914284 15485 raft_consensus.cc:515] T a606bd66650a41d78c2fc70e389c0820 P 9e852d0bc61840b2b4c0503bf0caf048 [term 0 FOLLOWER]: Starting pre-election with config: opid_index: -1 OBSOLETE_local: false peers { permanent_uuid: "40ec520408394058b72d56dd8a2b2c27" member_type: VOTER last_known_addr { host: "127.13.196.129" port: 44625 } } peers { permanent_uuid: "9e852d0bc61840b2b4c0503bf0caf048" member_type: VOTER last_known_addr { host: "127.13.196.130" port: 37239 } } peers { permanent_uuid: "d454a822cf3446ed957d77596ead26e8" member_type: VOTER last_known_addr { host: "127.13.196.131" port: 38217 } }
I20260709 13:15:49.916287 15485 leader_election.cc:290] T a606bd66650a41d78c2fc70e389c0820 P 9e852d0bc61840b2b4c0503bf0caf048 [CANDIDATE]: Term 1 pre-election: Requested pre-vote from peers 40ec520408394058b72d56dd8a2b2c27 (127.13.196.129:44625), d454a822cf3446ed957d77596ead26e8 (127.13.196.131:38217)
I20260709 13:15:49.917737 15204 tablet_service.cc:1917] Received RequestConsensusVote() RPC: tablet_id: "a606bd66650a41d78c2fc70e389c0820" candidate_uuid: "9e852d0bc61840b2b4c0503bf0caf048" candidate_term: 1 candidate_status { last_received { term: 0 index: 0 } } ignore_live_leader: false dest_uuid: "40ec520408394058b72d56dd8a2b2c27" is_pre_election: true
I20260709 13:15:49.918372 15204 raft_consensus.cc:2468] T a606bd66650a41d78c2fc70e389c0820 P 40ec520408394058b72d56dd8a2b2c27 [term 0 FOLLOWER]: Leader pre-election vote request: Granting yes vote for candidate 9e852d0bc61840b2b4c0503bf0caf048 in term 0.
I20260709 13:15:49.920478 15355 tablet_service.cc:1917] Received RequestConsensusVote() RPC: tablet_id: "a606bd66650a41d78c2fc70e389c0820" candidate_uuid: "9e852d0bc61840b2b4c0503bf0caf048" candidate_term: 1 candidate_status { last_received { term: 0 index: 0 } } ignore_live_leader: false dest_uuid: "d454a822cf3446ed957d77596ead26e8" is_pre_election: true
W20260709 13:15:49.926119 15248 leader_election.cc:343] T a606bd66650a41d78c2fc70e389c0820 P 9e852d0bc61840b2b4c0503bf0caf048 [CANDIDATE]: Term 1 pre-election: Tablet error from VoteRequest() call to peer d454a822cf3446ed957d77596ead26e8 (127.13.196.131:38217): Illegal state: must be running to vote when last-logged opid is not known
I20260709 13:15:49.926765 15248 leader_election.cc:304] T a606bd66650a41d78c2fc70e389c0820 P 9e852d0bc61840b2b4c0503bf0caf048 [CANDIDATE]: Term 1 pre-election: Election decided. Result: candidate won. Election summary: received 3 responses out of 3 voters: 2 yes votes; 1 no votes. yes voters: 40ec520408394058b72d56dd8a2b2c27, 9e852d0bc61840b2b4c0503bf0caf048; no voters: d454a822cf3446ed957d77596ead26e8
I20260709 13:15:49.927244 15395 tablet_bootstrap.cc:654] T 7127fec0aa4a485da525654fbb6cd7f7 P 40ec520408394058b72d56dd8a2b2c27: Neither blocks nor log segments found. Creating new log.
I20260709 13:15:49.927453 15485 raft_consensus.cc:2804] T a606bd66650a41d78c2fc70e389c0820 P 9e852d0bc61840b2b4c0503bf0caf048 [term 0 FOLLOWER]: Leader pre-election won for term 1
I20260709 13:15:49.927963 15485 raft_consensus.cc:493] T a606bd66650a41d78c2fc70e389c0820 P 9e852d0bc61840b2b4c0503bf0caf048 [term 0 FOLLOWER]: Starting leader election (no leader contacted us within the election timeout)
I20260709 13:15:49.927517 15103 catalog_manager.cc:5697] T 9e1b4d5ca6714edd805240df9be51326 P 40ec520408394058b72d56dd8a2b2c27 reported cstate change: term changed from 0 to 1, leader changed from <none> to 40ec520408394058b72d56dd8a2b2c27 (127.13.196.129). New cstate: current_term: 1 leader_uuid: "40ec520408394058b72d56dd8a2b2c27" committed_config { opid_index: -1 OBSOLETE_local: false peers { permanent_uuid: "40ec520408394058b72d56dd8a2b2c27" member_type: VOTER last_known_addr { host: "127.13.196.129" port: 44625 } health_report { overall_health: HEALTHY } } peers { permanent_uuid: "9e852d0bc61840b2b4c0503bf0caf048" member_type: VOTER last_known_addr { host: "127.13.196.130" port: 37239 } health_report { overall_health: UNKNOWN } } peers { permanent_uuid: "d454a822cf3446ed957d77596ead26e8" member_type: VOTER last_known_addr { host: "127.13.196.131" port: 38217 } health_report { overall_health: UNKNOWN } } }
I20260709 13:15:49.928308 15485 raft_consensus.cc:3060] T a606bd66650a41d78c2fc70e389c0820 P 9e852d0bc61840b2b4c0503bf0caf048 [term 0 FOLLOWER]: Advancing to term 1
I20260709 13:15:49.931936 15397 tablet_bootstrap.cc:492] T 20cbd8e7e0f7471aa9548aecfb96c27f P 9e852d0bc61840b2b4c0503bf0caf048: No bootstrap required, opened a new log
I20260709 13:15:49.932371 15397 ts_tablet_manager.cc:1403] T 20cbd8e7e0f7471aa9548aecfb96c27f P 9e852d0bc61840b2b4c0503bf0caf048: Time spent bootstrapping tablet: real 0.032s	user 0.021s	sys 0.007s
