I20260709 13:15:35.105162  4240 consensus_queue.cc:237] T b34dfd1b29be4147bfda87c498945aeb P 0f3fa9d459de485e824f023c55580bc6 [LEADER]: Queue going to LEADER mode. State: All replicated index: 0, Majority replicated index: 0, Committed index: 0, Last appended: 0.0, Last appended by leader: 0, Current term: 1, Majority size: 2, State: 0, Mode: LEADER, active raft config: opid_index: -1 OBSOLETE_local: false peers { permanent_uuid: "1e032f02b0aa450384dda978641ba666" member_type: VOTER last_known_addr { host: "127.2.200.193" port: 44737 } } peers { permanent_uuid: "b8c8b10100a146e6a81f308505fe9f46" member_type: VOTER last_known_addr { host: "127.2.200.194" port: 33461 } } peers { permanent_uuid: "0f3fa9d459de485e824f023c55580bc6" member_type: VOTER last_known_addr { host: "127.2.200.195" port: 41513 } }
I20260709 13:15:35.097401  4119 tablet_service.cc:1917] Received RequestConsensusVote() RPC: tablet_id: "c59c25d70b304877b556dc3d686ab76e" candidate_uuid: "1e032f02b0aa450384dda978641ba666" candidate_term: 1 candidate_status { last_received { term: 0 index: 0 } } ignore_live_leader: false dest_uuid: "0f3fa9d459de485e824f023c55580bc6" is_pre_election: true
I20260709 13:15:35.107298  4119 raft_consensus.cc:2468] T c59c25d70b304877b556dc3d686ab76e P 0f3fa9d459de485e824f023c55580bc6 [term 0 FOLLOWER]: Leader pre-election vote request: Granting yes vote for candidate 1e032f02b0aa450384dda978641ba666 in term 0.
I20260709 13:15:35.110839  4210 consensus_queue.cc:1048] T 53a55b3994714eaca86c1f4d5e9a466e P b8c8b10100a146e6a81f308505fe9f46 [LEADER]: Connected to new peer: Peer: permanent_uuid: "1e032f02b0aa450384dda978641ba666" member_type: VOTER last_known_addr { host: "127.2.200.193" port: 44737 }, Status: LMP_MISMATCH, Last received: 0.0, Next index: 1, Last known committed idx: 0, Time since last communication: 0.001s
I20260709 13:15:35.112849  4210 consensus_queue.cc:1048] T 7e3ee0cd50984b8594b3c3f0dda39a22 P b8c8b10100a146e6a81f308505fe9f46 [LEADER]: Connected to new peer: Peer: permanent_uuid: "0f3fa9d459de485e824f023c55580bc6" member_type: VOTER last_known_addr { host: "127.2.200.195" port: 41513 }, Status: LMP_MISMATCH, Last received: 0.0, Next index: 1, Last known committed idx: 0, Time since last communication: 0.000s
I20260709 13:15:35.114275  4169 raft_consensus.cc:2749] T 685b92d286284315bf0bfd731587b546 P 0f3fa9d459de485e824f023c55580bc6 [term 1 FOLLOWER]: Leader pre-election lost for term 1. Reason: could not achieve majority
I20260709 13:15:35.115639  4163 tablet_bootstrap.cc:654] T c86a274746124a40b574d2dfb4d0e34d P 0f3fa9d459de485e824f023c55580bc6: Neither blocks nor log segments found. Creating new log.
I20260709 13:15:35.134505  3972 tablet_service.cc:1917] Received RequestConsensusVote() RPC: tablet_id: "bc7c268f55f94e0daca09ce6107e964b" candidate_uuid: "0f3fa9d459de485e824f023c55580bc6" candidate_term: 1 candidate_status { last_received { term: 0 index: 0 } } ignore_live_leader: false dest_uuid: "1e032f02b0aa450384dda978641ba666"
I20260709 13:15:35.135859  3972 raft_consensus.cc:2393] T bc7c268f55f94e0daca09ce6107e964b P 1e032f02b0aa450384dda978641ba666 [term 1 FOLLOWER]: Leader election vote request: Denying vote to candidate 0f3fa9d459de485e824f023c55580bc6 in current term 1: Already voted for candidate b8c8b10100a146e6a81f308505fe9f46 in this term.
I20260709 13:15:35.146044  4161 raft_consensus.cc:359] T 254ff72f01fd4cc2ade8c8909c20f5bb P 1e032f02b0aa450384dda978641ba666 [term 0 FOLLOWER]: Replica starting. Triggering 0 pending ops. Active config: opid_index: -1 OBSOLETE_local: false peers { permanent_uuid: "1e032f02b0aa450384dda978641ba666" member_type: VOTER last_known_addr { host: "127.2.200.193" port: 44737 } } peers { permanent_uuid: "b8c8b10100a146e6a81f308505fe9f46" member_type: VOTER last_known_addr { host: "127.2.200.194" port: 33461 } } peers { permanent_uuid: "0f3fa9d459de485e824f023c55580bc6" member_type: VOTER last_known_addr { host: "127.2.200.195" port: 41513 } }
I20260709 13:15:35.146766  4161 raft_consensus.cc:385] T 254ff72f01fd4cc2ade8c8909c20f5bb P 1e032f02b0aa450384dda978641ba666 [term 0 FOLLOWER]: Consensus starting up: Expiring failure detector timer to make a prompt election more likely
I20260709 13:15:35.147047  4161 raft_consensus.cc:740] T 254ff72f01fd4cc2ade8c8909c20f5bb P 1e032f02b0aa450384dda978641ba666 [term 0 FOLLOWER]: Becoming Follower/Learner. State: Replica: 1e032f02b0aa450384dda978641ba666, State: Initialized, Role: FOLLOWER
I20260709 13:15:35.147866  4161 consensus_queue.cc:260] T 254ff72f01fd4cc2ade8c8909c20f5bb P 1e032f02b0aa450384dda978641ba666 [NON_LEADER]: Queue going to NON_LEADER mode. State: All replicated index: 0, Majority replicated index: 0, Committed index: 0, Last appended: 0.0, Last appended by leader: 0, Current term: 0, Majority size: -1, State: 0, Mode: NON_LEADER, active raft config: opid_index: -1 OBSOLETE_local: false peers { permanent_uuid: "1e032f02b0aa450384dda978641ba666" member_type: VOTER last_known_addr { host: "127.2.200.193" port: 44737 } } peers { permanent_uuid: "b8c8b10100a146e6a81f308505fe9f46" member_type: VOTER last_known_addr { host: "127.2.200.194" port: 33461 } } peers { permanent_uuid: "0f3fa9d459de485e824f023c55580bc6" member_type: VOTER last_known_addr { host: "127.2.200.195" port: 41513 } }
I20260709 13:15:35.150419  4161 ts_tablet_manager.cc:1434] T 254ff72f01fd4cc2ade8c8909c20f5bb P 1e032f02b0aa450384dda978641ba666: Time spent starting tablet: real 0.085s	user 0.024s	sys 0.008s
I20260709 13:15:35.149348  4249 consensus_queue.cc:1048] T 5e95edd135954b96b72b4881f6d032db P 1e032f02b0aa450384dda978641ba666 [LEADER]: Connected to new peer: Peer: permanent_uuid: "b8c8b10100a146e6a81f308505fe9f46" member_type: VOTER last_known_addr { host: "127.2.200.194" port: 33461 }, Status: LMP_MISMATCH, Last received: 0.0, Next index: 1, Last known committed idx: 0, Time since last communication: 0.005s
I20260709 13:15:35.154772  3870 catalog_manager.cc:5697] T bc7c268f55f94e0daca09ce6107e964b P b8c8b10100a146e6a81f308505fe9f46 reported cstate change: term changed from 0 to 1, leader changed from <none> to b8c8b10100a146e6a81f308505fe9f46 (127.2.200.194). New cstate: current_term: 1 leader_uuid: "b8c8b10100a146e6a81f308505fe9f46" committed_config { opid_index: -1 OBSOLETE_local: false peers { permanent_uuid: "1e032f02b0aa450384dda978641ba666" member_type: VOTER last_known_addr { host: "127.2.200.193" port: 44737 } health_report { overall_health: UNKNOWN } } peers { permanent_uuid: "b8c8b10100a146e6a81f308505fe9f46" member_type: VOTER last_known_addr { host: "127.2.200.194" port: 33461 } health_report { overall_health: HEALTHY } } peers { permanent_uuid: "0f3fa9d459de485e824f023c55580bc6" member_type: VOTER last_known_addr { host: "127.2.200.195" port: 41513 } health_report { overall_health: UNKNOWN } } }
I20260709 13:15:35.158821  3937 leader_election.cc:304] T c59c25d70b304877b556dc3d686ab76e P 1e032f02b0aa450384dda978641ba666 [CANDIDATE]: Term 1 pre-election: Election decided. Result: candidate won. Election summary: received 3 responses out of 3 voters: 2 yes votes; 1 no votes. yes voters: 0f3fa9d459de485e824f023c55580bc6, 1e032f02b0aa450384dda978641ba666; no voters: b8c8b10100a146e6a81f308505fe9f46
I20260709 13:15:35.160398  4200 raft_consensus.cc:2804] T c59c25d70b304877b556dc3d686ab76e P 1e032f02b0aa450384dda978641ba666 [term 0 FOLLOWER]: Leader pre-election won for term 1
I20260709 13:15:35.160805  4200 raft_consensus.cc:493] T c59c25d70b304877b556dc3d686ab76e P 1e032f02b0aa450384dda978641ba666 [term 0 FOLLOWER]: Starting leader election (no leader contacted us within the election timeout)
I20260709 13:15:35.161163  4200 raft_consensus.cc:3060] T c59c25d70b304877b556dc3d686ab76e P 1e032f02b0aa450384dda978641ba666 [term 0 FOLLOWER]: Advancing to term 1
I20260709 13:15:35.161749  4046 raft_consensus.cc:2468] T 921fb867175f444ca511e3c2b6c9aa5c P b8c8b10100a146e6a81f308505fe9f46 [term 1 FOLLOWER]: Leader election vote request: Granting yes vote for candidate 1e032f02b0aa450384dda978641ba666 in term 1.
I20260709 13:15:35.160919  4201 consensus_queue.cc:1048] T 685b92d286284315bf0bfd731587b546 P 1e032f02b0aa450384dda978641ba666 [LEADER]: Connected to new peer: Peer: permanent_uuid: "0f3fa9d459de485e824f023c55580bc6" member_type: VOTER last_known_addr { host: "127.2.200.195" port: 41513 }, Status: LMP_MISMATCH, Last received: 0.0, Next index: 1, Last known committed idx: 0, Time since last communication: 0.000s
I20260709 13:15:35.168848  4217 leader_election.cc:290] T bc7c268f55f94e0daca09ce6107e964b P 0f3fa9d459de485e824f023c55580bc6 [CANDIDATE]: Term 1 election: Requested vote from peers 1e032f02b0aa450384dda978641ba666 (127.2.200.193:44737), b8c8b10100a146e6a81f308505fe9f46 (127.2.200.194:33461)
I20260709 13:15:35.168733  4210 consensus_queue.cc:1048] T de8b8c30ab5342a588659a5531a6a633 P b8c8b10100a146e6a81f308505fe9f46 [LEADER]: Connected to new peer: Peer: permanent_uuid: "1e032f02b0aa450384dda978641ba666" member_type: VOTER last_known_addr { host: "127.2.200.193" port: 44737 }, Status: LMP_MISMATCH, Last received: 0.0, Next index: 1, Last known committed idx: 0, Time since last communication: 0.001s
I20260709 13:15:35.171941  4045 tablet_service.cc:1917] Received RequestConsensusVote() RPC: tablet_id: "bc7c268f55f94e0daca09ce6107e964b" candidate_uuid: "0f3fa9d459de485e824f023c55580bc6" candidate_term: 1 candidate_status { last_received { term: 0 index: 0 } } ignore_live_leader: false dest_uuid: "b8c8b10100a146e6a81f308505fe9f46"
I20260709 13:15:35.166088  4170 consensus_queue.cc:1048] T 9d32e7a943df43b289705f4bb80afdda P b8c8b10100a146e6a81f308505fe9f46 [LEADER]: Connected to new peer: Peer: permanent_uuid: "1e032f02b0aa450384dda978641ba666" member_type: VOTER last_known_addr { host: "127.2.200.193" port: 44737 }, Status: LMP_MISMATCH, Last received: 0.0, Next index: 1, Last known committed idx: 0, Time since last communication: 0.007s
I20260709 13:15:35.173446  4086 leader_election.cc:304] T bc7c268f55f94e0daca09ce6107e964b P 0f3fa9d459de485e824f023c55580bc6 [CANDIDATE]: Term 1 election: Election decided. Result: candidate lost. Election summary: received 3 responses out of 3 voters: 1 yes votes; 2 no votes. yes voters: 0f3fa9d459de485e824f023c55580bc6; no voters: 1e032f02b0aa450384dda978641ba666, b8c8b10100a146e6a81f308505fe9f46
I20260709 13:15:35.175032  4217 raft_consensus.cc:2749] T bc7c268f55f94e0daca09ce6107e964b P 0f3fa9d459de485e824f023c55580bc6 [term 1 FOLLOWER]: Leader election lost for term 1. Reason: could not achieve majority
I20260709 13:15:35.175902  4161 tablet_bootstrap.cc:492] T 8cb75fd2816c4878a8cdd7b7595c52f3 P 1e032f02b0aa450384dda978641ba666: Bootstrap starting.
I20260709 13:15:35.186084  4162 tablet_bootstrap.cc:654] T bd0cb418885343fdbc63ca85b6214aec P b8c8b10100a146e6a81f308505fe9f46: Neither blocks nor log segments found. Creating new log.
I20260709 13:15:35.186342  4116 raft_consensus.cc:2468] T 921fb867175f444ca511e3c2b6c9aa5c P 0f3fa9d459de485e824f023c55580bc6 [term 1 FOLLOWER]: Leader election vote request: Granting yes vote for candidate 1e032f02b0aa450384dda978641ba666 in term 1.
I20260709 13:15:35.190160  4170 consensus_queue.cc:1048] T 7e3ee0cd50984b8594b3c3f0dda39a22 P b8c8b10100a146e6a81f308505fe9f46 [LEADER]: Connected to new peer: Peer: permanent_uuid: "1e032f02b0aa450384dda978641ba666" member_type: VOTER last_known_addr { host: "127.2.200.193" port: 44737 }, Status: LMP_MISMATCH, Last received: 0.0, Next index: 1, Last known committed idx: 0, Time since last communication: 0.003s
I20260709 13:15:35.191464  3937 leader_election.cc:304] T 921fb867175f444ca511e3c2b6c9aa5c P 1e032f02b0aa450384dda978641ba666 [CANDIDATE]: Term 1 election: Election decided. Result: candidate won. Election summary: received 2 responses out of 3 voters: 2 yes votes; 0 no votes. yes voters: 1e032f02b0aa450384dda978641ba666, b8c8b10100a146e6a81f308505fe9f46; no voters: 
I20260709 13:15:35.208663  4201 raft_consensus.cc:2804] T 921fb867175f444ca511e3c2b6c9aa5c P 1e032f02b0aa450384dda978641ba666 [term 1 FOLLOWER]: Leader election won for term 1
I20260709 13:15:35.209216  4201 raft_consensus.cc:697] T 921fb867175f444ca511e3c2b6c9aa5c P 1e032f02b0aa450384dda978641ba666 [term 1 LEADER]: Becoming Leader. State: Replica: 1e032f02b0aa450384dda978641ba666, State: Running, Role: LEADER
I20260709 13:15:35.210103  4201 consensus_queue.cc:237] T 921fb867175f444ca511e3c2b6c9aa5c P 1e032f02b0aa450384dda978641ba666 [LEADER]: Queue going to LEADER mode. State: All replicated index: 0, Majority replicated index: 0, Committed index: 0, Last appended: 0.0, Last appended by leader: 0, Current term: 1, Majority size: 2, State: 0, Mode: LEADER, active raft config: opid_index: -1 OBSOLETE_local: false peers { permanent_uuid: "1e032f02b0aa450384dda978641ba666" member_type: VOTER last_known_addr { host: "127.2.200.193" port: 44737 } } peers { permanent_uuid: "b8c8b10100a146e6a81f308505fe9f46" member_type: VOTER last_known_addr { host: "127.2.200.194" port: 33461 } } peers { permanent_uuid: "0f3fa9d459de485e824f023c55580bc6" member_type: VOTER last_known_addr { host: "127.2.200.195" port: 41513 } }
I20260709 13:15:35.212656  4239 consensus_queue.cc:1048] T b68b34d0f4bd480da49284d88135af8b P 0f3fa9d459de485e824f023c55580bc6 [LEADER]: Connected to new peer: Peer: permanent_uuid: "b8c8b10100a146e6a81f308505fe9f46" member_type: VOTER last_known_addr { host: "127.2.200.194" port: 33461 }, Status: LMP_MISMATCH, Last received: 0.0, Next index: 1, Last known committed idx: 0, Time since last communication: 0.001s
I20260709 13:15:35.227519  4161 tablet_bootstrap.cc:654] T 8cb75fd2816c4878a8cdd7b7595c52f3 P 1e032f02b0aa450384dda978641ba666: Neither blocks nor log segments found. Creating new log.
I20260709 13:15:35.212816  4170 consensus_queue.cc:1048] T 9d32e7a943df43b289705f4bb80afdda P b8c8b10100a146e6a81f308505fe9f46 [LEADER]: Connected to new peer: Peer: permanent_uuid: "0f3fa9d459de485e824f023c55580bc6" member_type: VOTER last_known_addr { host: "127.2.200.195" port: 41513 }, Status: LMP_MISMATCH, Last received: 0.0, Next index: 1, Last known committed idx: 0, Time since last communication: 0.014s
I20260709 13:15:35.243201  4200 raft_consensus.cc:515] T c59c25d70b304877b556dc3d686ab76e P 1e032f02b0aa450384dda978641ba666 [term 1 FOLLOWER]: Starting leader election with config: opid_index: -1 OBSOLETE_local: false peers { permanent_uuid: "1e032f02b0aa450384dda978641ba666" member_type: VOTER last_known_addr { host: "127.2.200.193" port: 44737 } } peers { permanent_uuid: "b8c8b10100a146e6a81f308505fe9f46" member_type: VOTER last_known_addr { host: "127.2.200.194" port: 33461 } } peers { permanent_uuid: "0f3fa9d459de485e824f023c55580bc6" member_type: VOTER last_known_addr { host: "127.2.200.195" port: 41513 } }
I20260709 13:15:35.245473  4200 leader_election.cc:290] T c59c25d70b304877b556dc3d686ab76e P 1e032f02b0aa450384dda978641ba666 [CANDIDATE]: Term 1 election: Requested vote from peers b8c8b10100a146e6a81f308505fe9f46 (127.2.200.194:33461), 0f3fa9d459de485e824f023c55580bc6 (127.2.200.195:41513)
I20260709 13:15:35.245704  4163 tablet_bootstrap.cc:492] T c86a274746124a40b574d2dfb4d0e34d P 0f3fa9d459de485e824f023c55580bc6: No bootstrap required, opened a new log
I20260709 13:15:35.246229  4163 ts_tablet_manager.cc:1403] T c86a274746124a40b574d2dfb4d0e34d P 0f3fa9d459de485e824f023c55580bc6: Time spent bootstrapping tablet: real 0.202s	user 0.013s	sys 0.009s
I20260709 13:15:35.268949  4116 tablet_service.cc:1917] Received RequestConsensusVote() RPC: tablet_id: "c59c25d70b304877b556dc3d686ab76e" candidate_uuid: "1e032f02b0aa450384dda978641ba666" candidate_term: 1 candidate_status { last_received { term: 0 index: 0 } } ignore_live_leader: false dest_uuid: "0f3fa9d459de485e824f023c55580bc6"
I20260709 13:15:35.271039  4116 raft_consensus.cc:3060] T c59c25d70b304877b556dc3d686ab76e P 0f3fa9d459de485e824f023c55580bc6 [term 0 FOLLOWER]: Advancing to term 1
I20260709 13:15:35.271318  4046 tablet_service.cc:1917] Received RequestConsensusVote() RPC: tablet_id: "c59c25d70b304877b556dc3d686ab76e" candidate_uuid: "1e032f02b0aa450384dda978641ba666" candidate_term: 1 candidate_status { last_received { term: 0 index: 0 } } ignore_live_leader: false dest_uuid: "b8c8b10100a146e6a81f308505fe9f46"
W20260709 13:15:35.282397  3937 leader_election.cc:343] T c59c25d70b304877b556dc3d686ab76e P 1e032f02b0aa450384dda978641ba666 [CANDIDATE]: Term 1 election: Tablet error from VoteRequest() call to peer b8c8b10100a146e6a81f308505fe9f46 (127.2.200.194:33461): Illegal state: must be running to vote when last-logged opid is not known
W20260709 13:15:35.315061  3918 auto_rebalancer.cc:288] Could not retrieve cluster info: Service unavailable: Tablet not running
I20260709 13:15:35.282226  4116 raft_consensus.cc:2468] T c59c25d70b304877b556dc3d686ab76e P 0f3fa9d459de485e824f023c55580bc6 [term 1 FOLLOWER]: Leader election vote request: Granting yes vote for candidate 1e032f02b0aa450384dda978641ba666 in term 1.
W20260709 13:15:35.322166  4256 log.cc:927] Time spent T 53a55b3994714eaca86c1f4d5e9a466e P 1e032f02b0aa450384dda978641ba666: Append to log took a long time: real 0.069s	user 0.001s	sys 0.000s
I20260709 13:15:35.442497  4249 consensus_queue.cc:1048] T 2d0ea046ec794443af9a7689d2920002 P 1e032f02b0aa450384dda978641ba666 [LEADER]: Connected to new peer: Peer: permanent_uuid: "0f3fa9d459de485e824f023c55580bc6" member_type: VOTER last_known_addr { host: "127.2.200.195" port: 41513 }, Status: LMP_MISMATCH, Last received: 0.0, Next index: 1, Last known committed idx: 0, Time since last communication: 0.001s
I20260709 13:15:35.444471  4211 raft_consensus.cc:493] T 2d0ea046ec794443af9a7689d2920002 P b8c8b10100a146e6a81f308505fe9f46 [term 0 FOLLOWER]: Starting pre-election (no leader contacted us within the election timeout)
I20260709 13:15:35.440434  4200 raft_consensus.cc:493] T 254ff72f01fd4cc2ade8c8909c20f5bb P 1e032f02b0aa450384dda978641ba666 [term 0 FOLLOWER]: Starting pre-election (no leader contacted us within the election timeout)
I20260709 13:15:35.462080  4163 raft_consensus.cc:359] T c86a274746124a40b574d2dfb4d0e34d P 0f3fa9d459de485e824f023c55580bc6 [term 0 FOLLOWER]: Replica starting. Triggering 0 pending ops. Active config: opid_index: -1 OBSOLETE_local: false peers { permanent_uuid: "1e032f02b0aa450384dda978641ba666" member_type: VOTER last_known_addr { host: "127.2.200.193" port: 44737 } } peers { permanent_uuid: "b8c8b10100a146e6a81f308505fe9f46" member_type: VOTER last_known_addr { host: "127.2.200.194" port: 33461 } } peers { permanent_uuid: "0f3fa9d459de485e824f023c55580bc6" member_type: VOTER last_known_addr { host: "127.2.200.195" port: 41513 } }
I20260709 13:15:35.463246  4163 raft_consensus.cc:385] T c86a274746124a40b574d2dfb4d0e34d P 0f3fa9d459de485e824f023c55580bc6 [term 0 FOLLOWER]: Consensus starting up: Expiring failure detector timer to make a prompt election more likely
I20260709 13:15:35.463924  4163 raft_consensus.cc:740] T c86a274746124a40b574d2dfb4d0e34d P 0f3fa9d459de485e824f023c55580bc6 [term 0 FOLLOWER]: Becoming Follower/Learner. State: Replica: 0f3fa9d459de485e824f023c55580bc6, State: Initialized, Role: FOLLOWER
W20260709 13:15:35.440595  3937 outbound_call.cc:321] RPC callback for RPC call kudu.consensus.ConsensusService.UpdateConsensus -> {remote=127.2.200.195:41513, user_credentials={real_user=slave}} blocked reactor thread for 74437.2us
I20260709 13:15:35.465776  4163 consensus_queue.cc:260] T c86a274746124a40b574d2dfb4d0e34d P 0f3fa9d459de485e824f023c55580bc6 [NON_LEADER]: Queue going to NON_LEADER mode. State: All replicated index: 0, Majority replicated index: 0, Committed index: 0, Last appended: 0.0, Last appended by leader: 0, Current term: 0, Majority size: -1, State: 0, Mode: NON_LEADER, active raft config: opid_index: -1 OBSOLETE_local: false peers { permanent_uuid: "1e032f02b0aa450384dda978641ba666" member_type: VOTER last_known_addr { host: "127.2.200.193" port: 44737 } } peers { permanent_uuid: "b8c8b10100a146e6a81f308505fe9f46" member_type: VOTER last_known_addr { host: "127.2.200.194" port: 33461 } } peers { permanent_uuid: "0f3fa9d459de485e824f023c55580bc6" member_type: VOTER last_known_addr { host: "127.2.200.195" port: 41513 } }
I20260709 13:15:35.473402  4163 ts_tablet_manager.cc:1434] T c86a274746124a40b574d2dfb4d0e34d P 0f3fa9d459de485e824f023c55580bc6: Time spent starting tablet: real 0.227s	user 0.014s	sys 0.013s
I20260709 13:15:35.474584  4162 tablet_bootstrap.cc:492] T bd0cb418885343fdbc63ca85b6214aec P b8c8b10100a146e6a81f308505fe9f46: No bootstrap required, opened a new log
I20260709 13:15:35.475060  4162 ts_tablet_manager.cc:1403] T bd0cb418885343fdbc63ca85b6214aec P b8c8b10100a146e6a81f308505fe9f46: Time spent bootstrapping tablet: real 0.472s	user 0.015s	sys 0.023s
W20260709 13:15:35.476313  4012 outbound_call.cc:321] RPC callback for RPC call kudu.consensus.ConsensusService.UpdateConsensus -> {remote=127.2.200.195:41513, user_credentials={real_user=slave}} blocked reactor thread for 69884.4us
I20260709 13:15:35.477085  4275 raft_consensus.cc:493] T 8cb75fd2816c4878a8cdd7b7595c52f3 P b8c8b10100a146e6a81f308505fe9f46 [term 0 FOLLOWER]: Starting pre-election (no leader contacted us within the election timeout)
I20260709 13:15:35.478189  4275 raft_consensus.cc:515] T 8cb75fd2816c4878a8cdd7b7595c52f3 P b8c8b10100a146e6a81f308505fe9f46 [term 0 FOLLOWER]: Starting pre-election with config: opid_index: -1 OBSOLETE_local: false peers { permanent_uuid: "1e032f02b0aa450384dda978641ba666" member_type: VOTER last_known_addr { host: "127.2.200.193" port: 44737 } } peers { permanent_uuid: "b8c8b10100a146e6a81f308505fe9f46" member_type: VOTER last_known_addr { host: "127.2.200.194" port: 33461 } } peers { permanent_uuid: "0f3fa9d459de485e824f023c55580bc6" member_type: VOTER last_known_addr { host: "127.2.200.195" port: 41513 } }
I20260709 13:15:35.478982  4161 tablet_bootstrap.cc:492] T 8cb75fd2816c4878a8cdd7b7595c52f3 P 1e032f02b0aa450384dda978641ba666: No bootstrap required, opened a new log
I20260709 13:15:35.479415  4161 ts_tablet_manager.cc:1403] T 8cb75fd2816c4878a8cdd7b7595c52f3 P 1e032f02b0aa450384dda978641ba666: Time spent bootstrapping tablet: real 0.304s	user 0.032s	sys 0.003s
I20260709 13:15:35.480892  4163 tablet_bootstrap.cc:492] T 8cb75fd2816c4878a8cdd7b7595c52f3 P 0f3fa9d459de485e824f023c55580bc6: Bootstrap starting.
I20260709 13:15:35.453027  4211 raft_consensus.cc:515] T 2d0ea046ec794443af9a7689d2920002 P b8c8b10100a146e6a81f308505fe9f46 [term 0 FOLLOWER]: Starting pre-election with config: opid_index: -1 OBSOLETE_local: false peers { permanent_uuid: "1e032f02b0aa450384dda978641ba666" member_type: VOTER last_known_addr { host: "127.2.200.193" port: 44737 } } peers { permanent_uuid: "b8c8b10100a146e6a81f308505fe9f46" member_type: VOTER last_known_addr { host: "127.2.200.194" port: 33461 } } peers { permanent_uuid: "0f3fa9d459de485e824f023c55580bc6" member_type: VOTER last_known_addr { host: "127.2.200.195" port: 41513 } }
I20260709 13:15:35.462639  4200 raft_consensus.cc:515] T 254ff72f01fd4cc2ade8c8909c20f5bb P 1e032f02b0aa450384dda978641ba666 [term 0 FOLLOWER]: Starting pre-election with config: opid_index: -1 OBSOLETE_local: false peers { permanent_uuid: "1e032f02b0aa450384dda978641ba666" member_type: VOTER last_known_addr { host: "127.2.200.193" port: 44737 } } peers { permanent_uuid: "b8c8b10100a146e6a81f308505fe9f46" member_type: VOTER last_known_addr { host: "127.2.200.194" port: 33461 } } peers { permanent_uuid: "0f3fa9d459de485e824f023c55580bc6" member_type: VOTER last_known_addr { host: "127.2.200.195" port: 41513 } }
I20260709 13:15:35.501080  4045 raft_consensus.cc:3060] T 2d0ea046ec794443af9a7689d2920002 P b8c8b10100a146e6a81f308505fe9f46 [term 0 FOLLOWER]: Advancing to term 1
I20260709 13:15:35.501425  3971 tablet_service.cc:1917] Received RequestConsensusVote() RPC: tablet_id: "8cb75fd2816c4878a8cdd7b7595c52f3" candidate_uuid: "b8c8b10100a146e6a81f308505fe9f46" candidate_term: 1 candidate_status { last_received { term: 0 index: 0 } } ignore_live_leader: false dest_uuid: "1e032f02b0aa450384dda978641ba666" is_pre_election: true
I20260709 13:15:35.502233  4211 leader_election.cc:290] T 2d0ea046ec794443af9a7689d2920002 P b8c8b10100a146e6a81f308505fe9f46 [CANDIDATE]: Term 1 pre-election: Requested pre-vote from peers 1e032f02b0aa450384dda978641ba666 (127.2.200.193:44737), 0f3fa9d459de485e824f023c55580bc6 (127.2.200.195:41513)
I20260709 13:15:35.503403  3937 leader_election.cc:304] T c59c25d70b304877b556dc3d686ab76e P 1e032f02b0aa450384dda978641ba666 [CANDIDATE]: Term 1 election: Election decided. Result: candidate won. Election summary: received 3 responses out of 3 voters: 2 yes votes; 1 no votes. yes voters: 0f3fa9d459de485e824f023c55580bc6, 1e032f02b0aa450384dda978641ba666; no voters: b8c8b10100a146e6a81f308505fe9f46
I20260709 13:15:35.506675  4272 consensus_queue.cc:1048] T 53a55b3994714eaca86c1f4d5e9a466e P b8c8b10100a146e6a81f308505fe9f46 [LEADER]: Connected to new peer: Peer: permanent_uuid: "0f3fa9d459de485e824f023c55580bc6" member_type: VOTER last_known_addr { host: "127.2.200.195" port: 41513 }, Status: LMP_MISMATCH, Last received: 0.0, Next index: 1, Last known committed idx: 0, Time since last communication: 0.026s
I20260709 13:15:35.507114  4249 raft_consensus.cc:2804] T c59c25d70b304877b556dc3d686ab76e P 1e032f02b0aa450384dda978641ba666 [term 1 FOLLOWER]: Leader election won for term 1
I20260709 13:15:35.507563  4249 raft_consensus.cc:697] T c59c25d70b304877b556dc3d686ab76e P 1e032f02b0aa450384dda978641ba666 [term 1 LEADER]: Becoming Leader. State: Replica: 1e032f02b0aa450384dda978641ba666, State: Running, Role: LEADER
I20260709 13:15:35.508353  4249 consensus_queue.cc:237] T c59c25d70b304877b556dc3d686ab76e P 1e032f02b0aa450384dda978641ba666 [LEADER]: Queue going to LEADER mode. State: All replicated index: 0, Majority replicated index: 0, Committed index: 0, Last appended: 0.0, Last appended by leader: 0, Current term: 1, Majority size: 2, State: 0, Mode: LEADER, active raft config: opid_index: -1 OBSOLETE_local: false peers { permanent_uuid: "1e032f02b0aa450384dda978641ba666" member_type: VOTER last_known_addr { host: "127.2.200.193" port: 44737 } } peers { permanent_uuid: "b8c8b10100a146e6a81f308505fe9f46" member_type: VOTER last_known_addr { host: "127.2.200.194" port: 33461 } } peers { permanent_uuid: "0f3fa9d459de485e824f023c55580bc6" member_type: VOTER last_known_addr { host: "127.2.200.195" port: 41513 } }
I20260709 13:15:35.514529  4162 raft_consensus.cc:359] T bd0cb418885343fdbc63ca85b6214aec P b8c8b10100a146e6a81f308505fe9f46 [term 0 FOLLOWER]: Replica starting. Triggering 0 pending ops. Active config: opid_index: -1 OBSOLETE_local: false peers { permanent_uuid: "1e032f02b0aa450384dda978641ba666" member_type: VOTER last_known_addr { host: "127.2.200.193" port: 44737 } } peers { permanent_uuid: "b8c8b10100a146e6a81f308505fe9f46" member_type: VOTER last_known_addr { host: "127.2.200.194" port: 33461 } } peers { permanent_uuid: "0f3fa9d459de485e824f023c55580bc6" member_type: VOTER last_known_addr { host: "127.2.200.195" port: 41513 } }
I20260709 13:15:35.515308  4162 raft_consensus.cc:385] T bd0cb418885343fdbc63ca85b6214aec P b8c8b10100a146e6a81f308505fe9f46 [term 0 FOLLOWER]: Consensus starting up: Expiring failure detector timer to make a prompt election more likely
I20260709 13:15:35.515612  4162 raft_consensus.cc:740] T bd0cb418885343fdbc63ca85b6214aec P b8c8b10100a146e6a81f308505fe9f46 [term 0 FOLLOWER]: Becoming Follower/Learner. State: Replica: b8c8b10100a146e6a81f308505fe9f46, State: Initialized, Role: FOLLOWER
I20260709 13:15:35.510967  4275 leader_election.cc:290] T 8cb75fd2816c4878a8cdd7b7595c52f3 P b8c8b10100a146e6a81f308505fe9f46 [CANDIDATE]: Term 1 pre-election: Requested pre-vote from peers 1e032f02b0aa450384dda978641ba666 (127.2.200.193:44737), 0f3fa9d459de485e824f023c55580bc6 (127.2.200.195:41513)
I20260709 13:15:35.519858  4162 consensus_queue.cc:260] T bd0cb418885343fdbc63ca85b6214aec P b8c8b10100a146e6a81f308505fe9f46 [NON_LEADER]: Queue going to NON_LEADER mode. State: All replicated index: 0, Majority replicated index: 0, Committed index: 0, Last appended: 0.0, Last appended by leader: 0, Current term: 0, Majority size: -1, State: 0, Mode: NON_LEADER, active raft config: opid_index: -1 OBSOLETE_local: false peers { permanent_uuid: "1e032f02b0aa450384dda978641ba666" member_type: VOTER last_known_addr { host: "127.2.200.193" port: 44737 } } peers { permanent_uuid: "b8c8b10100a146e6a81f308505fe9f46" member_type: VOTER last_known_addr { host: "127.2.200.194" port: 33461 } } peers { permanent_uuid: "0f3fa9d459de485e824f023c55580bc6" member_type: VOTER last_known_addr { host: "127.2.200.195" port: 41513 } }
I20260709 13:15:35.533593  3870 catalog_manager.cc:5697] T b34dfd1b29be4147bfda87c498945aeb P 0f3fa9d459de485e824f023c55580bc6 reported cstate change: term changed from 0 to 1, leader changed from <none> to 0f3fa9d459de485e824f023c55580bc6 (127.2.200.195). New cstate: current_term: 1 leader_uuid: "0f3fa9d459de485e824f023c55580bc6" committed_config { opid_index: -1 OBSOLETE_local: false peers { permanent_uuid: "1e032f02b0aa450384dda978641ba666" member_type: VOTER last_known_addr { host: "127.2.200.193" port: 44737 } health_report { overall_health: UNKNOWN } } peers { permanent_uuid: "b8c8b10100a146e6a81f308505fe9f46" member_type: VOTER last_known_addr { host: "127.2.200.194" port: 33461 } health_report { overall_health: UNKNOWN } } peers { permanent_uuid: "0f3fa9d459de485e824f023c55580bc6" member_type: VOTER last_known_addr { host: "127.2.200.195" port: 41513 } health_report { overall_health: HEALTHY } } }
I20260709 13:15:35.513605  4200 leader_election.cc:290] T 254ff72f01fd4cc2ade8c8909c20f5bb P 1e032f02b0aa450384dda978641ba666 [CANDIDATE]: Term 1 pre-election: Requested pre-vote from peers b8c8b10100a146e6a81f308505fe9f46 (127.2.200.194:33461), 0f3fa9d459de485e824f023c55580bc6 (127.2.200.195:41513)
I20260709 13:15:35.543918  4044 tablet_service.cc:1917] Received RequestConsensusVote() RPC: tablet_id: "254ff72f01fd4cc2ade8c8909c20f5bb" candidate_uuid: "1e032f02b0aa450384dda978641ba666" candidate_term: 1 candidate_status { last_received { term: 0 index: 0 } } ignore_live_leader: false dest_uuid: "b8c8b10100a146e6a81f308505fe9f46" is_pre_election: true
I20260709 13:15:35.544672  4162 ts_tablet_manager.cc:1434] T bd0cb418885343fdbc63ca85b6214aec P b8c8b10100a146e6a81f308505fe9f46: Time spent starting tablet: real 0.069s	user 0.004s	sys 0.003s
W20260709 13:15:35.545938  3937 leader_election.cc:343] T 254ff72f01fd4cc2ade8c8909c20f5bb P 1e032f02b0aa450384dda978641ba666 [CANDIDATE]: Term 1 pre-election: Tablet error from VoteRequest() call to peer b8c8b10100a146e6a81f308505fe9f46 (127.2.200.194:33461): Illegal state: must be running to vote when last-logged opid is not known
I20260709 13:15:35.546535  4047 raft_consensus.cc:3060] T bd0cb418885343fdbc63ca85b6214aec P b8c8b10100a146e6a81f308505fe9f46 [term 0 FOLLOWER]: Advancing to term 1
I20260709 13:15:35.546916  4200 consensus_queue.cc:1048] T 2d0ea046ec794443af9a7689d2920002 P 1e032f02b0aa450384dda978641ba666 [LEADER]: Connected to new peer: Peer: permanent_uuid: "b8c8b10100a146e6a81f308505fe9f46" member_type: VOTER last_known_addr { host: "127.2.200.194" port: 33461 }, Status: LMP_MISMATCH, Last received: 0.0, Next index: 1, Last known committed idx: 0, Time since last communication: 0.000s
I20260709 13:15:35.545572  4162 tablet_bootstrap.cc:492] T 43c0a60eab684a2386715908ca218355 P b8c8b10100a146e6a81f308505fe9f46: Bootstrap starting.
I20260709 13:15:35.553610  4117 tablet_service.cc:1917] Received RequestConsensusVote() RPC: tablet_id: "254ff72f01fd4cc2ade8c8909c20f5bb" candidate_uuid: "1e032f02b0aa450384dda978641ba666" candidate_term: 1 candidate_status { last_received { term: 0 index: 0 } } ignore_live_leader: false dest_uuid: "0f3fa9d459de485e824f023c55580bc6" is_pre_election: true
W20260709 13:15:35.563774  3937 leader_election.cc:343] T 254ff72f01fd4cc2ade8c8909c20f5bb P 1e032f02b0aa450384dda978641ba666 [CANDIDATE]: Term 1 pre-election: Tablet error from VoteRequest() call to peer 0f3fa9d459de485e824f023c55580bc6 (127.2.200.195:41513): Illegal state: must be running to vote when last-logged opid is not known
I20260709 13:15:35.564196  3937 leader_election.cc:304] T 254ff72f01fd4cc2ade8c8909c20f5bb P 1e032f02b0aa450384dda978641ba666 [CANDIDATE]: Term 1 pre-election: Election decided. Result: candidate lost. Election summary: received 3 responses out of 3 voters: 1 yes votes; 2 no votes. yes voters: 1e032f02b0aa450384dda978641ba666; no voters: 0f3fa9d459de485e824f023c55580bc6, b8c8b10100a146e6a81f308505fe9f46
I20260709 13:15:35.566550  4200 raft_consensus.cc:2749] T 254ff72f01fd4cc2ade8c8909c20f5bb P 1e032f02b0aa450384dda978641ba666 [term 0 FOLLOWER]: Leader pre-election lost for term 1. Reason: could not achieve majority
I20260709 13:15:35.584195  4161 raft_consensus.cc:359] T 8cb75fd2816c4878a8cdd7b7595c52f3 P 1e032f02b0aa450384dda978641ba666 [term 0 FOLLOWER]: Replica starting. Triggering 0 pending ops. Active config: opid_index: -1 OBSOLETE_local: false peers { permanent_uuid: "1e032f02b0aa450384dda978641ba666" member_type: VOTER last_known_addr { host: "127.2.200.193" port: 44737 } } peers { permanent_uuid: "b8c8b10100a146e6a81f308505fe9f46" member_type: VOTER last_known_addr { host: "127.2.200.194" port: 33461 } } peers { permanent_uuid: "0f3fa9d459de485e824f023c55580bc6" member_type: VOTER last_known_addr { host: "127.2.200.195" port: 41513 } }
I20260709 13:15:35.584936  4161 raft_consensus.cc:385] T 8cb75fd2816c4878a8cdd7b7595c52f3 P 1e032f02b0aa450384dda978641ba666 [term 0 FOLLOWER]: Consensus starting up: Expiring failure detector timer to make a prompt election more likely
I20260709 13:15:35.585217  4161 raft_consensus.cc:740] T 8cb75fd2816c4878a8cdd7b7595c52f3 P 1e032f02b0aa450384dda978641ba666 [term 0 FOLLOWER]: Becoming Follower/Learner. State: Replica: 1e032f02b0aa450384dda978641ba666, State: Initialized, Role: FOLLOWER
I20260709 13:15:35.587561  4161 consensus_queue.cc:260] T 8cb75fd2816c4878a8cdd7b7595c52f3 P 1e032f02b0aa450384dda978641ba666 [NON_LEADER]: Queue going to NON_LEADER mode. State: All replicated index: 0, Majority replicated index: 0, Committed index: 0, Last appended: 0.0, Last appended by leader: 0, Current term: 0, Majority size: -1, State: 0, Mode: NON_LEADER, active raft config: opid_index: -1 OBSOLETE_local: false peers { permanent_uuid: "1e032f02b0aa450384dda978641ba666" member_type: VOTER last_known_addr { host: "127.2.200.193" port: 44737 } } peers { permanent_uuid: "b8c8b10100a146e6a81f308505fe9f46" member_type: VOTER last_known_addr { host: "127.2.200.194" port: 33461 } } peers { permanent_uuid: "0f3fa9d459de485e824f023c55580bc6" member_type: VOTER last_known_addr { host: "127.2.200.195" port: 41513 } }
I20260709 13:15:35.589613  4161 ts_tablet_manager.cc:1434] T 8cb75fd2816c4878a8cdd7b7595c52f3 P 1e032f02b0aa450384dda978641ba666: Time spent starting tablet: real 0.110s	user 0.009s	sys 0.008s
I20260709 13:15:35.590517  4161 tablet_bootstrap.cc:492] T e58a5e86e7dd4d16a56a3a67f2ac29d7 P 1e032f02b0aa450384dda978641ba666: Bootstrap starting.
I20260709 13:15:35.590744  4163 tablet_bootstrap.cc:654] T 8cb75fd2816c4878a8cdd7b7595c52f3 P 0f3fa9d459de485e824f023c55580bc6: Neither blocks nor log segments found. Creating new log.
I20260709 13:15:35.610823  3971 tablet_service.cc:1917] Received RequestConsensusVote() RPC: tablet_id: "2d0ea046ec794443af9a7689d2920002" candidate_uuid: "b8c8b10100a146e6a81f308505fe9f46" candidate_term: 1 candidate_status { last_received { term: 0 index: 0 } } ignore_live_leader: false dest_uuid: "1e032f02b0aa450384dda978641ba666" is_pre_election: true
I20260709 13:15:35.619668  4120 tablet_service.cc:1917] Received RequestConsensusVote() RPC: tablet_id: "2d0ea046ec794443af9a7689d2920002" candidate_uuid: "b8c8b10100a146e6a81f308505fe9f46" candidate_term: 1 candidate_status { last_received { term: 0 index: 0 } } ignore_live_leader: false dest_uuid: "0f3fa9d459de485e824f023c55580bc6" is_pre_election: true
I20260709 13:15:35.620922  4117 tablet_service.cc:1917] Received RequestConsensusVote() RPC: tablet_id: "8cb75fd2816c4878a8cdd7b7595c52f3" candidate_uuid: "b8c8b10100a146e6a81f308505fe9f46" candidate_term: 1 candidate_status { last_received { term: 0 index: 0 } } ignore_live_leader: false dest_uuid: "0f3fa9d459de485e824f023c55580bc6" is_pre_election: true
I20260709 13:15:35.623034  4200 consensus_queue.cc:1048] T 921fb867175f444ca511e3c2b6c9aa5c P 1e032f02b0aa450384dda978641ba666 [LEADER]: Connected to new peer: Peer: permanent_uuid: "b8c8b10100a146e6a81f308505fe9f46" member_type: VOTER last_known_addr { host: "127.2.200.194" port: 33461 }, Status: LMP_MISMATCH, Last received: 0.0, Next index: 1, Last known committed idx: 0, Time since last communication: 0.000s
I20260709 13:15:35.627403  4162 tablet_bootstrap.cc:654] T 43c0a60eab684a2386715908ca218355 P b8c8b10100a146e6a81f308505fe9f46: Neither blocks nor log segments found. Creating new log.
I20260709 13:15:35.628059  4273 consensus_queue.cc:1048] T bc7c268f55f94e0daca09ce6107e964b P b8c8b10100a146e6a81f308505fe9f46 [LEADER]: Connected to new peer: Peer: permanent_uuid: "0f3fa9d459de485e824f023c55580bc6" member_type: VOTER last_known_addr { host: "127.2.200.195" port: 41513 }, Status: LMP_MISMATCH, Last received: 0.0, Next index: 1, Last known committed idx: 0, Time since last communication: 0.002s
I20260709 13:15:35.638904  4239 consensus_queue.cc:1048] T b34dfd1b29be4147bfda87c498945aeb P 0f3fa9d459de485e824f023c55580bc6 [LEADER]: Connected to new peer: Peer: permanent_uuid: "b8c8b10100a146e6a81f308505fe9f46" member_type: VOTER last_known_addr { host: "127.2.200.194" port: 33461 }, Status: LMP_MISMATCH, Last received: 0.0, Next index: 1, Last known committed idx: 0, Time since last communication: 0.000s
W20260709 13:15:35.632287  4012 leader_election.cc:343] T 8cb75fd2816c4878a8cdd7b7595c52f3 P b8c8b10100a146e6a81f308505fe9f46 [CANDIDATE]: Term 1 pre-election: Tablet error from VoteRequest() call to peer 0f3fa9d459de485e824f023c55580bc6 (127.2.200.195:41513): Illegal state: must be running to vote when last-logged opid is not known
I20260709 13:15:35.651082  3869 catalog_manager.cc:5697] T 921fb867175f444ca511e3c2b6c9aa5c P 1e032f02b0aa450384dda978641ba666 reported cstate change: term changed from 0 to 1, leader changed from <none> to 1e032f02b0aa450384dda978641ba666 (127.2.200.193). New cstate: current_term: 1 leader_uuid: "1e032f02b0aa450384dda978641ba666" committed_config { opid_index: -1 OBSOLETE_local: false peers { permanent_uuid: "1e032f02b0aa450384dda978641ba666" member_type: VOTER last_known_addr { host: "127.2.200.193" port: 44737 } health_report { overall_health: HEALTHY } } peers { permanent_uuid: "b8c8b10100a146e6a81f308505fe9f46" member_type: VOTER last_known_addr { host: "127.2.200.194" port: 33461 } health_report { overall_health: UNKNOWN } } peers { permanent_uuid: "0f3fa9d459de485e824f023c55580bc6" member_type: VOTER last_known_addr { host: "127.2.200.195" port: 41513 } health_report { overall_health: UNKNOWN } } }
I20260709 13:15:35.663197  4239 consensus_queue.cc:1048] T b34dfd1b29be4147bfda87c498945aeb P 0f3fa9d459de485e824f023c55580bc6 [LEADER]: Connected to new peer: Peer: permanent_uuid: "1e032f02b0aa450384dda978641ba666" member_type: VOTER last_known_addr { host: "127.2.200.193" port: 44737 }, Status: LMP_MISMATCH, Last received: 0.0, Next index: 1, Last known committed idx: 0, Time since last communication: 0.000s
I20260709 13:15:35.663546  4249 consensus_queue.cc:1048] T 921fb867175f444ca511e3c2b6c9aa5c P 1e032f02b0aa450384dda978641ba666 [LEADER]: Connected to new peer: Peer: permanent_uuid: "0f3fa9d459de485e824f023c55580bc6" member_type: VOTER last_known_addr { host: "127.2.200.195" port: 41513 }, Status: LMP_MISMATCH, Last received: 0.0, Next index: 1, Last known committed idx: 0, Time since last communication: 0.000s
W20260709 13:15:35.703281  4011 leader_election.cc:343] T 8cb75fd2816c4878a8cdd7b7595c52f3 P b8c8b10100a146e6a81f308505fe9f46 [CANDIDATE]: Term 1 pre-election: Tablet error from VoteRequest() call to peer 1e032f02b0aa450384dda978641ba666 (127.2.200.193:44737): Illegal state: must be running to vote when last-logged opid is not known
I20260709 13:15:35.703868  4011 leader_election.cc:304] T 8cb75fd2816c4878a8cdd7b7595c52f3 P b8c8b10100a146e6a81f308505fe9f46 [CANDIDATE]: Term 1 pre-election: Election decided. Result: candidate lost. Election summary: received 3 responses out of 3 voters: 1 yes votes; 2 no votes. yes voters: b8c8b10100a146e6a81f308505fe9f46; no voters: 0f3fa9d459de485e824f023c55580bc6, 1e032f02b0aa450384dda978641ba666
I20260709 13:15:35.705142  4163 tablet_bootstrap.cc:492] T 8cb75fd2816c4878a8cdd7b7595c52f3 P 0f3fa9d459de485e824f023c55580bc6: No bootstrap required, opened a new log
I20260709 13:15:35.706096  4163 ts_tablet_manager.cc:1403] T 8cb75fd2816c4878a8cdd7b7595c52f3 P 0f3fa9d459de485e824f023c55580bc6: Time spent bootstrapping tablet: real 0.226s	user 0.033s	sys 0.060s
I20260709 13:15:35.706660  4273 raft_consensus.cc:2749] T 8cb75fd2816c4878a8cdd7b7595c52f3 P b8c8b10100a146e6a81f308505fe9f46 [term 0 FOLLOWER]: Leader pre-election lost for term 1. Reason: could not achieve majority
I20260709 13:15:35.705186  4161 tablet_bootstrap.cc:654] T e58a5e86e7dd4d16a56a3a67f2ac29d7 P 1e032f02b0aa450384dda978641ba666: Neither blocks nor log segments found. Creating new log.
I20260709 13:15:35.741789  4011 leader_election.cc:304] T 2d0ea046ec794443af9a7689d2920002 P b8c8b10100a146e6a81f308505fe9f46 [CANDIDATE]: Term 1 pre-election: Election decided. Result: candidate lost. Election summary: received 3 responses out of 3 voters: 1 yes votes; 2 no votes. yes voters: b8c8b10100a146e6a81f308505fe9f46; no voters: 0f3fa9d459de485e824f023c55580bc6, 1e032f02b0aa450384dda978641ba666
I20260709 13:15:35.741977  4163 raft_consensus.cc:359] T 8cb75fd2816c4878a8cdd7b7595c52f3 P 0f3fa9d459de485e824f023c55580bc6 [term 0 FOLLOWER]: Replica starting. Triggering 0 pending ops. Active config: opid_index: -1 OBSOLETE_local: false peers { permanent_uuid: "1e032f02b0aa450384dda978641ba666" member_type: VOTER last_known_addr { host: "127.2.200.193" port: 44737 } } peers { permanent_uuid: "b8c8b10100a146e6a81f308505fe9f46" member_type: VOTER last_known_addr { host: "127.2.200.194" port: 33461 } } peers { permanent_uuid: "0f3fa9d459de485e824f023c55580bc6" member_type: VOTER last_known_addr { host: "127.2.200.195" port: 41513 } }
I20260709 13:15:35.742689  4163 raft_consensus.cc:385] T 8cb75fd2816c4878a8cdd7b7595c52f3 P 0f3fa9d459de485e824f023c55580bc6 [term 0 FOLLOWER]: Consensus starting up: Expiring failure detector timer to make a prompt election more likely
I20260709 13:15:35.742825  4276 raft_consensus.cc:2749] T 2d0ea046ec794443af9a7689d2920002 P b8c8b10100a146e6a81f308505fe9f46 [term 1 FOLLOWER]: Leader pre-election lost for term 1. Reason: could not achieve majority
I20260709 13:15:35.742975  4163 raft_consensus.cc:740] T 8cb75fd2816c4878a8cdd7b7595c52f3 P 0f3fa9d459de485e824f023c55580bc6 [term 0 FOLLOWER]: Becoming Follower/Learner. State: Replica: 0f3fa9d459de485e824f023c55580bc6, State: Initialized, Role: FOLLOWER
I20260709 13:15:35.743640  4163 consensus_queue.cc:260] T 8cb75fd2816c4878a8cdd7b7595c52f3 P 0f3fa9d459de485e824f023c55580bc6 [NON_LEADER]: Queue going to NON_LEADER mode. State: All replicated index: 0, Majority replicated index: 0, Committed index: 0, Last appended: 0.0, Last appended by leader: 0, Current term: 0, Majority size: -1, State: 0, Mode: NON_LEADER, active raft config: opid_index: -1 OBSOLETE_local: false peers { permanent_uuid: "1e032f02b0aa450384dda978641ba666" member_type: VOTER last_known_addr { host: "127.2.200.193" port: 44737 } } peers { permanent_uuid: "b8c8b10100a146e6a81f308505fe9f46" member_type: VOTER last_known_addr { host: "127.2.200.194" port: 33461 } } peers { permanent_uuid: "0f3fa9d459de485e824f023c55580bc6" member_type: VOTER last_known_addr { host: "127.2.200.195" port: 41513 } }
I20260709 13:15:35.746996  4163 ts_tablet_manager.cc:1434] T 8cb75fd2816c4878a8cdd7b7595c52f3 P 0f3fa9d459de485e824f023c55580bc6: Time spent starting tablet: real 0.041s	user 0.000s	sys 0.007s
I20260709 13:15:35.751965  4163 tablet_bootstrap.cc:492] T fa0ecf853c3e4d398a5b18c0126a0448 P 0f3fa9d459de485e824f023c55580bc6: Bootstrap starting.
I20260709 13:15:35.755982  4272 consensus_queue.cc:1048] T bc7c268f55f94e0daca09ce6107e964b P b8c8b10100a146e6a81f308505fe9f46 [LEADER]: Connected to new peer: Peer: permanent_uuid: "1e032f02b0aa450384dda978641ba666" member_type: VOTER last_known_addr { host: "127.2.200.193" port: 44737 }, Status: LMP_MISMATCH, Last received: 0.0, Next index: 1, Last known committed idx: 0, Time since last communication: 0.000s
I20260709 13:15:35.758028  4217 raft_consensus.cc:493] T c86a274746124a40b574d2dfb4d0e34d P 0f3fa9d459de485e824f023c55580bc6 [term 0 FOLLOWER]: Starting pre-election (no leader contacted us within the election timeout)
I20260709 13:15:35.758500  4217 raft_consensus.cc:515] T c86a274746124a40b574d2dfb4d0e34d P 0f3fa9d459de485e824f023c55580bc6 [term 0 FOLLOWER]: Starting pre-election with config: opid_index: -1 OBSOLETE_local: false peers { permanent_uuid: "1e032f02b0aa450384dda978641ba666" member_type: VOTER last_known_addr { host: "127.2.200.193" port: 44737 } } peers { permanent_uuid: "b8c8b10100a146e6a81f308505fe9f46" member_type: VOTER last_known_addr { host: "127.2.200.194" port: 33461 } } peers { permanent_uuid: "0f3fa9d459de485e824f023c55580bc6" member_type: VOTER last_known_addr { host: "127.2.200.195" port: 41513 } }
I20260709 13:15:35.760461  4217 leader_election.cc:290] T c86a274746124a40b574d2dfb4d0e34d P 0f3fa9d459de485e824f023c55580bc6 [CANDIDATE]: Term 1 pre-election: Requested pre-vote from peers 1e032f02b0aa450384dda978641ba666 (127.2.200.193:44737), b8c8b10100a146e6a81f308505fe9f46 (127.2.200.194:33461)
I20260709 13:15:35.768436  3968 tablet_service.cc:1917] Received RequestConsensusVote() RPC: tablet_id: "c86a274746124a40b574d2dfb4d0e34d" candidate_uuid: "0f3fa9d459de485e824f023c55580bc6" candidate_term: 1 candidate_status { last_received { term: 0 index: 0 } } ignore_live_leader: false dest_uuid: "1e032f02b0aa450384dda978641ba666" is_pre_election: true
I20260709 13:15:35.769160  3968 raft_consensus.cc:2468] T c86a274746124a40b574d2dfb4d0e34d P 1e032f02b0aa450384dda978641ba666 [term 0 FOLLOWER]: Leader pre-election vote request: Granting yes vote for candidate 0f3fa9d459de485e824f023c55580bc6 in term 0.
I20260709 13:15:35.772909  4085 leader_election.cc:304] T c86a274746124a40b574d2dfb4d0e34d P 0f3fa9d459de485e824f023c55580bc6 [CANDIDATE]: Term 1 pre-election: Election decided. Result: candidate won. Election summary: received 2 responses out of 3 voters: 2 yes votes; 0 no votes. yes voters: 0f3fa9d459de485e824f023c55580bc6, 1e032f02b0aa450384dda978641ba666; no voters: 
I20260709 13:15:35.774288  4217 raft_consensus.cc:2804] T c86a274746124a40b574d2dfb4d0e34d P 0f3fa9d459de485e824f023c55580bc6 [term 0 FOLLOWER]: Leader pre-election won for term 1
I20260709 13:15:35.774710  4217 raft_consensus.cc:493] T c86a274746124a40b574d2dfb4d0e34d P 0f3fa9d459de485e824f023c55580bc6 [term 0 FOLLOWER]: Starting leader election (no leader contacted us within the election timeout)
I20260709 13:15:35.775030  4217 raft_consensus.cc:3060] T c86a274746124a40b574d2dfb4d0e34d P 0f3fa9d459de485e824f023c55580bc6 [term 0 FOLLOWER]: Advancing to term 1
I20260709 13:15:35.777140  3869 catalog_manager.cc:5697] T c59c25d70b304877b556dc3d686ab76e P 1e032f02b0aa450384dda978641ba666 reported cstate change: term changed from 0 to 1, leader changed from <none> to 1e032f02b0aa450384dda978641ba666 (127.2.200.193). New cstate: current_term: 1 leader_uuid: "1e032f02b0aa450384dda978641ba666" committed_config { opid_index: -1 OBSOLETE_local: false peers { permanent_uuid: "1e032f02b0aa450384dda978641ba666" member_type: VOTER last_known_addr { host: "127.2.200.193" port: 44737 } health_report { overall_health: HEALTHY } } peers { permanent_uuid: "b8c8b10100a146e6a81f308505fe9f46" member_type: VOTER last_known_addr { host: "127.2.200.194" port: 33461 } health_report { overall_health: UNKNOWN } } peers { permanent_uuid: "0f3fa9d459de485e824f023c55580bc6" member_type: VOTER last_known_addr { host: "127.2.200.195" port: 41513 } health_report { overall_health: UNKNOWN } } }
I20260709 13:15:35.777637  4046 tablet_service.cc:1917] Received RequestConsensusVote() RPC: tablet_id: "c86a274746124a40b574d2dfb4d0e34d" candidate_uuid: "0f3fa9d459de485e824f023c55580bc6" candidate_term: 1 candidate_status { last_received { term: 0 index: 0 } } ignore_live_leader: false dest_uuid: "b8c8b10100a146e6a81f308505fe9f46" is_pre_election: true
W20260709 13:15:35.779634  4086 leader_election.cc:343] T c86a274746124a40b574d2dfb4d0e34d P 0f3fa9d459de485e824f023c55580bc6 [CANDIDATE]: Term 1 pre-election: Tablet error from VoteRequest() call to peer b8c8b10100a146e6a81f308505fe9f46 (127.2.200.194:33461): Illegal state: must be running to vote when last-logged opid is not known
I20260709 13:15:35.807448  4163 tablet_bootstrap.cc:654] T fa0ecf853c3e4d398a5b18c0126a0448 P 0f3fa9d459de485e824f023c55580bc6: Neither blocks nor log segments found. Creating new log.
I20260709 13:15:35.811108  4161 tablet_bootstrap.cc:492] T e58a5e86e7dd4d16a56a3a67f2ac29d7 P 1e032f02b0aa450384dda978641ba666: No bootstrap required, opened a new log
I20260709 13:15:35.811663  4161 ts_tablet_manager.cc:1403] T e58a5e86e7dd4d16a56a3a67f2ac29d7 P 1e032f02b0aa450384dda978641ba666: Time spent bootstrapping tablet: real 0.221s	user 0.009s	sys 0.021s
I20260709 13:15:35.813654  4162 tablet_bootstrap.cc:492] T 43c0a60eab684a2386715908ca218355 P b8c8b10100a146e6a81f308505fe9f46: No bootstrap required, opened a new log
