I20260709 13:15:30.469244  9627 leader_election.cc:304] T a3e457fec9b444e9ab5ff71b81b0311c P 62fef7003aa44190a6de64eeba4759f1 [CANDIDATE]: Term 1 pre-election: Election decided. Result: candidate lost. Election summary: received 3 responses out of 3 voters: 1 yes votes; 2 no votes. yes voters: 62fef7003aa44190a6de64eeba4759f1; no voters: db3e0d5aa3d44940a978de9fc90f230d, f4151554fb0c43b78055f6b2b9a5fbe4
I20260709 13:15:30.470216  9851 raft_consensus.cc:359] T 0b5517c04990460ea3563f6e240014ef P 62fef7003aa44190a6de64eeba4759f1 [term 0 FOLLOWER]: Replica starting. Triggering 0 pending ops. Active config: opid_index: -1 OBSOLETE_local: false peers { permanent_uuid: "62fef7003aa44190a6de64eeba4759f1" member_type: VOTER last_known_addr { host: "127.8.90.129" port: 44719 } } peers { permanent_uuid: "f4151554fb0c43b78055f6b2b9a5fbe4" member_type: VOTER last_known_addr { host: "127.8.90.130" port: 43495 } } peers { permanent_uuid: "db3e0d5aa3d44940a978de9fc90f230d" member_type: VOTER last_known_addr { host: "127.8.90.131" port: 39647 } }
I20260709 13:15:30.471110 10069 raft_consensus.cc:2749] T a3e457fec9b444e9ab5ff71b81b0311c P 62fef7003aa44190a6de64eeba4759f1 [term 0 FOLLOWER]: Leader pre-election lost for term 1. Reason: could not achieve majority
I20260709 13:15:30.471781  9809 tablet_service.cc:1917] Received RequestConsensusVote() RPC: tablet_id: "30cb0345196c4bbc9e1105cc26e647bc" candidate_uuid: "62fef7003aa44190a6de64eeba4759f1" candidate_term: 1 candidate_status { last_received { term: 0 index: 0 } } ignore_live_leader: false dest_uuid: "db3e0d5aa3d44940a978de9fc90f230d" is_pre_election: true
I20260709 13:15:30.475382 10009 consensus_queue.cc:1048] T 8ff88601475640949d72564daa76254e P db3e0d5aa3d44940a978de9fc90f230d [LEADER]: Connected to new peer: Peer: permanent_uuid: "62fef7003aa44190a6de64eeba4759f1" member_type: VOTER last_known_addr { host: "127.8.90.129" port: 44719 }, Status: LMP_MISMATCH, Last received: 0.0, Next index: 1, Last known committed idx: 0, Time since last communication: 0.000s
I20260709 13:15:30.488823  9851 raft_consensus.cc:385] T 0b5517c04990460ea3563f6e240014ef P 62fef7003aa44190a6de64eeba4759f1 [term 0 FOLLOWER]: Consensus starting up: Expiring failure detector timer to make a prompt election more likely
I20260709 13:15:30.489180  9851 raft_consensus.cc:740] T 0b5517c04990460ea3563f6e240014ef P 62fef7003aa44190a6de64eeba4759f1 [term 0 FOLLOWER]: Becoming Follower/Learner. State: Replica: 62fef7003aa44190a6de64eeba4759f1, State: Initialized, Role: FOLLOWER
I20260709 13:15:30.475852  9733 tablet_service.cc:1917] Received RequestConsensusVote() RPC: tablet_id: "30cb0345196c4bbc9e1105cc26e647bc" candidate_uuid: "62fef7003aa44190a6de64eeba4759f1" candidate_term: 1 candidate_status { last_received { term: 0 index: 0 } } ignore_live_leader: false dest_uuid: "f4151554fb0c43b78055f6b2b9a5fbe4" is_pre_election: true
I20260709 13:15:30.476449  9774 leader_election.cc:304] T 0cb07d41ab8c4f30aae006e5873a24c9 P db3e0d5aa3d44940a978de9fc90f230d [CANDIDATE]: Term 1 pre-election: Election decided. Result: candidate won. Election summary: received 3 responses out of 3 voters: 2 yes votes; 1 no votes. yes voters: 62fef7003aa44190a6de64eeba4759f1, db3e0d5aa3d44940a978de9fc90f230d; no voters: f4151554fb0c43b78055f6b2b9a5fbe4
I20260709 13:15:30.489832  9851 consensus_queue.cc:260] T 0b5517c04990460ea3563f6e240014ef P 62fef7003aa44190a6de64eeba4759f1 [NON_LEADER]: Queue going to NON_LEADER mode. State: All replicated index: 0, Majority replicated index: 0, Committed index: 0, Last appended: 0.0, Last appended by leader: 0, Current term: 0, Majority size: -1, State: 0, Mode: NON_LEADER, active raft config: opid_index: -1 OBSOLETE_local: false peers { permanent_uuid: "62fef7003aa44190a6de64eeba4759f1" member_type: VOTER last_known_addr { host: "127.8.90.129" port: 44719 } } peers { permanent_uuid: "f4151554fb0c43b78055f6b2b9a5fbe4" member_type: VOTER last_known_addr { host: "127.8.90.130" port: 43495 } } peers { permanent_uuid: "db3e0d5aa3d44940a978de9fc90f230d" member_type: VOTER last_known_addr { host: "127.8.90.131" port: 39647 } }
W20260709 13:15:30.490600  9628 leader_election.cc:343] T 30cb0345196c4bbc9e1105cc26e647bc P 62fef7003aa44190a6de64eeba4759f1 [CANDIDATE]: Term 1 pre-election: Tablet error from VoteRequest() call to peer db3e0d5aa3d44940a978de9fc90f230d (127.8.90.131:39647): Illegal state: must be running to vote when last-logged opid is not known
I20260709 13:15:30.490967 10069 raft_consensus.cc:493] T 86d0b1f5f2994387a3a60717c6b92f43 P 62fef7003aa44190a6de64eeba4759f1 [term 0 FOLLOWER]: Starting pre-election (no leader contacted us within the election timeout)
I20260709 13:15:30.491457 10069 raft_consensus.cc:515] T 86d0b1f5f2994387a3a60717c6b92f43 P 62fef7003aa44190a6de64eeba4759f1 [term 0 FOLLOWER]: Starting pre-election with config: opid_index: -1 OBSOLETE_local: false peers { permanent_uuid: "62fef7003aa44190a6de64eeba4759f1" member_type: VOTER last_known_addr { host: "127.8.90.129" port: 44719 } } peers { permanent_uuid: "f4151554fb0c43b78055f6b2b9a5fbe4" member_type: VOTER last_known_addr { host: "127.8.90.130" port: 43495 } } peers { permanent_uuid: "db3e0d5aa3d44940a978de9fc90f230d" member_type: VOTER last_known_addr { host: "127.8.90.131" port: 39647 } }
I20260709 13:15:30.493101 10102 raft_consensus.cc:2804] T 0cb07d41ab8c4f30aae006e5873a24c9 P db3e0d5aa3d44940a978de9fc90f230d [term 0 FOLLOWER]: Leader pre-election won for term 1
I20260709 13:15:30.493479 10102 raft_consensus.cc:493] T 0cb07d41ab8c4f30aae006e5873a24c9 P db3e0d5aa3d44940a978de9fc90f230d [term 0 FOLLOWER]: Starting leader election (no leader contacted us within the election timeout)
I20260709 13:15:30.493521 10069 leader_election.cc:290] T 86d0b1f5f2994387a3a60717c6b92f43 P 62fef7003aa44190a6de64eeba4759f1 [CANDIDATE]: Term 1 pre-election: Requested pre-vote from peers f4151554fb0c43b78055f6b2b9a5fbe4 (127.8.90.130:43495), db3e0d5aa3d44940a978de9fc90f230d (127.8.90.131:39647)
I20260709 13:15:30.493894 10102 raft_consensus.cc:3060] T 0cb07d41ab8c4f30aae006e5873a24c9 P db3e0d5aa3d44940a978de9fc90f230d [term 0 FOLLOWER]: Advancing to term 1
I20260709 13:15:30.494099  9931 consensus_queue.cc:1048] T 98aea2bb89414dea8228bf49d2f8b36e P db3e0d5aa3d44940a978de9fc90f230d [LEADER]: Connected to new peer: Peer: permanent_uuid: "62fef7003aa44190a6de64eeba4759f1" member_type: VOTER last_known_addr { host: "127.8.90.129" port: 44719 }, Status: LMP_MISMATCH, Last received: 0.0, Next index: 1, Last known committed idx: 0, Time since last communication: 0.000s
I20260709 13:15:30.496589  9851 ts_tablet_manager.cc:1434] T 0b5517c04990460ea3563f6e240014ef P 62fef7003aa44190a6de64eeba4759f1: Time spent starting tablet: real 0.029s	user 0.006s	sys 0.000s
I20260709 13:15:30.497550  9851 tablet_bootstrap.cc:492] T d02fb89af8024c27a5c589a85ee2f08a P 62fef7003aa44190a6de64eeba4759f1: Bootstrap starting.
I20260709 13:15:30.498634  9809 tablet_service.cc:1917] Received RequestConsensusVote() RPC: tablet_id: "86d0b1f5f2994387a3a60717c6b92f43" candidate_uuid: "62fef7003aa44190a6de64eeba4759f1" candidate_term: 1 candidate_status { last_received { term: 0 index: 0 } } ignore_live_leader: false dest_uuid: "db3e0d5aa3d44940a978de9fc90f230d" is_pre_election: true
I20260709 13:15:30.500011  9852 tablet_bootstrap.cc:492] T 86d0b1f5f2994387a3a60717c6b92f43 P db3e0d5aa3d44940a978de9fc90f230d: No bootstrap required, opened a new log
W20260709 13:15:30.499951  9628 leader_election.cc:343] T 86d0b1f5f2994387a3a60717c6b92f43 P 62fef7003aa44190a6de64eeba4759f1 [CANDIDATE]: Term 1 pre-election: Tablet error from VoteRequest() call to peer db3e0d5aa3d44940a978de9fc90f230d (127.8.90.131:39647): Illegal state: must be running to vote when last-logged opid is not known
I20260709 13:15:30.500553  9852 ts_tablet_manager.cc:1403] T 86d0b1f5f2994387a3a60717c6b92f43 P db3e0d5aa3d44940a978de9fc90f230d: Time spent bootstrapping tablet: real 0.083s	user 0.008s	sys 0.003s
I20260709 13:15:30.503163  9851 tablet_bootstrap.cc:654] T d02fb89af8024c27a5c589a85ee2f08a P 62fef7003aa44190a6de64eeba4759f1: Neither blocks nor log segments found. Creating new log.
I20260709 13:15:30.503044  9852 raft_consensus.cc:359] T 86d0b1f5f2994387a3a60717c6b92f43 P db3e0d5aa3d44940a978de9fc90f230d [term 0 FOLLOWER]: Replica starting. Triggering 0 pending ops. Active config: opid_index: -1 OBSOLETE_local: false peers { permanent_uuid: "62fef7003aa44190a6de64eeba4759f1" member_type: VOTER last_known_addr { host: "127.8.90.129" port: 44719 } } peers { permanent_uuid: "f4151554fb0c43b78055f6b2b9a5fbe4" member_type: VOTER last_known_addr { host: "127.8.90.130" port: 43495 } } peers { permanent_uuid: "db3e0d5aa3d44940a978de9fc90f230d" member_type: VOTER last_known_addr { host: "127.8.90.131" port: 39647 } }
I20260709 13:15:30.503721  9852 raft_consensus.cc:385] T 86d0b1f5f2994387a3a60717c6b92f43 P db3e0d5aa3d44940a978de9fc90f230d [term 0 FOLLOWER]: Consensus starting up: Expiring failure detector timer to make a prompt election more likely
I20260709 13:15:30.503997  9852 raft_consensus.cc:740] T 86d0b1f5f2994387a3a60717c6b92f43 P db3e0d5aa3d44940a978de9fc90f230d [term 0 FOLLOWER]: Becoming Follower/Learner. State: Replica: db3e0d5aa3d44940a978de9fc90f230d, State: Initialized, Role: FOLLOWER
I20260709 13:15:30.504608  9852 consensus_queue.cc:260] T 86d0b1f5f2994387a3a60717c6b92f43 P db3e0d5aa3d44940a978de9fc90f230d [NON_LEADER]: Queue going to NON_LEADER mode. State: All replicated index: 0, Majority replicated index: 0, Committed index: 0, Last appended: 0.0, Last appended by leader: 0, Current term: 0, Majority size: -1, State: 0, Mode: NON_LEADER, active raft config: opid_index: -1 OBSOLETE_local: false peers { permanent_uuid: "62fef7003aa44190a6de64eeba4759f1" member_type: VOTER last_known_addr { host: "127.8.90.129" port: 44719 } } peers { permanent_uuid: "f4151554fb0c43b78055f6b2b9a5fbe4" member_type: VOTER last_known_addr { host: "127.8.90.130" port: 43495 } } peers { permanent_uuid: "db3e0d5aa3d44940a978de9fc90f230d" member_type: VOTER last_known_addr { host: "127.8.90.131" port: 39647 } }
I20260709 13:15:30.506719  9852 ts_tablet_manager.cc:1434] T 86d0b1f5f2994387a3a60717c6b92f43 P db3e0d5aa3d44940a978de9fc90f230d: Time spent starting tablet: real 0.006s	user 0.003s	sys 0.000s
I20260709 13:15:30.507148  9737 tablet_service.cc:1917] Received RequestConsensusVote() RPC: tablet_id: "86d0b1f5f2994387a3a60717c6b92f43" candidate_uuid: "62fef7003aa44190a6de64eeba4759f1" candidate_term: 1 candidate_status { last_received { term: 0 index: 0 } } ignore_live_leader: false dest_uuid: "f4151554fb0c43b78055f6b2b9a5fbe4" is_pre_election: true
I20260709 13:15:30.507735  9852 tablet_bootstrap.cc:492] T 396c860bc67747619faa7354b5200ff8 P db3e0d5aa3d44940a978de9fc90f230d: Bootstrap starting.
I20260709 13:15:30.507799  9737 raft_consensus.cc:2468] T 86d0b1f5f2994387a3a60717c6b92f43 P f4151554fb0c43b78055f6b2b9a5fbe4 [term 0 FOLLOWER]: Leader pre-election vote request: Granting yes vote for candidate 62fef7003aa44190a6de64eeba4759f1 in term 0.
I20260709 13:15:30.514362  9851 tablet_bootstrap.cc:492] T d02fb89af8024c27a5c589a85ee2f08a P 62fef7003aa44190a6de64eeba4759f1: No bootstrap required, opened a new log
I20260709 13:15:30.514635  9852 tablet_bootstrap.cc:654] T 396c860bc67747619faa7354b5200ff8 P db3e0d5aa3d44940a978de9fc90f230d: Neither blocks nor log segments found. Creating new log.
I20260709 13:15:30.514878  9851 ts_tablet_manager.cc:1403] T d02fb89af8024c27a5c589a85ee2f08a P 62fef7003aa44190a6de64eeba4759f1: Time spent bootstrapping tablet: real 0.017s	user 0.015s	sys 0.000s
I20260709 13:15:30.517412  9851 raft_consensus.cc:359] T d02fb89af8024c27a5c589a85ee2f08a P 62fef7003aa44190a6de64eeba4759f1 [term 0 FOLLOWER]: Replica starting. Triggering 0 pending ops. Active config: opid_index: -1 OBSOLETE_local: false peers { permanent_uuid: "62fef7003aa44190a6de64eeba4759f1" member_type: VOTER last_known_addr { host: "127.8.90.129" port: 44719 } } peers { permanent_uuid: "f4151554fb0c43b78055f6b2b9a5fbe4" member_type: VOTER last_known_addr { host: "127.8.90.130" port: 43495 } } peers { permanent_uuid: "db3e0d5aa3d44940a978de9fc90f230d" member_type: VOTER last_known_addr { host: "127.8.90.131" port: 39647 } }
I20260709 13:15:30.518144  9851 raft_consensus.cc:385] T d02fb89af8024c27a5c589a85ee2f08a P 62fef7003aa44190a6de64eeba4759f1 [term 0 FOLLOWER]: Consensus starting up: Expiring failure detector timer to make a prompt election more likely
I20260709 13:15:30.518414  9851 raft_consensus.cc:740] T d02fb89af8024c27a5c589a85ee2f08a P 62fef7003aa44190a6de64eeba4759f1 [term 0 FOLLOWER]: Becoming Follower/Learner. State: Replica: 62fef7003aa44190a6de64eeba4759f1, State: Initialized, Role: FOLLOWER
I20260709 13:15:30.519351  9851 consensus_queue.cc:260] T d02fb89af8024c27a5c589a85ee2f08a P 62fef7003aa44190a6de64eeba4759f1 [NON_LEADER]: Queue going to NON_LEADER mode. State: All replicated index: 0, Majority replicated index: 0, Committed index: 0, Last appended: 0.0, Last appended by leader: 0, Current term: 0, Majority size: -1, State: 0, Mode: NON_LEADER, active raft config: opid_index: -1 OBSOLETE_local: false peers { permanent_uuid: "62fef7003aa44190a6de64eeba4759f1" member_type: VOTER last_known_addr { host: "127.8.90.129" port: 44719 } } peers { permanent_uuid: "f4151554fb0c43b78055f6b2b9a5fbe4" member_type: VOTER last_known_addr { host: "127.8.90.130" port: 43495 } } peers { permanent_uuid: "db3e0d5aa3d44940a978de9fc90f230d" member_type: VOTER last_known_addr { host: "127.8.90.131" port: 39647 } }
I20260709 13:15:30.518452 10102 raft_consensus.cc:515] T 0cb07d41ab8c4f30aae006e5873a24c9 P db3e0d5aa3d44940a978de9fc90f230d [term 1 FOLLOWER]: Starting leader election with config: opid_index: -1 OBSOLETE_local: false peers { permanent_uuid: "62fef7003aa44190a6de64eeba4759f1" member_type: VOTER last_known_addr { host: "127.8.90.129" port: 44719 } } peers { permanent_uuid: "f4151554fb0c43b78055f6b2b9a5fbe4" member_type: VOTER last_known_addr { host: "127.8.90.130" port: 43495 } } peers { permanent_uuid: "db3e0d5aa3d44940a978de9fc90f230d" member_type: VOTER last_known_addr { host: "127.8.90.131" port: 39647 } }
I20260709 13:15:30.521111  9851 ts_tablet_manager.cc:1434] T d02fb89af8024c27a5c589a85ee2f08a P 62fef7003aa44190a6de64eeba4759f1: Time spent starting tablet: real 0.006s	user 0.004s	sys 0.000s
I20260709 13:15:30.523521 10102 leader_election.cc:290] T 0cb07d41ab8c4f30aae006e5873a24c9 P db3e0d5aa3d44940a978de9fc90f230d [CANDIDATE]: Term 1 election: Requested vote from peers 62fef7003aa44190a6de64eeba4759f1 (127.8.90.129:44719), f4151554fb0c43b78055f6b2b9a5fbe4 (127.8.90.130:43495)
I20260709 13:15:30.510195  9627 leader_election.cc:304] T 86d0b1f5f2994387a3a60717c6b92f43 P 62fef7003aa44190a6de64eeba4759f1 [CANDIDATE]: Term 1 pre-election: Election decided. Result: candidate won. Election summary: received 3 responses out of 3 voters: 2 yes votes; 1 no votes. yes voters: 62fef7003aa44190a6de64eeba4759f1, f4151554fb0c43b78055f6b2b9a5fbe4; no voters: db3e0d5aa3d44940a978de9fc90f230d
I20260709 13:15:30.524322  9852 tablet_bootstrap.cc:492] T 396c860bc67747619faa7354b5200ff8 P db3e0d5aa3d44940a978de9fc90f230d: No bootstrap required, opened a new log
I20260709 13:15:30.524747  9852 ts_tablet_manager.cc:1403] T 396c860bc67747619faa7354b5200ff8 P db3e0d5aa3d44940a978de9fc90f230d: Time spent bootstrapping tablet: real 0.017s	user 0.015s	sys 0.000s
I20260709 13:15:30.526957 10069 raft_consensus.cc:2804] T 86d0b1f5f2994387a3a60717c6b92f43 P 62fef7003aa44190a6de64eeba4759f1 [term 0 FOLLOWER]: Leader pre-election won for term 1
I20260709 13:15:30.527382 10069 raft_consensus.cc:493] T 86d0b1f5f2994387a3a60717c6b92f43 P 62fef7003aa44190a6de64eeba4759f1 [term 0 FOLLOWER]: Starting leader election (no leader contacted us within the election timeout)
I20260709 13:15:30.527720 10069 raft_consensus.cc:3060] T 86d0b1f5f2994387a3a60717c6b92f43 P 62fef7003aa44190a6de64eeba4759f1 [term 0 FOLLOWER]: Advancing to term 1
I20260709 13:15:30.527724  9852 raft_consensus.cc:359] T 396c860bc67747619faa7354b5200ff8 P db3e0d5aa3d44940a978de9fc90f230d [term 0 FOLLOWER]: Replica starting. Triggering 0 pending ops. Active config: opid_index: -1 OBSOLETE_local: false peers { permanent_uuid: "62fef7003aa44190a6de64eeba4759f1" member_type: VOTER last_known_addr { host: "127.8.90.129" port: 44719 } } peers { permanent_uuid: "f4151554fb0c43b78055f6b2b9a5fbe4" member_type: VOTER last_known_addr { host: "127.8.90.130" port: 43495 } } peers { permanent_uuid: "db3e0d5aa3d44940a978de9fc90f230d" member_type: VOTER last_known_addr { host: "127.8.90.131" port: 39647 } }
I20260709 13:15:30.528430  9852 raft_consensus.cc:385] T 396c860bc67747619faa7354b5200ff8 P db3e0d5aa3d44940a978de9fc90f230d [term 0 FOLLOWER]: Consensus starting up: Expiring failure detector timer to make a prompt election more likely
I20260709 13:15:30.528697  9852 raft_consensus.cc:740] T 396c860bc67747619faa7354b5200ff8 P db3e0d5aa3d44940a978de9fc90f230d [term 0 FOLLOWER]: Becoming Follower/Learner. State: Replica: db3e0d5aa3d44940a978de9fc90f230d, State: Initialized, Role: FOLLOWER
I20260709 13:15:30.529320  9852 consensus_queue.cc:260] T 396c860bc67747619faa7354b5200ff8 P db3e0d5aa3d44940a978de9fc90f230d [NON_LEADER]: Queue going to NON_LEADER mode. State: All replicated index: 0, Majority replicated index: 0, Committed index: 0, Last appended: 0.0, Last appended by leader: 0, Current term: 0, Majority size: -1, State: 0, Mode: NON_LEADER, active raft config: opid_index: -1 OBSOLETE_local: false peers { permanent_uuid: "62fef7003aa44190a6de64eeba4759f1" member_type: VOTER last_known_addr { host: "127.8.90.129" port: 44719 } } peers { permanent_uuid: "f4151554fb0c43b78055f6b2b9a5fbe4" member_type: VOTER last_known_addr { host: "127.8.90.130" port: 43495 } } peers { permanent_uuid: "db3e0d5aa3d44940a978de9fc90f230d" member_type: VOTER last_known_addr { host: "127.8.90.131" port: 39647 } }
I20260709 13:15:30.530718  9852 ts_tablet_manager.cc:1434] T 396c860bc67747619faa7354b5200ff8 P db3e0d5aa3d44940a978de9fc90f230d: Time spent starting tablet: real 0.006s	user 0.004s	sys 0.000s
I20260709 13:15:30.531589  9852 tablet_bootstrap.cc:492] T 974c6082dfae418f82a573104d66eb43 P db3e0d5aa3d44940a978de9fc90f230d: Bootstrap starting.
I20260709 13:15:30.535218  9735 tablet_service.cc:1917] Received RequestConsensusVote() RPC: tablet_id: "0cb07d41ab8c4f30aae006e5873a24c9" candidate_uuid: "db3e0d5aa3d44940a978de9fc90f230d" candidate_term: 1 candidate_status { last_received { term: 0 index: 0 } } ignore_live_leader: false dest_uuid: "f4151554fb0c43b78055f6b2b9a5fbe4"
I20260709 13:15:30.535566 10069 raft_consensus.cc:515] T 86d0b1f5f2994387a3a60717c6b92f43 P 62fef7003aa44190a6de64eeba4759f1 [term 1 FOLLOWER]: Starting leader election with config: opid_index: -1 OBSOLETE_local: false peers { permanent_uuid: "62fef7003aa44190a6de64eeba4759f1" member_type: VOTER last_known_addr { host: "127.8.90.129" port: 44719 } } peers { permanent_uuid: "f4151554fb0c43b78055f6b2b9a5fbe4" member_type: VOTER last_known_addr { host: "127.8.90.130" port: 43495 } } peers { permanent_uuid: "db3e0d5aa3d44940a978de9fc90f230d" member_type: VOTER last_known_addr { host: "127.8.90.131" port: 39647 } }
I20260709 13:15:30.537191  9852 tablet_bootstrap.cc:654] T 974c6082dfae418f82a573104d66eb43 P db3e0d5aa3d44940a978de9fc90f230d: Neither blocks nor log segments found. Creating new log.
I20260709 13:15:30.538587  9809 tablet_service.cc:1917] Received RequestConsensusVote() RPC: tablet_id: "86d0b1f5f2994387a3a60717c6b92f43" candidate_uuid: "62fef7003aa44190a6de64eeba4759f1" candidate_term: 1 candidate_status { last_received { term: 0 index: 0 } } ignore_live_leader: false dest_uuid: "db3e0d5aa3d44940a978de9fc90f230d"
I20260709 13:15:30.539180  9809 raft_consensus.cc:3060] T 86d0b1f5f2994387a3a60717c6b92f43 P db3e0d5aa3d44940a978de9fc90f230d [term 0 FOLLOWER]: Advancing to term 1
I20260709 13:15:30.480942  9734 tablet_service.cc:1917] Received RequestConsensusVote() RPC: tablet_id: "5ccf672b282a4c54a55957f7503c8b83" candidate_uuid: "62fef7003aa44190a6de64eeba4759f1" candidate_term: 1 candidate_status { last_received { term: 0 index: 0 } } ignore_live_leader: false dest_uuid: "f4151554fb0c43b78055f6b2b9a5fbe4" is_pre_election: true
I20260709 13:15:30.544211  9735 tablet_service.cc:1917] Received RequestConsensusVote() RPC: tablet_id: "86d0b1f5f2994387a3a60717c6b92f43" candidate_uuid: "62fef7003aa44190a6de64eeba4759f1" candidate_term: 1 candidate_status { last_received { term: 0 index: 0 } } ignore_live_leader: false dest_uuid: "f4151554fb0c43b78055f6b2b9a5fbe4"
I20260709 13:15:30.544863  9735 raft_consensus.cc:3060] T 86d0b1f5f2994387a3a60717c6b92f43 P f4151554fb0c43b78055f6b2b9a5fbe4 [term 0 FOLLOWER]: Advancing to term 1
W20260709 13:15:30.548743  9627 leader_election.cc:343] T 30cb0345196c4bbc9e1105cc26e647bc P 62fef7003aa44190a6de64eeba4759f1 [CANDIDATE]: Term 1 pre-election: Tablet error from VoteRequest() call to peer f4151554fb0c43b78055f6b2b9a5fbe4 (127.8.90.130:43495): Illegal state: must be running to vote when last-logged opid is not known
I20260709 13:15:30.544085  9560 catalog_manager.cc:5697] T 9d38fe5ed1674effa97571de0347cebc P f4151554fb0c43b78055f6b2b9a5fbe4 reported cstate change: term changed from 0 to 1, leader changed from <none> to f4151554fb0c43b78055f6b2b9a5fbe4 (127.8.90.130). New cstate: current_term: 1 leader_uuid: "f4151554fb0c43b78055f6b2b9a5fbe4" committed_config { opid_index: -1 OBSOLETE_local: false peers { permanent_uuid: "62fef7003aa44190a6de64eeba4759f1" member_type: VOTER last_known_addr { host: "127.8.90.129" port: 44719 } health_report { overall_health: UNKNOWN } } peers { permanent_uuid: "f4151554fb0c43b78055f6b2b9a5fbe4" member_type: VOTER last_known_addr { host: "127.8.90.130" port: 43495 } health_report { overall_health: HEALTHY } } peers { permanent_uuid: "db3e0d5aa3d44940a978de9fc90f230d" member_type: VOTER last_known_addr { host: "127.8.90.131" port: 39647 } health_report { overall_health: UNKNOWN } } }
I20260709 13:15:30.551380  9809 raft_consensus.cc:2468] T 86d0b1f5f2994387a3a60717c6b92f43 P db3e0d5aa3d44940a978de9fc90f230d [term 1 FOLLOWER]: Leader election vote request: Granting yes vote for candidate 62fef7003aa44190a6de64eeba4759f1 in term 1.
I20260709 13:15:30.550307  9627 leader_election.cc:304] T 30cb0345196c4bbc9e1105cc26e647bc P 62fef7003aa44190a6de64eeba4759f1 [CANDIDATE]: Term 1 pre-election: Election decided. Result: candidate lost. Election summary: received 3 responses out of 3 voters: 1 yes votes; 2 no votes. yes voters: 62fef7003aa44190a6de64eeba4759f1; no voters: db3e0d5aa3d44940a978de9fc90f230d, f4151554fb0c43b78055f6b2b9a5fbe4
I20260709 13:15:30.552500  9628 leader_election.cc:304] T 86d0b1f5f2994387a3a60717c6b92f43 P 62fef7003aa44190a6de64eeba4759f1 [CANDIDATE]: Term 1 election: Election decided. Result: candidate won. Election summary: received 2 responses out of 3 voters: 2 yes votes; 0 no votes. yes voters: 62fef7003aa44190a6de64eeba4759f1, db3e0d5aa3d44940a978de9fc90f230d; no voters: 
W20260709 13:15:30.556505  9627 leader_election.cc:343] T 5ccf672b282a4c54a55957f7503c8b83 P 62fef7003aa44190a6de64eeba4759f1 [CANDIDATE]: Term 1 pre-election: Tablet error from VoteRequest() call to peer f4151554fb0c43b78055f6b2b9a5fbe4 (127.8.90.130:43495): Illegal state: must be running to vote when last-logged opid is not known
I20260709 13:15:30.557327  9627 leader_election.cc:304] T 5ccf672b282a4c54a55957f7503c8b83 P 62fef7003aa44190a6de64eeba4759f1 [CANDIDATE]: Term 1 pre-election: Election decided. Result: candidate lost. Election summary: received 3 responses out of 3 voters: 1 yes votes; 2 no votes. yes voters: 62fef7003aa44190a6de64eeba4759f1; no voters: db3e0d5aa3d44940a978de9fc90f230d, f4151554fb0c43b78055f6b2b9a5fbe4
W20260709 13:15:30.559124  9776 leader_election.cc:343] T 0cb07d41ab8c4f30aae006e5873a24c9 P db3e0d5aa3d44940a978de9fc90f230d [CANDIDATE]: Term 1 election: Tablet error from VoteRequest() call to peer f4151554fb0c43b78055f6b2b9a5fbe4 (127.8.90.130:43495): Illegal state: must be running to vote when last-logged opid is not known
I20260709 13:15:30.561833 10155 raft_consensus.cc:2749] T 30cb0345196c4bbc9e1105cc26e647bc P 62fef7003aa44190a6de64eeba4759f1 [term 0 FOLLOWER]: Leader pre-election lost for term 1. Reason: could not achieve majority
I20260709 13:15:30.562793 10157 raft_consensus.cc:2804] T 86d0b1f5f2994387a3a60717c6b92f43 P 62fef7003aa44190a6de64eeba4759f1 [term 1 FOLLOWER]: Leader election won for term 1
I20260709 13:15:30.563433 10157 raft_consensus.cc:697] T 86d0b1f5f2994387a3a60717c6b92f43 P 62fef7003aa44190a6de64eeba4759f1 [term 1 LEADER]: Becoming Leader. State: Replica: 62fef7003aa44190a6de64eeba4759f1, State: Running, Role: LEADER
I20260709 13:15:30.564260 10157 consensus_queue.cc:237] T 86d0b1f5f2994387a3a60717c6b92f43 P 62fef7003aa44190a6de64eeba4759f1 [LEADER]: Queue going to LEADER mode. State: All replicated index: 0, Majority replicated index: 0, Committed index: 0, Last appended: 0.0, Last appended by leader: 0, Current term: 1, Majority size: 2, State: 0, Mode: LEADER, active raft config: opid_index: -1 OBSOLETE_local: false peers { permanent_uuid: "62fef7003aa44190a6de64eeba4759f1" member_type: VOTER last_known_addr { host: "127.8.90.129" port: 44719 } } peers { permanent_uuid: "f4151554fb0c43b78055f6b2b9a5fbe4" member_type: VOTER last_known_addr { host: "127.8.90.130" port: 43495 } } peers { permanent_uuid: "db3e0d5aa3d44940a978de9fc90f230d" member_type: VOTER last_known_addr { host: "127.8.90.131" port: 39647 } }
I20260709 13:15:30.565398  9882 raft_consensus.cc:493] T 14a60d5e1f0440cca30e1d7dbcd19230 P db3e0d5aa3d44940a978de9fc90f230d [term 0 FOLLOWER]: Starting pre-election (no leader contacted us within the election timeout)
I20260709 13:15:30.565801  9852 tablet_bootstrap.cc:492] T 974c6082dfae418f82a573104d66eb43 P db3e0d5aa3d44940a978de9fc90f230d: No bootstrap required, opened a new log
I20260709 13:15:30.566288  9852 ts_tablet_manager.cc:1403] T 974c6082dfae418f82a573104d66eb43 P db3e0d5aa3d44940a978de9fc90f230d: Time spent bootstrapping tablet: real 0.035s	user 0.016s	sys 0.015s
I20260709 13:15:30.565919  9882 raft_consensus.cc:515] T 14a60d5e1f0440cca30e1d7dbcd19230 P db3e0d5aa3d44940a978de9fc90f230d [term 0 FOLLOWER]: Starting pre-election with config: opid_index: -1 OBSOLETE_local: false peers { permanent_uuid: "62fef7003aa44190a6de64eeba4759f1" member_type: VOTER last_known_addr { host: "127.8.90.129" port: 44719 } } peers { permanent_uuid: "f4151554fb0c43b78055f6b2b9a5fbe4" member_type: VOTER last_known_addr { host: "127.8.90.130" port: 43495 } } peers { permanent_uuid: "db3e0d5aa3d44940a978de9fc90f230d" member_type: VOTER last_known_addr { host: "127.8.90.131" port: 39647 } }
I20260709 13:15:30.569299  9882 leader_election.cc:290] T 14a60d5e1f0440cca30e1d7dbcd19230 P db3e0d5aa3d44940a978de9fc90f230d [CANDIDATE]: Term 1 pre-election: Requested pre-vote from peers 62fef7003aa44190a6de64eeba4759f1 (127.8.90.129:44719), f4151554fb0c43b78055f6b2b9a5fbe4 (127.8.90.130:43495)
I20260709 13:15:30.570181  9852 raft_consensus.cc:359] T 974c6082dfae418f82a573104d66eb43 P db3e0d5aa3d44940a978de9fc90f230d [term 0 FOLLOWER]: Replica starting. Triggering 0 pending ops. Active config: opid_index: -1 OBSOLETE_local: false peers { permanent_uuid: "62fef7003aa44190a6de64eeba4759f1" member_type: VOTER last_known_addr { host: "127.8.90.129" port: 44719 } } peers { permanent_uuid: "f4151554fb0c43b78055f6b2b9a5fbe4" member_type: VOTER last_known_addr { host: "127.8.90.130" port: 43495 } } peers { permanent_uuid: "db3e0d5aa3d44940a978de9fc90f230d" member_type: VOTER last_known_addr { host: "127.8.90.131" port: 39647 } }
I20260709 13:15:30.570950  9852 raft_consensus.cc:385] T 974c6082dfae418f82a573104d66eb43 P db3e0d5aa3d44940a978de9fc90f230d [term 0 FOLLOWER]: Consensus starting up: Expiring failure detector timer to make a prompt election more likely
I20260709 13:15:30.571218  9852 raft_consensus.cc:740] T 974c6082dfae418f82a573104d66eb43 P db3e0d5aa3d44940a978de9fc90f230d [term 0 FOLLOWER]: Becoming Follower/Learner. State: Replica: db3e0d5aa3d44940a978de9fc90f230d, State: Initialized, Role: FOLLOWER
I20260709 13:15:30.571930  9852 consensus_queue.cc:260] T 974c6082dfae418f82a573104d66eb43 P db3e0d5aa3d44940a978de9fc90f230d [NON_LEADER]: Queue going to NON_LEADER mode. State: All replicated index: 0, Majority replicated index: 0, Committed index: 0, Last appended: 0.0, Last appended by leader: 0, Current term: 0, Majority size: -1, State: 0, Mode: NON_LEADER, active raft config: opid_index: -1 OBSOLETE_local: false peers { permanent_uuid: "62fef7003aa44190a6de64eeba4759f1" member_type: VOTER last_known_addr { host: "127.8.90.129" port: 44719 } } peers { permanent_uuid: "f4151554fb0c43b78055f6b2b9a5fbe4" member_type: VOTER last_known_addr { host: "127.8.90.130" port: 43495 } } peers { permanent_uuid: "db3e0d5aa3d44940a978de9fc90f230d" member_type: VOTER last_known_addr { host: "127.8.90.131" port: 39647 } }
I20260709 13:15:30.574115  9852 ts_tablet_manager.cc:1434] T 974c6082dfae418f82a573104d66eb43 P db3e0d5aa3d44940a978de9fc90f230d: Time spent starting tablet: real 0.008s	user 0.005s	sys 0.000s
I20260709 13:15:30.575116  9852 tablet_bootstrap.cc:492] T 17558c87c45a4ab9b9292c6c9c3d199c P db3e0d5aa3d44940a978de9fc90f230d: Bootstrap starting.
I20260709 13:15:30.556767 10069 leader_election.cc:290] T 86d0b1f5f2994387a3a60717c6b92f43 P 62fef7003aa44190a6de64eeba4759f1 [CANDIDATE]: Term 1 election: Requested vote from peers f4151554fb0c43b78055f6b2b9a5fbe4 (127.8.90.130:43495), db3e0d5aa3d44940a978de9fc90f230d (127.8.90.131:39647)
I20260709 13:15:30.588178 10164 raft_consensus.cc:493] T 14a60d5e1f0440cca30e1d7dbcd19230 P f4151554fb0c43b78055f6b2b9a5fbe4 [term 0 FOLLOWER]: Starting pre-election (no leader contacted us within the election timeout)
I20260709 13:15:30.593146  9853 ts_tablet_manager.cc:1434] T 14a60d5e1f0440cca30e1d7dbcd19230 P f4151554fb0c43b78055f6b2b9a5fbe4: Time spent starting tablet: real 0.154s	user 0.010s	sys 0.018s
I20260709 13:15:30.585386 10158 raft_consensus.cc:2749] T 5ccf672b282a4c54a55957f7503c8b83 P 62fef7003aa44190a6de64eeba4759f1 [term 0 FOLLOWER]: Leader pre-election lost for term 1. Reason: could not achieve majority
I20260709 13:15:30.588683 10164 raft_consensus.cc:515] T 14a60d5e1f0440cca30e1d7dbcd19230 P f4151554fb0c43b78055f6b2b9a5fbe4 [term 0 FOLLOWER]: Starting pre-election with config: opid_index: -1 OBSOLETE_local: false peers { permanent_uuid: "62fef7003aa44190a6de64eeba4759f1" member_type: VOTER last_known_addr { host: "127.8.90.129" port: 44719 } } peers { permanent_uuid: "f4151554fb0c43b78055f6b2b9a5fbe4" member_type: VOTER last_known_addr { host: "127.8.90.130" port: 43495 } } peers { permanent_uuid: "db3e0d5aa3d44940a978de9fc90f230d" member_type: VOTER last_known_addr { host: "127.8.90.131" port: 39647 } }
I20260709 13:15:30.594297  9853 tablet_bootstrap.cc:492] T 0cb07d41ab8c4f30aae006e5873a24c9 P f4151554fb0c43b78055f6b2b9a5fbe4: Bootstrap starting.
I20260709 13:15:30.595209  9660 tablet_service.cc:1917] Received RequestConsensusVote() RPC: tablet_id: "0cb07d41ab8c4f30aae006e5873a24c9" candidate_uuid: "db3e0d5aa3d44940a978de9fc90f230d" candidate_term: 1 candidate_status { last_received { term: 0 index: 0 } } ignore_live_leader: false dest_uuid: "62fef7003aa44190a6de64eeba4759f1"
I20260709 13:15:30.597091  9660 raft_consensus.cc:3060] T 0cb07d41ab8c4f30aae006e5873a24c9 P 62fef7003aa44190a6de64eeba4759f1 [term 0 FOLLOWER]: Advancing to term 1
I20260709 13:15:30.598449  9658 tablet_service.cc:1917] Received RequestConsensusVote() RPC: tablet_id: "14a60d5e1f0440cca30e1d7dbcd19230" candidate_uuid: "db3e0d5aa3d44940a978de9fc90f230d" candidate_term: 1 candidate_status { last_received { term: 0 index: 0 } } ignore_live_leader: false dest_uuid: "62fef7003aa44190a6de64eeba4759f1" is_pre_election: true
I20260709 13:15:30.592239  9733 tablet_service.cc:1917] Received RequestConsensusVote() RPC: tablet_id: "14a60d5e1f0440cca30e1d7dbcd19230" candidate_uuid: "db3e0d5aa3d44940a978de9fc90f230d" candidate_term: 1 candidate_status { last_received { term: 0 index: 0 } } ignore_live_leader: false dest_uuid: "f4151554fb0c43b78055f6b2b9a5fbe4" is_pre_election: true
I20260709 13:15:30.599083  9658 raft_consensus.cc:2468] T 14a60d5e1f0440cca30e1d7dbcd19230 P 62fef7003aa44190a6de64eeba4759f1 [term 0 FOLLOWER]: Leader pre-election vote request: Granting yes vote for candidate db3e0d5aa3d44940a978de9fc90f230d in term 0.
I20260709 13:15:30.607684 10164 leader_election.cc:290] T 14a60d5e1f0440cca30e1d7dbcd19230 P f4151554fb0c43b78055f6b2b9a5fbe4 [CANDIDATE]: Term 1 pre-election: Requested pre-vote from peers 62fef7003aa44190a6de64eeba4759f1 (127.8.90.129:44719), db3e0d5aa3d44940a978de9fc90f230d (127.8.90.131:39647)
I20260709 13:15:30.608779  9733 raft_consensus.cc:2468] T 14a60d5e1f0440cca30e1d7dbcd19230 P f4151554fb0c43b78055f6b2b9a5fbe4 [term 0 FOLLOWER]: Leader pre-election vote request: Granting yes vote for candidate db3e0d5aa3d44940a978de9fc90f230d in term 0.
I20260709 13:15:30.610795  9774 leader_election.cc:304] T 14a60d5e1f0440cca30e1d7dbcd19230 P db3e0d5aa3d44940a978de9fc90f230d [CANDIDATE]: Term 1 pre-election: Election decided. Result: candidate won. Election summary: received 2 responses out of 3 voters: 2 yes votes; 0 no votes. yes voters: 62fef7003aa44190a6de64eeba4759f1, db3e0d5aa3d44940a978de9fc90f230d; no voters: 
I20260709 13:15:30.608888  9735 raft_consensus.cc:2468] T 86d0b1f5f2994387a3a60717c6b92f43 P f4151554fb0c43b78055f6b2b9a5fbe4 [term 1 FOLLOWER]: Leader election vote request: Granting yes vote for candidate 62fef7003aa44190a6de64eeba4759f1 in term 1.
I20260709 13:15:30.617409  9809 tablet_service.cc:1917] Received RequestConsensusVote() RPC: tablet_id: "14a60d5e1f0440cca30e1d7dbcd19230" candidate_uuid: "f4151554fb0c43b78055f6b2b9a5fbe4" candidate_term: 1 candidate_status { last_received { term: 0 index: 0 } } ignore_live_leader: false dest_uuid: "db3e0d5aa3d44940a978de9fc90f230d" is_pre_election: true
I20260709 13:15:30.621560  9660 raft_consensus.cc:2468] T 0cb07d41ab8c4f30aae006e5873a24c9 P 62fef7003aa44190a6de64eeba4759f1 [term 1 FOLLOWER]: Leader election vote request: Granting yes vote for candidate db3e0d5aa3d44940a978de9fc90f230d in term 1.
I20260709 13:15:30.616348  9662 tablet_service.cc:1917] Received RequestConsensusVote() RPC: tablet_id: "14a60d5e1f0440cca30e1d7dbcd19230" candidate_uuid: "f4151554fb0c43b78055f6b2b9a5fbe4" candidate_term: 1 candidate_status { last_received { term: 0 index: 0 } } ignore_live_leader: false dest_uuid: "62fef7003aa44190a6de64eeba4759f1" is_pre_election: true
I20260709 13:15:30.615825  9931 raft_consensus.cc:2804] T 14a60d5e1f0440cca30e1d7dbcd19230 P db3e0d5aa3d44940a978de9fc90f230d [term 0 FOLLOWER]: Leader pre-election won for term 1
I20260709 13:15:30.627039  9931 raft_consensus.cc:493] T 14a60d5e1f0440cca30e1d7dbcd19230 P db3e0d5aa3d44940a978de9fc90f230d [term 0 FOLLOWER]: Starting leader election (no leader contacted us within the election timeout)
I20260709 13:15:30.627836  9931 raft_consensus.cc:3060] T 14a60d5e1f0440cca30e1d7dbcd19230 P db3e0d5aa3d44940a978de9fc90f230d [term 0 FOLLOWER]: Advancing to term 1
I20260709 13:15:30.626441  9662 raft_consensus.cc:2468] T 14a60d5e1f0440cca30e1d7dbcd19230 P 62fef7003aa44190a6de64eeba4759f1 [term 0 FOLLOWER]: Leader pre-election vote request: Granting yes vote for candidate f4151554fb0c43b78055f6b2b9a5fbe4 in term 0.
I20260709 13:15:30.634028  9700 leader_election.cc:304] T 14a60d5e1f0440cca30e1d7dbcd19230 P f4151554fb0c43b78055f6b2b9a5fbe4 [CANDIDATE]: Term 1 pre-election: Election decided. Result: candidate won. Election summary: received 2 responses out of 3 voters: 2 yes votes; 0 no votes. yes voters: 62fef7003aa44190a6de64eeba4759f1, f4151554fb0c43b78055f6b2b9a5fbe4; no voters: 
I20260709 13:15:30.634842 10164 raft_consensus.cc:2804] T 14a60d5e1f0440cca30e1d7dbcd19230 P f4151554fb0c43b78055f6b2b9a5fbe4 [term 0 FOLLOWER]: Leader pre-election won for term 1
I20260709 13:15:30.635298 10164 raft_consensus.cc:493] T 14a60d5e1f0440cca30e1d7dbcd19230 P f4151554fb0c43b78055f6b2b9a5fbe4 [term 0 FOLLOWER]: Starting leader election (no leader contacted us within the election timeout)
I20260709 13:15:30.635444  9853 tablet_bootstrap.cc:654] T 0cb07d41ab8c4f30aae006e5873a24c9 P f4151554fb0c43b78055f6b2b9a5fbe4: Neither blocks nor log segments found. Creating new log.
I20260709 13:15:30.635679 10164 raft_consensus.cc:3060] T 14a60d5e1f0440cca30e1d7dbcd19230 P f4151554fb0c43b78055f6b2b9a5fbe4 [term 0 FOLLOWER]: Advancing to term 1
I20260709 13:15:30.648631  9774 leader_election.cc:304] T 0cb07d41ab8c4f30aae006e5873a24c9 P db3e0d5aa3d44940a978de9fc90f230d [CANDIDATE]: Term 1 election: Election decided. Result: candidate won. Election summary: received 3 responses out of 3 voters: 2 yes votes; 1 no votes. yes voters: 62fef7003aa44190a6de64eeba4759f1, db3e0d5aa3d44940a978de9fc90f230d; no voters: f4151554fb0c43b78055f6b2b9a5fbe4
I20260709 13:15:30.649242  9855 raft_consensus.cc:493] T d02fb89af8024c27a5c589a85ee2f08a P 62fef7003aa44190a6de64eeba4759f1 [term 0 FOLLOWER]: Starting pre-election (no leader contacted us within the election timeout)
I20260709 13:15:30.649910  9882 raft_consensus.cc:2804] T 0cb07d41ab8c4f30aae006e5873a24c9 P db3e0d5aa3d44940a978de9fc90f230d [term 1 FOLLOWER]: Leader election won for term 1
I20260709 13:15:30.649708  9855 raft_consensus.cc:515] T d02fb89af8024c27a5c589a85ee2f08a P 62fef7003aa44190a6de64eeba4759f1 [term 0 FOLLOWER]: Starting pre-election with config: opid_index: -1 OBSOLETE_local: false peers { permanent_uuid: "62fef7003aa44190a6de64eeba4759f1" member_type: VOTER last_known_addr { host: "127.8.90.129" port: 44719 } } peers { permanent_uuid: "f4151554fb0c43b78055f6b2b9a5fbe4" member_type: VOTER last_known_addr { host: "127.8.90.130" port: 43495 } } peers { permanent_uuid: "db3e0d5aa3d44940a978de9fc90f230d" member_type: VOTER last_known_addr { host: "127.8.90.131" port: 39647 } }
I20260709 13:15:30.651958  9855 leader_election.cc:290] T d02fb89af8024c27a5c589a85ee2f08a P 62fef7003aa44190a6de64eeba4759f1 [CANDIDATE]: Term 1 pre-election: Requested pre-vote from peers f4151554fb0c43b78055f6b2b9a5fbe4 (127.8.90.130:43495), db3e0d5aa3d44940a978de9fc90f230d (127.8.90.131:39647)
I20260709 13:15:30.652470  9882 raft_consensus.cc:697] T 0cb07d41ab8c4f30aae006e5873a24c9 P db3e0d5aa3d44940a978de9fc90f230d [term 1 LEADER]: Becoming Leader. State: Replica: db3e0d5aa3d44940a978de9fc90f230d, State: Running, Role: LEADER
I20260709 13:15:30.654729  9807 tablet_service.cc:1917] Received RequestConsensusVote() RPC: tablet_id: "d02fb89af8024c27a5c589a85ee2f08a" candidate_uuid: "62fef7003aa44190a6de64eeba4759f1" candidate_term: 1 candidate_status { last_received { term: 0 index: 0 } } ignore_live_leader: false dest_uuid: "db3e0d5aa3d44940a978de9fc90f230d" is_pre_election: true
I20260709 13:15:30.655401  9733 tablet_service.cc:1917] Received RequestConsensusVote() RPC: tablet_id: "d02fb89af8024c27a5c589a85ee2f08a" candidate_uuid: "62fef7003aa44190a6de64eeba4759f1" candidate_term: 1 candidate_status { last_received { term: 0 index: 0 } } ignore_live_leader: false dest_uuid: "f4151554fb0c43b78055f6b2b9a5fbe4" is_pre_election: true
W20260709 13:15:30.656746  9627 leader_election.cc:343] T d02fb89af8024c27a5c589a85ee2f08a P 62fef7003aa44190a6de64eeba4759f1 [CANDIDATE]: Term 1 pre-election: Tablet error from VoteRequest() call to peer f4151554fb0c43b78055f6b2b9a5fbe4 (127.8.90.130:43495): Illegal state: must be running to vote when last-logged opid is not known
W20260709 13:15:30.657258  9628 leader_election.cc:343] T d02fb89af8024c27a5c589a85ee2f08a P 62fef7003aa44190a6de64eeba4759f1 [CANDIDATE]: Term 1 pre-election: Tablet error from VoteRequest() call to peer db3e0d5aa3d44940a978de9fc90f230d (127.8.90.131:39647): Illegal state: must be running to vote when last-logged opid is not known
I20260709 13:15:30.657668  9628 leader_election.cc:304] T d02fb89af8024c27a5c589a85ee2f08a P 62fef7003aa44190a6de64eeba4759f1 [CANDIDATE]: Term 1 pre-election: Election decided. Result: candidate lost. Election summary: received 3 responses out of 3 voters: 1 yes votes; 2 no votes. yes voters: 62fef7003aa44190a6de64eeba4759f1; no voters: db3e0d5aa3d44940a978de9fc90f230d, f4151554fb0c43b78055f6b2b9a5fbe4
I20260709 13:15:30.658710  9855 raft_consensus.cc:2749] T d02fb89af8024c27a5c589a85ee2f08a P 62fef7003aa44190a6de64eeba4759f1 [term 0 FOLLOWER]: Leader pre-election lost for term 1. Reason: could not achieve majority
I20260709 13:15:30.653203  9882 consensus_queue.cc:237] T 0cb07d41ab8c4f30aae006e5873a24c9 P db3e0d5aa3d44940a978de9fc90f230d [LEADER]: Queue going to LEADER mode. State: All replicated index: 0, Majority replicated index: 0, Committed index: 0, Last appended: 0.0, Last appended by leader: 0, Current term: 1, Majority size: 2, State: 0, Mode: LEADER, active raft config: opid_index: -1 OBSOLETE_local: false peers { permanent_uuid: "62fef7003aa44190a6de64eeba4759f1" member_type: VOTER last_known_addr { host: "127.8.90.129" port: 44719 } } peers { permanent_uuid: "f4151554fb0c43b78055f6b2b9a5fbe4" member_type: VOTER last_known_addr { host: "127.8.90.130" port: 43495 } } peers { permanent_uuid: "db3e0d5aa3d44940a978de9fc90f230d" member_type: VOTER last_known_addr { host: "127.8.90.131" port: 39647 } }
I20260709 13:15:30.660410 10164 raft_consensus.cc:515] T 14a60d5e1f0440cca30e1d7dbcd19230 P f4151554fb0c43b78055f6b2b9a5fbe4 [term 1 FOLLOWER]: Starting leader election with config: opid_index: -1 OBSOLETE_local: false peers { permanent_uuid: "62fef7003aa44190a6de64eeba4759f1" member_type: VOTER last_known_addr { host: "127.8.90.129" port: 44719 } } peers { permanent_uuid: "f4151554fb0c43b78055f6b2b9a5fbe4" member_type: VOTER last_known_addr { host: "127.8.90.130" port: 43495 } } peers { permanent_uuid: "db3e0d5aa3d44940a978de9fc90f230d" member_type: VOTER last_known_addr { host: "127.8.90.131" port: 39647 } }
I20260709 13:15:30.663419  9658 tablet_service.cc:1917] Received RequestConsensusVote() RPC: tablet_id: "14a60d5e1f0440cca30e1d7dbcd19230" candidate_uuid: "f4151554fb0c43b78055f6b2b9a5fbe4" candidate_term: 1 candidate_status { last_received { term: 0 index: 0 } } ignore_live_leader: false dest_uuid: "62fef7003aa44190a6de64eeba4759f1"
I20260709 13:15:30.664016  9658 raft_consensus.cc:3060] T 14a60d5e1f0440cca30e1d7dbcd19230 P 62fef7003aa44190a6de64eeba4759f1 [term 0 FOLLOWER]: Advancing to term 1
I20260709 13:15:30.669440  9852 tablet_bootstrap.cc:654] T 17558c87c45a4ab9b9292c6c9c3d199c P db3e0d5aa3d44940a978de9fc90f230d: Neither blocks nor log segments found. Creating new log.
I20260709 13:15:30.673440  9853 tablet_bootstrap.cc:492] T 0cb07d41ab8c4f30aae006e5873a24c9 P f4151554fb0c43b78055f6b2b9a5fbe4: No bootstrap required, opened a new log
I20260709 13:15:30.673929  9853 ts_tablet_manager.cc:1403] T 0cb07d41ab8c4f30aae006e5873a24c9 P f4151554fb0c43b78055f6b2b9a5fbe4: Time spent bootstrapping tablet: real 0.080s	user 0.023s	sys 0.000s
I20260709 13:15:30.679541 10164 leader_election.cc:290] T 14a60d5e1f0440cca30e1d7dbcd19230 P f4151554fb0c43b78055f6b2b9a5fbe4 [CANDIDATE]: Term 1 election: Requested vote from peers 62fef7003aa44190a6de64eeba4759f1 (127.8.90.129:44719), db3e0d5aa3d44940a978de9fc90f230d (127.8.90.131:39647)
I20260709 13:15:30.680757  9807 tablet_service.cc:1917] Received RequestConsensusVote() RPC: tablet_id: "14a60d5e1f0440cca30e1d7dbcd19230" candidate_uuid: "f4151554fb0c43b78055f6b2b9a5fbe4" candidate_term: 1 candidate_status { last_received { term: 0 index: 0 } } ignore_live_leader: false dest_uuid: "db3e0d5aa3d44940a978de9fc90f230d"
I20260709 13:15:30.681083  9853 raft_consensus.cc:359] T 0cb07d41ab8c4f30aae006e5873a24c9 P f4151554fb0c43b78055f6b2b9a5fbe4 [term 0 FOLLOWER]: Replica starting. Triggering 0 pending ops. Active config: opid_index: -1 OBSOLETE_local: false peers { permanent_uuid: "62fef7003aa44190a6de64eeba4759f1" member_type: VOTER last_known_addr { host: "127.8.90.129" port: 44719 } } peers { permanent_uuid: "f4151554fb0c43b78055f6b2b9a5fbe4" member_type: VOTER last_known_addr { host: "127.8.90.130" port: 43495 } } peers { permanent_uuid: "db3e0d5aa3d44940a978de9fc90f230d" member_type: VOTER last_known_addr { host: "127.8.90.131" port: 39647 } }
I20260709 13:15:30.681728  9853 raft_consensus.cc:385] T 0cb07d41ab8c4f30aae006e5873a24c9 P f4151554fb0c43b78055f6b2b9a5fbe4 [term 0 FOLLOWER]: Consensus starting up: Expiring failure detector timer to make a prompt election more likely
I20260709 13:15:30.681955  9853 raft_consensus.cc:740] T 0cb07d41ab8c4f30aae006e5873a24c9 P f4151554fb0c43b78055f6b2b9a5fbe4 [term 0 FOLLOWER]: Becoming Follower/Learner. State: Replica: f4151554fb0c43b78055f6b2b9a5fbe4, State: Initialized, Role: FOLLOWER
I20260709 13:15:30.682452  9853 consensus_queue.cc:260] T 0cb07d41ab8c4f30aae006e5873a24c9 P f4151554fb0c43b78055f6b2b9a5fbe4 [NON_LEADER]: Queue going to NON_LEADER mode. State: All replicated index: 0, Majority replicated index: 0, Committed index: 0, Last appended: 0.0, Last appended by leader: 0, Current term: 0, Majority size: -1, State: 0, Mode: NON_LEADER, active raft config: opid_index: -1 OBSOLETE_local: false peers { permanent_uuid: "62fef7003aa44190a6de64eeba4759f1" member_type: VOTER last_known_addr { host: "127.8.90.129" port: 44719 } } peers { permanent_uuid: "f4151554fb0c43b78055f6b2b9a5fbe4" member_type: VOTER last_known_addr { host: "127.8.90.130" port: 43495 } } peers { permanent_uuid: "db3e0d5aa3d44940a978de9fc90f230d" member_type: VOTER last_known_addr { host: "127.8.90.131" port: 39647 } }
I20260709 13:15:30.677806  9931 raft_consensus.cc:515] T 14a60d5e1f0440cca30e1d7dbcd19230 P db3e0d5aa3d44940a978de9fc90f230d [term 1 FOLLOWER]: Starting leader election with config: opid_index: -1 OBSOLETE_local: false peers { permanent_uuid: "62fef7003aa44190a6de64eeba4759f1" member_type: VOTER last_known_addr { host: "127.8.90.129" port: 44719 } } peers { permanent_uuid: "f4151554fb0c43b78055f6b2b9a5fbe4" member_type: VOTER last_known_addr { host: "127.8.90.130" port: 43495 } } peers { permanent_uuid: "db3e0d5aa3d44940a978de9fc90f230d" member_type: VOTER last_known_addr { host: "127.8.90.131" port: 39647 } }
I20260709 13:15:30.677278  9658 raft_consensus.cc:2468] T 14a60d5e1f0440cca30e1d7dbcd19230 P 62fef7003aa44190a6de64eeba4759f1 [term 1 FOLLOWER]: Leader election vote request: Granting yes vote for candidate f4151554fb0c43b78055f6b2b9a5fbe4 in term 1.
I20260709 13:15:30.688588  9853 ts_tablet_manager.cc:1434] T 0cb07d41ab8c4f30aae006e5873a24c9 P f4151554fb0c43b78055f6b2b9a5fbe4: Time spent starting tablet: real 0.014s	user 0.007s	sys 0.000s
I20260709 13:15:30.689527  9852 tablet_bootstrap.cc:492] T 17558c87c45a4ab9b9292c6c9c3d199c P db3e0d5aa3d44940a978de9fc90f230d: No bootstrap required, opened a new log
I20260709 13:15:30.693878  9809 raft_consensus.cc:2393] T 14a60d5e1f0440cca30e1d7dbcd19230 P db3e0d5aa3d44940a978de9fc90f230d [term 1 FOLLOWER]: Leader pre-election vote request: Denying vote to candidate f4151554fb0c43b78055f6b2b9a5fbe4 in current term 1: Already voted for candidate db3e0d5aa3d44940a978de9fc90f230d in this term.
I20260709 13:15:30.694144  9853 tablet_bootstrap.cc:492] T 98aea2bb89414dea8228bf49d2f8b36e P f4151554fb0c43b78055f6b2b9a5fbe4: Bootstrap starting.
I20260709 13:15:30.694336  9852 ts_tablet_manager.cc:1403] T 17558c87c45a4ab9b9292c6c9c3d199c P db3e0d5aa3d44940a978de9fc90f230d: Time spent bootstrapping tablet: real 0.119s	user 0.010s	sys 0.002s
I20260709 13:15:30.697242  9852 raft_consensus.cc:359] T 17558c87c45a4ab9b9292c6c9c3d199c P db3e0d5aa3d44940a978de9fc90f230d [term 0 FOLLOWER]: Replica starting. Triggering 0 pending ops. Active config: opid_index: -1 OBSOLETE_local: false peers { permanent_uuid: "62fef7003aa44190a6de64eeba4759f1" member_type: VOTER last_known_addr { host: "127.8.90.129" port: 44719 } } peers { permanent_uuid: "f4151554fb0c43b78055f6b2b9a5fbe4" member_type: VOTER last_known_addr { host: "127.8.90.130" port: 43495 } } peers { permanent_uuid: "db3e0d5aa3d44940a978de9fc90f230d" member_type: VOTER last_known_addr { host: "127.8.90.131" port: 39647 } }
I20260709 13:15:30.697989  9852 raft_consensus.cc:385] T 17558c87c45a4ab9b9292c6c9c3d199c P db3e0d5aa3d44940a978de9fc90f230d [term 0 FOLLOWER]: Consensus starting up: Expiring failure detector timer to make a prompt election more likely
I20260709 13:15:30.694073  9700 leader_election.cc:304] T 14a60d5e1f0440cca30e1d7dbcd19230 P f4151554fb0c43b78055f6b2b9a5fbe4 [CANDIDATE]: Term 1 election: Election decided. Result: candidate won. Election summary: received 3 responses out of 3 voters: 2 yes votes; 1 no votes. yes voters: 62fef7003aa44190a6de64eeba4759f1, f4151554fb0c43b78055f6b2b9a5fbe4; no voters: db3e0d5aa3d44940a978de9fc90f230d
I20260709 13:15:30.698400  9852 raft_consensus.cc:740] T 17558c87c45a4ab9b9292c6c9c3d199c P db3e0d5aa3d44940a978de9fc90f230d [term 0 FOLLOWER]: Becoming Follower/Learner. State: Replica: db3e0d5aa3d44940a978de9fc90f230d, State: Initialized, Role: FOLLOWER
I20260709 13:15:30.699012 10164 raft_consensus.cc:2804] T 14a60d5e1f0440cca30e1d7dbcd19230 P f4151554fb0c43b78055f6b2b9a5fbe4 [term 1 FOLLOWER]: Leader election won for term 1
