I20260709 13:15:29.185158  9852 consensus_queue.cc:260] T ed30476c0c09409197c52a2f7ded8114 P db3e0d5aa3d44940a978de9fc90f230d [NON_LEADER]: Queue going to NON_LEADER mode. State: All replicated index: 0, Majority replicated index: 0, Committed index: 0, Last appended: 0.0, Last appended by leader: 0, Current term: 0, Majority size: -1, State: 0, Mode: NON_LEADER, active raft config: opid_index: -1 OBSOLETE_local: false peers { permanent_uuid: "62fef7003aa44190a6de64eeba4759f1" member_type: VOTER last_known_addr { host: "127.8.90.129" port: 44719 } } peers { permanent_uuid: "f4151554fb0c43b78055f6b2b9a5fbe4" member_type: VOTER last_known_addr { host: "127.8.90.130" port: 43495 } } peers { permanent_uuid: "db3e0d5aa3d44940a978de9fc90f230d" member_type: VOTER last_known_addr { host: "127.8.90.131" port: 39647 } }
I20260709 13:15:29.187487  9852 ts_tablet_manager.cc:1434] T ed30476c0c09409197c52a2f7ded8114 P db3e0d5aa3d44940a978de9fc90f230d: Time spent starting tablet: real 0.015s	user 0.006s	sys 0.000s
I20260709 13:15:29.190842  9852 tablet_bootstrap.cc:492] T c333dadee62442068f87a6856d3ddd84 P db3e0d5aa3d44940a978de9fc90f230d: Bootstrap starting.
I20260709 13:15:29.178690  9662 tablet_service.cc:1917] Received RequestConsensusVote() RPC: tablet_id: "ea0edd8add1743739c58729ea3cc2847" candidate_uuid: "db3e0d5aa3d44940a978de9fc90f230d" candidate_term: 1 candidate_status { last_received { term: 0 index: 0 } } ignore_live_leader: false dest_uuid: "62fef7003aa44190a6de64eeba4759f1" is_pre_election: true
I20260709 13:15:29.179523  9660 tablet_service.cc:1917] Received RequestConsensusVote() RPC: tablet_id: "9680551ea28b430cae4f7f63750a1494" candidate_uuid: "db3e0d5aa3d44940a978de9fc90f230d" candidate_term: 1 candidate_status { last_received { term: 0 index: 0 } } ignore_live_leader: false dest_uuid: "62fef7003aa44190a6de64eeba4759f1"
I20260709 13:15:29.181156  9851 tablet_bootstrap.cc:654] T 17558c87c45a4ab9b9292c6c9c3d199c P 62fef7003aa44190a6de64eeba4759f1: Neither blocks nor log segments found. Creating new log.
I20260709 13:15:29.181057  9733 tablet_service.cc:1917] Received RequestConsensusVote() RPC: tablet_id: "9680551ea28b430cae4f7f63750a1494" candidate_uuid: "db3e0d5aa3d44940a978de9fc90f230d" candidate_term: 1 candidate_status { last_received { term: 0 index: 0 } } ignore_live_leader: false dest_uuid: "f4151554fb0c43b78055f6b2b9a5fbe4"
I20260709 13:15:29.183468  9736 tablet_service.cc:1917] Received RequestConsensusVote() RPC: tablet_id: "ea0edd8add1743739c58729ea3cc2847" candidate_uuid: "db3e0d5aa3d44940a978de9fc90f230d" candidate_term: 1 candidate_status { last_received { term: 0 index: 0 } } ignore_live_leader: false dest_uuid: "f4151554fb0c43b78055f6b2b9a5fbe4" is_pre_election: true
I20260709 13:15:29.195785  9660 raft_consensus.cc:3060] T 9680551ea28b430cae4f7f63750a1494 P 62fef7003aa44190a6de64eeba4759f1 [term 0 FOLLOWER]: Advancing to term 1
I20260709 13:15:29.195887  9733 raft_consensus.cc:3060] T 9680551ea28b430cae4f7f63750a1494 P f4151554fb0c43b78055f6b2b9a5fbe4 [term 0 FOLLOWER]: Advancing to term 1
W20260709 13:15:29.197029  9776 leader_election.cc:343] T ea0edd8add1743739c58729ea3cc2847 P db3e0d5aa3d44940a978de9fc90f230d [CANDIDATE]: Term 1 pre-election: Tablet error from VoteRequest() call to peer f4151554fb0c43b78055f6b2b9a5fbe4 (127.8.90.130:43495): Illegal state: must be running to vote when last-logged opid is not known
I20260709 13:15:29.197826  9852 tablet_bootstrap.cc:654] T c333dadee62442068f87a6856d3ddd84 P db3e0d5aa3d44940a978de9fc90f230d: Neither blocks nor log segments found. Creating new log.
I20260709 13:15:29.205230  9853 tablet_bootstrap.cc:492] T 8ff88601475640949d72564daa76254e P f4151554fb0c43b78055f6b2b9a5fbe4: No bootstrap required, opened a new log
I20260709 13:15:29.205806  9853 ts_tablet_manager.cc:1403] T 8ff88601475640949d72564daa76254e P f4151554fb0c43b78055f6b2b9a5fbe4: Time spent bootstrapping tablet: real 0.077s	user 0.023s	sys 0.007s
I20260709 13:15:29.208904  9733 raft_consensus.cc:2468] T 9680551ea28b430cae4f7f63750a1494 P f4151554fb0c43b78055f6b2b9a5fbe4 [term 1 FOLLOWER]: Leader election vote request: Granting yes vote for candidate db3e0d5aa3d44940a978de9fc90f230d in term 1.
I20260709 13:15:29.208658  9853 raft_consensus.cc:359] T 8ff88601475640949d72564daa76254e P f4151554fb0c43b78055f6b2b9a5fbe4 [term 0 FOLLOWER]: Replica starting. Triggering 0 pending ops. Active config: opid_index: -1 OBSOLETE_local: false peers { permanent_uuid: "62fef7003aa44190a6de64eeba4759f1" member_type: VOTER last_known_addr { host: "127.8.90.129" port: 44719 } } peers { permanent_uuid: "f4151554fb0c43b78055f6b2b9a5fbe4" member_type: VOTER last_known_addr { host: "127.8.90.130" port: 43495 } } peers { permanent_uuid: "db3e0d5aa3d44940a978de9fc90f230d" member_type: VOTER last_known_addr { host: "127.8.90.131" port: 39647 } }
I20260709 13:15:29.209560  9853 raft_consensus.cc:385] T 8ff88601475640949d72564daa76254e P f4151554fb0c43b78055f6b2b9a5fbe4 [term 0 FOLLOWER]: Consensus starting up: Expiring failure detector timer to make a prompt election more likely
I20260709 13:15:29.209873  9853 raft_consensus.cc:740] T 8ff88601475640949d72564daa76254e P f4151554fb0c43b78055f6b2b9a5fbe4 [term 0 FOLLOWER]: Becoming Follower/Learner. State: Replica: f4151554fb0c43b78055f6b2b9a5fbe4, State: Initialized, Role: FOLLOWER
I20260709 13:15:29.210295  9776 leader_election.cc:304] T 9680551ea28b430cae4f7f63750a1494 P db3e0d5aa3d44940a978de9fc90f230d [CANDIDATE]: Term 1 election: Election decided. Result: candidate won. Election summary: received 2 responses out of 3 voters: 2 yes votes; 0 no votes. yes voters: db3e0d5aa3d44940a978de9fc90f230d, f4151554fb0c43b78055f6b2b9a5fbe4; no voters: 
I20260709 13:15:29.210521  9853 consensus_queue.cc:260] T 8ff88601475640949d72564daa76254e P f4151554fb0c43b78055f6b2b9a5fbe4 [NON_LEADER]: Queue going to NON_LEADER mode. State: All replicated index: 0, Majority replicated index: 0, Committed index: 0, Last appended: 0.0, Last appended by leader: 0, Current term: 0, Majority size: -1, State: 0, Mode: NON_LEADER, active raft config: opid_index: -1 OBSOLETE_local: false peers { permanent_uuid: "62fef7003aa44190a6de64eeba4759f1" member_type: VOTER last_known_addr { host: "127.8.90.129" port: 44719 } } peers { permanent_uuid: "f4151554fb0c43b78055f6b2b9a5fbe4" member_type: VOTER last_known_addr { host: "127.8.90.130" port: 43495 } } peers { permanent_uuid: "db3e0d5aa3d44940a978de9fc90f230d" member_type: VOTER last_known_addr { host: "127.8.90.131" port: 39647 } }
I20260709 13:15:29.211239 10009 raft_consensus.cc:2804] T 9680551ea28b430cae4f7f63750a1494 P db3e0d5aa3d44940a978de9fc90f230d [term 1 FOLLOWER]: Leader election won for term 1
I20260709 13:15:29.211751 10009 raft_consensus.cc:697] T 9680551ea28b430cae4f7f63750a1494 P db3e0d5aa3d44940a978de9fc90f230d [term 1 LEADER]: Becoming Leader. State: Replica: db3e0d5aa3d44940a978de9fc90f230d, State: Running, Role: LEADER
I20260709 13:15:29.212707  9853 ts_tablet_manager.cc:1434] T 8ff88601475640949d72564daa76254e P f4151554fb0c43b78055f6b2b9a5fbe4: Time spent starting tablet: real 0.007s	user 0.008s	sys 0.000s
I20260709 13:15:29.212611 10009 consensus_queue.cc:237] T 9680551ea28b430cae4f7f63750a1494 P db3e0d5aa3d44940a978de9fc90f230d [LEADER]: Queue going to LEADER mode. State: All replicated index: 0, Majority replicated index: 0, Committed index: 0, Last appended: 0.0, Last appended by leader: 0, Current term: 1, Majority size: 2, State: 0, Mode: LEADER, active raft config: opid_index: -1 OBSOLETE_local: false peers { permanent_uuid: "62fef7003aa44190a6de64eeba4759f1" member_type: VOTER last_known_addr { host: "127.8.90.129" port: 44719 } } peers { permanent_uuid: "f4151554fb0c43b78055f6b2b9a5fbe4" member_type: VOTER last_known_addr { host: "127.8.90.130" port: 43495 } } peers { permanent_uuid: "db3e0d5aa3d44940a978de9fc90f230d" member_type: VOTER last_known_addr { host: "127.8.90.131" port: 39647 } }
I20260709 13:15:29.213677  9853 tablet_bootstrap.cc:492] T ab5fdf8e1f4a4116b108cec307a3f621 P f4151554fb0c43b78055f6b2b9a5fbe4: Bootstrap starting.
I20260709 13:15:29.215348  9855 raft_consensus.cc:493] T ed30476c0c09409197c52a2f7ded8114 P 62fef7003aa44190a6de64eeba4759f1 [term 0 FOLLOWER]: Starting pre-election (no leader contacted us within the election timeout)
I20260709 13:15:29.215782  9855 raft_consensus.cc:515] T ed30476c0c09409197c52a2f7ded8114 P 62fef7003aa44190a6de64eeba4759f1 [term 0 FOLLOWER]: Starting pre-election with config: opid_index: -1 OBSOLETE_local: false peers { permanent_uuid: "62fef7003aa44190a6de64eeba4759f1" member_type: VOTER last_known_addr { host: "127.8.90.129" port: 44719 } } peers { permanent_uuid: "f4151554fb0c43b78055f6b2b9a5fbe4" member_type: VOTER last_known_addr { host: "127.8.90.130" port: 43495 } } peers { permanent_uuid: "db3e0d5aa3d44940a978de9fc90f230d" member_type: VOTER last_known_addr { host: "127.8.90.131" port: 39647 } }
I20260709 13:15:29.217599  9855 leader_election.cc:290] T ed30476c0c09409197c52a2f7ded8114 P 62fef7003aa44190a6de64eeba4759f1 [CANDIDATE]: Term 1 pre-election: Requested pre-vote from peers f4151554fb0c43b78055f6b2b9a5fbe4 (127.8.90.130:43495), db3e0d5aa3d44940a978de9fc90f230d (127.8.90.131:39647)
I20260709 13:15:29.218915  9808 tablet_service.cc:1917] Received RequestConsensusVote() RPC: tablet_id: "ed30476c0c09409197c52a2f7ded8114" candidate_uuid: "62fef7003aa44190a6de64eeba4759f1" candidate_term: 1 candidate_status { last_received { term: 0 index: 0 } } ignore_live_leader: false dest_uuid: "db3e0d5aa3d44940a978de9fc90f230d" is_pre_election: true
I20260709 13:15:29.219646  9808 raft_consensus.cc:2468] T ed30476c0c09409197c52a2f7ded8114 P db3e0d5aa3d44940a978de9fc90f230d [term 0 FOLLOWER]: Leader pre-election vote request: Granting yes vote for candidate 62fef7003aa44190a6de64eeba4759f1 in term 0.
I20260709 13:15:29.220570  9853 tablet_bootstrap.cc:654] T ab5fdf8e1f4a4116b108cec307a3f621 P f4151554fb0c43b78055f6b2b9a5fbe4: Neither blocks nor log segments found. Creating new log.
I20260709 13:15:29.221975  9931 raft_consensus.cc:493] T 7835b42596d94a369174a792a56f8a73 P db3e0d5aa3d44940a978de9fc90f230d [term 0 FOLLOWER]: Starting pre-election (no leader contacted us within the election timeout)
I20260709 13:15:29.222451  9931 raft_consensus.cc:515] T 7835b42596d94a369174a792a56f8a73 P db3e0d5aa3d44940a978de9fc90f230d [term 0 FOLLOWER]: Starting pre-election with config: opid_index: -1 OBSOLETE_local: false peers { permanent_uuid: "62fef7003aa44190a6de64eeba4759f1" member_type: VOTER last_known_addr { host: "127.8.90.129" port: 44719 } } peers { permanent_uuid: "f4151554fb0c43b78055f6b2b9a5fbe4" member_type: VOTER last_known_addr { host: "127.8.90.130" port: 43495 } } peers { permanent_uuid: "db3e0d5aa3d44940a978de9fc90f230d" member_type: VOTER last_known_addr { host: "127.8.90.131" port: 39647 } }
I20260709 13:15:29.222770  9628 leader_election.cc:304] T ed30476c0c09409197c52a2f7ded8114 P 62fef7003aa44190a6de64eeba4759f1 [CANDIDATE]: Term 1 pre-election: Election decided. Result: candidate won. Election summary: received 2 responses out of 3 voters: 2 yes votes; 0 no votes. yes voters: 62fef7003aa44190a6de64eeba4759f1, db3e0d5aa3d44940a978de9fc90f230d; no voters: 
I20260709 13:15:29.224529  9931 leader_election.cc:290] T 7835b42596d94a369174a792a56f8a73 P db3e0d5aa3d44940a978de9fc90f230d [CANDIDATE]: Term 1 pre-election: Requested pre-vote from peers 62fef7003aa44190a6de64eeba4759f1 (127.8.90.129:44719), f4151554fb0c43b78055f6b2b9a5fbe4 (127.8.90.130:43495)
I20260709 13:15:29.224761 10069 raft_consensus.cc:2804] T ed30476c0c09409197c52a2f7ded8114 P 62fef7003aa44190a6de64eeba4759f1 [term 0 FOLLOWER]: Leader pre-election won for term 1
I20260709 13:15:29.225219 10069 raft_consensus.cc:493] T ed30476c0c09409197c52a2f7ded8114 P 62fef7003aa44190a6de64eeba4759f1 [term 0 FOLLOWER]: Starting leader election (no leader contacted us within the election timeout)
I20260709 13:15:29.225576 10069 raft_consensus.cc:3060] T ed30476c0c09409197c52a2f7ded8114 P 62fef7003aa44190a6de64eeba4759f1 [term 0 FOLLOWER]: Advancing to term 1
I20260709 13:15:29.226725  9733 tablet_service.cc:1917] Received RequestConsensusVote() RPC: tablet_id: "7835b42596d94a369174a792a56f8a73" candidate_uuid: "db3e0d5aa3d44940a978de9fc90f230d" candidate_term: 1 candidate_status { last_received { term: 0 index: 0 } } ignore_live_leader: false dest_uuid: "f4151554fb0c43b78055f6b2b9a5fbe4" is_pre_election: true
I20260709 13:15:29.227671  9661 tablet_service.cc:1917] Received RequestConsensusVote() RPC: tablet_id: "7835b42596d94a369174a792a56f8a73" candidate_uuid: "db3e0d5aa3d44940a978de9fc90f230d" candidate_term: 1 candidate_status { last_received { term: 0 index: 0 } } ignore_live_leader: false dest_uuid: "62fef7003aa44190a6de64eeba4759f1" is_pre_election: true
W20260709 13:15:29.228065  9776 leader_election.cc:343] T 7835b42596d94a369174a792a56f8a73 P db3e0d5aa3d44940a978de9fc90f230d [CANDIDATE]: Term 1 pre-election: Tablet error from VoteRequest() call to peer f4151554fb0c43b78055f6b2b9a5fbe4 (127.8.90.130:43495): Illegal state: must be running to vote when last-logged opid is not known
I20260709 13:15:29.228286  9661 raft_consensus.cc:2468] T 7835b42596d94a369174a792a56f8a73 P 62fef7003aa44190a6de64eeba4759f1 [term 0 FOLLOWER]: Leader pre-election vote request: Granting yes vote for candidate db3e0d5aa3d44940a978de9fc90f230d in term 0.
I20260709 13:15:29.229648  9774 leader_election.cc:304] T 7835b42596d94a369174a792a56f8a73 P db3e0d5aa3d44940a978de9fc90f230d [CANDIDATE]: Term 1 pre-election: Election decided. Result: candidate won. Election summary: received 3 responses out of 3 voters: 2 yes votes; 1 no votes. yes voters: 62fef7003aa44190a6de64eeba4759f1, db3e0d5aa3d44940a978de9fc90f230d; no voters: f4151554fb0c43b78055f6b2b9a5fbe4
I20260709 13:15:29.233688  9931 raft_consensus.cc:2804] T 7835b42596d94a369174a792a56f8a73 P db3e0d5aa3d44940a978de9fc90f230d [term 0 FOLLOWER]: Leader pre-election won for term 1
I20260709 13:15:29.234202  9931 raft_consensus.cc:493] T 7835b42596d94a369174a792a56f8a73 P db3e0d5aa3d44940a978de9fc90f230d [term 0 FOLLOWER]: Starting leader election (no leader contacted us within the election timeout)
I20260709 13:15:29.234726  9931 raft_consensus.cc:3060] T 7835b42596d94a369174a792a56f8a73 P db3e0d5aa3d44940a978de9fc90f230d [term 0 FOLLOWER]: Advancing to term 1
I20260709 13:15:29.243466  9660 raft_consensus.cc:2468] T 9680551ea28b430cae4f7f63750a1494 P 62fef7003aa44190a6de64eeba4759f1 [term 1 FOLLOWER]: Leader election vote request: Granting yes vote for candidate db3e0d5aa3d44940a978de9fc90f230d in term 1.
I20260709 13:15:29.245683 10069 raft_consensus.cc:515] T ed30476c0c09409197c52a2f7ded8114 P 62fef7003aa44190a6de64eeba4759f1 [term 1 FOLLOWER]: Starting leader election with config: opid_index: -1 OBSOLETE_local: false peers { permanent_uuid: "62fef7003aa44190a6de64eeba4759f1" member_type: VOTER last_known_addr { host: "127.8.90.129" port: 44719 } } peers { permanent_uuid: "f4151554fb0c43b78055f6b2b9a5fbe4" member_type: VOTER last_known_addr { host: "127.8.90.130" port: 43495 } } peers { permanent_uuid: "db3e0d5aa3d44940a978de9fc90f230d" member_type: VOTER last_known_addr { host: "127.8.90.131" port: 39647 } }
I20260709 13:15:29.253017  9809 tablet_service.cc:1917] Received RequestConsensusVote() RPC: tablet_id: "ed30476c0c09409197c52a2f7ded8114" candidate_uuid: "62fef7003aa44190a6de64eeba4759f1" candidate_term: 1 candidate_status { last_received { term: 0 index: 0 } } ignore_live_leader: false dest_uuid: "db3e0d5aa3d44940a978de9fc90f230d"
I20260709 13:15:29.253741  9809 raft_consensus.cc:3060] T ed30476c0c09409197c52a2f7ded8114 P db3e0d5aa3d44940a978de9fc90f230d [term 0 FOLLOWER]: Advancing to term 1
I20260709 13:15:29.260607  9855 raft_consensus.cc:493] T eef3cd3a3a4748c68ec5632e4ba8dabc P 62fef7003aa44190a6de64eeba4759f1 [term 0 FOLLOWER]: Starting pre-election (no leader contacted us within the election timeout)
I20260709 13:15:29.261124  9855 raft_consensus.cc:515] T eef3cd3a3a4748c68ec5632e4ba8dabc P 62fef7003aa44190a6de64eeba4759f1 [term 0 FOLLOWER]: Starting pre-election with config: opid_index: -1 OBSOLETE_local: false peers { permanent_uuid: "62fef7003aa44190a6de64eeba4759f1" member_type: VOTER last_known_addr { host: "127.8.90.129" port: 44719 } } peers { permanent_uuid: "f4151554fb0c43b78055f6b2b9a5fbe4" member_type: VOTER last_known_addr { host: "127.8.90.130" port: 43495 } } peers { permanent_uuid: "db3e0d5aa3d44940a978de9fc90f230d" member_type: VOTER last_known_addr { host: "127.8.90.131" port: 39647 } }
I20260709 13:15:29.263577  9733 tablet_service.cc:1917] Received RequestConsensusVote() RPC: tablet_id: "ed30476c0c09409197c52a2f7ded8114" candidate_uuid: "62fef7003aa44190a6de64eeba4759f1" candidate_term: 1 candidate_status { last_received { term: 0 index: 0 } } ignore_live_leader: false dest_uuid: "f4151554fb0c43b78055f6b2b9a5fbe4" is_pre_election: true
I20260709 13:15:29.265353  9662 raft_consensus.cc:2468] T ea0edd8add1743739c58729ea3cc2847 P 62fef7003aa44190a6de64eeba4759f1 [term 0 FOLLOWER]: Leader pre-election vote request: Granting yes vote for candidate db3e0d5aa3d44940a978de9fc90f230d in term 0.
I20260709 13:15:29.267278  9733 tablet_service.cc:1917] Received RequestConsensusVote() RPC: tablet_id: "ed30476c0c09409197c52a2f7ded8114" candidate_uuid: "62fef7003aa44190a6de64eeba4759f1" candidate_term: 1 candidate_status { last_received { term: 0 index: 0 } } ignore_live_leader: false dest_uuid: "f4151554fb0c43b78055f6b2b9a5fbe4"
I20260709 13:15:29.267149  9855 leader_election.cc:290] T eef3cd3a3a4748c68ec5632e4ba8dabc P 62fef7003aa44190a6de64eeba4759f1 [CANDIDATE]: Term 1 pre-election: Requested pre-vote from peers f4151554fb0c43b78055f6b2b9a5fbe4 (127.8.90.130:43495), db3e0d5aa3d44940a978de9fc90f230d (127.8.90.131:39647)
I20260709 13:15:29.271914  9733 tablet_service.cc:1917] Received RequestConsensusVote() RPC: tablet_id: "eef3cd3a3a4748c68ec5632e4ba8dabc" candidate_uuid: "62fef7003aa44190a6de64eeba4759f1" candidate_term: 1 candidate_status { last_received { term: 0 index: 0 } } ignore_live_leader: false dest_uuid: "f4151554fb0c43b78055f6b2b9a5fbe4" is_pre_election: true
I20260709 13:15:29.273355  9808 tablet_service.cc:1917] Received RequestConsensusVote() RPC: tablet_id: "eef3cd3a3a4748c68ec5632e4ba8dabc" candidate_uuid: "62fef7003aa44190a6de64eeba4759f1" candidate_term: 1 candidate_status { last_received { term: 0 index: 0 } } ignore_live_leader: false dest_uuid: "db3e0d5aa3d44940a978de9fc90f230d" is_pre_election: true
W20260709 13:15:29.275086  9628 leader_election.cc:343] T eef3cd3a3a4748c68ec5632e4ba8dabc P 62fef7003aa44190a6de64eeba4759f1 [CANDIDATE]: Term 1 pre-election: Tablet error from VoteRequest() call to peer db3e0d5aa3d44940a978de9fc90f230d (127.8.90.131:39647): Illegal state: must be running to vote when last-logged opid is not known
W20260709 13:15:29.276311  9627 leader_election.cc:343] T ed30476c0c09409197c52a2f7ded8114 P 62fef7003aa44190a6de64eeba4759f1 [CANDIDATE]: Term 1 pre-election: Tablet error from VoteRequest() call to peer f4151554fb0c43b78055f6b2b9a5fbe4 (127.8.90.130:43495): Illegal state: must be running to vote when last-logged opid is not known
W20260709 13:15:29.280676  9627 leader_election.cc:343] T ed30476c0c09409197c52a2f7ded8114 P 62fef7003aa44190a6de64eeba4759f1 [CANDIDATE]: Term 1 election: Tablet error from VoteRequest() call to peer f4151554fb0c43b78055f6b2b9a5fbe4 (127.8.90.130:43495): Illegal state: must be running to vote when last-logged opid is not known
I20260709 13:15:29.278698  9774 leader_election.cc:304] T ea0edd8add1743739c58729ea3cc2847 P db3e0d5aa3d44940a978de9fc90f230d [CANDIDATE]: Term 1 pre-election: Election decided. Result: candidate won. Election summary: received 3 responses out of 3 voters: 2 yes votes; 1 no votes. yes voters: 62fef7003aa44190a6de64eeba4759f1, db3e0d5aa3d44940a978de9fc90f230d; no voters: f4151554fb0c43b78055f6b2b9a5fbe4
I20260709 13:15:29.285012 10010 raft_consensus.cc:2804] T ea0edd8add1743739c58729ea3cc2847 P db3e0d5aa3d44940a978de9fc90f230d [term 0 FOLLOWER]: Leader pre-election won for term 1
I20260709 13:15:29.284772  9557 catalog_manager.cc:5697] T 9680551ea28b430cae4f7f63750a1494 P db3e0d5aa3d44940a978de9fc90f230d reported cstate change: term changed from 0 to 1, leader changed from <none> to db3e0d5aa3d44940a978de9fc90f230d (127.8.90.131). New cstate: current_term: 1 leader_uuid: "db3e0d5aa3d44940a978de9fc90f230d" committed_config { opid_index: -1 OBSOLETE_local: false peers { permanent_uuid: "62fef7003aa44190a6de64eeba4759f1" member_type: VOTER last_known_addr { host: "127.8.90.129" port: 44719 } health_report { overall_health: UNKNOWN } } peers { permanent_uuid: "f4151554fb0c43b78055f6b2b9a5fbe4" member_type: VOTER last_known_addr { host: "127.8.90.130" port: 43495 } health_report { overall_health: UNKNOWN } } peers { permanent_uuid: "db3e0d5aa3d44940a978de9fc90f230d" member_type: VOTER last_known_addr { host: "127.8.90.131" port: 39647 } health_report { overall_health: HEALTHY } } }
I20260709 13:15:29.285653 10010 raft_consensus.cc:493] T ea0edd8add1743739c58729ea3cc2847 P db3e0d5aa3d44940a978de9fc90f230d [term 0 FOLLOWER]: Starting leader election (no leader contacted us within the election timeout)
I20260709 13:15:29.286182 10010 raft_consensus.cc:3060] T ea0edd8add1743739c58729ea3cc2847 P db3e0d5aa3d44940a978de9fc90f230d [term 0 FOLLOWER]: Advancing to term 1
I20260709 13:15:29.281961  9809 raft_consensus.cc:2468] T ed30476c0c09409197c52a2f7ded8114 P db3e0d5aa3d44940a978de9fc90f230d [term 1 FOLLOWER]: Leader election vote request: Granting yes vote for candidate 62fef7003aa44190a6de64eeba4759f1 in term 1.
I20260709 13:15:29.287925  9855 raft_consensus.cc:493] T 98aea2bb89414dea8228bf49d2f8b36e P 62fef7003aa44190a6de64eeba4759f1 [term 0 FOLLOWER]: Starting pre-election (no leader contacted us within the election timeout)
I20260709 13:15:29.288473 10069 leader_election.cc:290] T ed30476c0c09409197c52a2f7ded8114 P 62fef7003aa44190a6de64eeba4759f1 [CANDIDATE]: Term 1 election: Requested vote from peers f4151554fb0c43b78055f6b2b9a5fbe4 (127.8.90.130:43495), db3e0d5aa3d44940a978de9fc90f230d (127.8.90.131:39647)
I20260709 13:15:29.288401  9855 raft_consensus.cc:515] T 98aea2bb89414dea8228bf49d2f8b36e P 62fef7003aa44190a6de64eeba4759f1 [term 0 FOLLOWER]: Starting pre-election with config: opid_index: -1 OBSOLETE_local: false peers { permanent_uuid: "62fef7003aa44190a6de64eeba4759f1" member_type: VOTER last_known_addr { host: "127.8.90.129" port: 44719 } } peers { permanent_uuid: "f4151554fb0c43b78055f6b2b9a5fbe4" member_type: VOTER last_known_addr { host: "127.8.90.130" port: 43495 } } peers { permanent_uuid: "db3e0d5aa3d44940a978de9fc90f230d" member_type: VOTER last_known_addr { host: "127.8.90.131" port: 39647 } }
I20260709 13:15:29.290426  9855 leader_election.cc:290] T 98aea2bb89414dea8228bf49d2f8b36e P 62fef7003aa44190a6de64eeba4759f1 [CANDIDATE]: Term 1 pre-election: Requested pre-vote from peers f4151554fb0c43b78055f6b2b9a5fbe4 (127.8.90.130:43495), db3e0d5aa3d44940a978de9fc90f230d (127.8.90.131:39647)
I20260709 13:15:29.294169  9851 tablet_bootstrap.cc:492] T 17558c87c45a4ab9b9292c6c9c3d199c P 62fef7003aa44190a6de64eeba4759f1: No bootstrap required, opened a new log
I20260709 13:15:29.294301  9733 raft_consensus.cc:3060] T 292b08d35ebc46fbb6be926fdb900d26 P f4151554fb0c43b78055f6b2b9a5fbe4 [term 0 FOLLOWER]: Advancing to term 1
I20260709 13:15:29.299016  9852 tablet_bootstrap.cc:492] T c333dadee62442068f87a6856d3ddd84 P db3e0d5aa3d44940a978de9fc90f230d: No bootstrap required, opened a new log
I20260709 13:15:29.299566  9852 ts_tablet_manager.cc:1403] T c333dadee62442068f87a6856d3ddd84 P db3e0d5aa3d44940a978de9fc90f230d: Time spent bootstrapping tablet: real 0.109s	user 0.009s	sys 0.022s
I20260709 13:15:29.302162  9852 raft_consensus.cc:359] T c333dadee62442068f87a6856d3ddd84 P db3e0d5aa3d44940a978de9fc90f230d [term 0 FOLLOWER]: Replica starting. Triggering 0 pending ops. Active config: opid_index: -1 OBSOLETE_local: false peers { permanent_uuid: "62fef7003aa44190a6de64eeba4759f1" member_type: VOTER last_known_addr { host: "127.8.90.129" port: 44719 } } peers { permanent_uuid: "f4151554fb0c43b78055f6b2b9a5fbe4" member_type: VOTER last_known_addr { host: "127.8.90.130" port: 43495 } } peers { permanent_uuid: "db3e0d5aa3d44940a978de9fc90f230d" member_type: VOTER last_known_addr { host: "127.8.90.131" port: 39647 } }
I20260709 13:15:29.302881  9852 raft_consensus.cc:385] T c333dadee62442068f87a6856d3ddd84 P db3e0d5aa3d44940a978de9fc90f230d [term 0 FOLLOWER]: Consensus starting up: Expiring failure detector timer to make a prompt election more likely
I20260709 13:15:29.303169  9852 raft_consensus.cc:740] T c333dadee62442068f87a6856d3ddd84 P db3e0d5aa3d44940a978de9fc90f230d [term 0 FOLLOWER]: Becoming Follower/Learner. State: Replica: db3e0d5aa3d44940a978de9fc90f230d, State: Initialized, Role: FOLLOWER
I20260709 13:15:29.303913  9852 consensus_queue.cc:260] T c333dadee62442068f87a6856d3ddd84 P db3e0d5aa3d44940a978de9fc90f230d [NON_LEADER]: Queue going to NON_LEADER mode. State: All replicated index: 0, Majority replicated index: 0, Committed index: 0, Last appended: 0.0, Last appended by leader: 0, Current term: 0, Majority size: -1, State: 0, Mode: NON_LEADER, active raft config: opid_index: -1 OBSOLETE_local: false peers { permanent_uuid: "62fef7003aa44190a6de64eeba4759f1" member_type: VOTER last_known_addr { host: "127.8.90.129" port: 44719 } } peers { permanent_uuid: "f4151554fb0c43b78055f6b2b9a5fbe4" member_type: VOTER last_known_addr { host: "127.8.90.130" port: 43495 } } peers { permanent_uuid: "db3e0d5aa3d44940a978de9fc90f230d" member_type: VOTER last_known_addr { host: "127.8.90.131" port: 39647 } }
I20260709 13:15:29.305967  9852 ts_tablet_manager.cc:1434] T c333dadee62442068f87a6856d3ddd84 P db3e0d5aa3d44940a978de9fc90f230d: Time spent starting tablet: real 0.006s	user 0.004s	sys 0.000s
I20260709 13:15:29.306013 10102 consensus_queue.cc:1048] T 292b08d35ebc46fbb6be926fdb900d26 P db3e0d5aa3d44940a978de9fc90f230d [LEADER]: Connected to new peer: Peer: permanent_uuid: "f4151554fb0c43b78055f6b2b9a5fbe4" member_type: VOTER last_known_addr { host: "127.8.90.130" port: 43495 }, Status: LMP_MISMATCH, Last received: 0.0, Next index: 1, Last known committed idx: 0, Time since last communication: 0.001s
I20260709 13:15:29.307195  9852 tablet_bootstrap.cc:492] T 98aea2bb89414dea8228bf49d2f8b36e P db3e0d5aa3d44940a978de9fc90f230d: Bootstrap starting.
I20260709 13:15:29.307717  9853 tablet_bootstrap.cc:492] T ab5fdf8e1f4a4116b108cec307a3f621 P f4151554fb0c43b78055f6b2b9a5fbe4: No bootstrap required, opened a new log
I20260709 13:15:29.308159  9853 ts_tablet_manager.cc:1403] T ab5fdf8e1f4a4116b108cec307a3f621 P f4151554fb0c43b78055f6b2b9a5fbe4: Time spent bootstrapping tablet: real 0.095s	user 0.053s	sys 0.024s
I20260709 13:15:29.307221  9851 ts_tablet_manager.cc:1403] T 17558c87c45a4ab9b9292c6c9c3d199c P 62fef7003aa44190a6de64eeba4759f1: Time spent bootstrapping tablet: real 0.151s	user 0.010s	sys 0.001s
I20260709 13:15:29.308465  9858 raft_consensus.cc:493] T 292b08d35ebc46fbb6be926fdb900d26 P f4151554fb0c43b78055f6b2b9a5fbe4 [term 1 FOLLOWER]: Starting pre-election (no leader contacted us within the election timeout)
I20260709 13:15:29.308929  9858 raft_consensus.cc:515] T 292b08d35ebc46fbb6be926fdb900d26 P f4151554fb0c43b78055f6b2b9a5fbe4 [term 1 FOLLOWER]: Starting pre-election with config: opid_index: -1 OBSOLETE_local: false peers { permanent_uuid: "62fef7003aa44190a6de64eeba4759f1" member_type: VOTER last_known_addr { host: "127.8.90.129" port: 44719 } } peers { permanent_uuid: "f4151554fb0c43b78055f6b2b9a5fbe4" member_type: VOTER last_known_addr { host: "127.8.90.130" port: 43495 } } peers { permanent_uuid: "db3e0d5aa3d44940a978de9fc90f230d" member_type: VOTER last_known_addr { host: "127.8.90.131" port: 39647 } }
I20260709 13:15:29.310993  9853 raft_consensus.cc:359] T ab5fdf8e1f4a4116b108cec307a3f621 P f4151554fb0c43b78055f6b2b9a5fbe4 [term 0 FOLLOWER]: Replica starting. Triggering 0 pending ops. Active config: opid_index: -1 OBSOLETE_local: false peers { permanent_uuid: "62fef7003aa44190a6de64eeba4759f1" member_type: VOTER last_known_addr { host: "127.8.90.129" port: 44719 } } peers { permanent_uuid: "f4151554fb0c43b78055f6b2b9a5fbe4" member_type: VOTER last_known_addr { host: "127.8.90.130" port: 43495 } } peers { permanent_uuid: "db3e0d5aa3d44940a978de9fc90f230d" member_type: VOTER last_known_addr { host: "127.8.90.131" port: 39647 } }
I20260709 13:15:29.311825  9853 raft_consensus.cc:385] T ab5fdf8e1f4a4116b108cec307a3f621 P f4151554fb0c43b78055f6b2b9a5fbe4 [term 0 FOLLOWER]: Consensus starting up: Expiring failure detector timer to make a prompt election more likely
I20260709 13:15:29.312096  9853 raft_consensus.cc:740] T ab5fdf8e1f4a4116b108cec307a3f621 P f4151554fb0c43b78055f6b2b9a5fbe4 [term 0 FOLLOWER]: Becoming Follower/Learner. State: Replica: f4151554fb0c43b78055f6b2b9a5fbe4, State: Initialized, Role: FOLLOWER
I20260709 13:15:29.311020  9858 leader_election.cc:290] T 292b08d35ebc46fbb6be926fdb900d26 P f4151554fb0c43b78055f6b2b9a5fbe4 [CANDIDATE]: Term 2 pre-election: Requested pre-vote from peers 62fef7003aa44190a6de64eeba4759f1 (127.8.90.129:44719), db3e0d5aa3d44940a978de9fc90f230d (127.8.90.131:39647)
I20260709 13:15:29.312789  9853 consensus_queue.cc:260] T ab5fdf8e1f4a4116b108cec307a3f621 P f4151554fb0c43b78055f6b2b9a5fbe4 [NON_LEADER]: Queue going to NON_LEADER mode. State: All replicated index: 0, Majority replicated index: 0, Committed index: 0, Last appended: 0.0, Last appended by leader: 0, Current term: 0, Majority size: -1, State: 0, Mode: NON_LEADER, active raft config: opid_index: -1 OBSOLETE_local: false peers { permanent_uuid: "62fef7003aa44190a6de64eeba4759f1" member_type: VOTER last_known_addr { host: "127.8.90.129" port: 44719 } } peers { permanent_uuid: "f4151554fb0c43b78055f6b2b9a5fbe4" member_type: VOTER last_known_addr { host: "127.8.90.130" port: 43495 } } peers { permanent_uuid: "db3e0d5aa3d44940a978de9fc90f230d" member_type: VOTER last_known_addr { host: "127.8.90.131" port: 39647 } }
I20260709 13:15:29.313014  9628 leader_election.cc:304] T ed30476c0c09409197c52a2f7ded8114 P 62fef7003aa44190a6de64eeba4759f1 [CANDIDATE]: Term 1 election: Election decided. Result: candidate won. Election summary: received 3 responses out of 3 voters: 2 yes votes; 1 no votes. yes voters: 62fef7003aa44190a6de64eeba4759f1, db3e0d5aa3d44940a978de9fc90f230d; no voters: f4151554fb0c43b78055f6b2b9a5fbe4
I20260709 13:15:29.313529  9658 tablet_service.cc:1917] Received RequestConsensusVote() RPC: tablet_id: "292b08d35ebc46fbb6be926fdb900d26" candidate_uuid: "f4151554fb0c43b78055f6b2b9a5fbe4" candidate_term: 2 candidate_status { last_received { term: 0 index: 0 } } ignore_live_leader: false dest_uuid: "62fef7003aa44190a6de64eeba4759f1" is_pre_election: true
I20260709 13:15:29.313943  9852 tablet_bootstrap.cc:654] T 98aea2bb89414dea8228bf49d2f8b36e P db3e0d5aa3d44940a978de9fc90f230d: Neither blocks nor log segments found. Creating new log.
I20260709 13:15:29.314709  9855 raft_consensus.cc:2804] T ed30476c0c09409197c52a2f7ded8114 P 62fef7003aa44190a6de64eeba4759f1 [term 1 FOLLOWER]: Leader election won for term 1
I20260709 13:15:29.314816  9853 ts_tablet_manager.cc:1434] T ab5fdf8e1f4a4116b108cec307a3f621 P f4151554fb0c43b78055f6b2b9a5fbe4: Time spent starting tablet: real 0.006s	user 0.004s	sys 0.000s
I20260709 13:15:29.315250  9855 raft_consensus.cc:697] T ed30476c0c09409197c52a2f7ded8114 P 62fef7003aa44190a6de64eeba4759f1 [term 1 LEADER]: Becoming Leader. State: Replica: 62fef7003aa44190a6de64eeba4759f1, State: Running, Role: LEADER
I20260709 13:15:29.315865  9853 tablet_bootstrap.cc:492] T ea0edd8add1743739c58729ea3cc2847 P f4151554fb0c43b78055f6b2b9a5fbe4: Bootstrap starting.
I20260709 13:15:29.316030  9855 consensus_queue.cc:237] T ed30476c0c09409197c52a2f7ded8114 P 62fef7003aa44190a6de64eeba4759f1 [LEADER]: Queue going to LEADER mode. State: All replicated index: 0, Majority replicated index: 0, Committed index: 0, Last appended: 0.0, Last appended by leader: 0, Current term: 1, Majority size: 2, State: 0, Mode: LEADER, active raft config: opid_index: -1 OBSOLETE_local: false peers { permanent_uuid: "62fef7003aa44190a6de64eeba4759f1" member_type: VOTER last_known_addr { host: "127.8.90.129" port: 44719 } } peers { permanent_uuid: "f4151554fb0c43b78055f6b2b9a5fbe4" member_type: VOTER last_known_addr { host: "127.8.90.130" port: 43495 } } peers { permanent_uuid: "db3e0d5aa3d44940a978de9fc90f230d" member_type: VOTER last_known_addr { host: "127.8.90.131" port: 39647 } }
I20260709 13:15:29.314893  9808 tablet_service.cc:1917] Received RequestConsensusVote() RPC: tablet_id: "98aea2bb89414dea8228bf49d2f8b36e" candidate_uuid: "62fef7003aa44190a6de64eeba4759f1" candidate_term: 1 candidate_status { last_received { term: 0 index: 0 } } ignore_live_leader: false dest_uuid: "db3e0d5aa3d44940a978de9fc90f230d" is_pre_election: true
W20260709 13:15:29.319963  9628 leader_election.cc:343] T 98aea2bb89414dea8228bf49d2f8b36e P 62fef7003aa44190a6de64eeba4759f1 [CANDIDATE]: Term 1 pre-election: Tablet error from VoteRequest() call to peer db3e0d5aa3d44940a978de9fc90f230d (127.8.90.131:39647): Illegal state: must be running to vote when last-logged opid is not known
I20260709 13:15:29.321656  9809 tablet_service.cc:1917] Received RequestConsensusVote() RPC: tablet_id: "292b08d35ebc46fbb6be926fdb900d26" candidate_uuid: "f4151554fb0c43b78055f6b2b9a5fbe4" candidate_term: 2 candidate_status { last_received { term: 0 index: 0 } } ignore_live_leader: false dest_uuid: "db3e0d5aa3d44940a978de9fc90f230d" is_pre_election: true
I20260709 13:15:29.322350  9853 tablet_bootstrap.cc:654] T ea0edd8add1743739c58729ea3cc2847 P f4151554fb0c43b78055f6b2b9a5fbe4: Neither blocks nor log segments found. Creating new log.
I20260709 13:15:29.323042  9703 leader_election.cc:304] T 292b08d35ebc46fbb6be926fdb900d26 P f4151554fb0c43b78055f6b2b9a5fbe4 [CANDIDATE]: Term 2 pre-election: Election decided. Result: candidate lost. Election summary: received 3 responses out of 3 voters: 1 yes votes; 2 no votes. yes voters: f4151554fb0c43b78055f6b2b9a5fbe4; no voters: 62fef7003aa44190a6de64eeba4759f1, db3e0d5aa3d44940a978de9fc90f230d
I20260709 13:15:29.324122  9858 raft_consensus.cc:2749] T 292b08d35ebc46fbb6be926fdb900d26 P f4151554fb0c43b78055f6b2b9a5fbe4 [term 1 FOLLOWER]: Leader pre-election lost for term 2. Reason: could not achieve majority
W20260709 13:15:29.319967  9627 leader_election.cc:343] T eef3cd3a3a4748c68ec5632e4ba8dabc P 62fef7003aa44190a6de64eeba4759f1 [CANDIDATE]: Term 1 pre-election: Tablet error from VoteRequest() call to peer f4151554fb0c43b78055f6b2b9a5fbe4 (127.8.90.130:43495): Illegal state: must be running to vote when last-logged opid is not known
I20260709 13:15:29.326495  9627 leader_election.cc:304] T eef3cd3a3a4748c68ec5632e4ba8dabc P 62fef7003aa44190a6de64eeba4759f1 [CANDIDATE]: Term 1 pre-election: Election decided. Result: candidate lost. Election summary: received 3 responses out of 3 voters: 1 yes votes; 2 no votes. yes voters: 62fef7003aa44190a6de64eeba4759f1; no voters: db3e0d5aa3d44940a978de9fc90f230d, f4151554fb0c43b78055f6b2b9a5fbe4
I20260709 13:15:29.327230 10069 raft_consensus.cc:2749] T eef3cd3a3a4748c68ec5632e4ba8dabc P 62fef7003aa44190a6de64eeba4759f1 [term 0 FOLLOWER]: Leader pre-election lost for term 1. Reason: could not achieve majority
I20260709 13:15:29.335923  9736 tablet_service.cc:1917] Received RequestConsensusVote() RPC: tablet_id: "98aea2bb89414dea8228bf49d2f8b36e" candidate_uuid: "62fef7003aa44190a6de64eeba4759f1" candidate_term: 1 candidate_status { last_received { term: 0 index: 0 } } ignore_live_leader: false dest_uuid: "f4151554fb0c43b78055f6b2b9a5fbe4" is_pre_election: true
I20260709 13:15:29.341173  9892 raft_consensus.cc:493] T 0cb07d41ab8c4f30aae006e5873a24c9 P 62fef7003aa44190a6de64eeba4759f1 [term 0 FOLLOWER]: Starting pre-election (no leader contacted us within the election timeout)
I20260709 13:15:29.341699  9892 raft_consensus.cc:515] T 0cb07d41ab8c4f30aae006e5873a24c9 P 62fef7003aa44190a6de64eeba4759f1 [term 0 FOLLOWER]: Starting pre-election with config: opid_index: -1 OBSOLETE_local: false peers { permanent_uuid: "62fef7003aa44190a6de64eeba4759f1" member_type: VOTER last_known_addr { host: "127.8.90.129" port: 44719 } } peers { permanent_uuid: "f4151554fb0c43b78055f6b2b9a5fbe4" member_type: VOTER last_known_addr { host: "127.8.90.130" port: 43495 } } peers { permanent_uuid: "db3e0d5aa3d44940a978de9fc90f230d" member_type: VOTER last_known_addr { host: "127.8.90.131" port: 39647 } }
I20260709 13:15:29.343626  9892 leader_election.cc:290] T 0cb07d41ab8c4f30aae006e5873a24c9 P 62fef7003aa44190a6de64eeba4759f1 [CANDIDATE]: Term 1 pre-election: Requested pre-vote from peers f4151554fb0c43b78055f6b2b9a5fbe4 (127.8.90.130:43495), db3e0d5aa3d44940a978de9fc90f230d (127.8.90.131:39647)
I20260709 13:15:29.346637  9808 tablet_service.cc:1917] Received RequestConsensusVote() RPC: tablet_id: "0cb07d41ab8c4f30aae006e5873a24c9" candidate_uuid: "62fef7003aa44190a6de64eeba4759f1" candidate_term: 1 candidate_status { last_received { term: 0 index: 0 } } ignore_live_leader: false dest_uuid: "db3e0d5aa3d44940a978de9fc90f230d" is_pre_election: true
W20260709 13:15:29.348500  9628 leader_election.cc:343] T 0cb07d41ab8c4f30aae006e5873a24c9 P 62fef7003aa44190a6de64eeba4759f1 [CANDIDATE]: Term 1 pre-election: Tablet error from VoteRequest() call to peer db3e0d5aa3d44940a978de9fc90f230d (127.8.90.131:39647): Illegal state: must be running to vote when last-logged opid is not known
I20260709 13:15:29.352303  9736 tablet_service.cc:1917] Received RequestConsensusVote() RPC: tablet_id: "0cb07d41ab8c4f30aae006e5873a24c9" candidate_uuid: "62fef7003aa44190a6de64eeba4759f1" candidate_term: 1 candidate_status { last_received { term: 0 index: 0 } } ignore_live_leader: false dest_uuid: "f4151554fb0c43b78055f6b2b9a5fbe4" is_pre_election: true
I20260709 13:15:29.357445  9851 raft_consensus.cc:359] T 17558c87c45a4ab9b9292c6c9c3d199c P 62fef7003aa44190a6de64eeba4759f1 [term 0 FOLLOWER]: Replica starting. Triggering 0 pending ops. Active config: opid_index: -1 OBSOLETE_local: false peers { permanent_uuid: "62fef7003aa44190a6de64eeba4759f1" member_type: VOTER last_known_addr { host: "127.8.90.129" port: 44719 } } peers { permanent_uuid: "f4151554fb0c43b78055f6b2b9a5fbe4" member_type: VOTER last_known_addr { host: "127.8.90.130" port: 43495 } } peers { permanent_uuid: "db3e0d5aa3d44940a978de9fc90f230d" member_type: VOTER last_known_addr { host: "127.8.90.131" port: 39647 } }
I20260709 13:15:29.358270  9851 raft_consensus.cc:385] T 17558c87c45a4ab9b9292c6c9c3d199c P 62fef7003aa44190a6de64eeba4759f1 [term 0 FOLLOWER]: Consensus starting up: Expiring failure detector timer to make a prompt election more likely
I20260709 13:15:29.358613  9851 raft_consensus.cc:740] T 17558c87c45a4ab9b9292c6c9c3d199c P 62fef7003aa44190a6de64eeba4759f1 [term 0 FOLLOWER]: Becoming Follower/Learner. State: Replica: 62fef7003aa44190a6de64eeba4759f1, State: Initialized, Role: FOLLOWER
I20260709 13:15:29.359421  9851 consensus_queue.cc:260] T 17558c87c45a4ab9b9292c6c9c3d199c P 62fef7003aa44190a6de64eeba4759f1 [NON_LEADER]: Queue going to NON_LEADER mode. State: All replicated index: 0, Majority replicated index: 0, Committed index: 0, Last appended: 0.0, Last appended by leader: 0, Current term: 0, Majority size: -1, State: 0, Mode: NON_LEADER, active raft config: opid_index: -1 OBSOLETE_local: false peers { permanent_uuid: "62fef7003aa44190a6de64eeba4759f1" member_type: VOTER last_known_addr { host: "127.8.90.129" port: 44719 } } peers { permanent_uuid: "f4151554fb0c43b78055f6b2b9a5fbe4" member_type: VOTER last_known_addr { host: "127.8.90.130" port: 43495 } } peers { permanent_uuid: "db3e0d5aa3d44940a978de9fc90f230d" member_type: VOTER last_known_addr { host: "127.8.90.131" port: 39647 } }
I20260709 13:15:29.360942  9851 ts_tablet_manager.cc:1434] T 17558c87c45a4ab9b9292c6c9c3d199c P 62fef7003aa44190a6de64eeba4759f1: Time spent starting tablet: real 0.052s	user 0.002s	sys 0.003s
I20260709 13:15:29.392567  9851 tablet_bootstrap.cc:492] T 974c6082dfae418f82a573104d66eb43 P 62fef7003aa44190a6de64eeba4759f1: Bootstrap starting.
W20260709 13:15:29.372051  9627 leader_election.cc:343] T 98aea2bb89414dea8228bf49d2f8b36e P 62fef7003aa44190a6de64eeba4759f1 [CANDIDATE]: Term 1 pre-election: Tablet error from VoteRequest() call to peer f4151554fb0c43b78055f6b2b9a5fbe4 (127.8.90.130:43495): Illegal state: must be running to vote when last-logged opid is not known
I20260709 13:15:29.379817  9558 catalog_manager.cc:5697] T ed30476c0c09409197c52a2f7ded8114 P 62fef7003aa44190a6de64eeba4759f1 reported cstate change: term changed from 0 to 1, leader changed from <none> to 62fef7003aa44190a6de64eeba4759f1 (127.8.90.129). New cstate: current_term: 1 leader_uuid: "62fef7003aa44190a6de64eeba4759f1" committed_config { opid_index: -1 OBSOLETE_local: false peers { permanent_uuid: "62fef7003aa44190a6de64eeba4759f1" member_type: VOTER last_known_addr { host: "127.8.90.129" port: 44719 } health_report { overall_health: HEALTHY } } peers { permanent_uuid: "f4151554fb0c43b78055f6b2b9a5fbe4" member_type: VOTER last_known_addr { host: "127.8.90.130" port: 43495 } health_report { overall_health: UNKNOWN } } peers { permanent_uuid: "db3e0d5aa3d44940a978de9fc90f230d" member_type: VOTER last_known_addr { host: "127.8.90.131" port: 39647 } health_report { overall_health: UNKNOWN } } }
I20260709 13:15:29.394742  9627 leader_election.cc:304] T 98aea2bb89414dea8228bf49d2f8b36e P 62fef7003aa44190a6de64eeba4759f1 [CANDIDATE]: Term 1 pre-election: Election decided. Result: candidate lost. Election summary: received 3 responses out of 3 voters: 1 yes votes; 2 no votes. yes voters: 62fef7003aa44190a6de64eeba4759f1; no voters: db3e0d5aa3d44940a978de9fc90f230d, f4151554fb0c43b78055f6b2b9a5fbe4
I20260709 13:15:29.395576  9892 raft_consensus.cc:2749] T 98aea2bb89414dea8228bf49d2f8b36e P 62fef7003aa44190a6de64eeba4759f1 [term 0 FOLLOWER]: Leader pre-election lost for term 1. Reason: could not achieve majority
W20260709 13:15:29.398089  9627 leader_election.cc:343] T 0cb07d41ab8c4f30aae006e5873a24c9 P 62fef7003aa44190a6de64eeba4759f1 [CANDIDATE]: Term 1 pre-election: Tablet error from VoteRequest() call to peer f4151554fb0c43b78055f6b2b9a5fbe4 (127.8.90.130:43495): Illegal state: must be running to vote when last-logged opid is not known
I20260709 13:15:29.398516  9627 leader_election.cc:304] T 0cb07d41ab8c4f30aae006e5873a24c9 P 62fef7003aa44190a6de64eeba4759f1 [CANDIDATE]: Term 1 pre-election: Election decided. Result: candidate lost. Election summary: received 3 responses out of 3 voters: 1 yes votes; 2 no votes. yes voters: 62fef7003aa44190a6de64eeba4759f1; no voters: db3e0d5aa3d44940a978de9fc90f230d, f4151554fb0c43b78055f6b2b9a5fbe4
I20260709 13:15:29.400512  9892 raft_consensus.cc:2749] T 0cb07d41ab8c4f30aae006e5873a24c9 P 62fef7003aa44190a6de64eeba4759f1 [term 0 FOLLOWER]: Leader pre-election lost for term 1. Reason: could not achieve majority
I20260709 13:15:29.391103 10010 raft_consensus.cc:515] T ea0edd8add1743739c58729ea3cc2847 P db3e0d5aa3d44940a978de9fc90f230d [term 1 FOLLOWER]: Starting leader election with config: opid_index: -1 OBSOLETE_local: false peers { permanent_uuid: "62fef7003aa44190a6de64eeba4759f1" member_type: VOTER last_known_addr { host: "127.8.90.129" port: 44719 } } peers { permanent_uuid: "f4151554fb0c43b78055f6b2b9a5fbe4" member_type: VOTER last_known_addr { host: "127.8.90.130" port: 43495 } } peers { permanent_uuid: "db3e0d5aa3d44940a978de9fc90f230d" member_type: VOTER last_known_addr { host: "127.8.90.131" port: 39647 } }
I20260709 13:15:29.362095  9931 raft_consensus.cc:515] T 7835b42596d94a369174a792a56f8a73 P db3e0d5aa3d44940a978de9fc90f230d [term 1 FOLLOWER]: Starting leader election with config: opid_index: -1 OBSOLETE_local: false peers { permanent_uuid: "62fef7003aa44190a6de64eeba4759f1" member_type: VOTER last_known_addr { host: "127.8.90.129" port: 44719 } } peers { permanent_uuid: "f4151554fb0c43b78055f6b2b9a5fbe4" member_type: VOTER last_known_addr { host: "127.8.90.130" port: 43495 } } peers { permanent_uuid: "db3e0d5aa3d44940a978de9fc90f230d" member_type: VOTER last_known_addr { host: "127.8.90.131" port: 39647 } }
I20260709 13:15:29.405028  9662 tablet_service.cc:1917] Received RequestConsensusVote() RPC: tablet_id: "ea0edd8add1743739c58729ea3cc2847" candidate_uuid: "db3e0d5aa3d44940a978de9fc90f230d" candidate_term: 1 candidate_status { last_received { term: 0 index: 0 } } ignore_live_leader: false dest_uuid: "62fef7003aa44190a6de64eeba4759f1"
I20260709 13:15:29.405784  9662 raft_consensus.cc:3060] T ea0edd8add1743739c58729ea3cc2847 P 62fef7003aa44190a6de64eeba4759f1 [term 0 FOLLOWER]: Advancing to term 1
I20260709 13:15:29.407621  9658 tablet_service.cc:1917] Received RequestConsensusVote() RPC: tablet_id: "7835b42596d94a369174a792a56f8a73" candidate_uuid: "db3e0d5aa3d44940a978de9fc90f230d" candidate_term: 1 candidate_status { last_received { term: 0 index: 0 } } ignore_live_leader: false dest_uuid: "62fef7003aa44190a6de64eeba4759f1"
I20260709 13:15:29.408250  9658 raft_consensus.cc:3060] T 7835b42596d94a369174a792a56f8a73 P 62fef7003aa44190a6de64eeba4759f1 [term 0 FOLLOWER]: Advancing to term 1
I20260709 13:15:29.409862  9931 leader_election.cc:290] T 7835b42596d94a369174a792a56f8a73 P db3e0d5aa3d44940a978de9fc90f230d [CANDIDATE]: Term 1 election: Requested vote from peers 62fef7003aa44190a6de64eeba4759f1 (127.8.90.129:44719), f4151554fb0c43b78055f6b2b9a5fbe4 (127.8.90.130:43495)
I20260709 13:15:29.414834  9658 raft_consensus.cc:2468] T 7835b42596d94a369174a792a56f8a73 P 62fef7003aa44190a6de64eeba4759f1 [term 1 FOLLOWER]: Leader election vote request: Granting yes vote for candidate db3e0d5aa3d44940a978de9fc90f230d in term 1.
I20260709 13:15:29.416460  9662 raft_consensus.cc:2468] T ea0edd8add1743739c58729ea3cc2847 P 62fef7003aa44190a6de64eeba4759f1 [term 1 FOLLOWER]: Leader election vote request: Granting yes vote for candidate db3e0d5aa3d44940a978de9fc90f230d in term 1.
I20260709 13:15:29.416803  9774 leader_election.cc:304] T 7835b42596d94a369174a792a56f8a73 P db3e0d5aa3d44940a978de9fc90f230d [CANDIDATE]: Term 1 election: Election decided. Result: candidate won. Election summary: received 2 responses out of 3 voters: 2 yes votes; 0 no votes. yes voters: 62fef7003aa44190a6de64eeba4759f1, db3e0d5aa3d44940a978de9fc90f230d; no voters: 
I20260709 13:15:29.426242  9882 raft_consensus.cc:2804] T 7835b42596d94a369174a792a56f8a73 P db3e0d5aa3d44940a978de9fc90f230d [term 1 FOLLOWER]: Leader election won for term 1
I20260709 13:15:29.417627 10010 leader_election.cc:290] T ea0edd8add1743739c58729ea3cc2847 P db3e0d5aa3d44940a978de9fc90f230d [CANDIDATE]: Term 1 election: Requested vote from peers 62fef7003aa44190a6de64eeba4759f1 (127.8.90.129:44719), f4151554fb0c43b78055f6b2b9a5fbe4 (127.8.90.130:43495)
I20260709 13:15:29.418629  9736 tablet_service.cc:1917] Received RequestConsensusVote() RPC: tablet_id: "ea0edd8add1743739c58729ea3cc2847" candidate_uuid: "db3e0d5aa3d44940a978de9fc90f230d" candidate_term: 1 candidate_status { last_received { term: 0 index: 0 } } ignore_live_leader: false dest_uuid: "f4151554fb0c43b78055f6b2b9a5fbe4"
I20260709 13:15:29.426683  9882 raft_consensus.cc:697] T 7835b42596d94a369174a792a56f8a73 P db3e0d5aa3d44940a978de9fc90f230d [term 1 LEADER]: Becoming Leader. State: Replica: db3e0d5aa3d44940a978de9fc90f230d, State: Running, Role: LEADER
I20260709 13:15:29.427156  9853 tablet_bootstrap.cc:492] T ea0edd8add1743739c58729ea3cc2847 P f4151554fb0c43b78055f6b2b9a5fbe4: No bootstrap required, opened a new log
I20260709 13:15:29.427626  9853 ts_tablet_manager.cc:1403] T ea0edd8add1743739c58729ea3cc2847 P f4151554fb0c43b78055f6b2b9a5fbe4: Time spent bootstrapping tablet: real 0.112s	user 0.050s	sys 0.060s
I20260709 13:15:29.427498  9882 consensus_queue.cc:237] T 7835b42596d94a369174a792a56f8a73 P db3e0d5aa3d44940a978de9fc90f230d [LEADER]: Queue going to LEADER mode. State: All replicated index: 0, Majority replicated index: 0, Committed index: 0, Last appended: 0.0, Last appended by leader: 0, Current term: 1, Majority size: 2, State: 0, Mode: LEADER, active raft config: opid_index: -1 OBSOLETE_local: false peers { permanent_uuid: "62fef7003aa44190a6de64eeba4759f1" member_type: VOTER last_known_addr { host: "127.8.90.129" port: 44719 } } peers { permanent_uuid: "f4151554fb0c43b78055f6b2b9a5fbe4" member_type: VOTER last_known_addr { host: "127.8.90.130" port: 43495 } } peers { permanent_uuid: "db3e0d5aa3d44940a978de9fc90f230d" member_type: VOTER last_known_addr { host: "127.8.90.131" port: 39647 } }
I20260709 13:15:29.429389  9774 leader_election.cc:304] T ea0edd8add1743739c58729ea3cc2847 P db3e0d5aa3d44940a978de9fc90f230d [CANDIDATE]: Term 1 election: Election decided. Result: candidate won. Election summary: received 2 responses out of 3 voters: 2 yes votes; 0 no votes. yes voters: 62fef7003aa44190a6de64eeba4759f1, db3e0d5aa3d44940a978de9fc90f230d; no voters: 
I20260709 13:15:29.422549  9851 tablet_bootstrap.cc:654] T 974c6082dfae418f82a573104d66eb43 P 62fef7003aa44190a6de64eeba4759f1: Neither blocks nor log segments found. Creating new log.
I20260709 13:15:29.424456  9852 tablet_bootstrap.cc:492] T 98aea2bb89414dea8228bf49d2f8b36e P db3e0d5aa3d44940a978de9fc90f230d: No bootstrap required, opened a new log
I20260709 13:15:29.430087 10102 raft_consensus.cc:2804] T ea0edd8add1743739c58729ea3cc2847 P db3e0d5aa3d44940a978de9fc90f230d [term 1 FOLLOWER]: Leader election won for term 1
