I20260709 12:58:27.995322   431 tablet_replica.cc:333] T f0a8555a942a43ddb057b031df47c402 P 22e93a202bae4baaa2989616166c1dd7: stopping tablet replica
I20260709 12:58:27.995793   431 raft_consensus.cc:2243] T f0a8555a942a43ddb057b031df47c402 P 22e93a202bae4baaa2989616166c1dd7 [term 3 LEADER]: Raft consensus shutting down.
I20260709 12:58:27.996454   431 raft_consensus.cc:2272] T f0a8555a942a43ddb057b031df47c402 P 22e93a202bae4baaa2989616166c1dd7 [term 3 FOLLOWER]: Raft consensus is shut down!
I20260709 12:58:27.998135   431 tablet_replica.cc:333] T 1042adf4cfe247b89096ea7ef1b77f6d P 22e93a202bae4baaa2989616166c1dd7: stopping tablet replica
I20260709 12:58:27.998580   431 raft_consensus.cc:2243] T 1042adf4cfe247b89096ea7ef1b77f6d P 22e93a202bae4baaa2989616166c1dd7 [term 5 FOLLOWER]: Raft consensus shutting down.
I20260709 12:58:27.998957   431 raft_consensus.cc:2272] T 1042adf4cfe247b89096ea7ef1b77f6d P 22e93a202bae4baaa2989616166c1dd7 [term 5 FOLLOWER]: Raft consensus is shut down!
I20260709 12:58:28.001061   431 tablet_replica.cc:333] T 48d7586d344b4293ac328687d1dd53fb P 22e93a202bae4baaa2989616166c1dd7: stopping tablet replica
I20260709 12:58:28.001514   431 raft_consensus.cc:2243] T 48d7586d344b4293ac328687d1dd53fb P 22e93a202bae4baaa2989616166c1dd7 [term 4 LEADER]: Raft consensus shutting down.
I20260709 12:58:28.002190   431 raft_consensus.cc:2272] T 48d7586d344b4293ac328687d1dd53fb P 22e93a202bae4baaa2989616166c1dd7 [term 4 FOLLOWER]: Raft consensus is shut down!
I20260709 12:58:28.003810   431 tablet_replica.cc:333] T 660b707cea654346a98bb3c34c0fb866 P 22e93a202bae4baaa2989616166c1dd7: stopping tablet replica
I20260709 12:58:28.004235   431 raft_consensus.cc:2243] T 660b707cea654346a98bb3c34c0fb866 P 22e93a202bae4baaa2989616166c1dd7 [term 1 LEADER]: Raft consensus shutting down.
I20260709 12:58:28.005014   431 raft_consensus.cc:2272] T 660b707cea654346a98bb3c34c0fb866 P 22e93a202bae4baaa2989616166c1dd7 [term 1 FOLLOWER]: Raft consensus is shut down!
I20260709 12:58:28.031821   431 tablet_server.cc:196] TabletServer@127.0.107.194:0 shutdown complete.
W20260709 12:58:28.035319   680 consensus_peers.cc:597] T 13511d120a0342888db278fd8373083a P 9e04fa9519084e2786db9a9d571b0865 -> Peer 51bdb1b978a7408d9f9f2dbde6eb085a (127.0.107.193:43641): Couldn't send request to peer 51bdb1b978a7408d9f9f2dbde6eb085a. Status: Network error: Client connection negotiation failed: client connection to 127.0.107.193:43641: connect: Connection refused (error 111). This is attempt 6: this message will repeat every 5th retry.
I20260709 12:58:28.049211   431 tablet_server.cc:179] TabletServer@127.0.107.195:0 shutting down...
W20260709 12:58:28.069968   680 consensus_peers.cc:597] T ce8a8ae748e848a99d571c3a96af0770 P 9e04fa9519084e2786db9a9d571b0865 -> Peer 22e93a202bae4baaa2989616166c1dd7 (127.0.107.194:38199): Couldn't send request to peer 22e93a202bae4baaa2989616166c1dd7. Status: Network error: Client connection negotiation failed: client connection to 127.0.107.194:38199: connect: Connection refused (error 111). This is attempt 1: this message will repeat every 5th retry.
I20260709 12:58:28.072780   431 ts_tablet_manager.cc:1507] Shutting down tablet manager...
I20260709 12:58:28.073403   431 tablet_replica.cc:333] T ce8a8ae748e848a99d571c3a96af0770 P 9e04fa9519084e2786db9a9d571b0865: stopping tablet replica
I20260709 12:58:28.073968   431 raft_consensus.cc:2243] T ce8a8ae748e848a99d571c3a96af0770 P 9e04fa9519084e2786db9a9d571b0865 [term 3 LEADER]: Raft consensus shutting down.
I20260709 12:58:28.074693   431 raft_consensus.cc:2272] T ce8a8ae748e848a99d571c3a96af0770 P 9e04fa9519084e2786db9a9d571b0865 [term 3 FOLLOWER]: Raft consensus is shut down!
I20260709 12:58:28.076601   431 tablet_replica.cc:333] T c99384b7fbf544ad9dbdd4c272f3f510 P 9e04fa9519084e2786db9a9d571b0865: stopping tablet replica
I20260709 12:58:28.077183   431 raft_consensus.cc:2243] T c99384b7fbf544ad9dbdd4c272f3f510 P 9e04fa9519084e2786db9a9d571b0865 [term 6 FOLLOWER]: Raft consensus shutting down.
I20260709 12:58:28.077606   431 raft_consensus.cc:2272] T c99384b7fbf544ad9dbdd4c272f3f510 P 9e04fa9519084e2786db9a9d571b0865 [term 6 FOLLOWER]: Raft consensus is shut down!
I20260709 12:58:28.079053   431 tablet_replica.cc:333] T 321ba2755c564253b254fb610644ed76 P 9e04fa9519084e2786db9a9d571b0865: stopping tablet replica
I20260709 12:58:28.079516   431 raft_consensus.cc:2243] T 321ba2755c564253b254fb610644ed76 P 9e04fa9519084e2786db9a9d571b0865 [term 4 LEADER]: Raft consensus shutting down.
I20260709 12:58:28.080197   431 raft_consensus.cc:2272] T 321ba2755c564253b254fb610644ed76 P 9e04fa9519084e2786db9a9d571b0865 [term 4 FOLLOWER]: Raft consensus is shut down!
I20260709 12:58:28.081774   431 tablet_replica.cc:333] T 660b707cea654346a98bb3c34c0fb866 P 9e04fa9519084e2786db9a9d571b0865: stopping tablet replica
I20260709 12:58:28.082237   431 raft_consensus.cc:2243] T 660b707cea654346a98bb3c34c0fb866 P 9e04fa9519084e2786db9a9d571b0865 [term 1 FOLLOWER]: Raft consensus shutting down.
I20260709 12:58:28.082653   431 raft_consensus.cc:2272] T 660b707cea654346a98bb3c34c0fb866 P 9e04fa9519084e2786db9a9d571b0865 [term 1 FOLLOWER]: Raft consensus is shut down!
I20260709 12:58:28.084496   431 tablet_replica.cc:333] T 48d7586d344b4293ac328687d1dd53fb P 9e04fa9519084e2786db9a9d571b0865: stopping tablet replica
I20260709 12:58:28.085016   431 raft_consensus.cc:2243] T 48d7586d344b4293ac328687d1dd53fb P 9e04fa9519084e2786db9a9d571b0865 [term 4 FOLLOWER]: Raft consensus shutting down.
I20260709 12:58:28.085423   431 raft_consensus.cc:2272] T 48d7586d344b4293ac328687d1dd53fb P 9e04fa9519084e2786db9a9d571b0865 [term 4 FOLLOWER]: Raft consensus is shut down!
I20260709 12:58:28.087153   431 tablet_replica.cc:333] T f0a8555a942a43ddb057b031df47c402 P 9e04fa9519084e2786db9a9d571b0865: stopping tablet replica
I20260709 12:58:28.087697   431 raft_consensus.cc:2243] T f0a8555a942a43ddb057b031df47c402 P 9e04fa9519084e2786db9a9d571b0865 [term 3 FOLLOWER]: Raft consensus shutting down.
W20260709 12:58:28.088162   680 consensus_peers.cc:597] T c46329ac4e454adaab8b81e70ab9d2ff P 9e04fa9519084e2786db9a9d571b0865 -> Peer 22e93a202bae4baaa2989616166c1dd7 (127.0.107.194:38199): Couldn't send request to peer 22e93a202bae4baaa2989616166c1dd7. Status: Network error: Client connection negotiation failed: client connection to 127.0.107.194:38199: connect: Connection refused (error 111). This is attempt 1: this message will repeat every 5th retry.
I20260709 12:58:28.088160   431 raft_consensus.cc:2272] T f0a8555a942a43ddb057b031df47c402 P 9e04fa9519084e2786db9a9d571b0865 [term 3 FOLLOWER]: Raft consensus is shut down!
I20260709 12:58:28.089972   431 tablet_replica.cc:333] T 1042adf4cfe247b89096ea7ef1b77f6d P 9e04fa9519084e2786db9a9d571b0865: stopping tablet replica
I20260709 12:58:28.090428   431 raft_consensus.cc:2243] T 1042adf4cfe247b89096ea7ef1b77f6d P 9e04fa9519084e2786db9a9d571b0865 [term 5 LEADER]: Raft consensus shutting down.
I20260709 12:58:28.091063   431 raft_consensus.cc:2272] T 1042adf4cfe247b89096ea7ef1b77f6d P 9e04fa9519084e2786db9a9d571b0865 [term 5 FOLLOWER]: Raft consensus is shut down!
I20260709 12:58:28.092789   431 tablet_replica.cc:333] T c46329ac4e454adaab8b81e70ab9d2ff P 9e04fa9519084e2786db9a9d571b0865: stopping tablet replica
I20260709 12:58:28.093297   431 raft_consensus.cc:2243] T c46329ac4e454adaab8b81e70ab9d2ff P 9e04fa9519084e2786db9a9d571b0865 [term 3 LEADER]: Raft consensus shutting down.
I20260709 12:58:28.093920   431 raft_consensus.cc:2272] T c46329ac4e454adaab8b81e70ab9d2ff P 9e04fa9519084e2786db9a9d571b0865 [term 3 FOLLOWER]: Raft consensus is shut down!
I20260709 12:58:28.095386   431 tablet_replica.cc:333] T 13511d120a0342888db278fd8373083a P 9e04fa9519084e2786db9a9d571b0865: stopping tablet replica
I20260709 12:58:28.095798   431 raft_consensus.cc:2243] T 13511d120a0342888db278fd8373083a P 9e04fa9519084e2786db9a9d571b0865 [term 2 LEADER]: Raft consensus shutting down.
I20260709 12:58:28.096408   431 raft_consensus.cc:2272] T 13511d120a0342888db278fd8373083a P 9e04fa9519084e2786db9a9d571b0865 [term 2 FOLLOWER]: Raft consensus is shut down!
I20260709 12:58:28.122215   431 tablet_server.cc:196] TabletServer@127.0.107.195:0 shutdown complete.
I20260709 12:58:28.139324   431 master.cc:562] Master@127.0.107.254:33859 shutting down...
I20260709 12:58:28.316480   431 raft_consensus.cc:2243] T 00000000000000000000000000000000 P 3bf9cc68f7f64ca79c68cc267972d07d [term 1 LEADER]: Raft consensus shutting down.
I20260709 12:58:28.317088   431 raft_consensus.cc:2272] T 00000000000000000000000000000000 P 3bf9cc68f7f64ca79c68cc267972d07d [term 1 FOLLOWER]: Raft consensus is shut down!
I20260709 12:58:28.317448   431 tablet_replica.cc:333] T 00000000000000000000000000000000 P 3bf9cc68f7f64ca79c68cc267972d07d: stopping tablet replica
I20260709 12:58:28.336615   431 master.cc:584] Master@127.0.107.254:33859 shutdown complete.
22e93a202bae4baaa2989616166c1dd7  4
51bdb1b978a7408d9f9f2dbde6eb085a  4
9e04fa9519084e2786db9a9d571b0865  1
[       OK ] LeaderRebalancerTest.FunctionalTestForDivided (15871 ms)
[ RUN      ] LeaderRebalancerTest.FunctionalTestForNotDivided
I20260709 12:58:28.374078   431 internal_mini_cluster.cc:156] Creating distributed mini masters. Addrs: 127.0.107.254:39651
I20260709 12:58:28.375168   431 file_cache.cc:504] Constructed file cache file cache with capacity 419430
W20260709 12:58:28.380373   961 instance_detector.cc:116] could not retrieve AWS instance metadata: Network error: curl error: HTTP response code said error: The requested URL returned error: 404
W20260709 12:58:28.381695   962 instance_detector.cc:116] could not retrieve Azure instance metadata: Network error: curl error: HTTP response code said error: The requested URL returned error: 404
W20260709 12:58:28.381935   964 instance_detector.cc:116] could not retrieve OpenStack instance metadata: Network error: curl error: HTTP response code said error: The requested URL returned error: 404
I20260709 12:58:28.382313   431 server_base.cc:1061] running on GCE node
I20260709 12:58:28.383200   431 hybrid_clock.cc:584] initializing the hybrid clock with 'system_unsync' time source
W20260709 12:58:28.383373   431 system_unsync_time.cc:38] NTP support is disabled. Clock error bounds will not be accurate. This configuration is not suitable for distributed clusters.
I20260709 12:58:28.383490   431 hybrid_clock.cc:648] HybridClock initialized: now 1783601908383480 us; error 0 us; skew 500 ppm
I20260709 12:58:28.383915   431 server_base.cc:861] Flag tcmalloc_max_total_thread_cache_bytes is not working since tcmalloc is not enabled.
I20260709 12:58:28.386373   431 webserver.cc:533] Webserver started at http://127.0.107.254:40967/ using document root <none> and password file <none>
I20260709 12:58:28.386801   431 fs_manager.cc:362] Metadata directory not provided
I20260709 12:58:28.386950   431 fs_manager.cc:368] Using write-ahead log directory (fs_wal_dir) as metadata directory
I20260709 12:58:28.387147   431 server_base.cc:909] This appears to be a new deployment of Kudu; creating new FS layout
I20260709 12:58:28.388152   431 fs_manager.cc:1068] Generated new instance metadata in path /tmp/dist-test-taskY9PVsR/test-tmp/auto_leader_rebalancer-test.0.LeaderRebalancerTest.FunctionalTestForNotDivided.1783601892333194-431-0/minicluster-data/master-0-root/instance:
uuid: "0b5a54fbf1cd47349949e392c7ce00c0"
format_stamp: "Formatted at 2026-07-09 12:58:28 on dist-test-slave-z675"
I20260709 12:58:28.392168   431 fs_manager.cc:696] Time spent creating directory manager: real 0.004s	user 0.005s	sys 0.000s
I20260709 12:58:28.395366   969 log_block_manager.cc:4127] Time spent loading block containers with low live blocks: real 0.000s	user 0.000s	sys 0.000s
I20260709 12:58:28.396114   431 fs_manager.cc:730] Time spent opening block manager: real 0.002s	user 0.002s	sys 0.000s
I20260709 12:58:28.396350   431 fs_manager.cc:647] Opened local filesystem: /tmp/dist-test-taskY9PVsR/test-tmp/auto_leader_rebalancer-test.0.LeaderRebalancerTest.FunctionalTestForNotDivided.1783601892333194-431-0/minicluster-data/master-0-root
uuid: "0b5a54fbf1cd47349949e392c7ce00c0"
format_stamp: "Formatted at 2026-07-09 12:58:28 on dist-test-slave-z675"
I20260709 12:58:28.396581   431 fs_report.cc:389] FS layout report
--------------------
wal directory: /tmp/dist-test-taskY9PVsR/test-tmp/auto_leader_rebalancer-test.0.LeaderRebalancerTest.FunctionalTestForNotDivided.1783601892333194-431-0/minicluster-data/master-0-root
metadata directory: /tmp/dist-test-taskY9PVsR/test-tmp/auto_leader_rebalancer-test.0.LeaderRebalancerTest.FunctionalTestForNotDivided.1783601892333194-431-0/minicluster-data/master-0-root
1 data directories: /tmp/dist-test-taskY9PVsR/test-tmp/auto_leader_rebalancer-test.0.LeaderRebalancerTest.FunctionalTestForNotDivided.1783601892333194-431-0/minicluster-data/master-0-root/data
Total live blocks: 0
Total live bytes: 0
Total live bytes (after alignment): 0
Total number of LBM containers: 0 (0 full)
Did not check for missing blocks
Did not check for orphaned blocks
Total full LBM containers with extra space: 0 (0 repaired)
Total full LBM container extra space in bytes: 0 (0 repaired)
Total incomplete LBM containers: 0 (0 repaired)
Total LBM partial records: 0 (0 repaired)
Total corrupted LBM metadata records in RocksDB: 0 (0 repaired)
I20260709 12:58:28.407023   431 rpc_server.cc:225] running with OpenSSL 1.1.1  11 Sep 2018
I20260709 12:58:28.408113   431 kserver.cc:163] Server-wide thread pool size limit: 3276
I20260709 12:58:28.444247   431 rpc_server.cc:307] RPC server started. Bound to: 127.0.107.254:39651
I20260709 12:58:28.444345  1020 acceptor_pool.cc:272] collecting diagnostics on the listening RPC socket 127.0.107.254:39651 every 8 connection(s)
I20260709 12:58:28.448046  1021 data_dirs.cc:400] Could only allocate 1 dirs of requested 3 for tablet 00000000000000000000000000000000. 1 dirs total, 0 dirs full, 0 dirs failed
I20260709 12:58:28.456710  1021 tablet_bootstrap.cc:492] T 00000000000000000000000000000000 P 0b5a54fbf1cd47349949e392c7ce00c0: Bootstrap starting.
I20260709 12:58:28.461169  1021 tablet_bootstrap.cc:654] T 00000000000000000000000000000000 P 0b5a54fbf1cd47349949e392c7ce00c0: Neither blocks nor log segments found. Creating new log.
I20260709 12:58:28.465054  1021 tablet_bootstrap.cc:492] T 00000000000000000000000000000000 P 0b5a54fbf1cd47349949e392c7ce00c0: No bootstrap required, opened a new log
I20260709 12:58:28.466915  1021 raft_consensus.cc:359] T 00000000000000000000000000000000 P 0b5a54fbf1cd47349949e392c7ce00c0 [term 0 FOLLOWER]: Replica starting. Triggering 0 pending ops. Active config: opid_index: -1 OBSOLETE_local: true peers { permanent_uuid: "0b5a54fbf1cd47349949e392c7ce00c0" member_type: VOTER }
I20260709 12:58:28.467253  1021 raft_consensus.cc:385] T 00000000000000000000000000000000 P 0b5a54fbf1cd47349949e392c7ce00c0 [term 0 FOLLOWER]: Consensus starting up: Expiring failure detector timer to make a prompt election more likely
I20260709 12:58:28.467446  1021 raft_consensus.cc:740] T 00000000000000000000000000000000 P 0b5a54fbf1cd47349949e392c7ce00c0 [term 0 FOLLOWER]: Becoming Follower/Learner. State: Replica: 0b5a54fbf1cd47349949e392c7ce00c0, State: Initialized, Role: FOLLOWER
I20260709 12:58:28.467988  1021 consensus_queue.cc:260] T 00000000000000000000000000000000 P 0b5a54fbf1cd47349949e392c7ce00c0 [NON_LEADER]: Queue going to NON_LEADER mode. State: All replicated index: 0, Majority replicated index: 0, Committed index: 0, Last appended: 0.0, Last appended by leader: 0, Current term: 0, Majority size: -1, State: 0, Mode: NON_LEADER, active raft config: opid_index: -1 OBSOLETE_local: true peers { permanent_uuid: "0b5a54fbf1cd47349949e392c7ce00c0" member_type: VOTER }
I20260709 12:58:28.468425  1021 raft_consensus.cc:399] T 00000000000000000000000000000000 P 0b5a54fbf1cd47349949e392c7ce00c0 [term 0 FOLLOWER]: Only one voter in the Raft config. Triggering election immediately
I20260709 12:58:28.468626  1021 raft_consensus.cc:493] T 00000000000000000000000000000000 P 0b5a54fbf1cd47349949e392c7ce00c0 [term 0 FOLLOWER]: Starting leader election (initial election of a single-replica configuration)
I20260709 12:58:28.468830  1021 raft_consensus.cc:3060] T 00000000000000000000000000000000 P 0b5a54fbf1cd47349949e392c7ce00c0 [term 0 FOLLOWER]: Advancing to term 1
I20260709 12:58:28.472430  1021 raft_consensus.cc:515] T 00000000000000000000000000000000 P 0b5a54fbf1cd47349949e392c7ce00c0 [term 1 FOLLOWER]: Starting leader election with config: opid_index: -1 OBSOLETE_local: true peers { permanent_uuid: "0b5a54fbf1cd47349949e392c7ce00c0" member_type: VOTER }
I20260709 12:58:28.472848  1021 leader_election.cc:304] T 00000000000000000000000000000000 P 0b5a54fbf1cd47349949e392c7ce00c0 [CANDIDATE]: Term 1 election: Election decided. Result: candidate won. Election summary: received 1 responses out of 1 voters: 1 yes votes; 0 no votes. yes voters: 0b5a54fbf1cd47349949e392c7ce00c0; no voters: 
I20260709 12:58:28.473927  1021 leader_election.cc:290] T 00000000000000000000000000000000 P 0b5a54fbf1cd47349949e392c7ce00c0 [CANDIDATE]: Term 1 election: Requested vote from peers 
I20260709 12:58:28.474349  1024 raft_consensus.cc:2804] T 00000000000000000000000000000000 P 0b5a54fbf1cd47349949e392c7ce00c0 [term 1 FOLLOWER]: Leader election won for term 1
I20260709 12:58:28.475567  1024 raft_consensus.cc:697] T 00000000000000000000000000000000 P 0b5a54fbf1cd47349949e392c7ce00c0 [term 1 LEADER]: Becoming Leader. State: Replica: 0b5a54fbf1cd47349949e392c7ce00c0, State: Running, Role: LEADER
I20260709 12:58:28.476243  1024 consensus_queue.cc:237] T 00000000000000000000000000000000 P 0b5a54fbf1cd47349949e392c7ce00c0 [LEADER]: Queue going to LEADER mode. State: All replicated index: 0, Majority replicated index: 0, Committed index: 0, Last appended: 0.0, Last appended by leader: 0, Current term: 1, Majority size: 1, State: 0, Mode: LEADER, active raft config: opid_index: -1 OBSOLETE_local: true peers { permanent_uuid: "0b5a54fbf1cd47349949e392c7ce00c0" member_type: VOTER }
I20260709 12:58:28.476765  1021 sys_catalog.cc:565] T 00000000000000000000000000000000 P 0b5a54fbf1cd47349949e392c7ce00c0 [sys.catalog]: configured and running, proceeding with master startup.
I20260709 12:58:28.480350  1025 sys_catalog.cc:455] T 00000000000000000000000000000000 P 0b5a54fbf1cd47349949e392c7ce00c0 [sys.catalog]: SysCatalogTable state changed. Reason: RaftConsensus started. Latest consensus state: current_term: 1 leader_uuid: "0b5a54fbf1cd47349949e392c7ce00c0" committed_config { opid_index: -1 OBSOLETE_local: true peers { permanent_uuid: "0b5a54fbf1cd47349949e392c7ce00c0" member_type: VOTER } }
I20260709 12:58:28.481082  1025 sys_catalog.cc:458] T 00000000000000000000000000000000 P 0b5a54fbf1cd47349949e392c7ce00c0 [sys.catalog]: This master's current role is: LEADER
I20260709 12:58:28.481101  1026 sys_catalog.cc:455] T 00000000000000000000000000000000 P 0b5a54fbf1cd47349949e392c7ce00c0 [sys.catalog]: SysCatalogTable state changed. Reason: New leader 0b5a54fbf1cd47349949e392c7ce00c0. Latest consensus state: current_term: 1 leader_uuid: "0b5a54fbf1cd47349949e392c7ce00c0" committed_config { opid_index: -1 OBSOLETE_local: true peers { permanent_uuid: "0b5a54fbf1cd47349949e392c7ce00c0" member_type: VOTER } }
I20260709 12:58:28.481739  1026 sys_catalog.cc:458] T 00000000000000000000000000000000 P 0b5a54fbf1cd47349949e392c7ce00c0 [sys.catalog]: This master's current role is: LEADER
I20260709 12:58:28.488795  1031 catalog_manager.cc:1511] Loading table and tablet metadata into memory...
I20260709 12:58:28.493793  1031 catalog_manager.cc:1520] Initializing Kudu cluster ID...
I20260709 12:58:28.494889   431 internal_mini_cluster.cc:184] Waiting to initialize catalog manager on master 0
I20260709 12:58:28.501837  1031 catalog_manager.cc:1383] Generated new cluster ID: ef4fb1f0ed6e4aa6940a9f534da549a2
I20260709 12:58:28.502101  1031 catalog_manager.cc:1531] Initializing Kudu internal certificate authority...
I20260709 12:58:28.525731  1031 catalog_manager.cc:1406] Generated new certificate authority record
I20260709 12:58:28.526973  1031 catalog_manager.cc:1540] Loading token signing keys...
I20260709 12:58:28.536688  1031 catalog_manager.cc:6070] T 00000000000000000000000000000000 P 0b5a54fbf1cd47349949e392c7ce00c0: Generated new TSK 0
I20260709 12:58:28.537206  1031 catalog_manager.cc:1550] Initializing in-progress tserver states...
I20260709 12:58:28.561180   431 file_cache.cc:504] Constructed file cache file cache with capacity 419430
W20260709 12:58:28.566953  1042 instance_detector.cc:116] could not retrieve AWS instance metadata: Network error: curl error: HTTP response code said error: The requested URL returned error: 404
W20260709 12:58:28.567890  1043 instance_detector.cc:116] could not retrieve Azure instance metadata: Network error: curl error: HTTP response code said error: The requested URL returned error: 404
W20260709 12:58:28.569314  1045 instance_detector.cc:116] could not retrieve OpenStack instance metadata: Network error: curl error: HTTP response code said error: The requested URL returned error: 404
I20260709 12:58:28.570374   431 server_base.cc:1061] running on GCE node
I20260709 12:58:28.571100   431 hybrid_clock.cc:584] initializing the hybrid clock with 'system_unsync' time source
W20260709 12:58:28.571267   431 system_unsync_time.cc:38] NTP support is disabled. Clock error bounds will not be accurate. This configuration is not suitable for distributed clusters.
I20260709 12:58:28.571383   431 hybrid_clock.cc:648] HybridClock initialized: now 1783601908571373 us; error 0 us; skew 500 ppm
I20260709 12:58:28.571815   431 server_base.cc:861] Flag tcmalloc_max_total_thread_cache_bytes is not working since tcmalloc is not enabled.
I20260709 12:58:28.573953   431 webserver.cc:533] Webserver started at http://127.0.107.193:39915/ using document root <none> and password file <none>
I20260709 12:58:28.574364   431 fs_manager.cc:362] Metadata directory not provided
I20260709 12:58:28.574522   431 fs_manager.cc:368] Using write-ahead log directory (fs_wal_dir) as metadata directory
I20260709 12:58:28.574726   431 server_base.cc:909] This appears to be a new deployment of Kudu; creating new FS layout
I20260709 12:58:28.575654   431 fs_manager.cc:1068] Generated new instance metadata in path /tmp/dist-test-taskY9PVsR/test-tmp/auto_leader_rebalancer-test.0.LeaderRebalancerTest.FunctionalTestForNotDivided.1783601892333194-431-0/minicluster-data/ts-0-root/instance:
uuid: "bdcdef060a404cf1ada347fe8f995a8a"
format_stamp: "Formatted at 2026-07-09 12:58:28 on dist-test-slave-z675"
I20260709 12:58:28.579984   431 fs_manager.cc:696] Time spent creating directory manager: real 0.004s	user 0.006s	sys 0.000s
I20260709 12:58:28.583050  1050 log_block_manager.cc:4127] Time spent loading block containers with low live blocks: real 0.000s	user 0.000s	sys 0.000s
I20260709 12:58:28.583864   431 fs_manager.cc:730] Time spent opening block manager: real 0.002s	user 0.000s	sys 0.002s
I20260709 12:58:28.584108   431 fs_manager.cc:647] Opened local filesystem: /tmp/dist-test-taskY9PVsR/test-tmp/auto_leader_rebalancer-test.0.LeaderRebalancerTest.FunctionalTestForNotDivided.1783601892333194-431-0/minicluster-data/ts-0-root
uuid: "bdcdef060a404cf1ada347fe8f995a8a"
format_stamp: "Formatted at 2026-07-09 12:58:28 on dist-test-slave-z675"
I20260709 12:58:28.584349   431 fs_report.cc:389] FS layout report
--------------------
wal directory: /tmp/dist-test-taskY9PVsR/test-tmp/auto_leader_rebalancer-test.0.LeaderRebalancerTest.FunctionalTestForNotDivided.1783601892333194-431-0/minicluster-data/ts-0-root
metadata directory: /tmp/dist-test-taskY9PVsR/test-tmp/auto_leader_rebalancer-test.0.LeaderRebalancerTest.FunctionalTestForNotDivided.1783601892333194-431-0/minicluster-data/ts-0-root
1 data directories: /tmp/dist-test-taskY9PVsR/test-tmp/auto_leader_rebalancer-test.0.LeaderRebalancerTest.FunctionalTestForNotDivided.1783601892333194-431-0/minicluster-data/ts-0-root/data
Total live blocks: 0
Total live bytes: 0
Total live bytes (after alignment): 0
Total number of LBM containers: 0 (0 full)
Did not check for missing blocks
Did not check for orphaned blocks
Total full LBM containers with extra space: 0 (0 repaired)
Total full LBM container extra space in bytes: 0 (0 repaired)
Total incomplete LBM containers: 0 (0 repaired)
Total LBM partial records: 0 (0 repaired)
Total corrupted LBM metadata records in RocksDB: 0 (0 repaired)
I20260709 12:58:28.608801   431 rpc_server.cc:225] running with OpenSSL 1.1.1  11 Sep 2018
I20260709 12:58:28.610080   431 kserver.cc:163] Server-wide thread pool size limit: 3276
I20260709 12:58:28.611408   431 txn_system_client.cc:432] TxnSystemClient initialization is disabled...
I20260709 12:58:28.613621   431 ts_tablet_manager.cc:585] Loaded tablet metadata (0 total tablets, 0 live tablets)
I20260709 12:58:28.613788   431 ts_tablet_manager.cc:531] Time spent load tablet metadata: real 0.000s	user 0.000s	sys 0.000s
I20260709 12:58:28.614099   431 ts_tablet_manager.cc:616] Registered 0 tablets
I20260709 12:58:28.614272   431 ts_tablet_manager.cc:595] Time spent register tablets: real 0.000s	user 0.000s	sys 0.000s
I20260709 12:58:28.653034   431 rpc_server.cc:307] RPC server started. Bound to: 127.0.107.193:38379
I20260709 12:58:28.653138  1112 acceptor_pool.cc:272] collecting diagnostics on the listening RPC socket 127.0.107.193:38379 every 8 connection(s)
I20260709 12:58:28.657752   431 file_cache.cc:504] Constructed file cache file cache with capacity 419430
W20260709 12:58:28.665112  1117 instance_detector.cc:116] could not retrieve AWS instance metadata: Network error: curl error: HTTP response code said error: The requested URL returned error: 404
W20260709 12:58:28.666790  1118 instance_detector.cc:116] could not retrieve Azure instance metadata: Network error: curl error: HTTP response code said error: The requested URL returned error: 404
W20260709 12:58:28.668517  1120 instance_detector.cc:116] could not retrieve OpenStack instance metadata: Network error: curl error: HTTP response code said error: The requested URL returned error: 404
I20260709 12:58:28.668994   431 server_base.cc:1061] running on GCE node
I20260709 12:58:28.669764   431 hybrid_clock.cc:584] initializing the hybrid clock with 'system_unsync' time source
W20260709 12:58:28.669936   431 system_unsync_time.cc:38] NTP support is disabled. Clock error bounds will not be accurate. This configuration is not suitable for distributed clusters.
I20260709 12:58:28.670061   431 hybrid_clock.cc:648] HybridClock initialized: now 1783601908670050 us; error 0 us; skew 500 ppm
I20260709 12:58:28.670528   431 server_base.cc:861] Flag tcmalloc_max_total_thread_cache_bytes is not working since tcmalloc is not enabled.
I20260709 12:58:28.673341   431 webserver.cc:533] Webserver started at http://127.0.107.194:36843/ using document root <none> and password file <none>
I20260709 12:58:28.673946   431 fs_manager.cc:362] Metadata directory not provided
I20260709 12:58:28.674187   431 fs_manager.cc:368] Using write-ahead log directory (fs_wal_dir) as metadata directory
I20260709 12:58:28.674523   431 server_base.cc:909] This appears to be a new deployment of Kudu; creating new FS layout
I20260709 12:58:28.675347  1113 heartbeater.cc:344] Connected to a master server at 127.0.107.254:39651
I20260709 12:58:28.675634  1113 heartbeater.cc:461] Registering TS with master...
I20260709 12:58:28.675850   431 fs_manager.cc:1068] Generated new instance metadata in path /tmp/dist-test-taskY9PVsR/test-tmp/auto_leader_rebalancer-test.0.LeaderRebalancerTest.FunctionalTestForNotDivided.1783601892333194-431-0/minicluster-data/ts-1-root/instance:
uuid: "1a0d6b2908184db5aa99bc8bef9e5a53"
format_stamp: "Formatted at 2026-07-09 12:58:28 on dist-test-slave-z675"
I20260709 12:58:28.676246  1113 heartbeater.cc:507] Master 127.0.107.254:39651 requested a full tablet report, sending...
I20260709 12:58:28.678310   986 ts_manager.cc:194] Registered new tserver with Master: bdcdef060a404cf1ada347fe8f995a8a (127.0.107.193:38379)
I20260709 12:58:28.680321   986 master_service.cc:502] Signed X509 certificate for tserver {username='slave'} at 127.0.0.1:36324
I20260709 12:58:28.680785   431 fs_manager.cc:696] Time spent creating directory manager: real 0.004s	user 0.000s	sys 0.007s
I20260709 12:58:28.684064  1125 log_block_manager.cc:4127] Time spent loading block containers with low live blocks: real 0.000s	user 0.000s	sys 0.000s
I20260709 12:58:28.684749   431 fs_manager.cc:730] Time spent opening block manager: real 0.002s	user 0.003s	sys 0.000s
I20260709 12:58:28.685060   431 fs_manager.cc:647] Opened local filesystem: /tmp/dist-test-taskY9PVsR/test-tmp/auto_leader_rebalancer-test.0.LeaderRebalancerTest.FunctionalTestForNotDivided.1783601892333194-431-0/minicluster-data/ts-1-root
uuid: "1a0d6b2908184db5aa99bc8bef9e5a53"
format_stamp: "Formatted at 2026-07-09 12:58:28 on dist-test-slave-z675"
I20260709 12:58:28.685344   431 fs_report.cc:389] FS layout report
--------------------
wal directory: /tmp/dist-test-taskY9PVsR/test-tmp/auto_leader_rebalancer-test.0.LeaderRebalancerTest.FunctionalTestForNotDivided.1783601892333194-431-0/minicluster-data/ts-1-root
metadata directory: /tmp/dist-test-taskY9PVsR/test-tmp/auto_leader_rebalancer-test.0.LeaderRebalancerTest.FunctionalTestForNotDivided.1783601892333194-431-0/minicluster-data/ts-1-root
1 data directories: /tmp/dist-test-taskY9PVsR/test-tmp/auto_leader_rebalancer-test.0.LeaderRebalancerTest.FunctionalTestForNotDivided.1783601892333194-431-0/minicluster-data/ts-1-root/data
Total live blocks: 0
Total live bytes: 0
Total live bytes (after alignment): 0
Total number of LBM containers: 0 (0 full)
Did not check for missing blocks
Did not check for orphaned blocks
Total full LBM containers with extra space: 0 (0 repaired)
Total full LBM container extra space in bytes: 0 (0 repaired)
Total incomplete LBM containers: 0 (0 repaired)
Total LBM partial records: 0 (0 repaired)
Total corrupted LBM metadata records in RocksDB: 0 (0 repaired)
I20260709 12:58:28.706583   431 rpc_server.cc:225] running with OpenSSL 1.1.1  11 Sep 2018
I20260709 12:58:28.707731   431 kserver.cc:163] Server-wide thread pool size limit: 3276
I20260709 12:58:28.709213   431 txn_system_client.cc:432] TxnSystemClient initialization is disabled...
I20260709 12:58:28.711404   431 ts_tablet_manager.cc:585] Loaded tablet metadata (0 total tablets, 0 live tablets)
I20260709 12:58:28.711616   431 ts_tablet_manager.cc:531] Time spent load tablet metadata: real 0.000s	user 0.000s	sys 0.000s
I20260709 12:58:28.711859   431 ts_tablet_manager.cc:616] Registered 0 tablets
I20260709 12:58:28.712028   431 ts_tablet_manager.cc:595] Time spent register tablets: real 0.000s	user 0.000s	sys 0.000s
I20260709 12:58:28.749647   431 rpc_server.cc:307] RPC server started. Bound to: 127.0.107.194:40175
I20260709 12:58:28.749751  1187 acceptor_pool.cc:272] collecting diagnostics on the listening RPC socket 127.0.107.194:40175 every 8 connection(s)
I20260709 12:58:28.754348   431 file_cache.cc:504] Constructed file cache file cache with capacity 419430
W20260709 12:58:28.761415  1191 instance_detector.cc:116] could not retrieve AWS instance metadata: Network error: curl error: HTTP response code said error: The requested URL returned error: 404
W20260709 12:58:28.763585  1192 instance_detector.cc:116] could not retrieve Azure instance metadata: Network error: curl error: HTTP response code said error: The requested URL returned error: 404
I20260709 12:58:28.764451   431 server_base.cc:1061] running on GCE node
W20260709 12:58:28.765480  1194 instance_detector.cc:116] could not retrieve OpenStack instance metadata: Network error: curl error: HTTP response code said error: The requested URL returned error: 404
I20260709 12:58:28.766412   431 hybrid_clock.cc:584] initializing the hybrid clock with 'system_unsync' time source
W20260709 12:58:28.766644   431 system_unsync_time.cc:38] NTP support is disabled. Clock error bounds will not be accurate. This configuration is not suitable for distributed clusters.
I20260709 12:58:28.766831  1188 heartbeater.cc:344] Connected to a master server at 127.0.107.254:39651
I20260709 12:58:28.766832   431 hybrid_clock.cc:648] HybridClock initialized: now 1783601908766814 us; error 0 us; skew 500 ppm
I20260709 12:58:28.767302  1188 heartbeater.cc:461] Registering TS with master...
I20260709 12:58:28.767735   431 server_base.cc:861] Flag tcmalloc_max_total_thread_cache_bytes is not working since tcmalloc is not enabled.
I20260709 12:58:28.768158  1188 heartbeater.cc:507] Master 127.0.107.254:39651 requested a full tablet report, sending...
I20260709 12:58:28.770337   986 ts_manager.cc:194] Registered new tserver with Master: 1a0d6b2908184db5aa99bc8bef9e5a53 (127.0.107.194:40175)
I20260709 12:58:28.771602   986 master_service.cc:502] Signed X509 certificate for tserver {username='slave'} at 127.0.0.1:36330
I20260709 12:58:28.772270   431 webserver.cc:533] Webserver started at http://127.0.107.195:34595/ using document root <none> and password file <none>
I20260709 12:58:28.772845   431 fs_manager.cc:362] Metadata directory not provided
I20260709 12:58:28.773138   431 fs_manager.cc:368] Using write-ahead log directory (fs_wal_dir) as metadata directory
I20260709 12:58:28.773451   431 server_base.cc:909] This appears to be a new deployment of Kudu; creating new FS layout
I20260709 12:58:28.774677   431 fs_manager.cc:1068] Generated new instance metadata in path /tmp/dist-test-taskY9PVsR/test-tmp/auto_leader_rebalancer-test.0.LeaderRebalancerTest.FunctionalTestForNotDivided.1783601892333194-431-0/minicluster-data/ts-2-root/instance:
uuid: "9f9f51549aa44ef49877b37718276763"
format_stamp: "Formatted at 2026-07-09 12:58:28 on dist-test-slave-z675"
I20260709 12:58:28.778959   431 fs_manager.cc:696] Time spent creating directory manager: real 0.004s	user 0.005s	sys 0.000s
I20260709 12:58:28.781939  1199 log_block_manager.cc:4127] Time spent loading block containers with low live blocks: real 0.000s	user 0.000s	sys 0.000s
I20260709 12:58:28.782650   431 fs_manager.cc:730] Time spent opening block manager: real 0.002s	user 0.002s	sys 0.001s
I20260709 12:58:28.782951   431 fs_manager.cc:647] Opened local filesystem: /tmp/dist-test-taskY9PVsR/test-tmp/auto_leader_rebalancer-test.0.LeaderRebalancerTest.FunctionalTestForNotDivided.1783601892333194-431-0/minicluster-data/ts-2-root
uuid: "9f9f51549aa44ef49877b37718276763"
format_stamp: "Formatted at 2026-07-09 12:58:28 on dist-test-slave-z675"
I20260709 12:58:28.783178   431 fs_report.cc:389] FS layout report
--------------------
wal directory: /tmp/dist-test-taskY9PVsR/test-tmp/auto_leader_rebalancer-test.0.LeaderRebalancerTest.FunctionalTestForNotDivided.1783601892333194-431-0/minicluster-data/ts-2-root
metadata directory: /tmp/dist-test-taskY9PVsR/test-tmp/auto_leader_rebalancer-test.0.LeaderRebalancerTest.FunctionalTestForNotDivided.1783601892333194-431-0/minicluster-data/ts-2-root
1 data directories: /tmp/dist-test-taskY9PVsR/test-tmp/auto_leader_rebalancer-test.0.LeaderRebalancerTest.FunctionalTestForNotDivided.1783601892333194-431-0/minicluster-data/ts-2-root/data
Total live blocks: 0
Total live bytes: 0
Total live bytes (after alignment): 0
Total number of LBM containers: 0 (0 full)
Did not check for missing blocks
Did not check for orphaned blocks
Total full LBM containers with extra space: 0 (0 repaired)
Total full LBM container extra space in bytes: 0 (0 repaired)
Total incomplete LBM containers: 0 (0 repaired)
Total LBM partial records: 0 (0 repaired)
Total corrupted LBM metadata records in RocksDB: 0 (0 repaired)
I20260709 12:58:28.798084   431 rpc_server.cc:225] running with OpenSSL 1.1.1  11 Sep 2018
I20260709 12:58:28.799252   431 kserver.cc:163] Server-wide thread pool size limit: 3276
I20260709 12:58:28.800559   431 txn_system_client.cc:432] TxnSystemClient initialization is disabled...
I20260709 12:58:28.802695   431 ts_tablet_manager.cc:585] Loaded tablet metadata (0 total tablets, 0 live tablets)
I20260709 12:58:28.802861   431 ts_tablet_manager.cc:531] Time spent load tablet metadata: real 0.000s	user 0.000s	sys 0.000s
I20260709 12:58:28.803161   431 ts_tablet_manager.cc:616] Registered 0 tablets
I20260709 12:58:28.803319   431 ts_tablet_manager.cc:595] Time spent register tablets: real 0.000s	user 0.000s	sys 0.000s
I20260709 12:58:28.842037   431 rpc_server.cc:307] RPC server started. Bound to: 127.0.107.195:38757
I20260709 12:58:28.842144  1261 acceptor_pool.cc:272] collecting diagnostics on the listening RPC socket 127.0.107.195:38757 every 8 connection(s)
I20260709 12:58:28.855159  1262 heartbeater.cc:344] Connected to a master server at 127.0.107.254:39651
I20260709 12:58:28.855572  1262 heartbeater.cc:461] Registering TS with master...
I20260709 12:58:28.856273  1262 heartbeater.cc:507] Master 127.0.107.254:39651 requested a full tablet report, sending...
I20260709 12:58:28.858263   986 ts_manager.cc:194] Registered new tserver with Master: 9f9f51549aa44ef49877b37718276763 (127.0.107.195:38757)
I20260709 12:58:28.858361   431 internal_mini_cluster.cc:371] 3 TS(s) registered with all masters after 0.013320165s
I20260709 12:58:28.859995   986 master_service.cc:502] Signed X509 certificate for tserver {username='slave'} at 127.0.0.1:36344
I20260709 12:58:28.882161   986 catalog_manager.cc:2283] Servicing CreateTable request from {username='slave'} at 127.0.0.1:36354:
name: "test-workload"
schema {
  columns {
    name: "key"
    type: INT32
    is_key: true
    is_nullable: false
    encoding: AUTO_ENCODING
    compression: DEFAULT_COMPRESSION
    cfile_block_size: 0
    immutable: false
  }
  columns {
    name: "int_val"
    type: INT32
    is_key: false
    is_nullable: false
    encoding: AUTO_ENCODING
    compression: DEFAULT_COMPRESSION
    cfile_block_size: 0
    immutable: false
  }
  columns {
    name: "string_val"
    type: STRING
    is_key: false
    is_nullable: true
    encoding: AUTO_ENCODING
    compression: DEFAULT_COMPRESSION
    cfile_block_size: 0
    immutable: false
  }
}
num_replicas: 3
split_rows_range_bounds {
  rows: "\004\001\000\314\314\314\014\004\001\000\230\231\231\031\004\001\000dff&\004\001\0000333\004\001\000\374\377\377?\004\001\000\310\314\314L\004\001\000\224\231\231Y\004\001\000`fff\004\001\000,33s""\004\001\000\314\314\314\014\004\001\000\230\231\231\031\004\001\000dff&\004\001\0000333\004\001\000\374\377\377?\004\001\000\310\314\314L\004\001\000\224\231\231Y\004\001\000`fff\004\001\000,33s"
  indirect_data: """"
}
partition_schema {
  range_schema {
    columns {
      name: "key"
    }
  }
}
W20260709 12:58:28.885051   986 catalog_manager.cc:7077] The number of live tablet servers is not enough to re-replicate a tablet replica of the newly created table test-workload in case of a server failure: 4 tablet servers would be needed, 3 are available. Consider bringing up more tablet servers.
I20260709 12:58:28.968016  1226 tablet_service.cc:1511] Processing CreateTablet for tablet 3d2d45e8a7e44929a872c1c1380f9045 (DEFAULT_TABLE table=test-workload [id=8f3558a4ccd24a4d9fc30595592868dd]), partition=RANGE (key) PARTITION 214748364 <= VALUES < 429496728
I20260709 12:58:28.969537  1226 data_dirs.cc:400] Could only allocate 1 dirs of requested 3 for tablet 3d2d45e8a7e44929a872c1c1380f9045. 1 dirs total, 0 dirs full, 0 dirs failed
I20260709 12:58:28.969890  1227 tablet_service.cc:1511] Processing CreateTablet for tablet 84684f7ba1e044fabd742ba6158133b6 (DEFAULT_TABLE table=test-workload [id=8f3558a4ccd24a4d9fc30595592868dd]), partition=RANGE (key) PARTITION VALUES < 214748364
I20260709 12:58:28.971314  1227 data_dirs.cc:400] Could only allocate 1 dirs of requested 3 for tablet 84684f7ba1e044fabd742ba6158133b6. 1 dirs total, 0 dirs full, 0 dirs failed
I20260709 12:58:28.974270  1225 tablet_service.cc:1511] Processing CreateTablet for tablet dc00c724361d42a493b0093eb37e12e8 (DEFAULT_TABLE table=test-workload [id=8f3558a4ccd24a4d9fc30595592868dd]), partition=RANGE (key) PARTITION 429496728 <= VALUES < 644245092
I20260709 12:58:28.975566  1225 data_dirs.cc:400] Could only allocate 1 dirs of requested 3 for tablet dc00c724361d42a493b0093eb37e12e8. 1 dirs total, 0 dirs full, 0 dirs failed
I20260709 12:58:28.978085  1224 tablet_service.cc:1511] Processing CreateTablet for tablet 79c4e2a1fdf84a198aaca03fa8f20f4e (DEFAULT_TABLE table=test-workload [id=8f3558a4ccd24a4d9fc30595592868dd]), partition=RANGE (key) PARTITION 644245092 <= VALUES < 858993456
I20260709 12:58:28.979377  1224 data_dirs.cc:400] Could only allocate 1 dirs of requested 3 for tablet 79c4e2a1fdf84a198aaca03fa8f20f4e. 1 dirs total, 0 dirs full, 0 dirs failed
I20260709 12:58:28.979959  1153 tablet_service.cc:1511] Processing CreateTablet for tablet 84684f7ba1e044fabd742ba6158133b6 (DEFAULT_TABLE table=test-workload [id=8f3558a4ccd24a4d9fc30595592868dd]), partition=RANGE (key) PARTITION VALUES < 214748364
I20260709 12:58:28.981158  1153 data_dirs.cc:400] Could only allocate 1 dirs of requested 3 for tablet 84684f7ba1e044fabd742ba6158133b6. 1 dirs total, 0 dirs full, 0 dirs failed
I20260709 12:58:28.982002  1223 tablet_service.cc:1511] Processing CreateTablet for tablet 435d68662c6c46d794bfc1e887c58f96 (DEFAULT_TABLE table=test-workload [id=8f3558a4ccd24a4d9fc30595592868dd]), partition=RANGE (key) PARTITION 858993456 <= VALUES < 1073741820
I20260709 12:58:28.983310  1223 data_dirs.cc:400] Could only allocate 1 dirs of requested 3 for tablet 435d68662c6c46d794bfc1e887c58f96. 1 dirs total, 0 dirs full, 0 dirs failed
I20260709 12:58:28.982980  1152 tablet_service.cc:1511] Processing CreateTablet for tablet 3d2d45e8a7e44929a872c1c1380f9045 (DEFAULT_TABLE table=test-workload [id=8f3558a4ccd24a4d9fc30595592868dd]), partition=RANGE (key) PARTITION 214748364 <= VALUES < 429496728
I20260709 12:58:28.984205  1152 data_dirs.cc:400] Could only allocate 1 dirs of requested 3 for tablet 3d2d45e8a7e44929a872c1c1380f9045. 1 dirs total, 0 dirs full, 0 dirs failed
I20260709 12:58:28.985136  1148 tablet_service.cc:1511] Processing CreateTablet for tablet 60e716cf44a64f629bef7a2cf525375d (DEFAULT_TABLE table=test-workload [id=8f3558a4ccd24a4d9fc30595592868dd]), partition=RANGE (key) PARTITION 1073741820 <= VALUES < 1288490184
I20260709 12:58:28.986372  1148 data_dirs.cc:400] Could only allocate 1 dirs of requested 3 for tablet 60e716cf44a64f629bef7a2cf525375d. 1 dirs total, 0 dirs full, 0 dirs failed
I20260709 12:58:28.987845  1144 tablet_service.cc:1511] Processing CreateTablet for tablet f688b3c84ad74ec5ac9a527a9669c624 (DEFAULT_TABLE table=test-workload [id=8f3558a4ccd24a4d9fc30595592868dd]), partition=RANGE (key) PARTITION 1932735276 <= VALUES
I20260709 12:58:28.988579  1277 tablet_bootstrap.cc:492] T 84684f7ba1e044fabd742ba6158133b6 P 9f9f51549aa44ef49877b37718276763: Bootstrap starting.
I20260709 12:58:28.989117  1144 data_dirs.cc:400] Could only allocate 1 dirs of requested 3 for tablet f688b3c84ad74ec5ac9a527a9669c624. 1 dirs total, 0 dirs full, 0 dirs failed
I20260709 12:58:28.989952  1222 tablet_service.cc:1511] Processing CreateTablet for tablet 60e716cf44a64f629bef7a2cf525375d (DEFAULT_TABLE table=test-workload [id=8f3558a4ccd24a4d9fc30595592868dd]), partition=RANGE (key) PARTITION 1073741820 <= VALUES < 1288490184
I20260709 12:58:28.991295  1222 data_dirs.cc:400] Could only allocate 1 dirs of requested 3 for tablet 60e716cf44a64f629bef7a2cf525375d. 1 dirs total, 0 dirs full, 0 dirs failed
I20260709 12:58:28.994930  1277 tablet_bootstrap.cc:654] T 84684f7ba1e044fabd742ba6158133b6 P 9f9f51549aa44ef49877b37718276763: Neither blocks nor log segments found. Creating new log.
I20260709 12:58:28.999584  1151 tablet_service.cc:1511] Processing CreateTablet for tablet dc00c724361d42a493b0093eb37e12e8 (DEFAULT_TABLE table=test-workload [id=8f3558a4ccd24a4d9fc30595592868dd]), partition=RANGE (key) PARTITION 429496728 <= VALUES < 644245092
I20260709 12:58:29.000835  1151 data_dirs.cc:400] Could only allocate 1 dirs of requested 3 for tablet dc00c724361d42a493b0093eb37e12e8. 1 dirs total, 0 dirs full, 0 dirs failed
I20260709 12:58:29.016228  1220 tablet_service.cc:1511] Processing CreateTablet for tablet 66b150d6ff764a34937e6c85a187c37d (DEFAULT_TABLE table=test-workload [id=8f3558a4ccd24a4d9fc30595592868dd]), partition=RANGE (key) PARTITION 1717986912 <= VALUES < 1932735276
I20260709 12:58:29.018028  1220 data_dirs.cc:400] Could only allocate 1 dirs of requested 3 for tablet 66b150d6ff764a34937e6c85a187c37d. 1 dirs total, 0 dirs full, 0 dirs failed
I20260709 12:58:29.002184  1150 tablet_service.cc:1511] Processing CreateTablet for tablet 79c4e2a1fdf84a198aaca03fa8f20f4e (DEFAULT_TABLE table=test-workload [id=8f3558a4ccd24a4d9fc30595592868dd]), partition=RANGE (key) PARTITION 644245092 <= VALUES < 858993456
I20260709 12:58:29.021824  1219 tablet_service.cc:1511] Processing CreateTablet for tablet f688b3c84ad74ec5ac9a527a9669c624 (DEFAULT_TABLE table=test-workload [id=8f3558a4ccd24a4d9fc30595592868dd]), partition=RANGE (key) PARTITION 1932735276 <= VALUES
I20260709 12:58:29.022807  1150 data_dirs.cc:400] Could only allocate 1 dirs of requested 3 for tablet 79c4e2a1fdf84a198aaca03fa8f20f4e. 1 dirs total, 0 dirs full, 0 dirs failed
I20260709 12:58:29.023535  1219 data_dirs.cc:400] Could only allocate 1 dirs of requested 3 for tablet f688b3c84ad74ec5ac9a527a9669c624. 1 dirs total, 0 dirs full, 0 dirs failed
I20260709 12:58:29.003193  1149 tablet_service.cc:1511] Processing CreateTablet for tablet 435d68662c6c46d794bfc1e887c58f96 (DEFAULT_TABLE table=test-workload [id=8f3558a4ccd24a4d9fc30595592868dd]), partition=RANGE (key) PARTITION 858993456 <= VALUES < 1073741820
I20260709 12:58:29.026638  1149 data_dirs.cc:400] Could only allocate 1 dirs of requested 3 for tablet 435d68662c6c46d794bfc1e887c58f96. 1 dirs total, 0 dirs full, 0 dirs failed
I20260709 12:58:29.004387  1147 tablet_service.cc:1511] Processing CreateTablet for tablet 3b8876c32e7f4979b3a3707340760559 (DEFAULT_TABLE table=test-workload [id=8f3558a4ccd24a4d9fc30595592868dd]), partition=RANGE (key) PARTITION 1288490184 <= VALUES < 1503238548
I20260709 12:58:29.006673  1145 tablet_service.cc:1511] Processing CreateTablet for tablet 66b150d6ff764a34937e6c85a187c37d (DEFAULT_TABLE table=test-workload [id=8f3558a4ccd24a4d9fc30595592868dd]), partition=RANGE (key) PARTITION 1717986912 <= VALUES < 1932735276
I20260709 12:58:29.014758  1221 tablet_service.cc:1511] Processing CreateTablet for tablet 3b8876c32e7f4979b3a3707340760559 (DEFAULT_TABLE table=test-workload [id=8f3558a4ccd24a4d9fc30595592868dd]), partition=RANGE (key) PARTITION 1288490184 <= VALUES < 1503238548
I20260709 12:58:29.035853  1221 data_dirs.cc:400] Could only allocate 1 dirs of requested 3 for tablet 3b8876c32e7f4979b3a3707340760559. 1 dirs total, 0 dirs full, 0 dirs failed
I20260709 12:58:29.005555  1146 tablet_service.cc:1511] Processing CreateTablet for tablet cfa456973b2d417da34fd356b98ac964 (DEFAULT_TABLE table=test-workload [id=8f3558a4ccd24a4d9fc30595592868dd]), partition=RANGE (key) PARTITION 1503238548 <= VALUES < 1717986912
I20260709 12:58:29.038295  1227 tablet_service.cc:1511] Processing CreateTablet for tablet cfa456973b2d417da34fd356b98ac964 (DEFAULT_TABLE table=test-workload [id=8f3558a4ccd24a4d9fc30595592868dd]), partition=RANGE (key) PARTITION 1503238548 <= VALUES < 1717986912
I20260709 12:58:29.039938  1227 data_dirs.cc:400] Could only allocate 1 dirs of requested 3 for tablet cfa456973b2d417da34fd356b98ac964. 1 dirs total, 0 dirs full, 0 dirs failed
I20260709 12:58:29.053597  1145 data_dirs.cc:400] Could only allocate 1 dirs of requested 3 for tablet 66b150d6ff764a34937e6c85a187c37d. 1 dirs total, 0 dirs full, 0 dirs failed
I20260709 12:58:29.055658  1147 data_dirs.cc:400] Could only allocate 1 dirs of requested 3 for tablet 3b8876c32e7f4979b3a3707340760559. 1 dirs total, 0 dirs full, 0 dirs failed
I20260709 12:58:29.057608  1146 data_dirs.cc:400] Could only allocate 1 dirs of requested 3 for tablet cfa456973b2d417da34fd356b98ac964. 1 dirs total, 0 dirs full, 0 dirs failed
I20260709 12:58:29.105464  1077 tablet_service.cc:1511] Processing CreateTablet for tablet 3d2d45e8a7e44929a872c1c1380f9045 (DEFAULT_TABLE table=test-workload [id=8f3558a4ccd24a4d9fc30595592868dd]), partition=RANGE (key) PARTITION 214748364 <= VALUES < 429496728
I20260709 12:58:29.106549  1077 data_dirs.cc:400] Could only allocate 1 dirs of requested 3 for tablet 3d2d45e8a7e44929a872c1c1380f9045. 1 dirs total, 0 dirs full, 0 dirs failed
I20260709 12:58:29.110399  1078 tablet_service.cc:1511] Processing CreateTablet for tablet 84684f7ba1e044fabd742ba6158133b6 (DEFAULT_TABLE table=test-workload [id=8f3558a4ccd24a4d9fc30595592868dd]), partition=RANGE (key) PARTITION VALUES < 214748364
I20260709 12:58:29.111506  1078 data_dirs.cc:400] Could only allocate 1 dirs of requested 3 for tablet 84684f7ba1e044fabd742ba6158133b6. 1 dirs total, 0 dirs full, 0 dirs failed
I20260709 12:58:29.113173  1074 tablet_service.cc:1511] Processing CreateTablet for tablet 435d68662c6c46d794bfc1e887c58f96 (DEFAULT_TABLE table=test-workload [id=8f3558a4ccd24a4d9fc30595592868dd]), partition=RANGE (key) PARTITION 858993456 <= VALUES < 1073741820
I20260709 12:58:29.115072  1074 data_dirs.cc:400] Could only allocate 1 dirs of requested 3 for tablet 435d68662c6c46d794bfc1e887c58f96. 1 dirs total, 0 dirs full, 0 dirs failed
I20260709 12:58:29.118075  1076 tablet_service.cc:1511] Processing CreateTablet for tablet dc00c724361d42a493b0093eb37e12e8 (DEFAULT_TABLE table=test-workload [id=8f3558a4ccd24a4d9fc30595592868dd]), partition=RANGE (key) PARTITION 429496728 <= VALUES < 644245092
I20260709 12:58:29.119352  1076 data_dirs.cc:400] Could only allocate 1 dirs of requested 3 for tablet dc00c724361d42a493b0093eb37e12e8. 1 dirs total, 0 dirs full, 0 dirs failed
