I20260709 12:58:29.479359  1128 leader_election.cc:304] T f688b3c84ad74ec5ac9a527a9669c624 P 1a0d6b2908184db5aa99bc8bef9e5a53 [CANDIDATE]: Term 1 election: Election decided. Result: candidate won. Election summary: received 3 responses out of 3 voters: 2 yes votes; 1 no votes. yes voters: 1a0d6b2908184db5aa99bc8bef9e5a53, 9f9f51549aa44ef49877b37718276763; no voters: bdcdef060a404cf1ada347fe8f995a8a
I20260709 12:58:29.480456  1292 raft_consensus.cc:2804] T f688b3c84ad74ec5ac9a527a9669c624 P 1a0d6b2908184db5aa99bc8bef9e5a53 [term 1 FOLLOWER]: Leader election won for term 1
I20260709 12:58:29.481135  1292 raft_consensus.cc:697] T f688b3c84ad74ec5ac9a527a9669c624 P 1a0d6b2908184db5aa99bc8bef9e5a53 [term 1 LEADER]: Becoming Leader. State: Replica: 1a0d6b2908184db5aa99bc8bef9e5a53, State: Running, Role: LEADER
I20260709 12:58:29.482275  1292 consensus_queue.cc:237] T f688b3c84ad74ec5ac9a527a9669c624 P 1a0d6b2908184db5aa99bc8bef9e5a53 [LEADER]: Queue going to LEADER mode. State: All replicated index: 0, Majority replicated index: 0, Committed index: 0, Last appended: 0.0, Last appended by leader: 0, Current term: 1, Majority size: 2, State: 0, Mode: LEADER, active raft config: opid_index: -1 OBSOLETE_local: false peers { permanent_uuid: "bdcdef060a404cf1ada347fe8f995a8a" member_type: VOTER last_known_addr { host: "127.0.107.193" port: 38379 } } peers { permanent_uuid: "1a0d6b2908184db5aa99bc8bef9e5a53" member_type: VOTER last_known_addr { host: "127.0.107.194" port: 40175 } } peers { permanent_uuid: "9f9f51549aa44ef49877b37718276763" member_type: VOTER last_known_addr { host: "127.0.107.195" port: 38757 } }
I20260709 12:58:29.483661  1282 raft_consensus.cc:515] T 84684f7ba1e044fabd742ba6158133b6 P 9f9f51549aa44ef49877b37718276763 [term 1 FOLLOWER]: Starting leader election with config: opid_index: -1 OBSOLETE_local: false peers { permanent_uuid: "1a0d6b2908184db5aa99bc8bef9e5a53" member_type: VOTER last_known_addr { host: "127.0.107.194" port: 40175 } } peers { permanent_uuid: "9f9f51549aa44ef49877b37718276763" member_type: VOTER last_known_addr { host: "127.0.107.195" port: 38757 } } peers { permanent_uuid: "bdcdef060a404cf1ada347fe8f995a8a" member_type: VOTER last_known_addr { host: "127.0.107.193" port: 38379 } }
W20260709 12:58:29.487474  1034 auto_rebalancer.cc:288] Could not retrieve cluster info: Service unavailable: Tablet not running
I20260709 12:58:29.477466  1279 raft_consensus.cc:359] T dc00c724361d42a493b0093eb37e12e8 P 1a0d6b2908184db5aa99bc8bef9e5a53 [term 0 FOLLOWER]: Replica starting. Triggering 0 pending ops. Active config: opid_index: -1 OBSOLETE_local: false peers { permanent_uuid: "bdcdef060a404cf1ada347fe8f995a8a" member_type: VOTER last_known_addr { host: "127.0.107.193" port: 38379 } } peers { permanent_uuid: "1a0d6b2908184db5aa99bc8bef9e5a53" member_type: VOTER last_known_addr { host: "127.0.107.194" port: 40175 } } peers { permanent_uuid: "9f9f51549aa44ef49877b37718276763" member_type: VOTER last_known_addr { host: "127.0.107.195" port: 38757 } }
I20260709 12:58:29.500448  1279 raft_consensus.cc:385] T dc00c724361d42a493b0093eb37e12e8 P 1a0d6b2908184db5aa99bc8bef9e5a53 [term 0 FOLLOWER]: Consensus starting up: Expiring failure detector timer to make a prompt election more likely
I20260709 12:58:29.500788  1279 raft_consensus.cc:740] T dc00c724361d42a493b0093eb37e12e8 P 1a0d6b2908184db5aa99bc8bef9e5a53 [term 0 FOLLOWER]: Becoming Follower/Learner. State: Replica: 1a0d6b2908184db5aa99bc8bef9e5a53, State: Initialized, Role: FOLLOWER
I20260709 12:58:29.501695  1279 consensus_queue.cc:260] T dc00c724361d42a493b0093eb37e12e8 P 1a0d6b2908184db5aa99bc8bef9e5a53 [NON_LEADER]: Queue going to NON_LEADER mode. State: All replicated index: 0, Majority replicated index: 0, Committed index: 0, Last appended: 0.0, Last appended by leader: 0, Current term: 0, Majority size: -1, State: 0, Mode: NON_LEADER, active raft config: opid_index: -1 OBSOLETE_local: false peers { permanent_uuid: "bdcdef060a404cf1ada347fe8f995a8a" member_type: VOTER last_known_addr { host: "127.0.107.193" port: 38379 } } peers { permanent_uuid: "1a0d6b2908184db5aa99bc8bef9e5a53" member_type: VOTER last_known_addr { host: "127.0.107.194" port: 40175 } } peers { permanent_uuid: "9f9f51549aa44ef49877b37718276763" member_type: VOTER last_known_addr { host: "127.0.107.195" port: 38757 } }
I20260709 12:58:29.502558  1280 tablet_bootstrap.cc:492] T 3d2d45e8a7e44929a872c1c1380f9045 P bdcdef060a404cf1ada347fe8f995a8a: No bootstrap required, opened a new log
I20260709 12:58:29.502753  1306 raft_consensus.cc:2804] T 66b150d6ff764a34937e6c85a187c37d P 9f9f51549aa44ef49877b37718276763 [term 0 FOLLOWER]: Leader pre-election won for term 1
I20260709 12:58:29.501962   985 catalog_manager.cc:5697] T f688b3c84ad74ec5ac9a527a9669c624 P 1a0d6b2908184db5aa99bc8bef9e5a53 reported cstate change: term changed from 0 to 1, leader changed from <none> to 1a0d6b2908184db5aa99bc8bef9e5a53 (127.0.107.194). New cstate: current_term: 1 leader_uuid: "1a0d6b2908184db5aa99bc8bef9e5a53" committed_config { opid_index: -1 OBSOLETE_local: false peers { permanent_uuid: "bdcdef060a404cf1ada347fe8f995a8a" member_type: VOTER last_known_addr { host: "127.0.107.193" port: 38379 } health_report { overall_health: UNKNOWN } } peers { permanent_uuid: "1a0d6b2908184db5aa99bc8bef9e5a53" member_type: VOTER last_known_addr { host: "127.0.107.194" port: 40175 } health_report { overall_health: HEALTHY } } peers { permanent_uuid: "9f9f51549aa44ef49877b37718276763" member_type: VOTER last_known_addr { host: "127.0.107.195" port: 38757 } health_report { overall_health: UNKNOWN } } }
I20260709 12:58:29.503043  1280 ts_tablet_manager.cc:1403] T 3d2d45e8a7e44929a872c1c1380f9045 P bdcdef060a404cf1ada347fe8f995a8a: Time spent bootstrapping tablet: real 0.085s	user 0.030s	sys 0.052s
I20260709 12:58:29.504807  1279 ts_tablet_manager.cc:1434] T dc00c724361d42a493b0093eb37e12e8 P 1a0d6b2908184db5aa99bc8bef9e5a53: Time spent starting tablet: real 0.031s	user 0.007s	sys 0.000s
I20260709 12:58:29.505847  1279 tablet_bootstrap.cc:492] T cfa456973b2d417da34fd356b98ac964 P 1a0d6b2908184db5aa99bc8bef9e5a53: Bootstrap starting.
I20260709 12:58:29.506003  1280 raft_consensus.cc:359] T 3d2d45e8a7e44929a872c1c1380f9045 P bdcdef060a404cf1ada347fe8f995a8a [term 0 FOLLOWER]: Replica starting. Triggering 0 pending ops. Active config: opid_index: -1 OBSOLETE_local: false peers { permanent_uuid: "bdcdef060a404cf1ada347fe8f995a8a" member_type: VOTER last_known_addr { host: "127.0.107.193" port: 38379 } } peers { permanent_uuid: "1a0d6b2908184db5aa99bc8bef9e5a53" member_type: VOTER last_known_addr { host: "127.0.107.194" port: 40175 } } peers { permanent_uuid: "9f9f51549aa44ef49877b37718276763" member_type: VOTER last_known_addr { host: "127.0.107.195" port: 38757 } }
I20260709 12:58:29.506753  1280 raft_consensus.cc:385] T 3d2d45e8a7e44929a872c1c1380f9045 P bdcdef060a404cf1ada347fe8f995a8a [term 0 FOLLOWER]: Consensus starting up: Expiring failure detector timer to make a prompt election more likely
I20260709 12:58:29.506872  1088 tablet_service.cc:1917] Received RequestConsensusVote() RPC: tablet_id: "84684f7ba1e044fabd742ba6158133b6" candidate_uuid: "9f9f51549aa44ef49877b37718276763" candidate_term: 1 candidate_status { last_received { term: 0 index: 0 } } ignore_live_leader: false dest_uuid: "bdcdef060a404cf1ada347fe8f995a8a" is_pre_election: true
I20260709 12:58:29.507057  1280 raft_consensus.cc:740] T 3d2d45e8a7e44929a872c1c1380f9045 P bdcdef060a404cf1ada347fe8f995a8a [term 0 FOLLOWER]: Becoming Follower/Learner. State: Replica: bdcdef060a404cf1ada347fe8f995a8a, State: Initialized, Role: FOLLOWER
I20260709 12:58:29.507536  1088 raft_consensus.cc:2468] T 84684f7ba1e044fabd742ba6158133b6 P bdcdef060a404cf1ada347fe8f995a8a [term 0 FOLLOWER]: Leader pre-election vote request: Granting yes vote for candidate 9f9f51549aa44ef49877b37718276763 in term 0.
I20260709 12:58:29.507858  1280 consensus_queue.cc:260] T 3d2d45e8a7e44929a872c1c1380f9045 P bdcdef060a404cf1ada347fe8f995a8a [NON_LEADER]: Queue going to NON_LEADER mode. State: All replicated index: 0, Majority replicated index: 0, Committed index: 0, Last appended: 0.0, Last appended by leader: 0, Current term: 0, Majority size: -1, State: 0, Mode: NON_LEADER, active raft config: opid_index: -1 OBSOLETE_local: false peers { permanent_uuid: "bdcdef060a404cf1ada347fe8f995a8a" member_type: VOTER last_known_addr { host: "127.0.107.193" port: 38379 } } peers { permanent_uuid: "1a0d6b2908184db5aa99bc8bef9e5a53" member_type: VOTER last_known_addr { host: "127.0.107.194" port: 40175 } } peers { permanent_uuid: "9f9f51549aa44ef49877b37718276763" member_type: VOTER last_known_addr { host: "127.0.107.195" port: 38757 } }
I20260709 12:58:29.508855  1289 raft_consensus.cc:493] T dc00c724361d42a493b0093eb37e12e8 P bdcdef060a404cf1ada347fe8f995a8a [term 0 FOLLOWER]: Starting pre-election (no leader contacted us within the election timeout)
I20260709 12:58:29.509308  1289 raft_consensus.cc:515] T dc00c724361d42a493b0093eb37e12e8 P bdcdef060a404cf1ada347fe8f995a8a [term 0 FOLLOWER]: Starting pre-election with config: opid_index: -1 OBSOLETE_local: false peers { permanent_uuid: "bdcdef060a404cf1ada347fe8f995a8a" member_type: VOTER last_known_addr { host: "127.0.107.193" port: 38379 } } peers { permanent_uuid: "1a0d6b2908184db5aa99bc8bef9e5a53" member_type: VOTER last_known_addr { host: "127.0.107.194" port: 40175 } } peers { permanent_uuid: "9f9f51549aa44ef49877b37718276763" member_type: VOTER last_known_addr { host: "127.0.107.195" port: 38757 } }
I20260709 12:58:29.509567  1087 tablet_service.cc:1917] Received RequestConsensusVote() RPC: tablet_id: "66b150d6ff764a34937e6c85a187c37d" candidate_uuid: "9f9f51549aa44ef49877b37718276763" candidate_term: 1 candidate_status { last_received { term: 0 index: 0 } } ignore_live_leader: false dest_uuid: "bdcdef060a404cf1ada347fe8f995a8a" is_pre_election: true
I20260709 12:58:29.510552  1087 raft_consensus.cc:2468] T 66b150d6ff764a34937e6c85a187c37d P bdcdef060a404cf1ada347fe8f995a8a [term 0 FOLLOWER]: Leader pre-election vote request: Granting yes vote for candidate 9f9f51549aa44ef49877b37718276763 in term 0.
I20260709 12:58:29.511557  1289 leader_election.cc:290] T dc00c724361d42a493b0093eb37e12e8 P bdcdef060a404cf1ada347fe8f995a8a [CANDIDATE]: Term 1 pre-election: Requested pre-vote from peers 1a0d6b2908184db5aa99bc8bef9e5a53 (127.0.107.194:40175), 9f9f51549aa44ef49877b37718276763 (127.0.107.195:38757)
I20260709 12:58:29.518220  1237 tablet_service.cc:1917] Received RequestConsensusVote() RPC: tablet_id: "84684f7ba1e044fabd742ba6158133b6" candidate_uuid: "bdcdef060a404cf1ada347fe8f995a8a" candidate_term: 1 candidate_status { last_received { term: 0 index: 0 } } ignore_live_leader: false dest_uuid: "9f9f51549aa44ef49877b37718276763" is_pre_election: true
I20260709 12:58:29.519047  1237 raft_consensus.cc:2393] T 84684f7ba1e044fabd742ba6158133b6 P 9f9f51549aa44ef49877b37718276763 [term 1 FOLLOWER]: Leader pre-election vote request: Denying vote to candidate bdcdef060a404cf1ada347fe8f995a8a in current term 1: Already voted for candidate 9f9f51549aa44ef49877b37718276763 in this term.
I20260709 12:58:29.519335  1306 raft_consensus.cc:493] T 66b150d6ff764a34937e6c85a187c37d P 9f9f51549aa44ef49877b37718276763 [term 0 FOLLOWER]: Starting leader election (no leader contacted us within the election timeout)
I20260709 12:58:29.519675  1306 raft_consensus.cc:3060] T 66b150d6ff764a34937e6c85a187c37d P 9f9f51549aa44ef49877b37718276763 [term 0 FOLLOWER]: Advancing to term 1
I20260709 12:58:29.519968  1236 tablet_service.cc:1917] Received RequestConsensusVote() RPC: tablet_id: "dc00c724361d42a493b0093eb37e12e8" candidate_uuid: "bdcdef060a404cf1ada347fe8f995a8a" candidate_term: 1 candidate_status { last_received { term: 0 index: 0 } } ignore_live_leader: false dest_uuid: "9f9f51549aa44ef49877b37718276763" is_pre_election: true
I20260709 12:58:29.520430  1163 tablet_service.cc:1917] Received RequestConsensusVote() RPC: tablet_id: "84684f7ba1e044fabd742ba6158133b6" candidate_uuid: "bdcdef060a404cf1ada347fe8f995a8a" candidate_term: 1 candidate_status { last_received { term: 0 index: 0 } } ignore_live_leader: false dest_uuid: "1a0d6b2908184db5aa99bc8bef9e5a53" is_pre_election: true
I20260709 12:58:29.521301  1163 raft_consensus.cc:2468] T 84684f7ba1e044fabd742ba6158133b6 P 1a0d6b2908184db5aa99bc8bef9e5a53 [term 0 FOLLOWER]: Leader pre-election vote request: Granting yes vote for candidate bdcdef060a404cf1ada347fe8f995a8a in term 0.
W20260709 12:58:29.521911  1053 leader_election.cc:343] T dc00c724361d42a493b0093eb37e12e8 P bdcdef060a404cf1ada347fe8f995a8a [CANDIDATE]: Term 1 pre-election: Tablet error from VoteRequest() call to peer 9f9f51549aa44ef49877b37718276763 (127.0.107.195:38757): Illegal state: must be running to vote when last-logged opid is not known
I20260709 12:58:29.522789  1162 tablet_service.cc:1917] Received RequestConsensusVote() RPC: tablet_id: "dc00c724361d42a493b0093eb37e12e8" candidate_uuid: "bdcdef060a404cf1ada347fe8f995a8a" candidate_term: 1 candidate_status { last_received { term: 0 index: 0 } } ignore_live_leader: false dest_uuid: "1a0d6b2908184db5aa99bc8bef9e5a53" is_pre_election: true
I20260709 12:58:29.523684  1162 raft_consensus.cc:2468] T dc00c724361d42a493b0093eb37e12e8 P 1a0d6b2908184db5aa99bc8bef9e5a53 [term 0 FOLLOWER]: Leader pre-election vote request: Granting yes vote for candidate bdcdef060a404cf1ada347fe8f995a8a in term 0.
I20260709 12:58:29.525677  1051 leader_election.cc:304] T 84684f7ba1e044fabd742ba6158133b6 P bdcdef060a404cf1ada347fe8f995a8a [CANDIDATE]: Term 1 pre-election: Election decided. Result: candidate won. Election summary: received 3 responses out of 3 voters: 2 yes votes; 1 no votes. yes voters: 1a0d6b2908184db5aa99bc8bef9e5a53, bdcdef060a404cf1ada347fe8f995a8a; no voters: 9f9f51549aa44ef49877b37718276763
I20260709 12:58:29.526211  1282 leader_election.cc:290] T 84684f7ba1e044fabd742ba6158133b6 P 9f9f51549aa44ef49877b37718276763 [CANDIDATE]: Term 1 election: Requested vote from peers 1a0d6b2908184db5aa99bc8bef9e5a53 (127.0.107.194:40175), bdcdef060a404cf1ada347fe8f995a8a (127.0.107.193:38379)
I20260709 12:58:29.527365  1051 leader_election.cc:304] T dc00c724361d42a493b0093eb37e12e8 P bdcdef060a404cf1ada347fe8f995a8a [CANDIDATE]: Term 1 pre-election: Election decided. Result: candidate won. Election summary: received 3 responses out of 3 voters: 2 yes votes; 1 no votes. yes voters: 1a0d6b2908184db5aa99bc8bef9e5a53, bdcdef060a404cf1ada347fe8f995a8a; no voters: 9f9f51549aa44ef49877b37718276763
I20260709 12:58:29.530877  1309 raft_consensus.cc:2804] T 84684f7ba1e044fabd742ba6158133b6 P bdcdef060a404cf1ada347fe8f995a8a [term 0 FOLLOWER]: Leader pre-election won for term 1
I20260709 12:58:29.531284  1309 raft_consensus.cc:493] T 84684f7ba1e044fabd742ba6158133b6 P bdcdef060a404cf1ada347fe8f995a8a [term 0 FOLLOWER]: Starting leader election (no leader contacted us within the election timeout)
I20260709 12:58:29.531149  1087 tablet_service.cc:1917] Received RequestConsensusVote() RPC: tablet_id: "84684f7ba1e044fabd742ba6158133b6" candidate_uuid: "9f9f51549aa44ef49877b37718276763" candidate_term: 1 candidate_status { last_received { term: 0 index: 0 } } ignore_live_leader: false dest_uuid: "bdcdef060a404cf1ada347fe8f995a8a"
I20260709 12:58:29.532084  1280 ts_tablet_manager.cc:1434] T 3d2d45e8a7e44929a872c1c1380f9045 P bdcdef060a404cf1ada347fe8f995a8a: Time spent starting tablet: real 0.029s	user 0.017s	sys 0.013s
I20260709 12:58:29.531946  1162 tablet_service.cc:1917] Received RequestConsensusVote() RPC: tablet_id: "84684f7ba1e044fabd742ba6158133b6" candidate_uuid: "9f9f51549aa44ef49877b37718276763" candidate_term: 1 candidate_status { last_received { term: 0 index: 0 } } ignore_live_leader: false dest_uuid: "1a0d6b2908184db5aa99bc8bef9e5a53"
I20260709 12:58:29.532511  1162 raft_consensus.cc:3060] T 84684f7ba1e044fabd742ba6158133b6 P 1a0d6b2908184db5aa99bc8bef9e5a53 [term 0 FOLLOWER]: Advancing to term 1
I20260709 12:58:29.533056  1280 tablet_bootstrap.cc:492] T 435d68662c6c46d794bfc1e887c58f96 P bdcdef060a404cf1ada347fe8f995a8a: Bootstrap starting.
I20260709 12:58:29.533179  1306 raft_consensus.cc:515] T 66b150d6ff764a34937e6c85a187c37d P 9f9f51549aa44ef49877b37718276763 [term 1 FOLLOWER]: Starting leader election with config: opid_index: -1 OBSOLETE_local: false peers { permanent_uuid: "bdcdef060a404cf1ada347fe8f995a8a" member_type: VOTER last_known_addr { host: "127.0.107.193" port: 38379 } } peers { permanent_uuid: "1a0d6b2908184db5aa99bc8bef9e5a53" member_type: VOTER last_known_addr { host: "127.0.107.194" port: 40175 } } peers { permanent_uuid: "9f9f51549aa44ef49877b37718276763" member_type: VOTER last_known_addr { host: "127.0.107.195" port: 38757 } }
I20260709 12:58:29.535466  1277 tablet_bootstrap.cc:492] T dc00c724361d42a493b0093eb37e12e8 P 9f9f51549aa44ef49877b37718276763: No bootstrap required, opened a new log
I20260709 12:58:29.535941  1277 ts_tablet_manager.cc:1403] T dc00c724361d42a493b0093eb37e12e8 P 9f9f51549aa44ef49877b37718276763: Time spent bootstrapping tablet: real 0.084s	user 0.021s	sys 0.021s
I20260709 12:58:29.537310  1289 raft_consensus.cc:2804] T dc00c724361d42a493b0093eb37e12e8 P bdcdef060a404cf1ada347fe8f995a8a [term 0 FOLLOWER]: Leader pre-election won for term 1
I20260709 12:58:29.537690  1289 raft_consensus.cc:493] T dc00c724361d42a493b0093eb37e12e8 P bdcdef060a404cf1ada347fe8f995a8a [term 0 FOLLOWER]: Starting leader election (no leader contacted us within the election timeout)
I20260709 12:58:29.538028  1289 raft_consensus.cc:3060] T dc00c724361d42a493b0093eb37e12e8 P bdcdef060a404cf1ada347fe8f995a8a [term 0 FOLLOWER]: Advancing to term 1
I20260709 12:58:29.538707  1277 raft_consensus.cc:359] T dc00c724361d42a493b0093eb37e12e8 P 9f9f51549aa44ef49877b37718276763 [term 0 FOLLOWER]: Replica starting. Triggering 0 pending ops. Active config: opid_index: -1 OBSOLETE_local: false peers { permanent_uuid: "bdcdef060a404cf1ada347fe8f995a8a" member_type: VOTER last_known_addr { host: "127.0.107.193" port: 38379 } } peers { permanent_uuid: "1a0d6b2908184db5aa99bc8bef9e5a53" member_type: VOTER last_known_addr { host: "127.0.107.194" port: 40175 } } peers { permanent_uuid: "9f9f51549aa44ef49877b37718276763" member_type: VOTER last_known_addr { host: "127.0.107.195" port: 38757 } }
I20260709 12:58:29.539424  1277 raft_consensus.cc:385] T dc00c724361d42a493b0093eb37e12e8 P 9f9f51549aa44ef49877b37718276763 [term 0 FOLLOWER]: Consensus starting up: Expiring failure detector timer to make a prompt election more likely
I20260709 12:58:29.539703  1277 raft_consensus.cc:740] T dc00c724361d42a493b0093eb37e12e8 P 9f9f51549aa44ef49877b37718276763 [term 0 FOLLOWER]: Becoming Follower/Learner. State: Replica: 9f9f51549aa44ef49877b37718276763, State: Initialized, Role: FOLLOWER
I20260709 12:58:29.540062  1280 tablet_bootstrap.cc:654] T 435d68662c6c46d794bfc1e887c58f96 P bdcdef060a404cf1ada347fe8f995a8a: Neither blocks nor log segments found. Creating new log.
I20260709 12:58:29.541329  1292 raft_consensus.cc:493] T 60e716cf44a64f629bef7a2cf525375d P 1a0d6b2908184db5aa99bc8bef9e5a53 [term 0 FOLLOWER]: Starting pre-election (no leader contacted us within the election timeout)
I20260709 12:58:29.541807  1292 raft_consensus.cc:515] T 60e716cf44a64f629bef7a2cf525375d P 1a0d6b2908184db5aa99bc8bef9e5a53 [term 0 FOLLOWER]: Starting pre-election with config: opid_index: -1 OBSOLETE_local: false peers { permanent_uuid: "bdcdef060a404cf1ada347fe8f995a8a" member_type: VOTER last_known_addr { host: "127.0.107.193" port: 38379 } } peers { permanent_uuid: "1a0d6b2908184db5aa99bc8bef9e5a53" member_type: VOTER last_known_addr { host: "127.0.107.194" port: 40175 } } peers { permanent_uuid: "9f9f51549aa44ef49877b37718276763" member_type: VOTER last_known_addr { host: "127.0.107.195" port: 38757 } }
I20260709 12:58:29.542397  1306 leader_election.cc:290] T 66b150d6ff764a34937e6c85a187c37d P 9f9f51549aa44ef49877b37718276763 [CANDIDATE]: Term 1 election: Requested vote from peers bdcdef060a404cf1ada347fe8f995a8a (127.0.107.193:38379), 1a0d6b2908184db5aa99bc8bef9e5a53 (127.0.107.194:40175)
I20260709 12:58:29.542976  1309 raft_consensus.cc:3060] T 84684f7ba1e044fabd742ba6158133b6 P bdcdef060a404cf1ada347fe8f995a8a [term 0 FOLLOWER]: Advancing to term 1
I20260709 12:58:29.544406  1292 leader_election.cc:290] T 60e716cf44a64f629bef7a2cf525375d P 1a0d6b2908184db5aa99bc8bef9e5a53 [CANDIDATE]: Term 1 pre-election: Requested pre-vote from peers bdcdef060a404cf1ada347fe8f995a8a (127.0.107.193:38379), 9f9f51549aa44ef49877b37718276763 (127.0.107.195:38757)
I20260709 12:58:29.544920  1088 tablet_service.cc:1917] Received RequestConsensusVote() RPC: tablet_id: "60e716cf44a64f629bef7a2cf525375d" candidate_uuid: "1a0d6b2908184db5aa99bc8bef9e5a53" candidate_term: 1 candidate_status { last_received { term: 0 index: 0 } } ignore_live_leader: false dest_uuid: "bdcdef060a404cf1ada347fe8f995a8a" is_pre_election: true
W20260709 12:58:29.546306  1126 leader_election.cc:343] T 60e716cf44a64f629bef7a2cf525375d P 1a0d6b2908184db5aa99bc8bef9e5a53 [CANDIDATE]: Term 1 pre-election: Tablet error from VoteRequest() call to peer bdcdef060a404cf1ada347fe8f995a8a (127.0.107.193:38379): Illegal state: must be running to vote when last-logged opid is not known
I20260709 12:58:29.546612  1236 tablet_service.cc:1917] Received RequestConsensusVote() RPC: tablet_id: "60e716cf44a64f629bef7a2cf525375d" candidate_uuid: "1a0d6b2908184db5aa99bc8bef9e5a53" candidate_term: 1 candidate_status { last_received { term: 0 index: 0 } } ignore_live_leader: false dest_uuid: "9f9f51549aa44ef49877b37718276763" is_pre_election: true
I20260709 12:58:29.547497  1236 raft_consensus.cc:2468] T 60e716cf44a64f629bef7a2cf525375d P 9f9f51549aa44ef49877b37718276763 [term 0 FOLLOWER]: Leader pre-election vote request: Granting yes vote for candidate 1a0d6b2908184db5aa99bc8bef9e5a53 in term 0.
I20260709 12:58:29.550621  1088 tablet_service.cc:1917] Received RequestConsensusVote() RPC: tablet_id: "66b150d6ff764a34937e6c85a187c37d" candidate_uuid: "9f9f51549aa44ef49877b37718276763" candidate_term: 1 candidate_status { last_received { term: 0 index: 0 } } ignore_live_leader: false dest_uuid: "bdcdef060a404cf1ada347fe8f995a8a"
I20260709 12:58:29.551152  1088 raft_consensus.cc:3060] T 66b150d6ff764a34937e6c85a187c37d P bdcdef060a404cf1ada347fe8f995a8a [term 0 FOLLOWER]: Advancing to term 1
I20260709 12:58:29.551420  1163 tablet_service.cc:1917] Received RequestConsensusVote() RPC: tablet_id: "66b150d6ff764a34937e6c85a187c37d" candidate_uuid: "9f9f51549aa44ef49877b37718276763" candidate_term: 1 candidate_status { last_received { term: 0 index: 0 } } ignore_live_leader: false dest_uuid: "1a0d6b2908184db5aa99bc8bef9e5a53"
I20260709 12:58:29.552285  1163 raft_consensus.cc:3060] T 66b150d6ff764a34937e6c85a187c37d P 1a0d6b2908184db5aa99bc8bef9e5a53 [term 0 FOLLOWER]: Advancing to term 1
I20260709 12:58:29.553426  1128 leader_election.cc:304] T 60e716cf44a64f629bef7a2cf525375d P 1a0d6b2908184db5aa99bc8bef9e5a53 [CANDIDATE]: Term 1 pre-election: Election decided. Result: candidate won. Election summary: received 3 responses out of 3 voters: 2 yes votes; 1 no votes. yes voters: 1a0d6b2908184db5aa99bc8bef9e5a53, 9f9f51549aa44ef49877b37718276763; no voters: bdcdef060a404cf1ada347fe8f995a8a
I20260709 12:58:29.554548  1283 raft_consensus.cc:2804] T 60e716cf44a64f629bef7a2cf525375d P 1a0d6b2908184db5aa99bc8bef9e5a53 [term 0 FOLLOWER]: Leader pre-election won for term 1
I20260709 12:58:29.554926  1283 raft_consensus.cc:493] T 60e716cf44a64f629bef7a2cf525375d P 1a0d6b2908184db5aa99bc8bef9e5a53 [term 0 FOLLOWER]: Starting leader election (no leader contacted us within the election timeout)
I20260709 12:58:29.555265  1283 raft_consensus.cc:3060] T 60e716cf44a64f629bef7a2cf525375d P 1a0d6b2908184db5aa99bc8bef9e5a53 [term 0 FOLLOWER]: Advancing to term 1
I20260709 12:58:29.555576  1277 consensus_queue.cc:260] T dc00c724361d42a493b0093eb37e12e8 P 9f9f51549aa44ef49877b37718276763 [NON_LEADER]: Queue going to NON_LEADER mode. State: All replicated index: 0, Majority replicated index: 0, Committed index: 0, Last appended: 0.0, Last appended by leader: 0, Current term: 0, Majority size: -1, State: 0, Mode: NON_LEADER, active raft config: opid_index: -1 OBSOLETE_local: false peers { permanent_uuid: "bdcdef060a404cf1ada347fe8f995a8a" member_type: VOTER last_known_addr { host: "127.0.107.193" port: 38379 } } peers { permanent_uuid: "1a0d6b2908184db5aa99bc8bef9e5a53" member_type: VOTER last_known_addr { host: "127.0.107.194" port: 40175 } } peers { permanent_uuid: "9f9f51549aa44ef49877b37718276763" member_type: VOTER last_known_addr { host: "127.0.107.195" port: 38757 } }
I20260709 12:58:29.560129  1277 ts_tablet_manager.cc:1434] T dc00c724361d42a493b0093eb37e12e8 P 9f9f51549aa44ef49877b37718276763: Time spent starting tablet: real 0.024s	user 0.005s	sys 0.001s
I20260709 12:58:29.561071  1277 tablet_bootstrap.cc:492] T cfa456973b2d417da34fd356b98ac964 P 9f9f51549aa44ef49877b37718276763: Bootstrap starting.
I20260709 12:58:29.567305  1163 raft_consensus.cc:2468] T 66b150d6ff764a34937e6c85a187c37d P 1a0d6b2908184db5aa99bc8bef9e5a53 [term 1 FOLLOWER]: Leader election vote request: Granting yes vote for candidate 9f9f51549aa44ef49877b37718276763 in term 1.
I20260709 12:58:29.571177  1200 leader_election.cc:304] T 66b150d6ff764a34937e6c85a187c37d P 9f9f51549aa44ef49877b37718276763 [CANDIDATE]: Term 1 election: Election decided. Result: candidate won. Election summary: received 2 responses out of 3 voters: 2 yes votes; 0 no votes. yes voters: 1a0d6b2908184db5aa99bc8bef9e5a53, 9f9f51549aa44ef49877b37718276763; no voters: 
I20260709 12:58:29.572085  1306 raft_consensus.cc:2804] T 66b150d6ff764a34937e6c85a187c37d P 9f9f51549aa44ef49877b37718276763 [term 1 FOLLOWER]: Leader election won for term 1
I20260709 12:58:29.572580  1306 raft_consensus.cc:697] T 66b150d6ff764a34937e6c85a187c37d P 9f9f51549aa44ef49877b37718276763 [term 1 LEADER]: Becoming Leader. State: Replica: 9f9f51549aa44ef49877b37718276763, State: Running, Role: LEADER
I20260709 12:58:29.572845  1088 raft_consensus.cc:2468] T 66b150d6ff764a34937e6c85a187c37d P bdcdef060a404cf1ada347fe8f995a8a [term 1 FOLLOWER]: Leader election vote request: Granting yes vote for candidate 9f9f51549aa44ef49877b37718276763 in term 1.
I20260709 12:58:29.573757  1280 tablet_bootstrap.cc:492] T 435d68662c6c46d794bfc1e887c58f96 P bdcdef060a404cf1ada347fe8f995a8a: No bootstrap required, opened a new log
I20260709 12:58:29.573454  1306 consensus_queue.cc:237] T 66b150d6ff764a34937e6c85a187c37d P 9f9f51549aa44ef49877b37718276763 [LEADER]: Queue going to LEADER mode. State: All replicated index: 0, Majority replicated index: 0, Committed index: 0, Last appended: 0.0, Last appended by leader: 0, Current term: 1, Majority size: 2, State: 0, Mode: LEADER, active raft config: opid_index: -1 OBSOLETE_local: false peers { permanent_uuid: "bdcdef060a404cf1ada347fe8f995a8a" member_type: VOTER last_known_addr { host: "127.0.107.193" port: 38379 } } peers { permanent_uuid: "1a0d6b2908184db5aa99bc8bef9e5a53" member_type: VOTER last_known_addr { host: "127.0.107.194" port: 40175 } } peers { permanent_uuid: "9f9f51549aa44ef49877b37718276763" member_type: VOTER last_known_addr { host: "127.0.107.195" port: 38757 } }
I20260709 12:58:29.574198  1280 ts_tablet_manager.cc:1403] T 435d68662c6c46d794bfc1e887c58f96 P bdcdef060a404cf1ada347fe8f995a8a: Time spent bootstrapping tablet: real 0.041s	user 0.013s	sys 0.011s
I20260709 12:58:29.574431  1289 raft_consensus.cc:515] T dc00c724361d42a493b0093eb37e12e8 P bdcdef060a404cf1ada347fe8f995a8a [term 1 FOLLOWER]: Starting leader election with config: opid_index: -1 OBSOLETE_local: false peers { permanent_uuid: "bdcdef060a404cf1ada347fe8f995a8a" member_type: VOTER last_known_addr { host: "127.0.107.193" port: 38379 } } peers { permanent_uuid: "1a0d6b2908184db5aa99bc8bef9e5a53" member_type: VOTER last_known_addr { host: "127.0.107.194" port: 40175 } } peers { permanent_uuid: "9f9f51549aa44ef49877b37718276763" member_type: VOTER last_known_addr { host: "127.0.107.195" port: 38757 } }
I20260709 12:58:29.551461  1309 raft_consensus.cc:515] T 84684f7ba1e044fabd742ba6158133b6 P bdcdef060a404cf1ada347fe8f995a8a [term 1 FOLLOWER]: Starting leader election with config: opid_index: -1 OBSOLETE_local: false peers { permanent_uuid: "1a0d6b2908184db5aa99bc8bef9e5a53" member_type: VOTER last_known_addr { host: "127.0.107.194" port: 40175 } } peers { permanent_uuid: "9f9f51549aa44ef49877b37718276763" member_type: VOTER last_known_addr { host: "127.0.107.195" port: 38757 } } peers { permanent_uuid: "bdcdef060a404cf1ada347fe8f995a8a" member_type: VOTER last_known_addr { host: "127.0.107.193" port: 38379 } }
I20260709 12:58:29.576138  1289 leader_election.cc:290] T dc00c724361d42a493b0093eb37e12e8 P bdcdef060a404cf1ada347fe8f995a8a [CANDIDATE]: Term 1 election: Requested vote from peers 1a0d6b2908184db5aa99bc8bef9e5a53 (127.0.107.194:40175), 9f9f51549aa44ef49877b37718276763 (127.0.107.195:38757)
I20260709 12:58:29.576401  1087 raft_consensus.cc:2393] T 84684f7ba1e044fabd742ba6158133b6 P bdcdef060a404cf1ada347fe8f995a8a [term 1 FOLLOWER]: Leader election vote request: Denying vote to candidate 9f9f51549aa44ef49877b37718276763 in current term 1: Already voted for candidate bdcdef060a404cf1ada347fe8f995a8a in this term.
I20260709 12:58:29.577258  1280 raft_consensus.cc:359] T 435d68662c6c46d794bfc1e887c58f96 P bdcdef060a404cf1ada347fe8f995a8a [term 0 FOLLOWER]: Replica starting. Triggering 0 pending ops. Active config: opid_index: -1 OBSOLETE_local: false peers { permanent_uuid: "bdcdef060a404cf1ada347fe8f995a8a" member_type: VOTER last_known_addr { host: "127.0.107.193" port: 38379 } } peers { permanent_uuid: "1a0d6b2908184db5aa99bc8bef9e5a53" member_type: VOTER last_known_addr { host: "127.0.107.194" port: 40175 } } peers { permanent_uuid: "9f9f51549aa44ef49877b37718276763" member_type: VOTER last_known_addr { host: "127.0.107.195" port: 38757 } }
I20260709 12:58:29.578231  1280 raft_consensus.cc:385] T 435d68662c6c46d794bfc1e887c58f96 P bdcdef060a404cf1ada347fe8f995a8a [term 0 FOLLOWER]: Consensus starting up: Expiring failure detector timer to make a prompt election more likely
I20260709 12:58:29.578380  1236 tablet_service.cc:1917] Received RequestConsensusVote() RPC: tablet_id: "dc00c724361d42a493b0093eb37e12e8" candidate_uuid: "bdcdef060a404cf1ada347fe8f995a8a" candidate_term: 1 candidate_status { last_received { term: 0 index: 0 } } ignore_live_leader: false dest_uuid: "9f9f51549aa44ef49877b37718276763"
I20260709 12:58:29.578611  1280 raft_consensus.cc:740] T 435d68662c6c46d794bfc1e887c58f96 P bdcdef060a404cf1ada347fe8f995a8a [term 0 FOLLOWER]: Becoming Follower/Learner. State: Replica: bdcdef060a404cf1ada347fe8f995a8a, State: Initialized, Role: FOLLOWER
I20260709 12:58:29.578970  1236 raft_consensus.cc:3060] T dc00c724361d42a493b0093eb37e12e8 P 9f9f51549aa44ef49877b37718276763 [term 0 FOLLOWER]: Advancing to term 1
I20260709 12:58:29.572036  1279 tablet_bootstrap.cc:654] T cfa456973b2d417da34fd356b98ac964 P 1a0d6b2908184db5aa99bc8bef9e5a53: Neither blocks nor log segments found. Creating new log.
I20260709 12:58:29.579509  1280 consensus_queue.cc:260] T 435d68662c6c46d794bfc1e887c58f96 P bdcdef060a404cf1ada347fe8f995a8a [NON_LEADER]: Queue going to NON_LEADER mode. State: All replicated index: 0, Majority replicated index: 0, Committed index: 0, Last appended: 0.0, Last appended by leader: 0, Current term: 0, Majority size: -1, State: 0, Mode: NON_LEADER, active raft config: opid_index: -1 OBSOLETE_local: false peers { permanent_uuid: "bdcdef060a404cf1ada347fe8f995a8a" member_type: VOTER last_known_addr { host: "127.0.107.193" port: 38379 } } peers { permanent_uuid: "1a0d6b2908184db5aa99bc8bef9e5a53" member_type: VOTER last_known_addr { host: "127.0.107.194" port: 40175 } } peers { permanent_uuid: "9f9f51549aa44ef49877b37718276763" member_type: VOTER last_known_addr { host: "127.0.107.195" port: 38757 } }
I20260709 12:58:29.580252  1309 leader_election.cc:290] T 84684f7ba1e044fabd742ba6158133b6 P bdcdef060a404cf1ada347fe8f995a8a [CANDIDATE]: Term 1 election: Requested vote from peers 1a0d6b2908184db5aa99bc8bef9e5a53 (127.0.107.194:40175), 9f9f51549aa44ef49877b37718276763 (127.0.107.195:38757)
I20260709 12:58:29.580454  1237 tablet_service.cc:1917] Received RequestConsensusVote() RPC: tablet_id: "84684f7ba1e044fabd742ba6158133b6" candidate_uuid: "bdcdef060a404cf1ada347fe8f995a8a" candidate_term: 1 candidate_status { last_received { term: 0 index: 0 } } ignore_live_leader: false dest_uuid: "9f9f51549aa44ef49877b37718276763"
I20260709 12:58:29.581192  1237 raft_consensus.cc:2393] T 84684f7ba1e044fabd742ba6158133b6 P 9f9f51549aa44ef49877b37718276763 [term 1 FOLLOWER]: Leader election vote request: Denying vote to candidate bdcdef060a404cf1ada347fe8f995a8a in current term 1: Already voted for candidate 9f9f51549aa44ef49877b37718276763 in this term.
I20260709 12:58:29.582304  1280 ts_tablet_manager.cc:1434] T 435d68662c6c46d794bfc1e887c58f96 P bdcdef060a404cf1ada347fe8f995a8a: Time spent starting tablet: real 0.008s	user 0.003s	sys 0.004s
I20260709 12:58:29.583285  1280 tablet_bootstrap.cc:492] T 79c4e2a1fdf84a198aaca03fa8f20f4e P bdcdef060a404cf1ada347fe8f995a8a: Bootstrap starting.
I20260709 12:58:29.583376  1161 tablet_service.cc:1917] Received RequestConsensusVote() RPC: tablet_id: "dc00c724361d42a493b0093eb37e12e8" candidate_uuid: "bdcdef060a404cf1ada347fe8f995a8a" candidate_term: 1 candidate_status { last_received { term: 0 index: 0 } } ignore_live_leader: false dest_uuid: "1a0d6b2908184db5aa99bc8bef9e5a53"
I20260709 12:58:29.583564  1160 tablet_service.cc:1917] Received RequestConsensusVote() RPC: tablet_id: "84684f7ba1e044fabd742ba6158133b6" candidate_uuid: "bdcdef060a404cf1ada347fe8f995a8a" candidate_term: 1 candidate_status { last_received { term: 0 index: 0 } } ignore_live_leader: false dest_uuid: "1a0d6b2908184db5aa99bc8bef9e5a53"
I20260709 12:58:29.584077  1161 raft_consensus.cc:3060] T dc00c724361d42a493b0093eb37e12e8 P 1a0d6b2908184db5aa99bc8bef9e5a53 [term 0 FOLLOWER]: Advancing to term 1
I20260709 12:58:29.587632  1051 leader_election.cc:304] T 84684f7ba1e044fabd742ba6158133b6 P bdcdef060a404cf1ada347fe8f995a8a [CANDIDATE]: Term 1 election: Election decided. Result: candidate lost. Election summary: received 3 responses out of 3 voters: 1 yes votes; 2 no votes. yes voters: bdcdef060a404cf1ada347fe8f995a8a; no voters: 1a0d6b2908184db5aa99bc8bef9e5a53, 9f9f51549aa44ef49877b37718276763
I20260709 12:58:29.590391  1236 raft_consensus.cc:2468] T dc00c724361d42a493b0093eb37e12e8 P 9f9f51549aa44ef49877b37718276763 [term 1 FOLLOWER]: Leader election vote request: Granting yes vote for candidate bdcdef060a404cf1ada347fe8f995a8a in term 1.
I20260709 12:58:29.590966  1280 tablet_bootstrap.cc:654] T 79c4e2a1fdf84a198aaca03fa8f20f4e P bdcdef060a404cf1ada347fe8f995a8a: Neither blocks nor log segments found. Creating new log.
I20260709 12:58:29.567394  1283 raft_consensus.cc:515] T 60e716cf44a64f629bef7a2cf525375d P 1a0d6b2908184db5aa99bc8bef9e5a53 [term 1 FOLLOWER]: Starting leader election with config: opid_index: -1 OBSOLETE_local: false peers { permanent_uuid: "bdcdef060a404cf1ada347fe8f995a8a" member_type: VOTER last_known_addr { host: "127.0.107.193" port: 38379 } } peers { permanent_uuid: "1a0d6b2908184db5aa99bc8bef9e5a53" member_type: VOTER last_known_addr { host: "127.0.107.194" port: 40175 } } peers { permanent_uuid: "9f9f51549aa44ef49877b37718276763" member_type: VOTER last_known_addr { host: "127.0.107.195" port: 38757 } }
I20260709 12:58:29.567267  1277 tablet_bootstrap.cc:654] T cfa456973b2d417da34fd356b98ac964 P 9f9f51549aa44ef49877b37718276763: Neither blocks nor log segments found. Creating new log.
I20260709 12:58:29.593463  1053 leader_election.cc:304] T dc00c724361d42a493b0093eb37e12e8 P bdcdef060a404cf1ada347fe8f995a8a [CANDIDATE]: Term 1 election: Election decided. Result: candidate won. Election summary: received 2 responses out of 3 voters: 2 yes votes; 0 no votes. yes voters: 9f9f51549aa44ef49877b37718276763, bdcdef060a404cf1ada347fe8f995a8a; no voters: 
I20260709 12:58:29.593621  1161 raft_consensus.cc:2468] T dc00c724361d42a493b0093eb37e12e8 P 1a0d6b2908184db5aa99bc8bef9e5a53 [term 1 FOLLOWER]: Leader election vote request: Granting yes vote for candidate bdcdef060a404cf1ada347fe8f995a8a in term 1.
I20260709 12:58:29.594281  1289 raft_consensus.cc:2749] T 84684f7ba1e044fabd742ba6158133b6 P bdcdef060a404cf1ada347fe8f995a8a [term 1 FOLLOWER]: Leader election lost for term 1. Reason: could not achieve majority
I20260709 12:58:29.569912  1162 raft_consensus.cc:2468] T 84684f7ba1e044fabd742ba6158133b6 P 1a0d6b2908184db5aa99bc8bef9e5a53 [term 1 FOLLOWER]: Leader election vote request: Granting yes vote for candidate 9f9f51549aa44ef49877b37718276763 in term 1.
I20260709 12:58:29.594920  1289 raft_consensus.cc:2804] T dc00c724361d42a493b0093eb37e12e8 P bdcdef060a404cf1ada347fe8f995a8a [term 1 FOLLOWER]: Leader election won for term 1
I20260709 12:58:29.595650  1289 raft_consensus.cc:697] T dc00c724361d42a493b0093eb37e12e8 P bdcdef060a404cf1ada347fe8f995a8a [term 1 LEADER]: Becoming Leader. State: Replica: bdcdef060a404cf1ada347fe8f995a8a, State: Running, Role: LEADER
I20260709 12:58:29.596230  1200 leader_election.cc:304] T 84684f7ba1e044fabd742ba6158133b6 P 9f9f51549aa44ef49877b37718276763 [CANDIDATE]: Term 1 election: Election decided. Result: candidate won. Election summary: received 3 responses out of 3 voters: 2 yes votes; 1 no votes. yes voters: 1a0d6b2908184db5aa99bc8bef9e5a53, 9f9f51549aa44ef49877b37718276763; no voters: bdcdef060a404cf1ada347fe8f995a8a
I20260709 12:58:29.596578  1289 consensus_queue.cc:237] T dc00c724361d42a493b0093eb37e12e8 P bdcdef060a404cf1ada347fe8f995a8a [LEADER]: Queue going to LEADER mode. State: All replicated index: 0, Majority replicated index: 0, Committed index: 0, Last appended: 0.0, Last appended by leader: 0, Current term: 1, Majority size: 2, State: 0, Mode: LEADER, active raft config: opid_index: -1 OBSOLETE_local: false peers { permanent_uuid: "bdcdef060a404cf1ada347fe8f995a8a" member_type: VOTER last_known_addr { host: "127.0.107.193" port: 38379 } } peers { permanent_uuid: "1a0d6b2908184db5aa99bc8bef9e5a53" member_type: VOTER last_known_addr { host: "127.0.107.194" port: 40175 } } peers { permanent_uuid: "9f9f51549aa44ef49877b37718276763" member_type: VOTER last_known_addr { host: "127.0.107.195" port: 38757 } }
I20260709 12:58:29.597381  1282 raft_consensus.cc:2804] T 84684f7ba1e044fabd742ba6158133b6 P 9f9f51549aa44ef49877b37718276763 [term 1 FOLLOWER]: Leader election won for term 1
I20260709 12:58:29.603902  1087 tablet_service.cc:1917] Received RequestConsensusVote() RPC: tablet_id: "60e716cf44a64f629bef7a2cf525375d" candidate_uuid: "1a0d6b2908184db5aa99bc8bef9e5a53" candidate_term: 1 candidate_status { last_received { term: 0 index: 0 } } ignore_live_leader: false dest_uuid: "bdcdef060a404cf1ada347fe8f995a8a"
W20260709 12:58:29.605507  1126 leader_election.cc:343] T 60e716cf44a64f629bef7a2cf525375d P 1a0d6b2908184db5aa99bc8bef9e5a53 [CANDIDATE]: Term 1 election: Tablet error from VoteRequest() call to peer bdcdef060a404cf1ada347fe8f995a8a (127.0.107.193:38379): Illegal state: must be running to vote when last-logged opid is not known
I20260709 12:58:29.605775  1283 leader_election.cc:290] T 60e716cf44a64f629bef7a2cf525375d P 1a0d6b2908184db5aa99bc8bef9e5a53 [CANDIDATE]: Term 1 election: Requested vote from peers bdcdef060a404cf1ada347fe8f995a8a (127.0.107.193:38379), 9f9f51549aa44ef49877b37718276763 (127.0.107.195:38757)
I20260709 12:58:29.607174  1236 tablet_service.cc:1917] Received RequestConsensusVote() RPC: tablet_id: "60e716cf44a64f629bef7a2cf525375d" candidate_uuid: "1a0d6b2908184db5aa99bc8bef9e5a53" candidate_term: 1 candidate_status { last_received { term: 0 index: 0 } } ignore_live_leader: false dest_uuid: "9f9f51549aa44ef49877b37718276763"
I20260709 12:58:29.607913  1236 raft_consensus.cc:3060] T 60e716cf44a64f629bef7a2cf525375d P 9f9f51549aa44ef49877b37718276763 [term 0 FOLLOWER]: Advancing to term 1
I20260709 12:58:29.614183  1282 raft_consensus.cc:697] T 84684f7ba1e044fabd742ba6158133b6 P 9f9f51549aa44ef49877b37718276763 [term 1 LEADER]: Becoming Leader. State: Replica: 9f9f51549aa44ef49877b37718276763, State: Running, Role: LEADER
I20260709 12:58:29.615348  1282 consensus_queue.cc:237] T 84684f7ba1e044fabd742ba6158133b6 P 9f9f51549aa44ef49877b37718276763 [LEADER]: Queue going to LEADER mode. State: All replicated index: 0, Majority replicated index: 0, Committed index: 0, Last appended: 0.0, Last appended by leader: 0, Current term: 1, Majority size: 2, State: 0, Mode: LEADER, active raft config: opid_index: -1 OBSOLETE_local: false peers { permanent_uuid: "1a0d6b2908184db5aa99bc8bef9e5a53" member_type: VOTER last_known_addr { host: "127.0.107.194" port: 40175 } } peers { permanent_uuid: "9f9f51549aa44ef49877b37718276763" member_type: VOTER last_known_addr { host: "127.0.107.195" port: 38757 } } peers { permanent_uuid: "bdcdef060a404cf1ada347fe8f995a8a" member_type: VOTER last_known_addr { host: "127.0.107.193" port: 38379 } }
I20260709 12:58:29.624786  1277 tablet_bootstrap.cc:492] T cfa456973b2d417da34fd356b98ac964 P 9f9f51549aa44ef49877b37718276763: No bootstrap required, opened a new log
I20260709 12:58:29.625432  1277 ts_tablet_manager.cc:1403] T cfa456973b2d417da34fd356b98ac964 P 9f9f51549aa44ef49877b37718276763: Time spent bootstrapping tablet: real 0.065s	user 0.010s	sys 0.012s
I20260709 12:58:29.625144   984 catalog_manager.cc:5697] T 66b150d6ff764a34937e6c85a187c37d P 9f9f51549aa44ef49877b37718276763 reported cstate change: term changed from 0 to 1, leader changed from <none> to 9f9f51549aa44ef49877b37718276763 (127.0.107.195). New cstate: current_term: 1 leader_uuid: "9f9f51549aa44ef49877b37718276763" committed_config { opid_index: -1 OBSOLETE_local: false peers { permanent_uuid: "bdcdef060a404cf1ada347fe8f995a8a" member_type: VOTER last_known_addr { host: "127.0.107.193" port: 38379 } health_report { overall_health: UNKNOWN } } peers { permanent_uuid: "1a0d6b2908184db5aa99bc8bef9e5a53" member_type: VOTER last_known_addr { host: "127.0.107.194" port: 40175 } health_report { overall_health: UNKNOWN } } peers { permanent_uuid: "9f9f51549aa44ef49877b37718276763" member_type: VOTER last_known_addr { host: "127.0.107.195" port: 38757 } health_report { overall_health: HEALTHY } } }
I20260709 12:58:29.626283  1236 raft_consensus.cc:2468] T 60e716cf44a64f629bef7a2cf525375d P 9f9f51549aa44ef49877b37718276763 [term 1 FOLLOWER]: Leader election vote request: Granting yes vote for candidate 1a0d6b2908184db5aa99bc8bef9e5a53 in term 1.
I20260709 12:58:29.627632  1128 leader_election.cc:304] T 60e716cf44a64f629bef7a2cf525375d P 1a0d6b2908184db5aa99bc8bef9e5a53 [CANDIDATE]: Term 1 election: Election decided. Result: candidate won. Election summary: received 3 responses out of 3 voters: 2 yes votes; 1 no votes. yes voters: 1a0d6b2908184db5aa99bc8bef9e5a53, 9f9f51549aa44ef49877b37718276763; no voters: bdcdef060a404cf1ada347fe8f995a8a
I20260709 12:58:29.628866  1283 raft_consensus.cc:2804] T 60e716cf44a64f629bef7a2cf525375d P 1a0d6b2908184db5aa99bc8bef9e5a53 [term 1 FOLLOWER]: Leader election won for term 1
I20260709 12:58:29.629405  1283 raft_consensus.cc:697] T 60e716cf44a64f629bef7a2cf525375d P 1a0d6b2908184db5aa99bc8bef9e5a53 [term 1 LEADER]: Becoming Leader. State: Replica: 1a0d6b2908184db5aa99bc8bef9e5a53, State: Running, Role: LEADER
I20260709 12:58:29.630436  1280 tablet_bootstrap.cc:492] T 79c4e2a1fdf84a198aaca03fa8f20f4e P bdcdef060a404cf1ada347fe8f995a8a: No bootstrap required, opened a new log
I20260709 12:58:29.630244  1283 consensus_queue.cc:237] T 60e716cf44a64f629bef7a2cf525375d P 1a0d6b2908184db5aa99bc8bef9e5a53 [LEADER]: Queue going to LEADER mode. State: All replicated index: 0, Majority replicated index: 0, Committed index: 0, Last appended: 0.0, Last appended by leader: 0, Current term: 1, Majority size: 2, State: 0, Mode: LEADER, active raft config: opid_index: -1 OBSOLETE_local: false peers { permanent_uuid: "bdcdef060a404cf1ada347fe8f995a8a" member_type: VOTER last_known_addr { host: "127.0.107.193" port: 38379 } } peers { permanent_uuid: "1a0d6b2908184db5aa99bc8bef9e5a53" member_type: VOTER last_known_addr { host: "127.0.107.194" port: 40175 } } peers { permanent_uuid: "9f9f51549aa44ef49877b37718276763" member_type: VOTER last_known_addr { host: "127.0.107.195" port: 38757 } }
I20260709 12:58:29.631038  1280 ts_tablet_manager.cc:1403] T 79c4e2a1fdf84a198aaca03fa8f20f4e P bdcdef060a404cf1ada347fe8f995a8a: Time spent bootstrapping tablet: real 0.048s	user 0.018s	sys 0.004s
I20260709 12:58:29.634315  1279 tablet_bootstrap.cc:492] T cfa456973b2d417da34fd356b98ac964 P 1a0d6b2908184db5aa99bc8bef9e5a53: No bootstrap required, opened a new log
I20260709 12:58:29.634788  1279 ts_tablet_manager.cc:1403] T cfa456973b2d417da34fd356b98ac964 P 1a0d6b2908184db5aa99bc8bef9e5a53: Time spent bootstrapping tablet: real 0.129s	user 0.018s	sys 0.011s
I20260709 12:58:29.634186  1280 raft_consensus.cc:359] T 79c4e2a1fdf84a198aaca03fa8f20f4e P bdcdef060a404cf1ada347fe8f995a8a [term 0 FOLLOWER]: Replica starting. Triggering 0 pending ops. Active config: opid_index: -1 OBSOLETE_local: false peers { permanent_uuid: "bdcdef060a404cf1ada347fe8f995a8a" member_type: VOTER last_known_addr { host: "127.0.107.193" port: 38379 } } peers { permanent_uuid: "1a0d6b2908184db5aa99bc8bef9e5a53" member_type: VOTER last_known_addr { host: "127.0.107.194" port: 40175 } } peers { permanent_uuid: "9f9f51549aa44ef49877b37718276763" member_type: VOTER last_known_addr { host: "127.0.107.195" port: 38757 } }
I20260709 12:58:29.635397  1280 raft_consensus.cc:385] T 79c4e2a1fdf84a198aaca03fa8f20f4e P bdcdef060a404cf1ada347fe8f995a8a [term 0 FOLLOWER]: Consensus starting up: Expiring failure detector timer to make a prompt election more likely
I20260709 12:58:29.635820  1280 raft_consensus.cc:740] T 79c4e2a1fdf84a198aaca03fa8f20f4e P bdcdef060a404cf1ada347fe8f995a8a [term 0 FOLLOWER]: Becoming Follower/Learner. State: Replica: bdcdef060a404cf1ada347fe8f995a8a, State: Initialized, Role: FOLLOWER
I20260709 12:58:29.636719  1280 consensus_queue.cc:260] T 79c4e2a1fdf84a198aaca03fa8f20f4e P bdcdef060a404cf1ada347fe8f995a8a [NON_LEADER]: Queue going to NON_LEADER mode. State: All replicated index: 0, Majority replicated index: 0, Committed index: 0, Last appended: 0.0, Last appended by leader: 0, Current term: 0, Majority size: -1, State: 0, Mode: NON_LEADER, active raft config: opid_index: -1 OBSOLETE_local: false peers { permanent_uuid: "bdcdef060a404cf1ada347fe8f995a8a" member_type: VOTER last_known_addr { host: "127.0.107.193" port: 38379 } } peers { permanent_uuid: "1a0d6b2908184db5aa99bc8bef9e5a53" member_type: VOTER last_known_addr { host: "127.0.107.194" port: 40175 } } peers { permanent_uuid: "9f9f51549aa44ef49877b37718276763" member_type: VOTER last_known_addr { host: "127.0.107.195" port: 38757 } }
I20260709 12:58:29.637391  1279 raft_consensus.cc:359] T cfa456973b2d417da34fd356b98ac964 P 1a0d6b2908184db5aa99bc8bef9e5a53 [term 0 FOLLOWER]: Replica starting. Triggering 0 pending ops. Active config: opid_index: -1 OBSOLETE_local: false peers { permanent_uuid: "bdcdef060a404cf1ada347fe8f995a8a" member_type: VOTER last_known_addr { host: "127.0.107.193" port: 38379 } } peers { permanent_uuid: "1a0d6b2908184db5aa99bc8bef9e5a53" member_type: VOTER last_known_addr { host: "127.0.107.194" port: 40175 } } peers { permanent_uuid: "9f9f51549aa44ef49877b37718276763" member_type: VOTER last_known_addr { host: "127.0.107.195" port: 38757 } }
I20260709 12:58:29.638072  1279 raft_consensus.cc:385] T cfa456973b2d417da34fd356b98ac964 P 1a0d6b2908184db5aa99bc8bef9e5a53 [term 0 FOLLOWER]: Consensus starting up: Expiring failure detector timer to make a prompt election more likely
I20260709 12:58:29.638392  1279 raft_consensus.cc:740] T cfa456973b2d417da34fd356b98ac964 P 1a0d6b2908184db5aa99bc8bef9e5a53 [term 0 FOLLOWER]: Becoming Follower/Learner. State: Replica: 1a0d6b2908184db5aa99bc8bef9e5a53, State: Initialized, Role: FOLLOWER
I20260709 12:58:29.638173  1277 raft_consensus.cc:359] T cfa456973b2d417da34fd356b98ac964 P 9f9f51549aa44ef49877b37718276763 [term 0 FOLLOWER]: Replica starting. Triggering 0 pending ops. Active config: opid_index: -1 OBSOLETE_local: false peers { permanent_uuid: "bdcdef060a404cf1ada347fe8f995a8a" member_type: VOTER last_known_addr { host: "127.0.107.193" port: 38379 } } peers { permanent_uuid: "1a0d6b2908184db5aa99bc8bef9e5a53" member_type: VOTER last_known_addr { host: "127.0.107.194" port: 40175 } } peers { permanent_uuid: "9f9f51549aa44ef49877b37718276763" member_type: VOTER last_known_addr { host: "127.0.107.195" port: 38757 } }
I20260709 12:58:29.638948  1277 raft_consensus.cc:385] T cfa456973b2d417da34fd356b98ac964 P 9f9f51549aa44ef49877b37718276763 [term 0 FOLLOWER]: Consensus starting up: Expiring failure detector timer to make a prompt election more likely
I20260709 12:58:29.639256  1279 consensus_queue.cc:260] T cfa456973b2d417da34fd356b98ac964 P 1a0d6b2908184db5aa99bc8bef9e5a53 [NON_LEADER]: Queue going to NON_LEADER mode. State: All replicated index: 0, Majority replicated index: 0, Committed index: 0, Last appended: 0.0, Last appended by leader: 0, Current term: 0, Majority size: -1, State: 0, Mode: NON_LEADER, active raft config: opid_index: -1 OBSOLETE_local: false peers { permanent_uuid: "bdcdef060a404cf1ada347fe8f995a8a" member_type: VOTER last_known_addr { host: "127.0.107.193" port: 38379 } } peers { permanent_uuid: "1a0d6b2908184db5aa99bc8bef9e5a53" member_type: VOTER last_known_addr { host: "127.0.107.194" port: 40175 } } peers { permanent_uuid: "9f9f51549aa44ef49877b37718276763" member_type: VOTER last_known_addr { host: "127.0.107.195" port: 38757 } }
