I20260709 13:15:24.907147 11050 raft_consensus.cc:697] T 421c787d487e48ccbb5b1ce96bb25aeb P 2c6d9e670e404688a81fb60a4ace2e23 [term 1 LEADER]: Becoming Leader. State: Replica: 2c6d9e670e404688a81fb60a4ace2e23, State: Running, Role: LEADER
I20260709 13:15:24.907967 11050 consensus_queue.cc:237] T 421c787d487e48ccbb5b1ce96bb25aeb P 2c6d9e670e404688a81fb60a4ace2e23 [LEADER]: Queue going to LEADER mode. State: All replicated index: 0, Majority replicated index: 0, Committed index: 0, Last appended: 0.0, Last appended by leader: 0, Current term: 1, Majority size: 2, State: 0, Mode: LEADER, active raft config: opid_index: -1 OBSOLETE_local: false peers { permanent_uuid: "1294c360df5c4dec919e233a4d556f1b" member_type: VOTER last_known_addr { host: "127.9.129.65" port: 33791 } } peers { permanent_uuid: "43263c39228d4b2a9e40dd16c43ba80e" member_type: VOTER last_known_addr { host: "127.9.129.66" port: 43067 } } peers { permanent_uuid: "2c6d9e670e404688a81fb60a4ace2e23" member_type: VOTER last_known_addr { host: "127.9.129.67" port: 44659 } }
I20260709 13:15:24.912016 11043 tablet_bootstrap.cc:654] T 37f86fcfcd024b70b2af29c01cbb60d6 P 2c6d9e670e404688a81fb60a4ace2e23: Neither blocks nor log segments found. Creating new log.
I20260709 13:15:24.912352 11042 tablet_bootstrap.cc:492] T 087d8298e430430ebea34ed2b5624578 P 1294c360df5c4dec919e233a4d556f1b: No bootstrap required, opened a new log
I20260709 13:15:24.913139 11042 ts_tablet_manager.cc:1403] T 087d8298e430430ebea34ed2b5624578 P 1294c360df5c4dec919e233a4d556f1b: Time spent bootstrapping tablet: real 0.028s	user 0.010s	sys 0.000s
I20260709 13:15:24.915793 11042 raft_consensus.cc:359] T 087d8298e430430ebea34ed2b5624578 P 1294c360df5c4dec919e233a4d556f1b [term 0 FOLLOWER]: Replica starting. Triggering 0 pending ops. Active config: opid_index: -1 OBSOLETE_local: false peers { permanent_uuid: "1294c360df5c4dec919e233a4d556f1b" member_type: VOTER last_known_addr { host: "127.9.129.65" port: 33791 } } peers { permanent_uuid: "43263c39228d4b2a9e40dd16c43ba80e" member_type: VOTER last_known_addr { host: "127.9.129.66" port: 43067 } } peers { permanent_uuid: "2c6d9e670e404688a81fb60a4ace2e23" member_type: VOTER last_known_addr { host: "127.9.129.67" port: 44659 } }
I20260709 13:15:24.916462 11042 raft_consensus.cc:385] T 087d8298e430430ebea34ed2b5624578 P 1294c360df5c4dec919e233a4d556f1b [term 0 FOLLOWER]: Consensus starting up: Expiring failure detector timer to make a prompt election more likely
I20260709 13:15:24.916725 11042 raft_consensus.cc:740] T 087d8298e430430ebea34ed2b5624578 P 1294c360df5c4dec919e233a4d556f1b [term 0 FOLLOWER]: Becoming Follower/Learner. State: Replica: 1294c360df5c4dec919e233a4d556f1b, State: Initialized, Role: FOLLOWER
I20260709 13:15:24.910494 11041 ts_tablet_manager.cc:1434] T a2a7fabf3f7946caaa1b927c420b496d P 43263c39228d4b2a9e40dd16c43ba80e: Time spent starting tablet: real 0.010s	user 0.000s	sys 0.005s
I20260709 13:15:24.917320 11042 consensus_queue.cc:260] T 087d8298e430430ebea34ed2b5624578 P 1294c360df5c4dec919e233a4d556f1b [NON_LEADER]: Queue going to NON_LEADER mode. State: All replicated index: 0, Majority replicated index: 0, Committed index: 0, Last appended: 0.0, Last appended by leader: 0, Current term: 0, Majority size: -1, State: 0, Mode: NON_LEADER, active raft config: opid_index: -1 OBSOLETE_local: false peers { permanent_uuid: "1294c360df5c4dec919e233a4d556f1b" member_type: VOTER last_known_addr { host: "127.9.129.65" port: 33791 } } peers { permanent_uuid: "43263c39228d4b2a9e40dd16c43ba80e" member_type: VOTER last_known_addr { host: "127.9.129.66" port: 43067 } } peers { permanent_uuid: "2c6d9e670e404688a81fb60a4ace2e23" member_type: VOTER last_known_addr { host: "127.9.129.67" port: 44659 } }
I20260709 13:15:24.918083 11041 tablet_bootstrap.cc:492] T a3fc3259a3564c0ea85c0d374bd12b0c P 43263c39228d4b2a9e40dd16c43ba80e: Bootstrap starting.
I20260709 13:15:24.919247 11042 ts_tablet_manager.cc:1434] T 087d8298e430430ebea34ed2b5624578 P 1294c360df5c4dec919e233a4d556f1b: Time spent starting tablet: real 0.006s	user 0.005s	sys 0.000s
I20260709 13:15:24.919874 11092 raft_consensus.cc:493] T 44b1a5521e054c819b92a1adcf34777f P 43263c39228d4b2a9e40dd16c43ba80e [term 0 FOLLOWER]: Starting pre-election (no leader contacted us within the election timeout)
I20260709 13:15:24.920321 11092 raft_consensus.cc:515] T 44b1a5521e054c819b92a1adcf34777f P 43263c39228d4b2a9e40dd16c43ba80e [term 0 FOLLOWER]: Starting pre-election with config: opid_index: -1 OBSOLETE_local: false peers { permanent_uuid: "1294c360df5c4dec919e233a4d556f1b" member_type: VOTER last_known_addr { host: "127.9.129.65" port: 33791 } } peers { permanent_uuid: "43263c39228d4b2a9e40dd16c43ba80e" member_type: VOTER last_known_addr { host: "127.9.129.66" port: 43067 } } peers { permanent_uuid: "2c6d9e670e404688a81fb60a4ace2e23" member_type: VOTER last_known_addr { host: "127.9.129.67" port: 44659 } }
I20260709 13:15:24.921876 11094 raft_consensus.cc:493] T a3fc3259a3564c0ea85c0d374bd12b0c P 2c6d9e670e404688a81fb60a4ace2e23 [term 0 FOLLOWER]: Starting pre-election (no leader contacted us within the election timeout)
I20260709 13:15:24.922365 11092 leader_election.cc:290] T 44b1a5521e054c819b92a1adcf34777f P 43263c39228d4b2a9e40dd16c43ba80e [CANDIDATE]: Term 1 pre-election: Requested pre-vote from peers 1294c360df5c4dec919e233a4d556f1b (127.9.129.65:33791), 2c6d9e670e404688a81fb60a4ace2e23 (127.9.129.67:44659)
I20260709 13:15:24.922407 11094 raft_consensus.cc:515] T a3fc3259a3564c0ea85c0d374bd12b0c P 2c6d9e670e404688a81fb60a4ace2e23 [term 0 FOLLOWER]: Starting pre-election with config: opid_index: -1 OBSOLETE_local: false peers { permanent_uuid: "1294c360df5c4dec919e233a4d556f1b" member_type: VOTER last_known_addr { host: "127.9.129.65" port: 33791 } } peers { permanent_uuid: "43263c39228d4b2a9e40dd16c43ba80e" member_type: VOTER last_known_addr { host: "127.9.129.66" port: 43067 } } peers { permanent_uuid: "2c6d9e670e404688a81fb60a4ace2e23" member_type: VOTER last_known_addr { host: "127.9.129.67" port: 44659 } }
I20260709 13:15:24.923903 10850 tablet_service.cc:1917] Received RequestConsensusVote() RPC: tablet_id: "44b1a5521e054c819b92a1adcf34777f" candidate_uuid: "43263c39228d4b2a9e40dd16c43ba80e" candidate_term: 1 candidate_status { last_received { term: 0 index: 0 } } ignore_live_leader: false dest_uuid: "1294c360df5c4dec919e233a4d556f1b" is_pre_election: true
I20260709 13:15:24.924603 10850 raft_consensus.cc:2468] T 44b1a5521e054c819b92a1adcf34777f P 1294c360df5c4dec919e233a4d556f1b [term 0 FOLLOWER]: Leader pre-election vote request: Granting yes vote for candidate 43263c39228d4b2a9e40dd16c43ba80e in term 0.
I20260709 13:15:24.924846 11041 tablet_bootstrap.cc:654] T a3fc3259a3564c0ea85c0d374bd12b0c P 43263c39228d4b2a9e40dd16c43ba80e: Neither blocks nor log segments found. Creating new log.
I20260709 13:15:24.923983 11001 tablet_service.cc:1917] Received RequestConsensusVote() RPC: tablet_id: "44b1a5521e054c819b92a1adcf34777f" candidate_uuid: "43263c39228d4b2a9e40dd16c43ba80e" candidate_term: 1 candidate_status { last_received { term: 0 index: 0 } } ignore_live_leader: false dest_uuid: "2c6d9e670e404688a81fb60a4ace2e23" is_pre_election: true
W20260709 13:15:24.926824 10892 leader_election.cc:343] T 44b1a5521e054c819b92a1adcf34777f P 43263c39228d4b2a9e40dd16c43ba80e [CANDIDATE]: Term 1 pre-election: Tablet error from VoteRequest() call to peer 2c6d9e670e404688a81fb60a4ace2e23 (127.9.129.67:44659): Illegal state: must be running to vote when last-logged opid is not known
I20260709 13:15:24.926864 10926 tablet_service.cc:1917] Received RequestConsensusVote() RPC: tablet_id: "a3fc3259a3564c0ea85c0d374bd12b0c" candidate_uuid: "2c6d9e670e404688a81fb60a4ace2e23" candidate_term: 1 candidate_status { last_received { term: 0 index: 0 } } ignore_live_leader: false dest_uuid: "43263c39228d4b2a9e40dd16c43ba80e" is_pre_election: true
I20260709 13:15:24.927477 10891 leader_election.cc:304] T 44b1a5521e054c819b92a1adcf34777f P 43263c39228d4b2a9e40dd16c43ba80e [CANDIDATE]: Term 1 pre-election: Election decided. Result: candidate won. Election summary: received 3 responses out of 3 voters: 2 yes votes; 1 no votes. yes voters: 1294c360df5c4dec919e233a4d556f1b, 43263c39228d4b2a9e40dd16c43ba80e; no voters: 2c6d9e670e404688a81fb60a4ace2e23
W20260709 13:15:24.928534 10964 leader_election.cc:343] T a3fc3259a3564c0ea85c0d374bd12b0c P 2c6d9e670e404688a81fb60a4ace2e23 [CANDIDATE]: Term 1 pre-election: Tablet error from VoteRequest() call to peer 43263c39228d4b2a9e40dd16c43ba80e (127.9.129.66:43067): Illegal state: must be running to vote when last-logged opid is not known
I20260709 13:15:24.929049 11092 raft_consensus.cc:2804] T 44b1a5521e054c819b92a1adcf34777f P 43263c39228d4b2a9e40dd16c43ba80e [term 0 FOLLOWER]: Leader pre-election won for term 1
I20260709 13:15:24.929056 10850 tablet_service.cc:1917] Received RequestConsensusVote() RPC: tablet_id: "a3fc3259a3564c0ea85c0d374bd12b0c" candidate_uuid: "2c6d9e670e404688a81fb60a4ace2e23" candidate_term: 1 candidate_status { last_received { term: 0 index: 0 } } ignore_live_leader: false dest_uuid: "1294c360df5c4dec919e233a4d556f1b" is_pre_election: true
I20260709 13:15:24.929556 11092 raft_consensus.cc:493] T 44b1a5521e054c819b92a1adcf34777f P 43263c39228d4b2a9e40dd16c43ba80e [term 0 FOLLOWER]: Starting leader election (no leader contacted us within the election timeout)
I20260709 13:15:24.929953 11092 raft_consensus.cc:3060] T 44b1a5521e054c819b92a1adcf34777f P 43263c39228d4b2a9e40dd16c43ba80e [term 0 FOLLOWER]: Advancing to term 1
I20260709 13:15:24.930224 11108 raft_consensus.cc:493] T a2a7fabf3f7946caaa1b927c420b496d P 43263c39228d4b2a9e40dd16c43ba80e [term 0 FOLLOWER]: Starting pre-election (no leader contacted us within the election timeout)
I20260709 13:15:24.930667 11108 raft_consensus.cc:515] T a2a7fabf3f7946caaa1b927c420b496d P 43263c39228d4b2a9e40dd16c43ba80e [term 0 FOLLOWER]: Starting pre-election with config: opid_index: -1 OBSOLETE_local: false peers { permanent_uuid: "1294c360df5c4dec919e233a4d556f1b" member_type: VOTER last_known_addr { host: "127.9.129.65" port: 33791 } } peers { permanent_uuid: "43263c39228d4b2a9e40dd16c43ba80e" member_type: VOTER last_known_addr { host: "127.9.129.66" port: 43067 } } peers { permanent_uuid: "2c6d9e670e404688a81fb60a4ace2e23" member_type: VOTER last_known_addr { host: "127.9.129.67" port: 44659 } }
I20260709 13:15:24.924546 11094 leader_election.cc:290] T a3fc3259a3564c0ea85c0d374bd12b0c P 2c6d9e670e404688a81fb60a4ace2e23 [CANDIDATE]: Term 1 pre-election: Requested pre-vote from peers 1294c360df5c4dec919e233a4d556f1b (127.9.129.65:33791), 43263c39228d4b2a9e40dd16c43ba80e (127.9.129.66:43067)
I20260709 13:15:24.932652 11108 leader_election.cc:290] T a2a7fabf3f7946caaa1b927c420b496d P 43263c39228d4b2a9e40dd16c43ba80e [CANDIDATE]: Term 1 pre-election: Requested pre-vote from peers 1294c360df5c4dec919e233a4d556f1b (127.9.129.65:33791), 2c6d9e670e404688a81fb60a4ace2e23 (127.9.129.67:44659)
I20260709 13:15:24.929761 11071 consensus_queue.cc:1048] T ac895514268146f4bc2bfb01c081ccd0 P 2c6d9e670e404688a81fb60a4ace2e23 [LEADER]: Connected to new peer: Peer: permanent_uuid: "1294c360df5c4dec919e233a4d556f1b" member_type: VOTER last_known_addr { host: "127.9.129.65" port: 33791 }, Status: LMP_MISMATCH, Last received: 0.0, Next index: 1, Last known committed idx: 0, Time since last communication: 0.001s
I20260709 13:15:24.934298 11001 tablet_service.cc:1917] Received RequestConsensusVote() RPC: tablet_id: "a2a7fabf3f7946caaa1b927c420b496d" candidate_uuid: "43263c39228d4b2a9e40dd16c43ba80e" candidate_term: 1 candidate_status { last_received { term: 0 index: 0 } } ignore_live_leader: false dest_uuid: "2c6d9e670e404688a81fb60a4ace2e23" is_pre_election: true
I20260709 13:15:24.934871 11043 tablet_bootstrap.cc:492] T 37f86fcfcd024b70b2af29c01cbb60d6 P 2c6d9e670e404688a81fb60a4ace2e23: No bootstrap required, opened a new log
I20260709 13:15:24.935276 11043 ts_tablet_manager.cc:1403] T 37f86fcfcd024b70b2af29c01cbb60d6 P 2c6d9e670e404688a81fb60a4ace2e23: Time spent bootstrapping tablet: real 0.031s	user 0.009s	sys 0.009s
W20260709 13:15:24.935561 10892 leader_election.cc:343] T a2a7fabf3f7946caaa1b927c420b496d P 43263c39228d4b2a9e40dd16c43ba80e [CANDIDATE]: Term 1 pre-election: Tablet error from VoteRequest() call to peer 2c6d9e670e404688a81fb60a4ace2e23 (127.9.129.67:44659): Illegal state: must be running to vote when last-logged opid is not known
I20260709 13:15:24.938658 11043 raft_consensus.cc:359] T 37f86fcfcd024b70b2af29c01cbb60d6 P 2c6d9e670e404688a81fb60a4ace2e23 [term 0 FOLLOWER]: Replica starting. Triggering 0 pending ops. Active config: opid_index: -1 OBSOLETE_local: false peers { permanent_uuid: "1294c360df5c4dec919e233a4d556f1b" member_type: VOTER last_known_addr { host: "127.9.129.65" port: 33791 } } peers { permanent_uuid: "43263c39228d4b2a9e40dd16c43ba80e" member_type: VOTER last_known_addr { host: "127.9.129.66" port: 43067 } } peers { permanent_uuid: "2c6d9e670e404688a81fb60a4ace2e23" member_type: VOTER last_known_addr { host: "127.9.129.67" port: 44659 } }
I20260709 13:15:24.939502 11043 raft_consensus.cc:385] T 37f86fcfcd024b70b2af29c01cbb60d6 P 2c6d9e670e404688a81fb60a4ace2e23 [term 0 FOLLOWER]: Consensus starting up: Expiring failure detector timer to make a prompt election more likely
I20260709 13:15:24.939815 11043 raft_consensus.cc:740] T 37f86fcfcd024b70b2af29c01cbb60d6 P 2c6d9e670e404688a81fb60a4ace2e23 [term 0 FOLLOWER]: Becoming Follower/Learner. State: Replica: 2c6d9e670e404688a81fb60a4ace2e23, State: Initialized, Role: FOLLOWER
I20260709 13:15:24.940760 11043 consensus_queue.cc:260] T 37f86fcfcd024b70b2af29c01cbb60d6 P 2c6d9e670e404688a81fb60a4ace2e23 [NON_LEADER]: Queue going to NON_LEADER mode. State: All replicated index: 0, Majority replicated index: 0, Committed index: 0, Last appended: 0.0, Last appended by leader: 0, Current term: 0, Majority size: -1, State: 0, Mode: NON_LEADER, active raft config: opid_index: -1 OBSOLETE_local: false peers { permanent_uuid: "1294c360df5c4dec919e233a4d556f1b" member_type: VOTER last_known_addr { host: "127.9.129.65" port: 33791 } } peers { permanent_uuid: "43263c39228d4b2a9e40dd16c43ba80e" member_type: VOTER last_known_addr { host: "127.9.129.66" port: 43067 } } peers { permanent_uuid: "2c6d9e670e404688a81fb60a4ace2e23" member_type: VOTER last_known_addr { host: "127.9.129.67" port: 44659 } }
I20260709 13:15:24.929814 10850 raft_consensus.cc:2468] T a3fc3259a3564c0ea85c0d374bd12b0c P 1294c360df5c4dec919e233a4d556f1b [term 0 FOLLOWER]: Leader pre-election vote request: Granting yes vote for candidate 2c6d9e670e404688a81fb60a4ace2e23 in term 0.
I20260709 13:15:24.942117 10851 tablet_service.cc:1917] Received RequestConsensusVote() RPC: tablet_id: "a2a7fabf3f7946caaa1b927c420b496d" candidate_uuid: "43263c39228d4b2a9e40dd16c43ba80e" candidate_term: 1 candidate_status { last_received { term: 0 index: 0 } } ignore_live_leader: false dest_uuid: "1294c360df5c4dec919e233a4d556f1b" is_pre_election: true
I20260709 13:15:24.942716 10851 raft_consensus.cc:2468] T a2a7fabf3f7946caaa1b927c420b496d P 1294c360df5c4dec919e233a4d556f1b [term 0 FOLLOWER]: Leader pre-election vote request: Granting yes vote for candidate 43263c39228d4b2a9e40dd16c43ba80e in term 0.
I20260709 13:15:24.943178 10965 leader_election.cc:304] T a3fc3259a3564c0ea85c0d374bd12b0c P 2c6d9e670e404688a81fb60a4ace2e23 [CANDIDATE]: Term 1 pre-election: Election decided. Result: candidate won. Election summary: received 3 responses out of 3 voters: 2 yes votes; 1 no votes. yes voters: 1294c360df5c4dec919e233a4d556f1b, 2c6d9e670e404688a81fb60a4ace2e23; no voters: 43263c39228d4b2a9e40dd16c43ba80e
I20260709 13:15:24.943761 11043 ts_tablet_manager.cc:1434] T 37f86fcfcd024b70b2af29c01cbb60d6 P 2c6d9e670e404688a81fb60a4ace2e23: Time spent starting tablet: real 0.008s	user 0.008s	sys 0.000s
I20260709 13:15:24.943879 10891 leader_election.cc:304] T a2a7fabf3f7946caaa1b927c420b496d P 43263c39228d4b2a9e40dd16c43ba80e [CANDIDATE]: Term 1 pre-election: Election decided. Result: candidate won. Election summary: received 3 responses out of 3 voters: 2 yes votes; 1 no votes. yes voters: 1294c360df5c4dec919e233a4d556f1b, 43263c39228d4b2a9e40dd16c43ba80e; no voters: 2c6d9e670e404688a81fb60a4ace2e23
I20260709 13:15:24.944298 11071 raft_consensus.cc:2804] T a3fc3259a3564c0ea85c0d374bd12b0c P 2c6d9e670e404688a81fb60a4ace2e23 [term 0 FOLLOWER]: Leader pre-election won for term 1
I20260709 13:15:24.944650 11071 raft_consensus.cc:493] T a3fc3259a3564c0ea85c0d374bd12b0c P 2c6d9e670e404688a81fb60a4ace2e23 [term 0 FOLLOWER]: Starting leader election (no leader contacted us within the election timeout)
I20260709 13:15:24.944979 11071 raft_consensus.cc:3060] T a3fc3259a3564c0ea85c0d374bd12b0c P 2c6d9e670e404688a81fb60a4ace2e23 [term 0 FOLLOWER]: Advancing to term 1
I20260709 13:15:24.944999 11043 tablet_bootstrap.cc:492] T f7e3cdc963074fcda94f0737a41cf28a P 2c6d9e670e404688a81fb60a4ace2e23: Bootstrap starting.
I20260709 13:15:24.945094 11108 raft_consensus.cc:2804] T a2a7fabf3f7946caaa1b927c420b496d P 43263c39228d4b2a9e40dd16c43ba80e [term 0 FOLLOWER]: Leader pre-election won for term 1
I20260709 13:15:24.945611 11108 raft_consensus.cc:493] T a2a7fabf3f7946caaa1b927c420b496d P 43263c39228d4b2a9e40dd16c43ba80e [term 0 FOLLOWER]: Starting leader election (no leader contacted us within the election timeout)
I20260709 13:15:24.945966 11108 raft_consensus.cc:3060] T a2a7fabf3f7946caaa1b927c420b496d P 43263c39228d4b2a9e40dd16c43ba80e [term 0 FOLLOWER]: Advancing to term 1
I20260709 13:15:24.950048 11042 tablet_bootstrap.cc:492] T c2edf5da07394f5285e5c3c505e493d5 P 1294c360df5c4dec919e233a4d556f1b: Bootstrap starting.
I20260709 13:15:24.952745 11092 raft_consensus.cc:515] T 44b1a5521e054c819b92a1adcf34777f P 43263c39228d4b2a9e40dd16c43ba80e [term 1 FOLLOWER]: Starting leader election with config: opid_index: -1 OBSOLETE_local: false peers { permanent_uuid: "1294c360df5c4dec919e233a4d556f1b" member_type: VOTER last_known_addr { host: "127.9.129.65" port: 33791 } } peers { permanent_uuid: "43263c39228d4b2a9e40dd16c43ba80e" member_type: VOTER last_known_addr { host: "127.9.129.66" port: 43067 } } peers { permanent_uuid: "2c6d9e670e404688a81fb60a4ace2e23" member_type: VOTER last_known_addr { host: "127.9.129.67" port: 44659 } }
I20260709 13:15:24.954532 11101 consensus_queue.cc:1048] T 4abffe6cd3bb4d9a9282cd2483b5ce09 P 1294c360df5c4dec919e233a4d556f1b [LEADER]: Connected to new peer: Peer: permanent_uuid: "2c6d9e670e404688a81fb60a4ace2e23" member_type: VOTER last_known_addr { host: "127.9.129.67" port: 44659 }, Status: LMP_MISMATCH, Last received: 0.0, Next index: 1, Last known committed idx: 0, Time since last communication: 0.000s
I20260709 13:15:24.955375 10851 tablet_service.cc:1917] Received RequestConsensusVote() RPC: tablet_id: "44b1a5521e054c819b92a1adcf34777f" candidate_uuid: "43263c39228d4b2a9e40dd16c43ba80e" candidate_term: 1 candidate_status { last_received { term: 0 index: 0 } } ignore_live_leader: false dest_uuid: "1294c360df5c4dec919e233a4d556f1b"
I20260709 13:15:24.955919 10851 raft_consensus.cc:3060] T 44b1a5521e054c819b92a1adcf34777f P 1294c360df5c4dec919e233a4d556f1b [term 0 FOLLOWER]: Advancing to term 1
I20260709 13:15:24.964529 10851 raft_consensus.cc:2468] T 44b1a5521e054c819b92a1adcf34777f P 1294c360df5c4dec919e233a4d556f1b [term 1 FOLLOWER]: Leader election vote request: Granting yes vote for candidate 43263c39228d4b2a9e40dd16c43ba80e in term 1.
I20260709 13:15:24.971220 11094 consensus_queue.cc:1048] T ac895514268146f4bc2bfb01c081ccd0 P 2c6d9e670e404688a81fb60a4ace2e23 [LEADER]: Connected to new peer: Peer: permanent_uuid: "43263c39228d4b2a9e40dd16c43ba80e" member_type: VOTER last_known_addr { host: "127.9.129.66" port: 43067 }, Status: LMP_MISMATCH, Last received: 0.0, Next index: 1, Last known committed idx: 0, Time since last communication: 0.001s
I20260709 13:15:24.972165 11042 tablet_bootstrap.cc:654] T c2edf5da07394f5285e5c3c505e493d5 P 1294c360df5c4dec919e233a4d556f1b: Neither blocks nor log segments found. Creating new log.
I20260709 13:15:24.974740 11095 consensus_queue.cc:1048] T c2edf5da07394f5285e5c3c505e493d5 P 43263c39228d4b2a9e40dd16c43ba80e [LEADER]: Connected to new peer: Peer: permanent_uuid: "2c6d9e670e404688a81fb60a4ace2e23" member_type: VOTER last_known_addr { host: "127.9.129.67" port: 44659 }, Status: LMP_MISMATCH, Last received: 0.0, Next index: 1, Last known committed idx: 0, Time since last communication: 0.001s
I20260709 13:15:24.982959 10891 leader_election.cc:304] T 44b1a5521e054c819b92a1adcf34777f P 43263c39228d4b2a9e40dd16c43ba80e [CANDIDATE]: Term 1 election: Election decided. Result: candidate won. Election summary: received 2 responses out of 3 voters: 2 yes votes; 0 no votes. yes voters: 1294c360df5c4dec919e233a4d556f1b, 43263c39228d4b2a9e40dd16c43ba80e; no voters: 
I20260709 13:15:24.983690 11066 raft_consensus.cc:2804] T 44b1a5521e054c819b92a1adcf34777f P 43263c39228d4b2a9e40dd16c43ba80e [term 1 FOLLOWER]: Leader election won for term 1
I20260709 13:15:24.984148 11066 raft_consensus.cc:697] T 44b1a5521e054c819b92a1adcf34777f P 43263c39228d4b2a9e40dd16c43ba80e [term 1 LEADER]: Becoming Leader. State: Replica: 43263c39228d4b2a9e40dd16c43ba80e, State: Running, Role: LEADER
I20260709 13:15:24.990125 11043 tablet_bootstrap.cc:654] T f7e3cdc963074fcda94f0737a41cf28a P 2c6d9e670e404688a81fb60a4ace2e23: Neither blocks nor log segments found. Creating new log.
I20260709 13:15:24.987159 11092 leader_election.cc:290] T 44b1a5521e054c819b92a1adcf34777f P 43263c39228d4b2a9e40dd16c43ba80e [CANDIDATE]: Term 1 election: Requested vote from peers 1294c360df5c4dec919e233a4d556f1b (127.9.129.65:33791), 2c6d9e670e404688a81fb60a4ace2e23 (127.9.129.67:44659)
I20260709 13:15:24.990835 11066 consensus_queue.cc:237] T 44b1a5521e054c819b92a1adcf34777f P 43263c39228d4b2a9e40dd16c43ba80e [LEADER]: Queue going to LEADER mode. State: All replicated index: 0, Majority replicated index: 0, Committed index: 0, Last appended: 0.0, Last appended by leader: 0, Current term: 1, Majority size: 2, State: 0, Mode: LEADER, active raft config: opid_index: -1 OBSOLETE_local: false peers { permanent_uuid: "1294c360df5c4dec919e233a4d556f1b" member_type: VOTER last_known_addr { host: "127.9.129.65" port: 33791 } } peers { permanent_uuid: "43263c39228d4b2a9e40dd16c43ba80e" member_type: VOTER last_known_addr { host: "127.9.129.66" port: 43067 } } peers { permanent_uuid: "2c6d9e670e404688a81fb60a4ace2e23" member_type: VOTER last_known_addr { host: "127.9.129.67" port: 44659 } }
I20260709 13:15:24.993458 10999 tablet_service.cc:1917] Received RequestConsensusVote() RPC: tablet_id: "44b1a5521e054c819b92a1adcf34777f" candidate_uuid: "43263c39228d4b2a9e40dd16c43ba80e" candidate_term: 1 candidate_status { last_received { term: 0 index: 0 } } ignore_live_leader: false dest_uuid: "2c6d9e670e404688a81fb60a4ace2e23"
W20260709 13:15:24.997109 10892 leader_election.cc:343] T 44b1a5521e054c819b92a1adcf34777f P 43263c39228d4b2a9e40dd16c43ba80e [CANDIDATE]: Term 1 election: Tablet error from VoteRequest() call to peer 2c6d9e670e404688a81fb60a4ace2e23 (127.9.129.67:44659): Illegal state: must be running to vote when last-logged opid is not known
I20260709 13:15:25.004593 11041 tablet_bootstrap.cc:492] T a3fc3259a3564c0ea85c0d374bd12b0c P 43263c39228d4b2a9e40dd16c43ba80e: No bootstrap required, opened a new log
I20260709 13:15:25.004668 10851 raft_consensus.cc:3060] T 087d8298e430430ebea34ed2b5624578 P 1294c360df5c4dec919e233a4d556f1b [term 0 FOLLOWER]: Advancing to term 1
I20260709 13:15:25.005280 11041 ts_tablet_manager.cc:1403] T a3fc3259a3564c0ea85c0d374bd12b0c P 43263c39228d4b2a9e40dd16c43ba80e: Time spent bootstrapping tablet: real 0.087s	user 0.025s	sys 0.036s
I20260709 13:15:25.022725 11071 raft_consensus.cc:515] T a3fc3259a3564c0ea85c0d374bd12b0c P 2c6d9e670e404688a81fb60a4ace2e23 [term 1 FOLLOWER]: Starting leader election with config: opid_index: -1 OBSOLETE_local: false peers { permanent_uuid: "1294c360df5c4dec919e233a4d556f1b" member_type: VOTER last_known_addr { host: "127.9.129.65" port: 33791 } } peers { permanent_uuid: "43263c39228d4b2a9e40dd16c43ba80e" member_type: VOTER last_known_addr { host: "127.9.129.66" port: 43067 } } peers { permanent_uuid: "2c6d9e670e404688a81fb60a4ace2e23" member_type: VOTER last_known_addr { host: "127.9.129.67" port: 44659 } }
I20260709 13:15:25.025911 10850 tablet_service.cc:1917] Received RequestConsensusVote() RPC: tablet_id: "a3fc3259a3564c0ea85c0d374bd12b0c" candidate_uuid: "2c6d9e670e404688a81fb60a4ace2e23" candidate_term: 1 candidate_status { last_received { term: 0 index: 0 } } ignore_live_leader: false dest_uuid: "1294c360df5c4dec919e233a4d556f1b"
I20260709 13:15:25.005568 11108 raft_consensus.cc:515] T a2a7fabf3f7946caaa1b927c420b496d P 43263c39228d4b2a9e40dd16c43ba80e [term 1 FOLLOWER]: Starting leader election with config: opid_index: -1 OBSOLETE_local: false peers { permanent_uuid: "1294c360df5c4dec919e233a4d556f1b" member_type: VOTER last_known_addr { host: "127.9.129.65" port: 33791 } } peers { permanent_uuid: "43263c39228d4b2a9e40dd16c43ba80e" member_type: VOTER last_known_addr { host: "127.9.129.66" port: 43067 } } peers { permanent_uuid: "2c6d9e670e404688a81fb60a4ace2e23" member_type: VOTER last_known_addr { host: "127.9.129.67" port: 44659 } }
I20260709 13:15:25.028405 10850 raft_consensus.cc:3060] T a3fc3259a3564c0ea85c0d374bd12b0c P 1294c360df5c4dec919e233a4d556f1b [term 0 FOLLOWER]: Advancing to term 1
I20260709 13:15:25.034752 10852 tablet_service.cc:1917] Received RequestConsensusVote() RPC: tablet_id: "a2a7fabf3f7946caaa1b927c420b496d" candidate_uuid: "43263c39228d4b2a9e40dd16c43ba80e" candidate_term: 1 candidate_status { last_received { term: 0 index: 0 } } ignore_live_leader: false dest_uuid: "1294c360df5c4dec919e233a4d556f1b"
I20260709 13:15:25.035380 10852 raft_consensus.cc:3060] T a2a7fabf3f7946caaa1b927c420b496d P 1294c360df5c4dec919e233a4d556f1b [term 0 FOLLOWER]: Advancing to term 1
I20260709 13:15:25.041612 11041 raft_consensus.cc:359] T a3fc3259a3564c0ea85c0d374bd12b0c P 43263c39228d4b2a9e40dd16c43ba80e [term 0 FOLLOWER]: Replica starting. Triggering 0 pending ops. Active config: opid_index: -1 OBSOLETE_local: false peers { permanent_uuid: "1294c360df5c4dec919e233a4d556f1b" member_type: VOTER last_known_addr { host: "127.9.129.65" port: 33791 } } peers { permanent_uuid: "43263c39228d4b2a9e40dd16c43ba80e" member_type: VOTER last_known_addr { host: "127.9.129.66" port: 43067 } } peers { permanent_uuid: "2c6d9e670e404688a81fb60a4ace2e23" member_type: VOTER last_known_addr { host: "127.9.129.67" port: 44659 } }
I20260709 13:15:25.042900 11041 raft_consensus.cc:385] T a3fc3259a3564c0ea85c0d374bd12b0c P 43263c39228d4b2a9e40dd16c43ba80e [term 0 FOLLOWER]: Consensus starting up: Expiring failure detector timer to make a prompt election more likely
I20260709 13:15:25.043154 11041 raft_consensus.cc:740] T a3fc3259a3564c0ea85c0d374bd12b0c P 43263c39228d4b2a9e40dd16c43ba80e [term 0 FOLLOWER]: Becoming Follower/Learner. State: Replica: 43263c39228d4b2a9e40dd16c43ba80e, State: Initialized, Role: FOLLOWER
I20260709 13:15:25.043609 10749 catalog_manager.cc:5697] T 421c787d487e48ccbb5b1ce96bb25aeb P 2c6d9e670e404688a81fb60a4ace2e23 reported cstate change: term changed from 0 to 1, leader changed from <none> to 2c6d9e670e404688a81fb60a4ace2e23 (127.9.129.67). New cstate: current_term: 1 leader_uuid: "2c6d9e670e404688a81fb60a4ace2e23" committed_config { opid_index: -1 OBSOLETE_local: false peers { permanent_uuid: "1294c360df5c4dec919e233a4d556f1b" member_type: VOTER last_known_addr { host: "127.9.129.65" port: 33791 } health_report { overall_health: UNKNOWN } } peers { permanent_uuid: "43263c39228d4b2a9e40dd16c43ba80e" member_type: VOTER last_known_addr { host: "127.9.129.66" port: 43067 } health_report { overall_health: UNKNOWN } } peers { permanent_uuid: "2c6d9e670e404688a81fb60a4ace2e23" member_type: VOTER last_known_addr { host: "127.9.129.67" port: 44659 } health_report { overall_health: HEALTHY } } }
I20260709 13:15:25.045609 10927 tablet_service.cc:1917] Received RequestConsensusVote() RPC: tablet_id: "a3fc3259a3564c0ea85c0d374bd12b0c" candidate_uuid: "2c6d9e670e404688a81fb60a4ace2e23" candidate_term: 1 candidate_status { last_received { term: 0 index: 0 } } ignore_live_leader: false dest_uuid: "43263c39228d4b2a9e40dd16c43ba80e"
I20260709 13:15:25.046655 11041 consensus_queue.cc:260] T a3fc3259a3564c0ea85c0d374bd12b0c P 43263c39228d4b2a9e40dd16c43ba80e [NON_LEADER]: Queue going to NON_LEADER mode. State: All replicated index: 0, Majority replicated index: 0, Committed index: 0, Last appended: 0.0, Last appended by leader: 0, Current term: 0, Majority size: -1, State: 0, Mode: NON_LEADER, active raft config: opid_index: -1 OBSOLETE_local: false peers { permanent_uuid: "1294c360df5c4dec919e233a4d556f1b" member_type: VOTER last_known_addr { host: "127.9.129.65" port: 33791 } } peers { permanent_uuid: "43263c39228d4b2a9e40dd16c43ba80e" member_type: VOTER last_known_addr { host: "127.9.129.66" port: 43067 } } peers { permanent_uuid: "2c6d9e670e404688a81fb60a4ace2e23" member_type: VOTER last_known_addr { host: "127.9.129.67" port: 44659 } }
I20260709 13:15:25.052773 11071 leader_election.cc:290] T a3fc3259a3564c0ea85c0d374bd12b0c P 2c6d9e670e404688a81fb60a4ace2e23 [CANDIDATE]: Term 1 election: Requested vote from peers 1294c360df5c4dec919e233a4d556f1b (127.9.129.65:33791), 43263c39228d4b2a9e40dd16c43ba80e (127.9.129.66:43067)
I20260709 13:15:25.053594 11071 raft_consensus.cc:493] T e571898b10b94dcc98148c858734c98b P 2c6d9e670e404688a81fb60a4ace2e23 [term 0 FOLLOWER]: Starting pre-election (no leader contacted us within the election timeout)
I20260709 13:15:25.059562 10850 raft_consensus.cc:2468] T a3fc3259a3564c0ea85c0d374bd12b0c P 1294c360df5c4dec919e233a4d556f1b [term 1 FOLLOWER]: Leader election vote request: Granting yes vote for candidate 2c6d9e670e404688a81fb60a4ace2e23 in term 1.
I20260709 13:15:25.059756 11071 raft_consensus.cc:515] T e571898b10b94dcc98148c858734c98b P 2c6d9e670e404688a81fb60a4ace2e23 [term 0 FOLLOWER]: Starting pre-election with config: opid_index: -1 OBSOLETE_local: false peers { permanent_uuid: "1294c360df5c4dec919e233a4d556f1b" member_type: VOTER last_known_addr { host: "127.9.129.65" port: 33791 } } peers { permanent_uuid: "43263c39228d4b2a9e40dd16c43ba80e" member_type: VOTER last_known_addr { host: "127.9.129.66" port: 43067 } } peers { permanent_uuid: "2c6d9e670e404688a81fb60a4ace2e23" member_type: VOTER last_known_addr { host: "127.9.129.67" port: 44659 } }
I20260709 13:15:25.042193 11108 leader_election.cc:290] T a2a7fabf3f7946caaa1b927c420b496d P 43263c39228d4b2a9e40dd16c43ba80e [CANDIDATE]: Term 1 election: Requested vote from peers 1294c360df5c4dec919e233a4d556f1b (127.9.129.65:33791), 2c6d9e670e404688a81fb60a4ace2e23 (127.9.129.67:44659)
I20260709 13:15:25.063854 11041 ts_tablet_manager.cc:1434] T a3fc3259a3564c0ea85c0d374bd12b0c P 43263c39228d4b2a9e40dd16c43ba80e: Time spent starting tablet: real 0.058s	user 0.002s	sys 0.009s
I20260709 13:15:25.064766 11041 tablet_bootstrap.cc:492] T 4abffe6cd3bb4d9a9282cd2483b5ce09 P 43263c39228d4b2a9e40dd16c43ba80e: Bootstrap starting.
I20260709 13:15:25.063963 10927 raft_consensus.cc:3060] T a3fc3259a3564c0ea85c0d374bd12b0c P 43263c39228d4b2a9e40dd16c43ba80e [term 0 FOLLOWER]: Advancing to term 1
I20260709 13:15:25.065070 10965 leader_election.cc:304] T a3fc3259a3564c0ea85c0d374bd12b0c P 2c6d9e670e404688a81fb60a4ace2e23 [CANDIDATE]: Term 1 election: Election decided. Result: candidate won. Election summary: received 2 responses out of 3 voters: 2 yes votes; 0 no votes. yes voters: 1294c360df5c4dec919e233a4d556f1b, 2c6d9e670e404688a81fb60a4ace2e23; no voters: 
I20260709 13:15:25.067693 11071 leader_election.cc:290] T e571898b10b94dcc98148c858734c98b P 2c6d9e670e404688a81fb60a4ace2e23 [CANDIDATE]: Term 1 pre-election: Requested pre-vote from peers 1294c360df5c4dec919e233a4d556f1b (127.9.129.65:33791), 43263c39228d4b2a9e40dd16c43ba80e (127.9.129.66:43067)
I20260709 13:15:25.068248 11071 raft_consensus.cc:2804] T a3fc3259a3564c0ea85c0d374bd12b0c P 2c6d9e670e404688a81fb60a4ace2e23 [term 1 FOLLOWER]: Leader election won for term 1
I20260709 13:15:25.069352 11071 raft_consensus.cc:697] T a3fc3259a3564c0ea85c0d374bd12b0c P 2c6d9e670e404688a81fb60a4ace2e23 [term 1 LEADER]: Becoming Leader. State: Replica: 2c6d9e670e404688a81fb60a4ace2e23, State: Running, Role: LEADER
I20260709 13:15:25.069828 11001 tablet_service.cc:1917] Received RequestConsensusVote() RPC: tablet_id: "a2a7fabf3f7946caaa1b927c420b496d" candidate_uuid: "43263c39228d4b2a9e40dd16c43ba80e" candidate_term: 1 candidate_status { last_received { term: 0 index: 0 } } ignore_live_leader: false dest_uuid: "2c6d9e670e404688a81fb60a4ace2e23"
I20260709 13:15:25.071966 10925 tablet_service.cc:1917] Received RequestConsensusVote() RPC: tablet_id: "e571898b10b94dcc98148c858734c98b" candidate_uuid: "2c6d9e670e404688a81fb60a4ace2e23" candidate_term: 1 candidate_status { last_received { term: 0 index: 0 } } ignore_live_leader: false dest_uuid: "43263c39228d4b2a9e40dd16c43ba80e" is_pre_election: true
W20260709 13:15:25.073179 10892 leader_election.cc:343] T a2a7fabf3f7946caaa1b927c420b496d P 43263c39228d4b2a9e40dd16c43ba80e [CANDIDATE]: Term 1 election: Tablet error from VoteRequest() call to peer 2c6d9e670e404688a81fb60a4ace2e23 (127.9.129.67:44659): Illegal state: must be running to vote when last-logged opid is not known
W20260709 13:15:25.073388 10964 leader_election.cc:343] T e571898b10b94dcc98148c858734c98b P 2c6d9e670e404688a81fb60a4ace2e23 [CANDIDATE]: Term 1 pre-election: Tablet error from VoteRequest() call to peer 43263c39228d4b2a9e40dd16c43ba80e (127.9.129.66:43067): Illegal state: must be running to vote when last-logged opid is not known
I20260709 13:15:25.071138 10850 tablet_service.cc:1917] Received RequestConsensusVote() RPC: tablet_id: "e571898b10b94dcc98148c858734c98b" candidate_uuid: "2c6d9e670e404688a81fb60a4ace2e23" candidate_term: 1 candidate_status { last_received { term: 0 index: 0 } } ignore_live_leader: false dest_uuid: "1294c360df5c4dec919e233a4d556f1b" is_pre_election: true
W20260709 13:15:25.074713 10965 leader_election.cc:343] T e571898b10b94dcc98148c858734c98b P 2c6d9e670e404688a81fb60a4ace2e23 [CANDIDATE]: Term 1 pre-election: Tablet error from VoteRequest() call to peer 1294c360df5c4dec919e233a4d556f1b (127.9.129.65:33791): Illegal state: must be running to vote when last-logged opid is not known
I20260709 13:15:25.075106 10965 leader_election.cc:304] T e571898b10b94dcc98148c858734c98b P 2c6d9e670e404688a81fb60a4ace2e23 [CANDIDATE]: Term 1 pre-election: Election decided. Result: candidate lost. Election summary: received 3 responses out of 3 voters: 1 yes votes; 2 no votes. yes voters: 2c6d9e670e404688a81fb60a4ace2e23; no voters: 1294c360df5c4dec919e233a4d556f1b, 43263c39228d4b2a9e40dd16c43ba80e
I20260709 13:15:25.075413 11043 tablet_bootstrap.cc:492] T f7e3cdc963074fcda94f0737a41cf28a P 2c6d9e670e404688a81fb60a4ace2e23: No bootstrap required, opened a new log
I20260709 13:15:25.075829 11043 ts_tablet_manager.cc:1403] T f7e3cdc963074fcda94f0737a41cf28a P 2c6d9e670e404688a81fb60a4ace2e23: Time spent bootstrapping tablet: real 0.131s	user 0.010s	sys 0.011s
I20260709 13:15:25.076232 11050 raft_consensus.cc:2749] T e571898b10b94dcc98148c858734c98b P 2c6d9e670e404688a81fb60a4ace2e23 [term 0 FOLLOWER]: Leader pre-election lost for term 1. Reason: could not achieve majority
I20260709 13:15:25.070842 11071 consensus_queue.cc:237] T a3fc3259a3564c0ea85c0d374bd12b0c P 2c6d9e670e404688a81fb60a4ace2e23 [LEADER]: Queue going to LEADER mode. State: All replicated index: 0, Majority replicated index: 0, Committed index: 0, Last appended: 0.0, Last appended by leader: 0, Current term: 1, Majority size: 2, State: 0, Mode: LEADER, active raft config: opid_index: -1 OBSOLETE_local: false peers { permanent_uuid: "1294c360df5c4dec919e233a4d556f1b" member_type: VOTER last_known_addr { host: "127.9.129.65" port: 33791 } } peers { permanent_uuid: "43263c39228d4b2a9e40dd16c43ba80e" member_type: VOTER last_known_addr { host: "127.9.129.66" port: 43067 } } peers { permanent_uuid: "2c6d9e670e404688a81fb60a4ace2e23" member_type: VOTER last_known_addr { host: "127.9.129.67" port: 44659 } }
I20260709 13:15:25.078402 11094 raft_consensus.cc:493] T 3740140bd5c141cd9d0622fad68461cf P 2c6d9e670e404688a81fb60a4ace2e23 [term 0 FOLLOWER]: Starting pre-election (no leader contacted us within the election timeout)
I20260709 13:15:25.078836 11094 raft_consensus.cc:515] T 3740140bd5c141cd9d0622fad68461cf P 2c6d9e670e404688a81fb60a4ace2e23 [term 0 FOLLOWER]: Starting pre-election with config: opid_index: -1 OBSOLETE_local: false peers { permanent_uuid: "1294c360df5c4dec919e233a4d556f1b" member_type: VOTER last_known_addr { host: "127.9.129.65" port: 33791 } } peers { permanent_uuid: "43263c39228d4b2a9e40dd16c43ba80e" member_type: VOTER last_known_addr { host: "127.9.129.66" port: 43067 } } peers { permanent_uuid: "2c6d9e670e404688a81fb60a4ace2e23" member_type: VOTER last_known_addr { host: "127.9.129.67" port: 44659 } }
I20260709 13:15:25.079445 11043 raft_consensus.cc:359] T f7e3cdc963074fcda94f0737a41cf28a P 2c6d9e670e404688a81fb60a4ace2e23 [term 0 FOLLOWER]: Replica starting. Triggering 0 pending ops. Active config: opid_index: -1 OBSOLETE_local: false peers { permanent_uuid: "1294c360df5c4dec919e233a4d556f1b" member_type: VOTER last_known_addr { host: "127.9.129.65" port: 33791 } } peers { permanent_uuid: "43263c39228d4b2a9e40dd16c43ba80e" member_type: VOTER last_known_addr { host: "127.9.129.66" port: 43067 } } peers { permanent_uuid: "2c6d9e670e404688a81fb60a4ace2e23" member_type: VOTER last_known_addr { host: "127.9.129.67" port: 44659 } }
I20260709 13:15:25.080139 11043 raft_consensus.cc:385] T f7e3cdc963074fcda94f0737a41cf28a P 2c6d9e670e404688a81fb60a4ace2e23 [term 0 FOLLOWER]: Consensus starting up: Expiring failure detector timer to make a prompt election more likely
I20260709 13:15:25.080466 11043 raft_consensus.cc:740] T f7e3cdc963074fcda94f0737a41cf28a P 2c6d9e670e404688a81fb60a4ace2e23 [term 0 FOLLOWER]: Becoming Follower/Learner. State: Replica: 2c6d9e670e404688a81fb60a4ace2e23, State: Initialized, Role: FOLLOWER
I20260709 13:15:25.081152 11094 leader_election.cc:290] T 3740140bd5c141cd9d0622fad68461cf P 2c6d9e670e404688a81fb60a4ace2e23 [CANDIDATE]: Term 1 pre-election: Requested pre-vote from peers 1294c360df5c4dec919e233a4d556f1b (127.9.129.65:33791), 43263c39228d4b2a9e40dd16c43ba80e (127.9.129.66:43067)
I20260709 13:15:25.081246 10852 raft_consensus.cc:2468] T a2a7fabf3f7946caaa1b927c420b496d P 1294c360df5c4dec919e233a4d556f1b [term 1 FOLLOWER]: Leader election vote request: Granting yes vote for candidate 43263c39228d4b2a9e40dd16c43ba80e in term 1.
I20260709 13:15:25.081022 11043 consensus_queue.cc:260] T f7e3cdc963074fcda94f0737a41cf28a P 2c6d9e670e404688a81fb60a4ace2e23 [NON_LEADER]: Queue going to NON_LEADER mode. State: All replicated index: 0, Majority replicated index: 0, Committed index: 0, Last appended: 0.0, Last appended by leader: 0, Current term: 0, Majority size: -1, State: 0, Mode: NON_LEADER, active raft config: opid_index: -1 OBSOLETE_local: false peers { permanent_uuid: "1294c360df5c4dec919e233a4d556f1b" member_type: VOTER last_known_addr { host: "127.9.129.65" port: 33791 } } peers { permanent_uuid: "43263c39228d4b2a9e40dd16c43ba80e" member_type: VOTER last_known_addr { host: "127.9.129.66" port: 43067 } } peers { permanent_uuid: "2c6d9e670e404688a81fb60a4ace2e23" member_type: VOTER last_known_addr { host: "127.9.129.67" port: 44659 } }
I20260709 13:15:25.083065 11043 ts_tablet_manager.cc:1434] T f7e3cdc963074fcda94f0737a41cf28a P 2c6d9e670e404688a81fb60a4ace2e23: Time spent starting tablet: real 0.007s	user 0.004s	sys 0.001s
I20260709 13:15:25.083359 10891 leader_election.cc:304] T a2a7fabf3f7946caaa1b927c420b496d P 43263c39228d4b2a9e40dd16c43ba80e [CANDIDATE]: Term 1 election: Election decided. Result: candidate won. Election summary: received 3 responses out of 3 voters: 2 yes votes; 1 no votes. yes voters: 1294c360df5c4dec919e233a4d556f1b, 43263c39228d4b2a9e40dd16c43ba80e; no voters: 2c6d9e670e404688a81fb60a4ace2e23
I20260709 13:15:25.083832 11043 tablet_bootstrap.cc:492] T c74a7df3828b4919a617aeb0c5057501 P 2c6d9e670e404688a81fb60a4ace2e23: Bootstrap starting.
I20260709 13:15:25.086738 11066 raft_consensus.cc:2804] T a2a7fabf3f7946caaa1b927c420b496d P 43263c39228d4b2a9e40dd16c43ba80e [term 1 FOLLOWER]: Leader election won for term 1
I20260709 13:15:25.087386 11066 raft_consensus.cc:697] T a2a7fabf3f7946caaa1b927c420b496d P 43263c39228d4b2a9e40dd16c43ba80e [term 1 LEADER]: Becoming Leader. State: Replica: 43263c39228d4b2a9e40dd16c43ba80e, State: Running, Role: LEADER
I20260709 13:15:25.085354 10925 tablet_service.cc:1917] Received RequestConsensusVote() RPC: tablet_id: "3740140bd5c141cd9d0622fad68461cf" candidate_uuid: "2c6d9e670e404688a81fb60a4ace2e23" candidate_term: 1 candidate_status { last_received { term: 0 index: 0 } } ignore_live_leader: false dest_uuid: "43263c39228d4b2a9e40dd16c43ba80e" is_pre_election: true
I20260709 13:15:25.088184 11066 consensus_queue.cc:237] T a2a7fabf3f7946caaa1b927c420b496d P 43263c39228d4b2a9e40dd16c43ba80e [LEADER]: Queue going to LEADER mode. State: All replicated index: 0, Majority replicated index: 0, Committed index: 0, Last appended: 0.0, Last appended by leader: 0, Current term: 1, Majority size: 2, State: 0, Mode: LEADER, active raft config: opid_index: -1 OBSOLETE_local: false peers { permanent_uuid: "1294c360df5c4dec919e233a4d556f1b" member_type: VOTER last_known_addr { host: "127.9.129.65" port: 33791 } } peers { permanent_uuid: "43263c39228d4b2a9e40dd16c43ba80e" member_type: VOTER last_known_addr { host: "127.9.129.66" port: 43067 } } peers { permanent_uuid: "2c6d9e670e404688a81fb60a4ace2e23" member_type: VOTER last_known_addr { host: "127.9.129.67" port: 44659 } }
I20260709 13:15:25.096140 10850 tablet_service.cc:1917] Received RequestConsensusVote() RPC: tablet_id: "3740140bd5c141cd9d0622fad68461cf" candidate_uuid: "2c6d9e670e404688a81fb60a4ace2e23" candidate_term: 1 candidate_status { last_received { term: 0 index: 0 } } ignore_live_leader: false dest_uuid: "1294c360df5c4dec919e233a4d556f1b" is_pre_election: true
I20260709 13:15:25.097007 10850 raft_consensus.cc:2393] T 3740140bd5c141cd9d0622fad68461cf P 1294c360df5c4dec919e233a4d556f1b [term 1 FOLLOWER]: Leader pre-election vote request: Denying vote to candidate 2c6d9e670e404688a81fb60a4ace2e23 in current term 1: Already voted for candidate 43263c39228d4b2a9e40dd16c43ba80e in this term.
I20260709 13:15:25.098707 11050 consensus_queue.cc:1048] T 087d8298e430430ebea34ed2b5624578 P 2c6d9e670e404688a81fb60a4ace2e23 [LEADER]: Connected to new peer: Peer: permanent_uuid: "43263c39228d4b2a9e40dd16c43ba80e" member_type: VOTER last_known_addr { host: "127.9.129.66" port: 43067 }, Status: LMP_MISMATCH, Last received: 0.0, Next index: 1, Last known committed idx: 0, Time since last communication: 0.000s
I20260709 13:15:25.102589 10965 leader_election.cc:304] T 3740140bd5c141cd9d0622fad68461cf P 2c6d9e670e404688a81fb60a4ace2e23 [CANDIDATE]: Term 1 pre-election: Election decided. Result: candidate lost. Election summary: received 3 responses out of 3 voters: 1 yes votes; 2 no votes. yes voters: 2c6d9e670e404688a81fb60a4ace2e23; no voters: 1294c360df5c4dec919e233a4d556f1b, 43263c39228d4b2a9e40dd16c43ba80e
I20260709 13:15:25.103528 11094 raft_consensus.cc:3060] T 3740140bd5c141cd9d0622fad68461cf P 2c6d9e670e404688a81fb60a4ace2e23 [term 0 FOLLOWER]: Advancing to term 1
I20260709 13:15:25.089409 10927 raft_consensus.cc:2468] T a3fc3259a3564c0ea85c0d374bd12b0c P 43263c39228d4b2a9e40dd16c43ba80e [term 1 FOLLOWER]: Leader election vote request: Granting yes vote for candidate 2c6d9e670e404688a81fb60a4ace2e23 in term 1.
W20260709 13:15:25.121282 10891 consensus_peers.cc:597] T c2edf5da07394f5285e5c3c505e493d5 P 43263c39228d4b2a9e40dd16c43ba80e -> Peer 1294c360df5c4dec919e233a4d556f1b (127.9.129.65:33791): Couldn't send request to peer 1294c360df5c4dec919e233a4d556f1b. Error code: TABLET_NOT_RUNNING (12). Status: Illegal state: Tablet not RUNNING: BOOTSTRAPPING. This is attempt 1: this message will repeat every 5th retry.
I20260709 13:15:25.122505 11094 raft_consensus.cc:2749] T 3740140bd5c141cd9d0622fad68461cf P 2c6d9e670e404688a81fb60a4ace2e23 [term 1 FOLLOWER]: Leader pre-election lost for term 1. Reason: could not achieve majority
I20260709 13:15:25.135622 11101 consensus_queue.cc:1048] T 15487718e07641159142856c5b523e35 P 1294c360df5c4dec919e233a4d556f1b [LEADER]: Connected to new peer: Peer: permanent_uuid: "43263c39228d4b2a9e40dd16c43ba80e" member_type: VOTER last_known_addr { host: "127.9.129.66" port: 43067 }, Status: LMP_MISMATCH, Last received: 0.0, Next index: 1, Last known committed idx: 0, Time since last communication: 0.001s
I20260709 13:15:25.079653 10747 catalog_manager.cc:5697] T 44b1a5521e054c819b92a1adcf34777f P 43263c39228d4b2a9e40dd16c43ba80e reported cstate change: term changed from 0 to 1, leader changed from <none> to 43263c39228d4b2a9e40dd16c43ba80e (127.9.129.66). New cstate: current_term: 1 leader_uuid: "43263c39228d4b2a9e40dd16c43ba80e" committed_config { opid_index: -1 OBSOLETE_local: false peers { permanent_uuid: "1294c360df5c4dec919e233a4d556f1b" member_type: VOTER last_known_addr { host: "127.9.129.65" port: 33791 } health_report { overall_health: UNKNOWN } } peers { permanent_uuid: "43263c39228d4b2a9e40dd16c43ba80e" member_type: VOTER last_known_addr { host: "127.9.129.66" port: 43067 } health_report { overall_health: HEALTHY } } peers { permanent_uuid: "2c6d9e670e404688a81fb60a4ace2e23" member_type: VOTER last_known_addr { host: "127.9.129.67" port: 44659 } health_report { overall_health: UNKNOWN } } }
I20260709 13:15:25.147926 11042 tablet_bootstrap.cc:492] T c2edf5da07394f5285e5c3c505e493d5 P 1294c360df5c4dec919e233a4d556f1b: No bootstrap required, opened a new log
I20260709 13:15:25.148413 11042 ts_tablet_manager.cc:1403] T c2edf5da07394f5285e5c3c505e493d5 P 1294c360df5c4dec919e233a4d556f1b: Time spent bootstrapping tablet: real 0.199s	user 0.014s	sys 0.021s
I20260709 13:15:25.151518 11041 tablet_bootstrap.cc:654] T 4abffe6cd3bb4d9a9282cd2483b5ce09 P 43263c39228d4b2a9e40dd16c43ba80e: Neither blocks nor log segments found. Creating new log.
I20260709 13:15:25.151660 11043 tablet_bootstrap.cc:654] T c74a7df3828b4919a617aeb0c5057501 P 2c6d9e670e404688a81fb60a4ace2e23: Neither blocks nor log segments found. Creating new log.
I20260709 13:15:25.155323 11042 raft_consensus.cc:359] T c2edf5da07394f5285e5c3c505e493d5 P 1294c360df5c4dec919e233a4d556f1b [term 0 FOLLOWER]: Replica starting. Triggering 0 pending ops. Active config: opid_index: -1 OBSOLETE_local: false peers { permanent_uuid: "1294c360df5c4dec919e233a4d556f1b" member_type: VOTER last_known_addr { host: "127.9.129.65" port: 33791 } } peers { permanent_uuid: "43263c39228d4b2a9e40dd16c43ba80e" member_type: VOTER last_known_addr { host: "127.9.129.66" port: 43067 } } peers { permanent_uuid: "2c6d9e670e404688a81fb60a4ace2e23" member_type: VOTER last_known_addr { host: "127.9.129.67" port: 44659 } }
I20260709 13:15:25.156244 11042 raft_consensus.cc:385] T c2edf5da07394f5285e5c3c505e493d5 P 1294c360df5c4dec919e233a4d556f1b [term 0 FOLLOWER]: Consensus starting up: Expiring failure detector timer to make a prompt election more likely
I20260709 13:15:25.156587 11042 raft_consensus.cc:740] T c2edf5da07394f5285e5c3c505e493d5 P 1294c360df5c4dec919e233a4d556f1b [term 0 FOLLOWER]: Becoming Follower/Learner. State: Replica: 1294c360df5c4dec919e233a4d556f1b, State: Initialized, Role: FOLLOWER
I20260709 13:15:25.158797 11042 consensus_queue.cc:260] T c2edf5da07394f5285e5c3c505e493d5 P 1294c360df5c4dec919e233a4d556f1b [NON_LEADER]: Queue going to NON_LEADER mode. State: All replicated index: 0, Majority replicated index: 0, Committed index: 0, Last appended: 0.0, Last appended by leader: 0, Current term: 0, Majority size: -1, State: 0, Mode: NON_LEADER, active raft config: opid_index: -1 OBSOLETE_local: false peers { permanent_uuid: "1294c360df5c4dec919e233a4d556f1b" member_type: VOTER last_known_addr { host: "127.9.129.65" port: 33791 } } peers { permanent_uuid: "43263c39228d4b2a9e40dd16c43ba80e" member_type: VOTER last_known_addr { host: "127.9.129.66" port: 43067 } } peers { permanent_uuid: "2c6d9e670e404688a81fb60a4ace2e23" member_type: VOTER last_known_addr { host: "127.9.129.67" port: 44659 } }
I20260709 13:15:25.173848 11042 ts_tablet_manager.cc:1434] T c2edf5da07394f5285e5c3c505e493d5 P 1294c360df5c4dec919e233a4d556f1b: Time spent starting tablet: real 0.025s	user 0.004s	sys 0.003s
I20260709 13:15:25.175518 11042 tablet_bootstrap.cc:492] T 3e58ef113d044a869a80294e0016a13e P 1294c360df5c4dec919e233a4d556f1b: Bootstrap starting.
I20260709 13:15:25.183833 11106 consensus_queue.cc:1048] T 15487718e07641159142856c5b523e35 P 1294c360df5c4dec919e233a4d556f1b [LEADER]: Connected to new peer: Peer: permanent_uuid: "2c6d9e670e404688a81fb60a4ace2e23" member_type: VOTER last_known_addr { host: "127.9.129.67" port: 44659 }, Status: LMP_MISMATCH, Last received: 0.0, Next index: 1, Last known committed idx: 0, Time since last communication: 0.002s
I20260709 13:15:25.200459 11101 raft_consensus.cc:493] T 087d8298e430430ebea34ed2b5624578 P 1294c360df5c4dec919e233a4d556f1b [term 1 FOLLOWER]: Starting pre-election (no leader contacted us within the election timeout)
