I20260709 13:15:12.155299  5070 consensus_queue.cc:260] T 6d1530bab80048529cceec2093e377f0 P bc920ef401084dca862e05e8715a22d7 [NON_LEADER]: Queue going to NON_LEADER mode. State: All replicated index: 0, Majority replicated index: 0, Committed index: 0, Last appended: 0.0, Last appended by leader: 0, Current term: 0, Majority size: -1, State: 0, Mode: NON_LEADER, active raft config: opid_index: -1 OBSOLETE_local: false peers { permanent_uuid: "bc920ef401084dca862e05e8715a22d7" member_type: VOTER last_known_addr { host: "127.4.37.129" port: 42461 } } peers { permanent_uuid: "3d93642c55ca499893ab99052cfea8c1" member_type: VOTER last_known_addr { host: "127.4.37.130" port: 34019 } } peers { permanent_uuid: "58df74a8ef6b42aeb707585da24f3c76" member_type: VOTER last_known_addr { host: "127.4.37.131" port: 42431 } }
I20260709 13:15:12.159654  5073 tablet_bootstrap.cc:654] T ae448f3b3a824ae8b7ece648bd2253fe P 3d93642c55ca499893ab99052cfea8c1: Neither blocks nor log segments found. Creating new log.
I20260709 13:15:12.166728  4943 tablet_service.cc:1511] Processing CreateTablet for tablet 01ef8d40a0424447b95525d308ae65dd (DEFAULT_TABLE table=test-workload [id=fe55f1ecbd4e420eaa5c3c91c6ce31fb]), partition=RANGE (key) PARTITION 1717986912 <= VALUES < 1932735276
I20260709 13:15:12.168684  4943 data_dirs.cc:400] Could only allocate 1 dirs of requested 3 for tablet 01ef8d40a0424447b95525d308ae65dd. 1 dirs total, 0 dirs full, 0 dirs failed
I20260709 13:15:12.171084  5015 tablet_service.cc:1511] Processing CreateTablet for tablet 01ef8d40a0424447b95525d308ae65dd (DEFAULT_TABLE table=test-workload [id=fe55f1ecbd4e420eaa5c3c91c6ce31fb]), partition=RANGE (key) PARTITION 1717986912 <= VALUES < 1932735276
I20260709 13:15:12.172997  5015 data_dirs.cc:400] Could only allocate 1 dirs of requested 3 for tablet 01ef8d40a0424447b95525d308ae65dd. 1 dirs total, 0 dirs full, 0 dirs failed
I20260709 13:15:12.188064  4865 tablet_service.cc:1511] Processing CreateTablet for tablet 3ae8f41c0ad04b23b4f5ba300af8820c (DEFAULT_TABLE table=test-workload [id=fe55f1ecbd4e420eaa5c3c91c6ce31fb]), partition=RANGE (key) PARTITION 1932735276 <= VALUES
I20260709 13:15:12.190097  4865 data_dirs.cc:400] Could only allocate 1 dirs of requested 3 for tablet 3ae8f41c0ad04b23b4f5ba300af8820c. 1 dirs total, 0 dirs full, 0 dirs failed
I20260709 13:15:12.196883  5073 tablet_bootstrap.cc:492] T ae448f3b3a824ae8b7ece648bd2253fe P 3d93642c55ca499893ab99052cfea8c1: No bootstrap required, opened a new log
I20260709 13:15:12.197633  5073 ts_tablet_manager.cc:1403] T ae448f3b3a824ae8b7ece648bd2253fe P 3d93642c55ca499893ab99052cfea8c1: Time spent bootstrapping tablet: real 0.066s	user 0.014s	sys 0.023s
I20260709 13:15:12.200935  5073 raft_consensus.cc:359] T ae448f3b3a824ae8b7ece648bd2253fe P 3d93642c55ca499893ab99052cfea8c1 [term 0 FOLLOWER]: Replica starting. Triggering 0 pending ops. Active config: opid_index: -1 OBSOLETE_local: false peers { permanent_uuid: "bc920ef401084dca862e05e8715a22d7" member_type: VOTER last_known_addr { host: "127.4.37.129" port: 42461 } } peers { permanent_uuid: "3d93642c55ca499893ab99052cfea8c1" member_type: VOTER last_known_addr { host: "127.4.37.130" port: 34019 } } peers { permanent_uuid: "58df74a8ef6b42aeb707585da24f3c76" member_type: VOTER last_known_addr { host: "127.4.37.131" port: 42431 } }
I20260709 13:15:12.201799  5073 raft_consensus.cc:385] T ae448f3b3a824ae8b7ece648bd2253fe P 3d93642c55ca499893ab99052cfea8c1 [term 0 FOLLOWER]: Consensus starting up: Expiring failure detector timer to make a prompt election more likely
I20260709 13:15:12.202135  5073 raft_consensus.cc:740] T ae448f3b3a824ae8b7ece648bd2253fe P 3d93642c55ca499893ab99052cfea8c1 [term 0 FOLLOWER]: Becoming Follower/Learner. State: Replica: 3d93642c55ca499893ab99052cfea8c1, State: Initialized, Role: FOLLOWER
I20260709 13:15:12.203008  5073 consensus_queue.cc:260] T ae448f3b3a824ae8b7ece648bd2253fe P 3d93642c55ca499893ab99052cfea8c1 [NON_LEADER]: Queue going to NON_LEADER mode. State: All replicated index: 0, Majority replicated index: 0, Committed index: 0, Last appended: 0.0, Last appended by leader: 0, Current term: 0, Majority size: -1, State: 0, Mode: NON_LEADER, active raft config: opid_index: -1 OBSOLETE_local: false peers { permanent_uuid: "bc920ef401084dca862e05e8715a22d7" member_type: VOTER last_known_addr { host: "127.4.37.129" port: 42461 } } peers { permanent_uuid: "3d93642c55ca499893ab99052cfea8c1" member_type: VOTER last_known_addr { host: "127.4.37.130" port: 34019 } } peers { permanent_uuid: "58df74a8ef6b42aeb707585da24f3c76" member_type: VOTER last_known_addr { host: "127.4.37.131" port: 42431 } }
I20260709 13:15:12.205087  5073 ts_tablet_manager.cc:1434] T ae448f3b3a824ae8b7ece648bd2253fe P 3d93642c55ca499893ab99052cfea8c1: Time spent starting tablet: real 0.007s	user 0.006s	sys 0.000s
I20260709 13:15:12.206315  5073 tablet_bootstrap.cc:492] T 36ae2f481350447a959659dc2ec997db P 3d93642c55ca499893ab99052cfea8c1: Bootstrap starting.
I20260709 13:15:12.213227  5073 tablet_bootstrap.cc:654] T 36ae2f481350447a959659dc2ec997db P 3d93642c55ca499893ab99052cfea8c1: Neither blocks nor log segments found. Creating new log.
I20260709 13:15:12.226361  5073 tablet_bootstrap.cc:492] T 36ae2f481350447a959659dc2ec997db P 3d93642c55ca499893ab99052cfea8c1: No bootstrap required, opened a new log
I20260709 13:15:12.227056  5073 ts_tablet_manager.cc:1403] T 36ae2f481350447a959659dc2ec997db P 3d93642c55ca499893ab99052cfea8c1: Time spent bootstrapping tablet: real 0.021s	user 0.013s	sys 0.004s
I20260709 13:15:12.230430  5073 raft_consensus.cc:359] T 36ae2f481350447a959659dc2ec997db P 3d93642c55ca499893ab99052cfea8c1 [term 0 FOLLOWER]: Replica starting. Triggering 0 pending ops. Active config: opid_index: -1 OBSOLETE_local: false peers { permanent_uuid: "bc920ef401084dca862e05e8715a22d7" member_type: VOTER last_known_addr { host: "127.4.37.129" port: 42461 } } peers { permanent_uuid: "3d93642c55ca499893ab99052cfea8c1" member_type: VOTER last_known_addr { host: "127.4.37.130" port: 34019 } } peers { permanent_uuid: "58df74a8ef6b42aeb707585da24f3c76" member_type: VOTER last_known_addr { host: "127.4.37.131" port: 42431 } }
I20260709 13:15:12.231509  5073 raft_consensus.cc:385] T 36ae2f481350447a959659dc2ec997db P 3d93642c55ca499893ab99052cfea8c1 [term 0 FOLLOWER]: Consensus starting up: Expiring failure detector timer to make a prompt election more likely
I20260709 13:15:12.232337  5073 raft_consensus.cc:740] T 36ae2f481350447a959659dc2ec997db P 3d93642c55ca499893ab99052cfea8c1 [term 0 FOLLOWER]: Becoming Follower/Learner. State: Replica: 3d93642c55ca499893ab99052cfea8c1, State: Initialized, Role: FOLLOWER
I20260709 13:15:12.233780  5073 consensus_queue.cc:260] T 36ae2f481350447a959659dc2ec997db P 3d93642c55ca499893ab99052cfea8c1 [NON_LEADER]: Queue going to NON_LEADER mode. State: All replicated index: 0, Majority replicated index: 0, Committed index: 0, Last appended: 0.0, Last appended by leader: 0, Current term: 0, Majority size: -1, State: 0, Mode: NON_LEADER, active raft config: opid_index: -1 OBSOLETE_local: false peers { permanent_uuid: "bc920ef401084dca862e05e8715a22d7" member_type: VOTER last_known_addr { host: "127.4.37.129" port: 42461 } } peers { permanent_uuid: "3d93642c55ca499893ab99052cfea8c1" member_type: VOTER last_known_addr { host: "127.4.37.130" port: 34019 } } peers { permanent_uuid: "58df74a8ef6b42aeb707585da24f3c76" member_type: VOTER last_known_addr { host: "127.4.37.131" port: 42431 } }
I20260709 13:15:12.237205  5073 ts_tablet_manager.cc:1434] T 36ae2f481350447a959659dc2ec997db P 3d93642c55ca499893ab99052cfea8c1: Time spent starting tablet: real 0.010s	user 0.009s	sys 0.000s
I20260709 13:15:12.238561  5073 tablet_bootstrap.cc:492] T d318acd345914c07ad7689aed477d1cd P 3d93642c55ca499893ab99052cfea8c1: Bootstrap starting.
I20260709 13:15:12.249220  5073 tablet_bootstrap.cc:654] T d318acd345914c07ad7689aed477d1cd P 3d93642c55ca499893ab99052cfea8c1: Neither blocks nor log segments found. Creating new log.
I20260709 13:15:12.262199  4943 tablet_service.cc:1511] Processing CreateTablet for tablet 3ae8f41c0ad04b23b4f5ba300af8820c (DEFAULT_TABLE table=test-workload [id=fe55f1ecbd4e420eaa5c3c91c6ce31fb]), partition=RANGE (key) PARTITION 1932735276 <= VALUES
I20260709 13:15:12.264137  4943 data_dirs.cc:400] Could only allocate 1 dirs of requested 3 for tablet 3ae8f41c0ad04b23b4f5ba300af8820c. 1 dirs total, 0 dirs full, 0 dirs failed
I20260709 13:15:12.280270  5017 tablet_service.cc:1511] Processing CreateTablet for tablet 3ae8f41c0ad04b23b4f5ba300af8820c (DEFAULT_TABLE table=test-workload [id=fe55f1ecbd4e420eaa5c3c91c6ce31fb]), partition=RANGE (key) PARTITION 1932735276 <= VALUES
I20260709 13:15:12.282398  5017 data_dirs.cc:400] Could only allocate 1 dirs of requested 3 for tablet 3ae8f41c0ad04b23b4f5ba300af8820c. 1 dirs total, 0 dirs full, 0 dirs failed
I20260709 13:15:12.295254  4906 heartbeater.cc:499] Master 127.4.37.190:40113 was elected leader, sending a full tablet report...
I20260709 13:15:12.299329  5070 ts_tablet_manager.cc:1434] T 6d1530bab80048529cceec2093e377f0 P bc920ef401084dca862e05e8715a22d7: Time spent starting tablet: real 0.155s	user 0.044s	sys 0.033s
I20260709 13:15:12.300745  5070 tablet_bootstrap.cc:492] T 36ae2f481350447a959659dc2ec997db P bc920ef401084dca862e05e8715a22d7: Bootstrap starting.
I20260709 13:15:12.309643  5070 tablet_bootstrap.cc:654] T 36ae2f481350447a959659dc2ec997db P bc920ef401084dca862e05e8715a22d7: Neither blocks nor log segments found. Creating new log.
W20260709 13:15:12.316515  4826 auto_rebalancer.cc:288] Could not retrieve cluster info: Service unavailable: Tablet not running
I20260709 13:15:12.320825  5073 tablet_bootstrap.cc:492] T d318acd345914c07ad7689aed477d1cd P 3d93642c55ca499893ab99052cfea8c1: No bootstrap required, opened a new log
I20260709 13:15:12.321584  5073 ts_tablet_manager.cc:1403] T d318acd345914c07ad7689aed477d1cd P 3d93642c55ca499893ab99052cfea8c1: Time spent bootstrapping tablet: real 0.083s	user 0.032s	sys 0.050s
I20260709 13:15:12.322960  5071 tablet_bootstrap.cc:492] T b546611d735a4830bc213200bf9ec051 P 58df74a8ef6b42aeb707585da24f3c76: No bootstrap required, opened a new log
I20260709 13:15:12.323499  5071 ts_tablet_manager.cc:1403] T b546611d735a4830bc213200bf9ec051 P 58df74a8ef6b42aeb707585da24f3c76: Time spent bootstrapping tablet: real 0.208s	user 0.068s	sys 0.080s
I20260709 13:15:12.324923  5073 raft_consensus.cc:359] T d318acd345914c07ad7689aed477d1cd P 3d93642c55ca499893ab99052cfea8c1 [term 0 FOLLOWER]: Replica starting. Triggering 0 pending ops. Active config: opid_index: -1 OBSOLETE_local: false peers { permanent_uuid: "bc920ef401084dca862e05e8715a22d7" member_type: VOTER last_known_addr { host: "127.4.37.129" port: 42461 } } peers { permanent_uuid: "58df74a8ef6b42aeb707585da24f3c76" member_type: VOTER last_known_addr { host: "127.4.37.131" port: 42431 } } peers { permanent_uuid: "3d93642c55ca499893ab99052cfea8c1" member_type: VOTER last_known_addr { host: "127.4.37.130" port: 34019 } }
I20260709 13:15:12.325922  5073 raft_consensus.cc:385] T d318acd345914c07ad7689aed477d1cd P 3d93642c55ca499893ab99052cfea8c1 [term 0 FOLLOWER]: Consensus starting up: Expiring failure detector timer to make a prompt election more likely
I20260709 13:15:12.326288  5073 raft_consensus.cc:740] T d318acd345914c07ad7689aed477d1cd P 3d93642c55ca499893ab99052cfea8c1 [term 0 FOLLOWER]: Becoming Follower/Learner. State: Replica: 3d93642c55ca499893ab99052cfea8c1, State: Initialized, Role: FOLLOWER
I20260709 13:15:12.327005  5071 raft_consensus.cc:359] T b546611d735a4830bc213200bf9ec051 P 58df74a8ef6b42aeb707585da24f3c76 [term 0 FOLLOWER]: Replica starting. Triggering 0 pending ops. Active config: opid_index: -1 OBSOLETE_local: false peers { permanent_uuid: "bc920ef401084dca862e05e8715a22d7" member_type: VOTER last_known_addr { host: "127.4.37.129" port: 42461 } } peers { permanent_uuid: "3d93642c55ca499893ab99052cfea8c1" member_type: VOTER last_known_addr { host: "127.4.37.130" port: 34019 } } peers { permanent_uuid: "58df74a8ef6b42aeb707585da24f3c76" member_type: VOTER last_known_addr { host: "127.4.37.131" port: 42431 } }
I20260709 13:15:12.327128  5073 consensus_queue.cc:260] T d318acd345914c07ad7689aed477d1cd P 3d93642c55ca499893ab99052cfea8c1 [NON_LEADER]: Queue going to NON_LEADER mode. State: All replicated index: 0, Majority replicated index: 0, Committed index: 0, Last appended: 0.0, Last appended by leader: 0, Current term: 0, Majority size: -1, State: 0, Mode: NON_LEADER, active raft config: opid_index: -1 OBSOLETE_local: false peers { permanent_uuid: "bc920ef401084dca862e05e8715a22d7" member_type: VOTER last_known_addr { host: "127.4.37.129" port: 42461 } } peers { permanent_uuid: "58df74a8ef6b42aeb707585da24f3c76" member_type: VOTER last_known_addr { host: "127.4.37.131" port: 42431 } } peers { permanent_uuid: "3d93642c55ca499893ab99052cfea8c1" member_type: VOTER last_known_addr { host: "127.4.37.130" port: 34019 } }
I20260709 13:15:12.327833  5071 raft_consensus.cc:385] T b546611d735a4830bc213200bf9ec051 P 58df74a8ef6b42aeb707585da24f3c76 [term 0 FOLLOWER]: Consensus starting up: Expiring failure detector timer to make a prompt election more likely
I20260709 13:15:12.327962  5070 tablet_bootstrap.cc:492] T 36ae2f481350447a959659dc2ec997db P bc920ef401084dca862e05e8715a22d7: No bootstrap required, opened a new log
I20260709 13:15:12.328322  5071 raft_consensus.cc:740] T b546611d735a4830bc213200bf9ec051 P 58df74a8ef6b42aeb707585da24f3c76 [term 0 FOLLOWER]: Becoming Follower/Learner. State: Replica: 58df74a8ef6b42aeb707585da24f3c76, State: Initialized, Role: FOLLOWER
I20260709 13:15:12.328634  5070 ts_tablet_manager.cc:1403] T 36ae2f481350447a959659dc2ec997db P bc920ef401084dca862e05e8715a22d7: Time spent bootstrapping tablet: real 0.028s	user 0.009s	sys 0.005s
I20260709 13:15:12.329377  5071 consensus_queue.cc:260] T b546611d735a4830bc213200bf9ec051 P 58df74a8ef6b42aeb707585da24f3c76 [NON_LEADER]: Queue going to NON_LEADER mode. State: All replicated index: 0, Majority replicated index: 0, Committed index: 0, Last appended: 0.0, Last appended by leader: 0, Current term: 0, Majority size: -1, State: 0, Mode: NON_LEADER, active raft config: opid_index: -1 OBSOLETE_local: false peers { permanent_uuid: "bc920ef401084dca862e05e8715a22d7" member_type: VOTER last_known_addr { host: "127.4.37.129" port: 42461 } } peers { permanent_uuid: "3d93642c55ca499893ab99052cfea8c1" member_type: VOTER last_known_addr { host: "127.4.37.130" port: 34019 } } peers { permanent_uuid: "58df74a8ef6b42aeb707585da24f3c76" member_type: VOTER last_known_addr { host: "127.4.37.131" port: 42431 } }
I20260709 13:15:12.331678  5070 raft_consensus.cc:359] T 36ae2f481350447a959659dc2ec997db P bc920ef401084dca862e05e8715a22d7 [term 0 FOLLOWER]: Replica starting. Triggering 0 pending ops. Active config: opid_index: -1 OBSOLETE_local: false peers { permanent_uuid: "bc920ef401084dca862e05e8715a22d7" member_type: VOTER last_known_addr { host: "127.4.37.129" port: 42461 } } peers { permanent_uuid: "3d93642c55ca499893ab99052cfea8c1" member_type: VOTER last_known_addr { host: "127.4.37.130" port: 34019 } } peers { permanent_uuid: "58df74a8ef6b42aeb707585da24f3c76" member_type: VOTER last_known_addr { host: "127.4.37.131" port: 42431 } }
I20260709 13:15:12.332427  5073 ts_tablet_manager.cc:1434] T d318acd345914c07ad7689aed477d1cd P 3d93642c55ca499893ab99052cfea8c1: Time spent starting tablet: real 0.010s	user 0.006s	sys 0.001s
I20260709 13:15:12.332473  5070 raft_consensus.cc:385] T 36ae2f481350447a959659dc2ec997db P bc920ef401084dca862e05e8715a22d7 [term 0 FOLLOWER]: Consensus starting up: Expiring failure detector timer to make a prompt election more likely
I20260709 13:15:12.332906  5070 raft_consensus.cc:740] T 36ae2f481350447a959659dc2ec997db P bc920ef401084dca862e05e8715a22d7 [term 0 FOLLOWER]: Becoming Follower/Learner. State: Replica: bc920ef401084dca862e05e8715a22d7, State: Initialized, Role: FOLLOWER
I20260709 13:15:12.333637  5073 tablet_bootstrap.cc:492] T 6d1530bab80048529cceec2093e377f0 P 3d93642c55ca499893ab99052cfea8c1: Bootstrap starting.
I20260709 13:15:12.333727  5070 consensus_queue.cc:260] T 36ae2f481350447a959659dc2ec997db P bc920ef401084dca862e05e8715a22d7 [NON_LEADER]: Queue going to NON_LEADER mode. State: All replicated index: 0, Majority replicated index: 0, Committed index: 0, Last appended: 0.0, Last appended by leader: 0, Current term: 0, Majority size: -1, State: 0, Mode: NON_LEADER, active raft config: opid_index: -1 OBSOLETE_local: false peers { permanent_uuid: "bc920ef401084dca862e05e8715a22d7" member_type: VOTER last_known_addr { host: "127.4.37.129" port: 42461 } } peers { permanent_uuid: "3d93642c55ca499893ab99052cfea8c1" member_type: VOTER last_known_addr { host: "127.4.37.130" port: 34019 } } peers { permanent_uuid: "58df74a8ef6b42aeb707585da24f3c76" member_type: VOTER last_known_addr { host: "127.4.37.131" port: 42431 } }
I20260709 13:15:12.335969  5070 ts_tablet_manager.cc:1434] T 36ae2f481350447a959659dc2ec997db P bc920ef401084dca862e05e8715a22d7: Time spent starting tablet: real 0.007s	user 0.000s	sys 0.005s
I20260709 13:15:12.336921  5070 tablet_bootstrap.cc:492] T d318acd345914c07ad7689aed477d1cd P bc920ef401084dca862e05e8715a22d7: Bootstrap starting.
I20260709 13:15:12.340837  5073 tablet_bootstrap.cc:654] T 6d1530bab80048529cceec2093e377f0 P 3d93642c55ca499893ab99052cfea8c1: Neither blocks nor log segments found. Creating new log.
I20260709 13:15:12.342355  5077 raft_consensus.cc:493] T 36ae2f481350447a959659dc2ec997db P bc920ef401084dca862e05e8715a22d7 [term 0 FOLLOWER]: Starting pre-election (no leader contacted us within the election timeout)
I20260709 13:15:12.342990  5077 raft_consensus.cc:515] T 36ae2f481350447a959659dc2ec997db P bc920ef401084dca862e05e8715a22d7 [term 0 FOLLOWER]: Starting pre-election with config: opid_index: -1 OBSOLETE_local: false peers { permanent_uuid: "bc920ef401084dca862e05e8715a22d7" member_type: VOTER last_known_addr { host: "127.4.37.129" port: 42461 } } peers { permanent_uuid: "3d93642c55ca499893ab99052cfea8c1" member_type: VOTER last_known_addr { host: "127.4.37.130" port: 34019 } } peers { permanent_uuid: "58df74a8ef6b42aeb707585da24f3c76" member_type: VOTER last_known_addr { host: "127.4.37.131" port: 42431 } }
I20260709 13:15:12.343756  5070 tablet_bootstrap.cc:654] T d318acd345914c07ad7689aed477d1cd P bc920ef401084dca862e05e8715a22d7: Neither blocks nor log segments found. Creating new log.
I20260709 13:15:12.352365  5071 ts_tablet_manager.cc:1434] T b546611d735a4830bc213200bf9ec051 P 58df74a8ef6b42aeb707585da24f3c76: Time spent starting tablet: real 0.029s	user 0.009s	sys 0.006s
I20260709 13:15:12.354871  5071 tablet_bootstrap.cc:492] T 6d1530bab80048529cceec2093e377f0 P 58df74a8ef6b42aeb707585da24f3c76: Bootstrap starting.
I20260709 13:15:12.356834  5055 heartbeater.cc:499] Master 127.4.37.190:40113 was elected leader, sending a full tablet report...
I20260709 13:15:12.356289  5077 leader_election.cc:290] T 36ae2f481350447a959659dc2ec997db P bc920ef401084dca862e05e8715a22d7 [CANDIDATE]: Term 1 pre-election: Requested pre-vote from peers 3d93642c55ca499893ab99052cfea8c1 (127.4.37.130:34019), 58df74a8ef6b42aeb707585da24f3c76 (127.4.37.131:42431)
I20260709 13:15:12.364830  5073 tablet_bootstrap.cc:492] T 6d1530bab80048529cceec2093e377f0 P 3d93642c55ca499893ab99052cfea8c1: No bootstrap required, opened a new log
I20260709 13:15:12.365411  5073 ts_tablet_manager.cc:1403] T 6d1530bab80048529cceec2093e377f0 P 3d93642c55ca499893ab99052cfea8c1: Time spent bootstrapping tablet: real 0.032s	user 0.020s	sys 0.004s
I20260709 13:15:12.361666  5075 raft_consensus.cc:493] T 36ae2f481350447a959659dc2ec997db P 3d93642c55ca499893ab99052cfea8c1 [term 0 FOLLOWER]: Starting pre-election (no leader contacted us within the election timeout)
I20260709 13:15:12.367391  5075 raft_consensus.cc:515] T 36ae2f481350447a959659dc2ec997db P 3d93642c55ca499893ab99052cfea8c1 [term 0 FOLLOWER]: Starting pre-election with config: opid_index: -1 OBSOLETE_local: false peers { permanent_uuid: "bc920ef401084dca862e05e8715a22d7" member_type: VOTER last_known_addr { host: "127.4.37.129" port: 42461 } } peers { permanent_uuid: "3d93642c55ca499893ab99052cfea8c1" member_type: VOTER last_known_addr { host: "127.4.37.130" port: 34019 } } peers { permanent_uuid: "58df74a8ef6b42aeb707585da24f3c76" member_type: VOTER last_known_addr { host: "127.4.37.131" port: 42431 } }
I20260709 13:15:12.368948  5073 raft_consensus.cc:359] T 6d1530bab80048529cceec2093e377f0 P 3d93642c55ca499893ab99052cfea8c1 [term 0 FOLLOWER]: Replica starting. Triggering 0 pending ops. Active config: opid_index: -1 OBSOLETE_local: false peers { permanent_uuid: "bc920ef401084dca862e05e8715a22d7" member_type: VOTER last_known_addr { host: "127.4.37.129" port: 42461 } } peers { permanent_uuid: "3d93642c55ca499893ab99052cfea8c1" member_type: VOTER last_known_addr { host: "127.4.37.130" port: 34019 } } peers { permanent_uuid: "58df74a8ef6b42aeb707585da24f3c76" member_type: VOTER last_known_addr { host: "127.4.37.131" port: 42431 } }
I20260709 13:15:12.370260  5073 raft_consensus.cc:385] T 6d1530bab80048529cceec2093e377f0 P 3d93642c55ca499893ab99052cfea8c1 [term 0 FOLLOWER]: Consensus starting up: Expiring failure detector timer to make a prompt election more likely
I20260709 13:15:12.371093  5073 raft_consensus.cc:740] T 6d1530bab80048529cceec2093e377f0 P 3d93642c55ca499893ab99052cfea8c1 [term 0 FOLLOWER]: Becoming Follower/Learner. State: Replica: 3d93642c55ca499893ab99052cfea8c1, State: Initialized, Role: FOLLOWER
I20260709 13:15:12.372581  5073 consensus_queue.cc:260] T 6d1530bab80048529cceec2093e377f0 P 3d93642c55ca499893ab99052cfea8c1 [NON_LEADER]: Queue going to NON_LEADER mode. State: All replicated index: 0, Majority replicated index: 0, Committed index: 0, Last appended: 0.0, Last appended by leader: 0, Current term: 0, Majority size: -1, State: 0, Mode: NON_LEADER, active raft config: opid_index: -1 OBSOLETE_local: false peers { permanent_uuid: "bc920ef401084dca862e05e8715a22d7" member_type: VOTER last_known_addr { host: "127.4.37.129" port: 42461 } } peers { permanent_uuid: "3d93642c55ca499893ab99052cfea8c1" member_type: VOTER last_known_addr { host: "127.4.37.130" port: 34019 } } peers { permanent_uuid: "58df74a8ef6b42aeb707585da24f3c76" member_type: VOTER last_known_addr { host: "127.4.37.131" port: 42431 } }
I20260709 13:15:12.378679  5075 leader_election.cc:290] T 36ae2f481350447a959659dc2ec997db P 3d93642c55ca499893ab99052cfea8c1 [CANDIDATE]: Term 1 pre-election: Requested pre-vote from peers bc920ef401084dca862e05e8715a22d7 (127.4.37.129:42461), 58df74a8ef6b42aeb707585da24f3c76 (127.4.37.131:42431)
I20260709 13:15:12.393362  4956 tablet_service.cc:1917] Received RequestConsensusVote() RPC: tablet_id: "36ae2f481350447a959659dc2ec997db" candidate_uuid: "bc920ef401084dca862e05e8715a22d7" candidate_term: 1 candidate_status { last_received { term: 0 index: 0 } } ignore_live_leader: false dest_uuid: "3d93642c55ca499893ab99052cfea8c1" is_pre_election: true
I20260709 13:15:12.394378  4956 raft_consensus.cc:2468] T 36ae2f481350447a959659dc2ec997db P 3d93642c55ca499893ab99052cfea8c1 [term 0 FOLLOWER]: Leader pre-election vote request: Granting yes vote for candidate bc920ef401084dca862e05e8715a22d7 in term 0.
I20260709 13:15:12.395888  5070 tablet_bootstrap.cc:492] T d318acd345914c07ad7689aed477d1cd P bc920ef401084dca862e05e8715a22d7: No bootstrap required, opened a new log
I20260709 13:15:12.396546  5070 ts_tablet_manager.cc:1403] T d318acd345914c07ad7689aed477d1cd P bc920ef401084dca862e05e8715a22d7: Time spent bootstrapping tablet: real 0.060s	user 0.011s	sys 0.003s
I20260709 13:15:12.396467  4846 leader_election.cc:304] T 36ae2f481350447a959659dc2ec997db P bc920ef401084dca862e05e8715a22d7 [CANDIDATE]: Term 1 pre-election: Election decided. Result: candidate won. Election summary: received 2 responses out of 3 voters: 2 yes votes; 0 no votes. yes voters: 3d93642c55ca499893ab99052cfea8c1, bc920ef401084dca862e05e8715a22d7; no voters: 
I20260709 13:15:12.397575  5077 raft_consensus.cc:2804] T 36ae2f481350447a959659dc2ec997db P bc920ef401084dca862e05e8715a22d7 [term 0 FOLLOWER]: Leader pre-election won for term 1
I20260709 13:15:12.398072  5077 raft_consensus.cc:493] T 36ae2f481350447a959659dc2ec997db P bc920ef401084dca862e05e8715a22d7 [term 0 FOLLOWER]: Starting leader election (no leader contacted us within the election timeout)
I20260709 13:15:12.398877  5077 raft_consensus.cc:3060] T 36ae2f481350447a959659dc2ec997db P bc920ef401084dca862e05e8715a22d7 [term 0 FOLLOWER]: Advancing to term 1
I20260709 13:15:12.398335  5071 tablet_bootstrap.cc:654] T 6d1530bab80048529cceec2093e377f0 P 58df74a8ef6b42aeb707585da24f3c76: Neither blocks nor log segments found. Creating new log.
I20260709 13:15:12.411664  5070 raft_consensus.cc:359] T d318acd345914c07ad7689aed477d1cd P bc920ef401084dca862e05e8715a22d7 [term 0 FOLLOWER]: Replica starting. Triggering 0 pending ops. Active config: opid_index: -1 OBSOLETE_local: false peers { permanent_uuid: "bc920ef401084dca862e05e8715a22d7" member_type: VOTER last_known_addr { host: "127.4.37.129" port: 42461 } } peers { permanent_uuid: "58df74a8ef6b42aeb707585da24f3c76" member_type: VOTER last_known_addr { host: "127.4.37.131" port: 42431 } } peers { permanent_uuid: "3d93642c55ca499893ab99052cfea8c1" member_type: VOTER last_known_addr { host: "127.4.37.130" port: 34019 } }
I20260709 13:15:12.412786  5070 raft_consensus.cc:385] T d318acd345914c07ad7689aed477d1cd P bc920ef401084dca862e05e8715a22d7 [term 0 FOLLOWER]: Consensus starting up: Expiring failure detector timer to make a prompt election more likely
I20260709 13:15:12.413193  5070 raft_consensus.cc:740] T d318acd345914c07ad7689aed477d1cd P bc920ef401084dca862e05e8715a22d7 [term 0 FOLLOWER]: Becoming Follower/Learner. State: Replica: bc920ef401084dca862e05e8715a22d7, State: Initialized, Role: FOLLOWER
I20260709 13:15:12.421414  5073 ts_tablet_manager.cc:1434] T 6d1530bab80048529cceec2093e377f0 P 3d93642c55ca499893ab99052cfea8c1: Time spent starting tablet: real 0.056s	user 0.019s	sys 0.028s
I20260709 13:15:12.422804  5073 tablet_bootstrap.cc:492] T 9bd4aa0db4b44779b923958f31e13770 P 3d93642c55ca499893ab99052cfea8c1: Bootstrap starting.
I20260709 13:15:12.422786  5077 raft_consensus.cc:515] T 36ae2f481350447a959659dc2ec997db P bc920ef401084dca862e05e8715a22d7 [term 1 FOLLOWER]: Starting leader election with config: opid_index: -1 OBSOLETE_local: false peers { permanent_uuid: "bc920ef401084dca862e05e8715a22d7" member_type: VOTER last_known_addr { host: "127.4.37.129" port: 42461 } } peers { permanent_uuid: "3d93642c55ca499893ab99052cfea8c1" member_type: VOTER last_known_addr { host: "127.4.37.130" port: 34019 } } peers { permanent_uuid: "58df74a8ef6b42aeb707585da24f3c76" member_type: VOTER last_known_addr { host: "127.4.37.131" port: 42431 } }
I20260709 13:15:12.428714  4956 tablet_service.cc:1917] Received RequestConsensusVote() RPC: tablet_id: "36ae2f481350447a959659dc2ec997db" candidate_uuid: "bc920ef401084dca862e05e8715a22d7" candidate_term: 1 candidate_status { last_received { term: 0 index: 0 } } ignore_live_leader: false dest_uuid: "3d93642c55ca499893ab99052cfea8c1"
I20260709 13:15:12.429369  4956 raft_consensus.cc:3060] T 36ae2f481350447a959659dc2ec997db P 3d93642c55ca499893ab99052cfea8c1 [term 0 FOLLOWER]: Advancing to term 1
I20260709 13:15:12.432473  5070 consensus_queue.cc:260] T d318acd345914c07ad7689aed477d1cd P bc920ef401084dca862e05e8715a22d7 [NON_LEADER]: Queue going to NON_LEADER mode. State: All replicated index: 0, Majority replicated index: 0, Committed index: 0, Last appended: 0.0, Last appended by leader: 0, Current term: 0, Majority size: -1, State: 0, Mode: NON_LEADER, active raft config: opid_index: -1 OBSOLETE_local: false peers { permanent_uuid: "bc920ef401084dca862e05e8715a22d7" member_type: VOTER last_known_addr { host: "127.4.37.129" port: 42461 } } peers { permanent_uuid: "58df74a8ef6b42aeb707585da24f3c76" member_type: VOTER last_known_addr { host: "127.4.37.131" port: 42431 } } peers { permanent_uuid: "3d93642c55ca499893ab99052cfea8c1" member_type: VOTER last_known_addr { host: "127.4.37.130" port: 34019 } }
I20260709 13:15:12.436580  5073 tablet_bootstrap.cc:654] T 9bd4aa0db4b44779b923958f31e13770 P 3d93642c55ca499893ab99052cfea8c1: Neither blocks nor log segments found. Creating new log.
I20260709 13:15:12.439983  5030 tablet_service.cc:1917] Received RequestConsensusVote() RPC: tablet_id: "36ae2f481350447a959659dc2ec997db" candidate_uuid: "bc920ef401084dca862e05e8715a22d7" candidate_term: 1 candidate_status { last_received { term: 0 index: 0 } } ignore_live_leader: false dest_uuid: "58df74a8ef6b42aeb707585da24f3c76" is_pre_election: true
I20260709 13:15:12.442806  5029 tablet_service.cc:1917] Received RequestConsensusVote() RPC: tablet_id: "36ae2f481350447a959659dc2ec997db" candidate_uuid: "bc920ef401084dca862e05e8715a22d7" candidate_term: 1 candidate_status { last_received { term: 0 index: 0 } } ignore_live_leader: false dest_uuid: "58df74a8ef6b42aeb707585da24f3c76"
I20260709 13:15:12.443377  5089 raft_consensus.cc:493] T ae448f3b3a824ae8b7ece648bd2253fe P 3d93642c55ca499893ab99052cfea8c1 [term 0 FOLLOWER]: Starting pre-election (no leader contacted us within the election timeout)
I20260709 13:15:12.444024  5089 raft_consensus.cc:515] T ae448f3b3a824ae8b7ece648bd2253fe P 3d93642c55ca499893ab99052cfea8c1 [term 0 FOLLOWER]: Starting pre-election with config: opid_index: -1 OBSOLETE_local: false peers { permanent_uuid: "bc920ef401084dca862e05e8715a22d7" member_type: VOTER last_known_addr { host: "127.4.37.129" port: 42461 } } peers { permanent_uuid: "3d93642c55ca499893ab99052cfea8c1" member_type: VOTER last_known_addr { host: "127.4.37.130" port: 34019 } } peers { permanent_uuid: "58df74a8ef6b42aeb707585da24f3c76" member_type: VOTER last_known_addr { host: "127.4.37.131" port: 42431 } }
I20260709 13:15:12.445624  5075 raft_consensus.cc:493] T b546611d735a4830bc213200bf9ec051 P 3d93642c55ca499893ab99052cfea8c1 [term 0 FOLLOWER]: Starting pre-election (no leader contacted us within the election timeout)
I20260709 13:15:12.446187  5075 raft_consensus.cc:515] T b546611d735a4830bc213200bf9ec051 P 3d93642c55ca499893ab99052cfea8c1 [term 0 FOLLOWER]: Starting pre-election with config: opid_index: -1 OBSOLETE_local: false peers { permanent_uuid: "bc920ef401084dca862e05e8715a22d7" member_type: VOTER last_known_addr { host: "127.4.37.129" port: 42461 } } peers { permanent_uuid: "3d93642c55ca499893ab99052cfea8c1" member_type: VOTER last_known_addr { host: "127.4.37.130" port: 34019 } } peers { permanent_uuid: "58df74a8ef6b42aeb707585da24f3c76" member_type: VOTER last_known_addr { host: "127.4.37.131" port: 42431 } }
I20260709 13:15:12.448012  5089 leader_election.cc:290] T ae448f3b3a824ae8b7ece648bd2253fe P 3d93642c55ca499893ab99052cfea8c1 [CANDIDATE]: Term 1 pre-election: Requested pre-vote from peers bc920ef401084dca862e05e8715a22d7 (127.4.37.129:42461), 58df74a8ef6b42aeb707585da24f3c76 (127.4.37.131:42431)
I20260709 13:15:12.448558  5075 leader_election.cc:290] T b546611d735a4830bc213200bf9ec051 P 3d93642c55ca499893ab99052cfea8c1 [CANDIDATE]: Term 1 pre-election: Requested pre-vote from peers bc920ef401084dca862e05e8715a22d7 (127.4.37.129:42461), 58df74a8ef6b42aeb707585da24f3c76 (127.4.37.131:42431)
W20260709 13:15:12.445163  4844 leader_election.cc:343] T 36ae2f481350447a959659dc2ec997db P bc920ef401084dca862e05e8715a22d7 [CANDIDATE]: Term 1 pre-election: Tablet error from VoteRequest() call to peer 58df74a8ef6b42aeb707585da24f3c76 (127.4.37.131:42431): Illegal state: must be running to vote when last-logged opid is not known
I20260709 13:15:12.426659  5077 leader_election.cc:290] T 36ae2f481350447a959659dc2ec997db P bc920ef401084dca862e05e8715a22d7 [CANDIDATE]: Term 1 election: Requested vote from peers 3d93642c55ca499893ab99052cfea8c1 (127.4.37.130:34019), 58df74a8ef6b42aeb707585da24f3c76 (127.4.37.131:42431)
W20260709 13:15:12.454465  4844 leader_election.cc:343] T 36ae2f481350447a959659dc2ec997db P bc920ef401084dca862e05e8715a22d7 [CANDIDATE]: Term 1 election: Tablet error from VoteRequest() call to peer 58df74a8ef6b42aeb707585da24f3c76 (127.4.37.131:42431): Illegal state: must be running to vote when last-logged opid is not known
I20260709 13:15:12.461733  5073 tablet_bootstrap.cc:492] T 9bd4aa0db4b44779b923958f31e13770 P 3d93642c55ca499893ab99052cfea8c1: No bootstrap required, opened a new log
I20260709 13:15:12.462634  5073 ts_tablet_manager.cc:1403] T 9bd4aa0db4b44779b923958f31e13770 P 3d93642c55ca499893ab99052cfea8c1: Time spent bootstrapping tablet: real 0.040s	user 0.013s	sys 0.009s
I20260709 13:15:12.463620  5070 ts_tablet_manager.cc:1434] T d318acd345914c07ad7689aed477d1cd P bc920ef401084dca862e05e8715a22d7: Time spent starting tablet: real 0.067s	user 0.016s	sys 0.012s
I20260709 13:15:12.463989  5075 raft_consensus.cc:493] T 6d1530bab80048529cceec2093e377f0 P 3d93642c55ca499893ab99052cfea8c1 [term 0 FOLLOWER]: Starting pre-election (no leader contacted us within the election timeout)
I20260709 13:15:12.464808  5070 tablet_bootstrap.cc:492] T b4a13aad855b4dce8999daa1610d82c6 P bc920ef401084dca862e05e8715a22d7: Bootstrap starting.
I20260709 13:15:12.464469  5075 raft_consensus.cc:515] T 6d1530bab80048529cceec2093e377f0 P 3d93642c55ca499893ab99052cfea8c1 [term 0 FOLLOWER]: Starting pre-election with config: opid_index: -1 OBSOLETE_local: false peers { permanent_uuid: "bc920ef401084dca862e05e8715a22d7" member_type: VOTER last_known_addr { host: "127.4.37.129" port: 42461 } } peers { permanent_uuid: "3d93642c55ca499893ab99052cfea8c1" member_type: VOTER last_known_addr { host: "127.4.37.130" port: 34019 } } peers { permanent_uuid: "58df74a8ef6b42aeb707585da24f3c76" member_type: VOTER last_known_addr { host: "127.4.37.131" port: 42431 } }
I20260709 13:15:12.465915  5073 raft_consensus.cc:359] T 9bd4aa0db4b44779b923958f31e13770 P 3d93642c55ca499893ab99052cfea8c1 [term 0 FOLLOWER]: Replica starting. Triggering 0 pending ops. Active config: opid_index: -1 OBSOLETE_local: false peers { permanent_uuid: "bc920ef401084dca862e05e8715a22d7" member_type: VOTER last_known_addr { host: "127.4.37.129" port: 42461 } } peers { permanent_uuid: "3d93642c55ca499893ab99052cfea8c1" member_type: VOTER last_known_addr { host: "127.4.37.130" port: 34019 } } peers { permanent_uuid: "58df74a8ef6b42aeb707585da24f3c76" member_type: VOTER last_known_addr { host: "127.4.37.131" port: 42431 } }
I20260709 13:15:12.466588  5075 leader_election.cc:290] T 6d1530bab80048529cceec2093e377f0 P 3d93642c55ca499893ab99052cfea8c1 [CANDIDATE]: Term 1 pre-election: Requested pre-vote from peers bc920ef401084dca862e05e8715a22d7 (127.4.37.129:42461), 58df74a8ef6b42aeb707585da24f3c76 (127.4.37.131:42431)
I20260709 13:15:12.466732  5073 raft_consensus.cc:385] T 9bd4aa0db4b44779b923958f31e13770 P 3d93642c55ca499893ab99052cfea8c1 [term 0 FOLLOWER]: Consensus starting up: Expiring failure detector timer to make a prompt election more likely
I20260709 13:15:12.467176  5073 raft_consensus.cc:740] T 9bd4aa0db4b44779b923958f31e13770 P 3d93642c55ca499893ab99052cfea8c1 [term 0 FOLLOWER]: Becoming Follower/Learner. State: Replica: 3d93642c55ca499893ab99052cfea8c1, State: Initialized, Role: FOLLOWER
I20260709 13:15:12.468356  5073 consensus_queue.cc:260] T 9bd4aa0db4b44779b923958f31e13770 P 3d93642c55ca499893ab99052cfea8c1 [NON_LEADER]: Queue going to NON_LEADER mode. State: All replicated index: 0, Majority replicated index: 0, Committed index: 0, Last appended: 0.0, Last appended by leader: 0, Current term: 0, Majority size: -1, State: 0, Mode: NON_LEADER, active raft config: opid_index: -1 OBSOLETE_local: false peers { permanent_uuid: "bc920ef401084dca862e05e8715a22d7" member_type: VOTER last_known_addr { host: "127.4.37.129" port: 42461 } } peers { permanent_uuid: "3d93642c55ca499893ab99052cfea8c1" member_type: VOTER last_known_addr { host: "127.4.37.130" port: 34019 } } peers { permanent_uuid: "58df74a8ef6b42aeb707585da24f3c76" member_type: VOTER last_known_addr { host: "127.4.37.131" port: 42431 } }
I20260709 13:15:12.472123  5070 tablet_bootstrap.cc:654] T b4a13aad855b4dce8999daa1610d82c6 P bc920ef401084dca862e05e8715a22d7: Neither blocks nor log segments found. Creating new log.
I20260709 13:15:12.472149  5073 ts_tablet_manager.cc:1434] T 9bd4aa0db4b44779b923958f31e13770 P 3d93642c55ca499893ab99052cfea8c1: Time spent starting tablet: real 0.009s	user 0.007s	sys 0.000s
I20260709 13:15:12.473788  5073 tablet_bootstrap.cc:492] T b4a13aad855b4dce8999daa1610d82c6 P 3d93642c55ca499893ab99052cfea8c1: Bootstrap starting.
I20260709 13:15:12.469830  4956 raft_consensus.cc:2468] T 36ae2f481350447a959659dc2ec997db P 3d93642c55ca499893ab99052cfea8c1 [term 1 FOLLOWER]: Leader election vote request: Granting yes vote for candidate bc920ef401084dca862e05e8715a22d7 in term 1.
I20260709 13:15:12.475539  4846 leader_election.cc:304] T 36ae2f481350447a959659dc2ec997db P bc920ef401084dca862e05e8715a22d7 [CANDIDATE]: Term 1 election: Election decided. Result: candidate won. Election summary: received 3 responses out of 3 voters: 2 yes votes; 1 no votes. yes voters: 3d93642c55ca499893ab99052cfea8c1, bc920ef401084dca862e05e8715a22d7; no voters: 58df74a8ef6b42aeb707585da24f3c76
I20260709 13:15:12.476924  5091 raft_consensus.cc:2804] T 36ae2f481350447a959659dc2ec997db P bc920ef401084dca862e05e8715a22d7 [term 1 FOLLOWER]: Leader election won for term 1
I20260709 13:15:12.477722  5091 raft_consensus.cc:697] T 36ae2f481350447a959659dc2ec997db P bc920ef401084dca862e05e8715a22d7 [term 1 LEADER]: Becoming Leader. State: Replica: bc920ef401084dca862e05e8715a22d7, State: Running, Role: LEADER
I20260709 13:15:12.478586  5091 consensus_queue.cc:237] T 36ae2f481350447a959659dc2ec997db P bc920ef401084dca862e05e8715a22d7 [LEADER]: Queue going to LEADER mode. State: All replicated index: 0, Majority replicated index: 0, Committed index: 0, Last appended: 0.0, Last appended by leader: 0, Current term: 1, Majority size: 2, State: 0, Mode: LEADER, active raft config: opid_index: -1 OBSOLETE_local: false peers { permanent_uuid: "bc920ef401084dca862e05e8715a22d7" member_type: VOTER last_known_addr { host: "127.4.37.129" port: 42461 } } peers { permanent_uuid: "3d93642c55ca499893ab99052cfea8c1" member_type: VOTER last_known_addr { host: "127.4.37.130" port: 34019 } } peers { permanent_uuid: "58df74a8ef6b42aeb707585da24f3c76" member_type: VOTER last_known_addr { host: "127.4.37.131" port: 42431 } }
I20260709 13:15:12.481920  4881 tablet_service.cc:1917] Received RequestConsensusVote() RPC: tablet_id: "36ae2f481350447a959659dc2ec997db" candidate_uuid: "3d93642c55ca499893ab99052cfea8c1" candidate_term: 1 candidate_status { last_received { term: 0 index: 0 } } ignore_live_leader: false dest_uuid: "bc920ef401084dca862e05e8715a22d7" is_pre_election: true
I20260709 13:15:12.483865  4879 tablet_service.cc:1917] Received RequestConsensusVote() RPC: tablet_id: "b546611d735a4830bc213200bf9ec051" candidate_uuid: "3d93642c55ca499893ab99052cfea8c1" candidate_term: 1 candidate_status { last_received { term: 0 index: 0 } } ignore_live_leader: false dest_uuid: "bc920ef401084dca862e05e8715a22d7" is_pre_election: true
I20260709 13:15:12.484726  5073 tablet_bootstrap.cc:654] T b4a13aad855b4dce8999daa1610d82c6 P 3d93642c55ca499893ab99052cfea8c1: Neither blocks nor log segments found. Creating new log.
I20260709 13:15:12.485550  4878 tablet_service.cc:1917] Received RequestConsensusVote() RPC: tablet_id: "6d1530bab80048529cceec2093e377f0" candidate_uuid: "3d93642c55ca499893ab99052cfea8c1" candidate_term: 1 candidate_status { last_received { term: 0 index: 0 } } ignore_live_leader: false dest_uuid: "bc920ef401084dca862e05e8715a22d7" is_pre_election: true
I20260709 13:15:12.486366  4878 raft_consensus.cc:2468] T 6d1530bab80048529cceec2093e377f0 P bc920ef401084dca862e05e8715a22d7 [term 0 FOLLOWER]: Leader pre-election vote request: Granting yes vote for candidate 3d93642c55ca499893ab99052cfea8c1 in term 0.
W20260709 13:15:12.496743  4922 leader_election.cc:343] T b546611d735a4830bc213200bf9ec051 P 3d93642c55ca499893ab99052cfea8c1 [CANDIDATE]: Term 1 pre-election: Tablet error from VoteRequest() call to peer bc920ef401084dca862e05e8715a22d7 (127.4.37.129:42461): Illegal state: must be running to vote when last-logged opid is not known
I20260709 13:15:12.498472  4922 leader_election.cc:304] T 6d1530bab80048529cceec2093e377f0 P 3d93642c55ca499893ab99052cfea8c1 [CANDIDATE]: Term 1 pre-election: Election decided. Result: candidate won. Election summary: received 2 responses out of 3 voters: 2 yes votes; 0 no votes. yes voters: 3d93642c55ca499893ab99052cfea8c1, bc920ef401084dca862e05e8715a22d7; no voters: 
I20260709 13:15:12.499672  5075 raft_consensus.cc:2804] T 6d1530bab80048529cceec2093e377f0 P 3d93642c55ca499893ab99052cfea8c1 [term 0 FOLLOWER]: Leader pre-election won for term 1
I20260709 13:15:12.500170  5075 raft_consensus.cc:493] T 6d1530bab80048529cceec2093e377f0 P 3d93642c55ca499893ab99052cfea8c1 [term 0 FOLLOWER]: Starting leader election (no leader contacted us within the election timeout)
I20260709 13:15:12.500605  5075 raft_consensus.cc:3060] T 6d1530bab80048529cceec2093e377f0 P 3d93642c55ca499893ab99052cfea8c1 [term 0 FOLLOWER]: Advancing to term 1
I20260709 13:15:12.492560  4880 tablet_service.cc:1917] Received RequestConsensusVote() RPC: tablet_id: "ae448f3b3a824ae8b7ece648bd2253fe" candidate_uuid: "3d93642c55ca499893ab99052cfea8c1" candidate_term: 1 candidate_status { last_received { term: 0 index: 0 } } ignore_live_leader: false dest_uuid: "bc920ef401084dca862e05e8715a22d7" is_pre_election: true
I20260709 13:15:12.519441  5029 tablet_service.cc:1917] Received RequestConsensusVote() RPC: tablet_id: "36ae2f481350447a959659dc2ec997db" candidate_uuid: "3d93642c55ca499893ab99052cfea8c1" candidate_term: 1 candidate_status { last_received { term: 0 index: 0 } } ignore_live_leader: false dest_uuid: "58df74a8ef6b42aeb707585da24f3c76" is_pre_election: true
I20260709 13:15:12.521456  5030 tablet_service.cc:1917] Received RequestConsensusVote() RPC: tablet_id: "ae448f3b3a824ae8b7ece648bd2253fe" candidate_uuid: "3d93642c55ca499893ab99052cfea8c1" candidate_term: 1 candidate_status { last_received { term: 0 index: 0 } } ignore_live_leader: false dest_uuid: "58df74a8ef6b42aeb707585da24f3c76" is_pre_election: true
W20260709 13:15:12.522063  4922 leader_election.cc:343] T ae448f3b3a824ae8b7ece648bd2253fe P 3d93642c55ca499893ab99052cfea8c1 [CANDIDATE]: Term 1 pre-election: Tablet error from VoteRequest() call to peer bc920ef401084dca862e05e8715a22d7 (127.4.37.129:42461): Illegal state: must be running to vote when last-logged opid is not known
W20260709 13:15:12.524027  4919 leader_election.cc:343] T 36ae2f481350447a959659dc2ec997db P 3d93642c55ca499893ab99052cfea8c1 [CANDIDATE]: Term 1 pre-election: Tablet error from VoteRequest() call to peer 58df74a8ef6b42aeb707585da24f3c76 (127.4.37.131:42431): Illegal state: must be running to vote when last-logged opid is not known
I20260709 13:15:12.523891  5075 raft_consensus.cc:515] T 6d1530bab80048529cceec2093e377f0 P 3d93642c55ca499893ab99052cfea8c1 [term 1 FOLLOWER]: Starting leader election with config: opid_index: -1 OBSOLETE_local: false peers { permanent_uuid: "bc920ef401084dca862e05e8715a22d7" member_type: VOTER last_known_addr { host: "127.4.37.129" port: 42461 } } peers { permanent_uuid: "3d93642c55ca499893ab99052cfea8c1" member_type: VOTER last_known_addr { host: "127.4.37.130" port: 34019 } } peers { permanent_uuid: "58df74a8ef6b42aeb707585da24f3c76" member_type: VOTER last_known_addr { host: "127.4.37.131" port: 42431 } }
I20260709 13:15:12.524780  4919 leader_election.cc:304] T 36ae2f481350447a959659dc2ec997db P 3d93642c55ca499893ab99052cfea8c1 [CANDIDATE]: Term 1 pre-election: Election decided. Result: candidate lost. Election summary: received 3 responses out of 3 voters: 1 yes votes; 2 no votes. yes voters: 3d93642c55ca499893ab99052cfea8c1; no voters: 58df74a8ef6b42aeb707585da24f3c76, bc920ef401084dca862e05e8715a22d7
W20260709 13:15:12.526734  4919 leader_election.cc:343] T ae448f3b3a824ae8b7ece648bd2253fe P 3d93642c55ca499893ab99052cfea8c1 [CANDIDATE]: Term 1 pre-election: Tablet error from VoteRequest() call to peer 58df74a8ef6b42aeb707585da24f3c76 (127.4.37.131:42431): Illegal state: must be running to vote when last-logged opid is not known
I20260709 13:15:12.527349  4919 leader_election.cc:304] T ae448f3b3a824ae8b7ece648bd2253fe P 3d93642c55ca499893ab99052cfea8c1 [CANDIDATE]: Term 1 pre-election: Election decided. Result: candidate lost. Election summary: received 3 responses out of 3 voters: 1 yes votes; 2 no votes. yes voters: 3d93642c55ca499893ab99052cfea8c1; no voters: 58df74a8ef6b42aeb707585da24f3c76, bc920ef401084dca862e05e8715a22d7
I20260709 13:15:12.529179  4880 tablet_service.cc:1917] Received RequestConsensusVote() RPC: tablet_id: "6d1530bab80048529cceec2093e377f0" candidate_uuid: "3d93642c55ca499893ab99052cfea8c1" candidate_term: 1 candidate_status { last_received { term: 0 index: 0 } } ignore_live_leader: false dest_uuid: "bc920ef401084dca862e05e8715a22d7"
I20260709 13:15:12.530344  4880 raft_consensus.cc:3060] T 6d1530bab80048529cceec2093e377f0 P bc920ef401084dca862e05e8715a22d7 [term 0 FOLLOWER]: Advancing to term 1
I20260709 13:15:12.532393  5027 tablet_service.cc:1917] Received RequestConsensusVote() RPC: tablet_id: "6d1530bab80048529cceec2093e377f0" candidate_uuid: "3d93642c55ca499893ab99052cfea8c1" candidate_term: 1 candidate_status { last_received { term: 0 index: 0 } } ignore_live_leader: false dest_uuid: "58df74a8ef6b42aeb707585da24f3c76" is_pre_election: true
I20260709 13:15:12.533800  5089 raft_consensus.cc:2749] T 36ae2f481350447a959659dc2ec997db P 3d93642c55ca499893ab99052cfea8c1 [term 1 FOLLOWER]: Leader pre-election lost for term 1. Reason: could not achieve majority
I20260709 13:15:12.536047  5089 raft_consensus.cc:2749] T ae448f3b3a824ae8b7ece648bd2253fe P 3d93642c55ca499893ab99052cfea8c1 [term 0 FOLLOWER]: Leader pre-election lost for term 1. Reason: could not achieve majority
I20260709 13:15:12.520313  5028 tablet_service.cc:1917] Received RequestConsensusVote() RPC: tablet_id: "b546611d735a4830bc213200bf9ec051" candidate_uuid: "3d93642c55ca499893ab99052cfea8c1" candidate_term: 1 candidate_status { last_received { term: 0 index: 0 } } ignore_live_leader: false dest_uuid: "58df74a8ef6b42aeb707585da24f3c76" is_pre_election: true
I20260709 13:15:12.538574  5028 raft_consensus.cc:2468] T b546611d735a4830bc213200bf9ec051 P 58df74a8ef6b42aeb707585da24f3c76 [term 0 FOLLOWER]: Leader pre-election vote request: Granting yes vote for candidate 3d93642c55ca499893ab99052cfea8c1 in term 0.
W20260709 13:15:12.541354  4919 leader_election.cc:343] T 6d1530bab80048529cceec2093e377f0 P 3d93642c55ca499893ab99052cfea8c1 [CANDIDATE]: Term 1 pre-election: Tablet error from VoteRequest() call to peer 58df74a8ef6b42aeb707585da24f3c76 (127.4.37.131:42431): Illegal state: must be running to vote when last-logged opid is not known
I20260709 13:15:12.541975  5073 tablet_bootstrap.cc:492] T b4a13aad855b4dce8999daa1610d82c6 P 3d93642c55ca499893ab99052cfea8c1: No bootstrap required, opened a new log
I20260709 13:15:12.542485  5073 ts_tablet_manager.cc:1403] T b4a13aad855b4dce8999daa1610d82c6 P 3d93642c55ca499893ab99052cfea8c1: Time spent bootstrapping tablet: real 0.069s	user 0.035s	sys 0.022s
I20260709 13:15:12.542380  4919 leader_election.cc:304] T b546611d735a4830bc213200bf9ec051 P 3d93642c55ca499893ab99052cfea8c1 [CANDIDATE]: Term 1 pre-election: Election decided. Result: candidate won. Election summary: received 3 responses out of 3 voters: 2 yes votes; 1 no votes. yes voters: 3d93642c55ca499893ab99052cfea8c1, 58df74a8ef6b42aeb707585da24f3c76; no voters: bc920ef401084dca862e05e8715a22d7
I20260709 13:15:12.543269  5089 raft_consensus.cc:2804] T b546611d735a4830bc213200bf9ec051 P 3d93642c55ca499893ab99052cfea8c1 [term 0 FOLLOWER]: Leader pre-election won for term 1
I20260709 13:15:12.543509  5075 leader_election.cc:290] T 6d1530bab80048529cceec2093e377f0 P 3d93642c55ca499893ab99052cfea8c1 [CANDIDATE]: Term 1 election: Requested vote from peers bc920ef401084dca862e05e8715a22d7 (127.4.37.129:42461), 58df74a8ef6b42aeb707585da24f3c76 (127.4.37.131:42431)
I20260709 13:15:12.543658  5089 raft_consensus.cc:493] T b546611d735a4830bc213200bf9ec051 P 3d93642c55ca499893ab99052cfea8c1 [term 0 FOLLOWER]: Starting leader election (no leader contacted us within the election timeout)
I20260709 13:15:12.544008  5089 raft_consensus.cc:3060] T b546611d735a4830bc213200bf9ec051 P 3d93642c55ca499893ab99052cfea8c1 [term 0 FOLLOWER]: Advancing to term 1
I20260709 13:15:12.545320  5071 tablet_bootstrap.cc:492] T 6d1530bab80048529cceec2093e377f0 P 58df74a8ef6b42aeb707585da24f3c76: No bootstrap required, opened a new log
I20260709 13:15:12.545835  5071 ts_tablet_manager.cc:1403] T 6d1530bab80048529cceec2093e377f0 P 58df74a8ef6b42aeb707585da24f3c76: Time spent bootstrapping tablet: real 0.192s	user 0.023s	sys 0.000s
I20260709 13:15:12.546576  5073 raft_consensus.cc:359] T b4a13aad855b4dce8999daa1610d82c6 P 3d93642c55ca499893ab99052cfea8c1 [term 0 FOLLOWER]: Replica starting. Triggering 0 pending ops. Active config: opid_index: -1 OBSOLETE_local: false peers { permanent_uuid: "bc920ef401084dca862e05e8715a22d7" member_type: VOTER last_known_addr { host: "127.4.37.129" port: 42461 } } peers { permanent_uuid: "3d93642c55ca499893ab99052cfea8c1" member_type: VOTER last_known_addr { host: "127.4.37.130" port: 34019 } } peers { permanent_uuid: "58df74a8ef6b42aeb707585da24f3c76" member_type: VOTER last_known_addr { host: "127.4.37.131" port: 42431 } }
