I20260709 13:15:15.983307 12934 raft_consensus.cc:2468] T d3893e3f15154baf9cfa302a010a57c4 P 4f271c77fd50496698c6500ab804f40b [term 4 FOLLOWER]: Leader election vote request: Granting yes vote for candidate 82026ae552af44058f60d1df1809f7c3 in term 4.
I20260709 13:15:15.983824 13007 leader_election.cc:290] T d3893e3f15154baf9cfa302a010a57c4 P 82026ae552af44058f60d1df1809f7c3 [CANDIDATE]: Term 4 election: Requested vote from peers 4f271c77fd50496698c6500ab804f40b (127.12.6.129:45123), f5e31f40e41345a79e7aa399729810c5 (127.12.6.131:36059)
I20260709 13:15:15.989552 13246 raft_consensus.cc:993] T 5696829750db4de2a9cd5f56438510fc P 4f271c77fd50496698c6500ab804f40b: : Instructing follower 82026ae552af44058f60d1df1809f7c3 to start an election
I20260709 13:15:16.001477 13246 raft_consensus.cc:1081] T 5696829750db4de2a9cd5f56438510fc P 4f271c77fd50496698c6500ab804f40b [term 2 LEADER]: Signalling peer 82026ae552af44058f60d1df1809f7c3 to start an election
I20260709 13:15:16.003391 13008 tablet_service.cc:2044] Received Run Leader Election RPC: tablet_id: "5696829750db4de2a9cd5f56438510fc"
dest_uuid: "82026ae552af44058f60d1df1809f7c3"
 from {username='slave'} at 127.0.0.1:51376
I20260709 13:15:16.003875 13008 raft_consensus.cc:493] T 5696829750db4de2a9cd5f56438510fc P 82026ae552af44058f60d1df1809f7c3 [term 2 FOLLOWER]: Starting forced leader election (received explicit request)
I20260709 13:15:16.004196 13008 raft_consensus.cc:3060] T 5696829750db4de2a9cd5f56438510fc P 82026ae552af44058f60d1df1809f7c3 [term 2 FOLLOWER]: Advancing to term 3
W20260709 13:15:16.011173 13048 outbound_call.cc:321] RPC callback for RPC call kudu.consensus.ConsensusService.UpdateConsensus -> {remote=127.12.6.130:38575, user_credentials={real_user=slave}} blocked reactor thread for 46723.1us
I20260709 13:15:16.013337 13007 tablet_service.cc:1917] Received RequestConsensusVote() RPC: tablet_id: "f624efa520094effb670a6ed3e8db5f7" candidate_uuid: "f5e31f40e41345a79e7aa399729810c5" candidate_term: 4 candidate_status { last_received { term: 3 index: 3 } } ignore_live_leader: true dest_uuid: "82026ae552af44058f60d1df1809f7c3"
I20260709 13:15:16.013432 12932 tablet_service.cc:1917] Received RequestConsensusVote() RPC: tablet_id: "f624efa520094effb670a6ed3e8db5f7" candidate_uuid: "f5e31f40e41345a79e7aa399729810c5" candidate_term: 4 candidate_status { last_received { term: 3 index: 3 } } ignore_live_leader: true dest_uuid: "4f271c77fd50496698c6500ab804f40b"
I20260709 13:15:16.014067 12932 raft_consensus.cc:3055] T f624efa520094effb670a6ed3e8db5f7 P 4f271c77fd50496698c6500ab804f40b [term 3 LEADER]: Stepping down as leader of term 3
I20260709 13:15:16.014379 12932 raft_consensus.cc:740] T f624efa520094effb670a6ed3e8db5f7 P 4f271c77fd50496698c6500ab804f40b [term 3 LEADER]: Becoming Follower/Learner. State: Replica: 4f271c77fd50496698c6500ab804f40b, State: Running, Role: LEADER
I20260709 13:15:16.015121 12932 consensus_queue.cc:260] T f624efa520094effb670a6ed3e8db5f7 P 4f271c77fd50496698c6500ab804f40b [NON_LEADER]: Queue going to NON_LEADER mode. State: All replicated index: 0, Majority replicated index: 3, Committed index: 3, Last appended: 3.3, Last appended by leader: 3, Current term: 3, Majority size: -1, State: 0, Mode: NON_LEADER, active raft config: opid_index: -1 OBSOLETE_local: false peers { permanent_uuid: "4f271c77fd50496698c6500ab804f40b" member_type: VOTER last_known_addr { host: "127.12.6.129" port: 45123 } } peers { permanent_uuid: "82026ae552af44058f60d1df1809f7c3" member_type: VOTER last_known_addr { host: "127.12.6.130" port: 38575 } } peers { permanent_uuid: "f5e31f40e41345a79e7aa399729810c5" member_type: VOTER last_known_addr { host: "127.12.6.131" port: 36059 } }
I20260709 13:15:16.015978 12932 raft_consensus.cc:3060] T f624efa520094effb670a6ed3e8db5f7 P 4f271c77fd50496698c6500ab804f40b [term 3 FOLLOWER]: Advancing to term 4
I20260709 13:15:16.018999 13007 raft_consensus.cc:3060] T f624efa520094effb670a6ed3e8db5f7 P 82026ae552af44058f60d1df1809f7c3 [term 3 FOLLOWER]: Advancing to term 4
I20260709 13:15:16.019544 12832 catalog_manager.cc:5697] T d3893e3f15154baf9cfa302a010a57c4 P 82026ae552af44058f60d1df1809f7c3 reported cstate change: term changed from 3 to 4, leader changed from 4f271c77fd50496698c6500ab804f40b (127.12.6.129) to 82026ae552af44058f60d1df1809f7c3 (127.12.6.130). New cstate: current_term: 4 leader_uuid: "82026ae552af44058f60d1df1809f7c3" committed_config { opid_index: -1 OBSOLETE_local: false peers { permanent_uuid: "4f271c77fd50496698c6500ab804f40b" member_type: VOTER last_known_addr { host: "127.12.6.129" port: 45123 } health_report { overall_health: UNKNOWN } } peers { permanent_uuid: "82026ae552af44058f60d1df1809f7c3" member_type: VOTER last_known_addr { host: "127.12.6.130" port: 38575 } health_report { overall_health: HEALTHY } } peers { permanent_uuid: "f5e31f40e41345a79e7aa399729810c5" member_type: VOTER last_known_addr { host: "127.12.6.131" port: 36059 } health_report { overall_health: UNKNOWN } } }
I20260709 13:15:16.022481 12932 raft_consensus.cc:2468] T f624efa520094effb670a6ed3e8db5f7 P 4f271c77fd50496698c6500ab804f40b [term 4 FOLLOWER]: Leader election vote request: Granting yes vote for candidate f5e31f40e41345a79e7aa399729810c5 in term 4.
I20260709 13:15:16.010921 13008 raft_consensus.cc:515] T 5696829750db4de2a9cd5f56438510fc P 82026ae552af44058f60d1df1809f7c3 [term 3 FOLLOWER]: Starting forced leader election with config: opid_index: -1 OBSOLETE_local: false peers { permanent_uuid: "4f271c77fd50496698c6500ab804f40b" member_type: VOTER last_known_addr { host: "127.12.6.129" port: 45123 } } peers { permanent_uuid: "82026ae552af44058f60d1df1809f7c3" member_type: VOTER last_known_addr { host: "127.12.6.130" port: 38575 } } peers { permanent_uuid: "f5e31f40e41345a79e7aa399729810c5" member_type: VOTER last_known_addr { host: "127.12.6.131" port: 36059 } }
I20260709 13:15:16.023945 12932 tablet_service.cc:1917] Received RequestConsensusVote() RPC: tablet_id: "7fd444436d6e4daa866ea584280dc34b" candidate_uuid: "f5e31f40e41345a79e7aa399729810c5" candidate_term: 3 candidate_status { last_received { term: 2 index: 2 } } ignore_live_leader: true dest_uuid: "4f271c77fd50496698c6500ab804f40b"
I20260709 13:15:16.025059 13009 tablet_service.cc:1917] Received RequestConsensusVote() RPC: tablet_id: "7fd444436d6e4daa866ea584280dc34b" candidate_uuid: "f5e31f40e41345a79e7aa399729810c5" candidate_term: 3 candidate_status { last_received { term: 2 index: 2 } } ignore_live_leader: true dest_uuid: "82026ae552af44058f60d1df1809f7c3"
I20260709 13:15:16.025595 12932 raft_consensus.cc:3055] T 7fd444436d6e4daa866ea584280dc34b P 4f271c77fd50496698c6500ab804f40b [term 2 LEADER]: Stepping down as leader of term 2
I20260709 13:15:16.025967 12934 tablet_service.cc:1917] Received RequestConsensusVote() RPC: tablet_id: "5696829750db4de2a9cd5f56438510fc" candidate_uuid: "82026ae552af44058f60d1df1809f7c3" candidate_term: 3 candidate_status { last_received { term: 2 index: 2 } } ignore_live_leader: true dest_uuid: "4f271c77fd50496698c6500ab804f40b"
I20260709 13:15:16.025686 13009 raft_consensus.cc:3060] T 7fd444436d6e4daa866ea584280dc34b P 82026ae552af44058f60d1df1809f7c3 [term 2 FOLLOWER]: Advancing to term 3
I20260709 13:15:16.026626 12934 raft_consensus.cc:3055] T 5696829750db4de2a9cd5f56438510fc P 4f271c77fd50496698c6500ab804f40b [term 2 LEADER]: Stepping down as leader of term 2
I20260709 13:15:16.026964 12934 raft_consensus.cc:740] T 5696829750db4de2a9cd5f56438510fc P 4f271c77fd50496698c6500ab804f40b [term 2 LEADER]: Becoming Follower/Learner. State: Replica: 4f271c77fd50496698c6500ab804f40b, State: Running, Role: LEADER
I20260709 13:15:16.027797 12934 consensus_queue.cc:260] T 5696829750db4de2a9cd5f56438510fc P 4f271c77fd50496698c6500ab804f40b [NON_LEADER]: Queue going to NON_LEADER mode. State: All replicated index: 0, Majority replicated index: 2, Committed index: 2, Last appended: 2.2, Last appended by leader: 2, Current term: 2, Majority size: -1, State: 0, Mode: NON_LEADER, active raft config: opid_index: -1 OBSOLETE_local: false peers { permanent_uuid: "4f271c77fd50496698c6500ab804f40b" member_type: VOTER last_known_addr { host: "127.12.6.129" port: 45123 } } peers { permanent_uuid: "82026ae552af44058f60d1df1809f7c3" member_type: VOTER last_known_addr { host: "127.12.6.130" port: 38575 } } peers { permanent_uuid: "f5e31f40e41345a79e7aa399729810c5" member_type: VOTER last_known_addr { host: "127.12.6.131" port: 36059 } }
I20260709 13:15:16.028810 12934 raft_consensus.cc:3060] T 5696829750db4de2a9cd5f56438510fc P 4f271c77fd50496698c6500ab804f40b [term 2 FOLLOWER]: Advancing to term 3
I20260709 13:15:16.029139 13007 raft_consensus.cc:2468] T f624efa520094effb670a6ed3e8db5f7 P 82026ae552af44058f60d1df1809f7c3 [term 4 FOLLOWER]: Leader election vote request: Granting yes vote for candidate f5e31f40e41345a79e7aa399729810c5 in term 4.
I20260709 13:15:16.026057 12932 raft_consensus.cc:740] T 7fd444436d6e4daa866ea584280dc34b P 4f271c77fd50496698c6500ab804f40b [term 2 LEADER]: Becoming Follower/Learner. State: Replica: 4f271c77fd50496698c6500ab804f40b, State: Running, Role: LEADER
I20260709 13:15:16.030817 12932 consensus_queue.cc:260] T 7fd444436d6e4daa866ea584280dc34b P 4f271c77fd50496698c6500ab804f40b [NON_LEADER]: Queue going to NON_LEADER mode. State: All replicated index: 0, Majority replicated index: 2, Committed index: 2, Last appended: 2.2, Last appended by leader: 2, Current term: 2, Majority size: -1, State: 0, Mode: NON_LEADER, active raft config: opid_index: -1 OBSOLETE_local: false peers { permanent_uuid: "4f271c77fd50496698c6500ab804f40b" member_type: VOTER last_known_addr { host: "127.12.6.129" port: 45123 } } peers { permanent_uuid: "82026ae552af44058f60d1df1809f7c3" member_type: VOTER last_known_addr { host: "127.12.6.130" port: 38575 } } peers { permanent_uuid: "f5e31f40e41345a79e7aa399729810c5" member_type: VOTER last_known_addr { host: "127.12.6.131" port: 36059 } }
I20260709 13:15:16.031221 13080 tablet_service.cc:1917] Received RequestConsensusVote() RPC: tablet_id: "5696829750db4de2a9cd5f56438510fc" candidate_uuid: "82026ae552af44058f60d1df1809f7c3" candidate_term: 3 candidate_status { last_received { term: 2 index: 2 } } ignore_live_leader: true dest_uuid: "f5e31f40e41345a79e7aa399729810c5"
I20260709 13:15:16.031867 13080 raft_consensus.cc:3060] T 5696829750db4de2a9cd5f56438510fc P f5e31f40e41345a79e7aa399729810c5 [term 2 FOLLOWER]: Advancing to term 3
I20260709 13:15:16.032136 12932 raft_consensus.cc:3060] T 7fd444436d6e4daa866ea584280dc34b P 4f271c77fd50496698c6500ab804f40b [term 2 FOLLOWER]: Advancing to term 3
I20260709 13:15:16.024921 13048 leader_election.cc:304] T f624efa520094effb670a6ed3e8db5f7 P f5e31f40e41345a79e7aa399729810c5 [CANDIDATE]: Term 4 election: Election decided. Result: candidate won. Election summary: received 2 responses out of 3 voters: 2 yes votes; 0 no votes. yes voters: 4f271c77fd50496698c6500ab804f40b, f5e31f40e41345a79e7aa399729810c5; no voters: 
I20260709 13:15:16.033499 13260 raft_consensus.cc:2804] T f624efa520094effb670a6ed3e8db5f7 P f5e31f40e41345a79e7aa399729810c5 [term 4 FOLLOWER]: Leader election won for term 4
I20260709 13:15:16.033918 13260 raft_consensus.cc:697] T f624efa520094effb670a6ed3e8db5f7 P f5e31f40e41345a79e7aa399729810c5 [term 4 LEADER]: Becoming Leader. State: Replica: f5e31f40e41345a79e7aa399729810c5, State: Running, Role: LEADER
I20260709 13:15:16.035467 13260 consensus_queue.cc:237] T f624efa520094effb670a6ed3e8db5f7 P f5e31f40e41345a79e7aa399729810c5 [LEADER]: Queue going to LEADER mode. State: All replicated index: 0, Majority replicated index: 3, Committed index: 3, Last appended: 3.3, Last appended by leader: 3, Current term: 4, Majority size: 2, State: 0, Mode: LEADER, active raft config: opid_index: -1 OBSOLETE_local: false peers { permanent_uuid: "4f271c77fd50496698c6500ab804f40b" member_type: VOTER last_known_addr { host: "127.12.6.129" port: 45123 } } peers { permanent_uuid: "82026ae552af44058f60d1df1809f7c3" member_type: VOTER last_known_addr { host: "127.12.6.130" port: 38575 } } peers { permanent_uuid: "f5e31f40e41345a79e7aa399729810c5" member_type: VOTER last_known_addr { host: "127.12.6.131" port: 36059 } }
I20260709 13:15:16.036895 13009 raft_consensus.cc:2468] T 7fd444436d6e4daa866ea584280dc34b P 82026ae552af44058f60d1df1809f7c3 [term 3 FOLLOWER]: Leader election vote request: Granting yes vote for candidate f5e31f40e41345a79e7aa399729810c5 in term 3.
I20260709 13:15:16.038386 13048 leader_election.cc:304] T 7fd444436d6e4daa866ea584280dc34b P f5e31f40e41345a79e7aa399729810c5 [CANDIDATE]: Term 3 election: Election decided. Result: candidate won. Election summary: received 2 responses out of 3 voters: 2 yes votes; 0 no votes. yes voters: 82026ae552af44058f60d1df1809f7c3, f5e31f40e41345a79e7aa399729810c5; no voters: 
I20260709 13:15:16.039363 13268 raft_consensus.cc:2804] T 7fd444436d6e4daa866ea584280dc34b P f5e31f40e41345a79e7aa399729810c5 [term 3 FOLLOWER]: Leader election won for term 3
I20260709 13:15:16.043116 13080 raft_consensus.cc:2468] T 5696829750db4de2a9cd5f56438510fc P f5e31f40e41345a79e7aa399729810c5 [term 3 FOLLOWER]: Leader election vote request: Granting yes vote for candidate 82026ae552af44058f60d1df1809f7c3 in term 3.
I20260709 13:15:16.044633 12975 leader_election.cc:304] T 5696829750db4de2a9cd5f56438510fc P 82026ae552af44058f60d1df1809f7c3 [CANDIDATE]: Term 3 election: Election decided. Result: candidate won. Election summary: received 2 responses out of 3 voters: 2 yes votes; 0 no votes. yes voters: 82026ae552af44058f60d1df1809f7c3, f5e31f40e41345a79e7aa399729810c5; no voters: 
I20260709 13:15:16.045619 13264 raft_consensus.cc:2804] T 5696829750db4de2a9cd5f56438510fc P 82026ae552af44058f60d1df1809f7c3 [term 3 FOLLOWER]: Leader election won for term 3
I20260709 13:15:16.046165 13264 raft_consensus.cc:697] T 5696829750db4de2a9cd5f56438510fc P 82026ae552af44058f60d1df1809f7c3 [term 3 LEADER]: Becoming Leader. State: Replica: 82026ae552af44058f60d1df1809f7c3, State: Running, Role: LEADER
I20260709 13:15:16.046778 13008 leader_election.cc:290] T 5696829750db4de2a9cd5f56438510fc P 82026ae552af44058f60d1df1809f7c3 [CANDIDATE]: Term 3 election: Requested vote from peers 4f271c77fd50496698c6500ab804f40b (127.12.6.129:45123), f5e31f40e41345a79e7aa399729810c5 (127.12.6.131:36059)
I20260709 13:15:16.047114 13264 consensus_queue.cc:237] T 5696829750db4de2a9cd5f56438510fc P 82026ae552af44058f60d1df1809f7c3 [LEADER]: Queue going to LEADER mode. State: All replicated index: 0, Majority replicated index: 2, Committed index: 2, Last appended: 2.2, Last appended by leader: 2, Current term: 3, Majority size: 2, State: 0, Mode: LEADER, active raft config: opid_index: -1 OBSOLETE_local: false peers { permanent_uuid: "4f271c77fd50496698c6500ab804f40b" member_type: VOTER last_known_addr { host: "127.12.6.129" port: 45123 } } peers { permanent_uuid: "82026ae552af44058f60d1df1809f7c3" member_type: VOTER last_known_addr { host: "127.12.6.130" port: 38575 } } peers { permanent_uuid: "f5e31f40e41345a79e7aa399729810c5" member_type: VOTER last_known_addr { host: "127.12.6.131" port: 36059 } }
I20260709 13:15:16.052573 12932 raft_consensus.cc:2468] T 7fd444436d6e4daa866ea584280dc34b P 4f271c77fd50496698c6500ab804f40b [term 3 FOLLOWER]: Leader election vote request: Granting yes vote for candidate f5e31f40e41345a79e7aa399729810c5 in term 3.
I20260709 13:15:16.060444 13268 raft_consensus.cc:697] T 7fd444436d6e4daa866ea584280dc34b P f5e31f40e41345a79e7aa399729810c5 [term 3 LEADER]: Becoming Leader. State: Replica: f5e31f40e41345a79e7aa399729810c5, State: Running, Role: LEADER
I20260709 13:15:16.061483 13268 consensus_queue.cc:237] T 7fd444436d6e4daa866ea584280dc34b P f5e31f40e41345a79e7aa399729810c5 [LEADER]: Queue going to LEADER mode. State: All replicated index: 0, Majority replicated index: 2, Committed index: 2, Last appended: 2.2, Last appended by leader: 2, Current term: 3, Majority size: 2, State: 0, Mode: LEADER, active raft config: opid_index: -1 OBSOLETE_local: false peers { permanent_uuid: "4f271c77fd50496698c6500ab804f40b" member_type: VOTER last_known_addr { host: "127.12.6.129" port: 45123 } } peers { permanent_uuid: "82026ae552af44058f60d1df1809f7c3" member_type: VOTER last_known_addr { host: "127.12.6.130" port: 38575 } } peers { permanent_uuid: "f5e31f40e41345a79e7aa399729810c5" member_type: VOTER last_known_addr { host: "127.12.6.131" port: 36059 } }
I20260709 13:15:16.062453 12934 raft_consensus.cc:2468] T 5696829750db4de2a9cd5f56438510fc P 4f271c77fd50496698c6500ab804f40b [term 3 FOLLOWER]: Leader election vote request: Granting yes vote for candidate 82026ae552af44058f60d1df1809f7c3 in term 3.
I20260709 13:15:16.080283 12830 catalog_manager.cc:5697] T f624efa520094effb670a6ed3e8db5f7 P f5e31f40e41345a79e7aa399729810c5 reported cstate change: term changed from 3 to 4, leader changed from 4f271c77fd50496698c6500ab804f40b (127.12.6.129) to f5e31f40e41345a79e7aa399729810c5 (127.12.6.131). New cstate: current_term: 4 leader_uuid: "f5e31f40e41345a79e7aa399729810c5" committed_config { opid_index: -1 OBSOLETE_local: false peers { permanent_uuid: "4f271c77fd50496698c6500ab804f40b" member_type: VOTER last_known_addr { host: "127.12.6.129" port: 45123 } health_report { overall_health: UNKNOWN } } peers { permanent_uuid: "82026ae552af44058f60d1df1809f7c3" member_type: VOTER last_known_addr { host: "127.12.6.130" port: 38575 } health_report { overall_health: UNKNOWN } } peers { permanent_uuid: "f5e31f40e41345a79e7aa399729810c5" member_type: VOTER last_known_addr { host: "127.12.6.131" port: 36059 } health_report { overall_health: HEALTHY } } }
I20260709 13:15:16.095732 12832 catalog_manager.cc:5697] T 5696829750db4de2a9cd5f56438510fc P 82026ae552af44058f60d1df1809f7c3 reported cstate change: term changed from 2 to 3, leader changed from 4f271c77fd50496698c6500ab804f40b (127.12.6.129) to 82026ae552af44058f60d1df1809f7c3 (127.12.6.130). New cstate: current_term: 3 leader_uuid: "82026ae552af44058f60d1df1809f7c3" committed_config { opid_index: -1 OBSOLETE_local: false peers { permanent_uuid: "4f271c77fd50496698c6500ab804f40b" member_type: VOTER last_known_addr { host: "127.12.6.129" port: 45123 } health_report { overall_health: UNKNOWN } } peers { permanent_uuid: "82026ae552af44058f60d1df1809f7c3" member_type: VOTER last_known_addr { host: "127.12.6.130" port: 38575 } health_report { overall_health: HEALTHY } } peers { permanent_uuid: "f5e31f40e41345a79e7aa399729810c5" member_type: VOTER last_known_addr { host: "127.12.6.131" port: 36059 } health_report { overall_health: UNKNOWN } } }
I20260709 13:15:16.100024 12830 catalog_manager.cc:5697] T 7fd444436d6e4daa866ea584280dc34b P f5e31f40e41345a79e7aa399729810c5 reported cstate change: term changed from 2 to 3, leader changed from 4f271c77fd50496698c6500ab804f40b (127.12.6.129) to f5e31f40e41345a79e7aa399729810c5 (127.12.6.131). New cstate: current_term: 3 leader_uuid: "f5e31f40e41345a79e7aa399729810c5" committed_config { opid_index: -1 OBSOLETE_local: false peers { permanent_uuid: "4f271c77fd50496698c6500ab804f40b" member_type: VOTER last_known_addr { host: "127.12.6.129" port: 45123 } health_report { overall_health: UNKNOWN } } peers { permanent_uuid: "82026ae552af44058f60d1df1809f7c3" member_type: VOTER last_known_addr { host: "127.12.6.130" port: 38575 } health_report { overall_health: UNKNOWN } } peers { permanent_uuid: "f5e31f40e41345a79e7aa399729810c5" member_type: VOTER last_known_addr { host: "127.12.6.131" port: 36059 } health_report { overall_health: HEALTHY } } }
I20260709 13:15:16.465046 13083 raft_consensus.cc:1275] T d3893e3f15154baf9cfa302a010a57c4 P f5e31f40e41345a79e7aa399729810c5 [term 4 FOLLOWER]: Refusing update from remote peer 82026ae552af44058f60d1df1809f7c3: Log matching property violated. Preceding OpId in replica: term: 3 index: 3. Preceding OpId from leader: term: 4 index: 4. (index mismatch)
I20260709 13:15:16.466265 13264 consensus_queue.cc:1048] T d3893e3f15154baf9cfa302a010a57c4 P 82026ae552af44058f60d1df1809f7c3 [LEADER]: Connected to new peer: Peer: permanent_uuid: "f5e31f40e41345a79e7aa399729810c5" member_type: VOTER last_known_addr { host: "127.12.6.131" port: 36059 }, Status: LMP_MISMATCH, Last received: 0.0, Next index: 4, Last known committed idx: 3, Time since last communication: 0.000s
I20260709 13:15:16.467947 13008 raft_consensus.cc:1275] T 7fd444436d6e4daa866ea584280dc34b P 82026ae552af44058f60d1df1809f7c3 [term 3 FOLLOWER]: Refusing update from remote peer f5e31f40e41345a79e7aa399729810c5: Log matching property violated. Preceding OpId in replica: term: 2 index: 2. Preceding OpId from leader: term: 3 index: 3. (index mismatch)
I20260709 13:15:16.469193 13260 consensus_queue.cc:1048] T 7fd444436d6e4daa866ea584280dc34b P f5e31f40e41345a79e7aa399729810c5 [LEADER]: Connected to new peer: Peer: permanent_uuid: "82026ae552af44058f60d1df1809f7c3" member_type: VOTER last_known_addr { host: "127.12.6.130" port: 38575 }, Status: LMP_MISMATCH, Last received: 0.0, Next index: 3, Last known committed idx: 2, Time since last communication: 0.000s
I20260709 13:15:16.483152 12934 raft_consensus.cc:1275] T d3893e3f15154baf9cfa302a010a57c4 P 4f271c77fd50496698c6500ab804f40b [term 4 FOLLOWER]: Refusing update from remote peer 82026ae552af44058f60d1df1809f7c3: Log matching property violated. Preceding OpId in replica: term: 3 index: 3. Preceding OpId from leader: term: 4 index: 4. (index mismatch)
I20260709 13:15:16.484645 13264 consensus_queue.cc:1048] T d3893e3f15154baf9cfa302a010a57c4 P 82026ae552af44058f60d1df1809f7c3 [LEADER]: Connected to new peer: Peer: permanent_uuid: "4f271c77fd50496698c6500ab804f40b" member_type: VOTER last_known_addr { host: "127.12.6.129" port: 45123 }, Status: LMP_MISMATCH, Last received: 0.0, Next index: 4, Last known committed idx: 3, Time since last communication: 0.000s
I20260709 13:15:16.491797 12932 raft_consensus.cc:1275] T 7fd444436d6e4daa866ea584280dc34b P 4f271c77fd50496698c6500ab804f40b [term 3 FOLLOWER]: Refusing update from remote peer f5e31f40e41345a79e7aa399729810c5: Log matching property violated. Preceding OpId in replica: term: 2 index: 2. Preceding OpId from leader: term: 3 index: 3. (index mismatch)
I20260709 13:15:16.493984 13268 consensus_queue.cc:1048] T 7fd444436d6e4daa866ea584280dc34b P f5e31f40e41345a79e7aa399729810c5 [LEADER]: Connected to new peer: Peer: permanent_uuid: "4f271c77fd50496698c6500ab804f40b" member_type: VOTER last_known_addr { host: "127.12.6.129" port: 45123 }, Status: LMP_MISMATCH, Last received: 0.0, Next index: 3, Last known committed idx: 2, Time since last communication: 0.001s
I20260709 13:15:16.528532 12934 raft_consensus.cc:1275] T 5696829750db4de2a9cd5f56438510fc P 4f271c77fd50496698c6500ab804f40b [term 3 FOLLOWER]: Refusing update from remote peer 82026ae552af44058f60d1df1809f7c3: Log matching property violated. Preceding OpId in replica: term: 2 index: 2. Preceding OpId from leader: term: 3 index: 3. (index mismatch)
I20260709 13:15:16.529749 13284 consensus_queue.cc:1048] T 5696829750db4de2a9cd5f56438510fc P 82026ae552af44058f60d1df1809f7c3 [LEADER]: Connected to new peer: Peer: permanent_uuid: "4f271c77fd50496698c6500ab804f40b" member_type: VOTER last_known_addr { host: "127.12.6.129" port: 45123 }, Status: LMP_MISMATCH, Last received: 0.0, Next index: 3, Last known committed idx: 2, Time since last communication: 0.000s
I20260709 13:15:16.532343 12932 raft_consensus.cc:1275] T f624efa520094effb670a6ed3e8db5f7 P 4f271c77fd50496698c6500ab804f40b [term 4 FOLLOWER]: Refusing update from remote peer f5e31f40e41345a79e7aa399729810c5: Log matching property violated. Preceding OpId in replica: term: 3 index: 3. Preceding OpId from leader: term: 4 index: 4. (index mismatch)
I20260709 13:15:16.533900 13271 consensus_queue.cc:1048] T f624efa520094effb670a6ed3e8db5f7 P f5e31f40e41345a79e7aa399729810c5 [LEADER]: Connected to new peer: Peer: permanent_uuid: "4f271c77fd50496698c6500ab804f40b" member_type: VOTER last_known_addr { host: "127.12.6.129" port: 45123 }, Status: LMP_MISMATCH, Last received: 0.0, Next index: 4, Last known committed idx: 3, Time since last communication: 0.000s
I20260709 13:15:16.541306 13083 raft_consensus.cc:1275] T 5696829750db4de2a9cd5f56438510fc P f5e31f40e41345a79e7aa399729810c5 [term 3 FOLLOWER]: Refusing update from remote peer 82026ae552af44058f60d1df1809f7c3: Log matching property violated. Preceding OpId in replica: term: 2 index: 2. Preceding OpId from leader: term: 3 index: 3. (index mismatch)
I20260709 13:15:16.543164 13264 consensus_queue.cc:1048] T 5696829750db4de2a9cd5f56438510fc P 82026ae552af44058f60d1df1809f7c3 [LEADER]: Connected to new peer: Peer: permanent_uuid: "f5e31f40e41345a79e7aa399729810c5" member_type: VOTER last_known_addr { host: "127.12.6.131" port: 36059 }, Status: LMP_MISMATCH, Last received: 0.0, Next index: 3, Last known committed idx: 2, Time since last communication: 0.000s
I20260709 13:15:16.548213 13009 raft_consensus.cc:1275] T f624efa520094effb670a6ed3e8db5f7 P 82026ae552af44058f60d1df1809f7c3 [term 4 FOLLOWER]: Refusing update from remote peer f5e31f40e41345a79e7aa399729810c5: Log matching property violated. Preceding OpId in replica: term: 3 index: 3. Preceding OpId from leader: term: 4 index: 4. (index mismatch)
I20260709 13:15:16.549925 13290 consensus_queue.cc:1048] T f624efa520094effb670a6ed3e8db5f7 P f5e31f40e41345a79e7aa399729810c5 [LEADER]: Connected to new peer: Peer: permanent_uuid: "82026ae552af44058f60d1df1809f7c3" member_type: VOTER last_known_addr { host: "127.12.6.130" port: 38575 }, Status: LMP_MISMATCH, Last received: 0.0, Next index: 4, Last known committed idx: 3, Time since last communication: 0.001s
W20260709 13:15:16.589171 13030 debug-util.cc:398] Leaking SignalData structure 0x7b08001bb440 after lost signal to thread 12317
W20260709 13:15:16.590185 13030 debug-util.cc:398] Leaking SignalData structure 0x7b08000cde00 after lost signal to thread 12866
W20260709 13:15:16.591153 13030 debug-util.cc:398] Leaking SignalData structure 0x7b08001b4020 after lost signal to thread 12958
W20260709 13:15:16.591822 13030 debug-util.cc:398] Leaking SignalData structure 0x7b08000cb8e0 after lost signal to thread 13033
W20260709 13:15:16.592451 13030 debug-util.cc:398] Leaking SignalData structure 0x7b08001d0800 after lost signal to thread 13107
I20260709 13:15:16.899611 12314 auto_leader_rebalancer.cc:141] leader rebalance for table test-workload
I20260709 13:15:16.906212 12314 tablet_server.cc:179] TabletServer@127.12.6.129:0 shutting down...
W20260709 13:15:16.916612 12974 proxy.cc:239] Call had error, refreshing address and retrying: Remote error: Service unavailable: service kudu.consensus.ConsensusService not registered on TabletServer [suppressed 1 similar messages]
W20260709 13:15:16.927058 12974 consensus_peers.cc:597] T d3893e3f15154baf9cfa302a010a57c4 P 82026ae552af44058f60d1df1809f7c3 -> Peer 4f271c77fd50496698c6500ab804f40b (127.12.6.129:45123): Couldn't send request to peer 4f271c77fd50496698c6500ab804f40b. Status: Remote error: Service unavailable: service kudu.consensus.ConsensusService not registered on TabletServer. This is attempt 1: this message will repeat every 5th retry.
I20260709 13:15:16.951669 12314 ts_tablet_manager.cc:1507] Shutting down tablet manager...
I20260709 13:15:16.952616 12314 tablet_replica.cc:333] T d98ba7589f694ec3b60e79f9fafb0525 P 4f271c77fd50496698c6500ab804f40b: stopping tablet replica
I20260709 13:15:16.953542 12314 raft_consensus.cc:2243] T d98ba7589f694ec3b60e79f9fafb0525 P 4f271c77fd50496698c6500ab804f40b [term 2 FOLLOWER]: Raft consensus shutting down.
I20260709 13:15:16.954248 12314 raft_consensus.cc:2272] T d98ba7589f694ec3b60e79f9fafb0525 P 4f271c77fd50496698c6500ab804f40b [term 2 FOLLOWER]: Raft consensus is shut down!
I20260709 13:15:16.957383 12314 tablet_replica.cc:333] T 6dc69c0c2df6479a88284da9d4fe81e8 P 4f271c77fd50496698c6500ab804f40b: stopping tablet replica
I20260709 13:15:16.958431 12314 raft_consensus.cc:2243] T 6dc69c0c2df6479a88284da9d4fe81e8 P 4f271c77fd50496698c6500ab804f40b [term 3 LEADER]: Raft consensus shutting down.
I20260709 13:15:16.959601 12314 raft_consensus.cc:2272] T 6dc69c0c2df6479a88284da9d4fe81e8 P 4f271c77fd50496698c6500ab804f40b [term 3 FOLLOWER]: Raft consensus is shut down!
I20260709 13:15:16.962363 12314 tablet_replica.cc:333] T 1681e73d1181474b8426f004822c75c8 P 4f271c77fd50496698c6500ab804f40b: stopping tablet replica
I20260709 13:15:16.963186 12314 raft_consensus.cc:2243] T 1681e73d1181474b8426f004822c75c8 P 4f271c77fd50496698c6500ab804f40b [term 2 FOLLOWER]: Raft consensus shutting down.
I20260709 13:15:16.963820 12314 raft_consensus.cc:2272] T 1681e73d1181474b8426f004822c75c8 P 4f271c77fd50496698c6500ab804f40b [term 2 FOLLOWER]: Raft consensus is shut down!
I20260709 13:15:16.966476 12314 tablet_replica.cc:333] T d3893e3f15154baf9cfa302a010a57c4 P 4f271c77fd50496698c6500ab804f40b: stopping tablet replica
I20260709 13:15:16.967559 12314 raft_consensus.cc:2243] T d3893e3f15154baf9cfa302a010a57c4 P 4f271c77fd50496698c6500ab804f40b [term 4 FOLLOWER]: Raft consensus shutting down.
I20260709 13:15:16.968212 12314 raft_consensus.cc:2272] T d3893e3f15154baf9cfa302a010a57c4 P 4f271c77fd50496698c6500ab804f40b [term 4 FOLLOWER]: Raft consensus is shut down!
I20260709 13:15:16.971455 12314 tablet_replica.cc:333] T 077e4a3cb5be42558514264357464304 P 4f271c77fd50496698c6500ab804f40b: stopping tablet replica
I20260709 13:15:16.972455 12314 raft_consensus.cc:2243] T 077e4a3cb5be42558514264357464304 P 4f271c77fd50496698c6500ab804f40b [term 4 LEADER]: Raft consensus shutting down.
I20260709 13:15:16.973564 12314 raft_consensus.cc:2272] T 077e4a3cb5be42558514264357464304 P 4f271c77fd50496698c6500ab804f40b [term 4 FOLLOWER]: Raft consensus is shut down!
I20260709 13:15:16.976267 12314 tablet_replica.cc:333] T 5696829750db4de2a9cd5f56438510fc P 4f271c77fd50496698c6500ab804f40b: stopping tablet replica
I20260709 13:15:16.976953 12314 raft_consensus.cc:2243] T 5696829750db4de2a9cd5f56438510fc P 4f271c77fd50496698c6500ab804f40b [term 3 FOLLOWER]: Raft consensus shutting down.
I20260709 13:15:16.977445 12314 raft_consensus.cc:2272] T 5696829750db4de2a9cd5f56438510fc P 4f271c77fd50496698c6500ab804f40b [term 3 FOLLOWER]: Raft consensus is shut down!
I20260709 13:15:16.980563 12314 tablet_replica.cc:333] T e58e0f5664584e84b627743336a07a16 P 4f271c77fd50496698c6500ab804f40b: stopping tablet replica
I20260709 13:15:16.981462 12314 raft_consensus.cc:2243] T e58e0f5664584e84b627743336a07a16 P 4f271c77fd50496698c6500ab804f40b [term 4 LEADER]: Raft consensus shutting down.
I20260709 13:15:16.982595 12314 raft_consensus.cc:2272] T e58e0f5664584e84b627743336a07a16 P 4f271c77fd50496698c6500ab804f40b [term 4 FOLLOWER]: Raft consensus is shut down!
I20260709 13:15:16.985394 12314 tablet_replica.cc:333] T 6015ac12b4394ce5849d1be2edb0dee3 P 4f271c77fd50496698c6500ab804f40b: stopping tablet replica
I20260709 13:15:16.986156 12314 raft_consensus.cc:2243] T 6015ac12b4394ce5849d1be2edb0dee3 P 4f271c77fd50496698c6500ab804f40b [term 2 LEADER]: Raft consensus shutting down.
I20260709 13:15:16.987298 12314 raft_consensus.cc:2272] T 6015ac12b4394ce5849d1be2edb0dee3 P 4f271c77fd50496698c6500ab804f40b [term 2 FOLLOWER]: Raft consensus is shut down!
I20260709 13:15:16.989943 12314 tablet_replica.cc:333] T f624efa520094effb670a6ed3e8db5f7 P 4f271c77fd50496698c6500ab804f40b: stopping tablet replica
I20260709 13:15:16.990648 12314 raft_consensus.cc:2243] T f624efa520094effb670a6ed3e8db5f7 P 4f271c77fd50496698c6500ab804f40b [term 4 FOLLOWER]: Raft consensus shutting down.
I20260709 13:15:16.991200 12314 raft_consensus.cc:2272] T f624efa520094effb670a6ed3e8db5f7 P 4f271c77fd50496698c6500ab804f40b [term 4 FOLLOWER]: Raft consensus is shut down!
I20260709 13:15:16.994180 12314 tablet_replica.cc:333] T 7fd444436d6e4daa866ea584280dc34b P 4f271c77fd50496698c6500ab804f40b: stopping tablet replica
I20260709 13:15:16.995077 12314 raft_consensus.cc:2243] T 7fd444436d6e4daa866ea584280dc34b P 4f271c77fd50496698c6500ab804f40b [term 3 FOLLOWER]: Raft consensus shutting down.
I20260709 13:15:16.995630 12314 raft_consensus.cc:2272] T 7fd444436d6e4daa866ea584280dc34b P 4f271c77fd50496698c6500ab804f40b [term 3 FOLLOWER]: Raft consensus is shut down!
W20260709 13:15:16.998787 13048 consensus_peers.cc:597] T 1681e73d1181474b8426f004822c75c8 P f5e31f40e41345a79e7aa399729810c5 -> Peer 4f271c77fd50496698c6500ab804f40b (127.12.6.129:45123): Couldn't send request to peer 4f271c77fd50496698c6500ab804f40b. Status: Remote error: Service unavailable: service kudu.consensus.ConsensusService not registered on TabletServer. This is attempt 1: this message will repeat every 5th retry.
W20260709 13:15:17.033213 13048 consensus_peers.cc:597] T f624efa520094effb670a6ed3e8db5f7 P f5e31f40e41345a79e7aa399729810c5 -> Peer 4f271c77fd50496698c6500ab804f40b (127.12.6.129:45123): Couldn't send request to peer 4f271c77fd50496698c6500ab804f40b. Status: Network error: Client connection negotiation failed: client connection to 127.12.6.129:45123: connect: Connection refused (error 111). This is attempt 1: this message will repeat every 5th retry.
I20260709 13:15:17.033254 12314 tablet_server.cc:196] TabletServer@127.12.6.129:0 shutdown complete.
I20260709 13:15:17.065007 12314 tablet_server.cc:179] TabletServer@127.12.6.130:0 shutting down...
W20260709 13:15:17.080936 13048 consensus_peers.cc:597] T 7fd444436d6e4daa866ea584280dc34b P f5e31f40e41345a79e7aa399729810c5 -> Peer 4f271c77fd50496698c6500ab804f40b (127.12.6.129:45123): Couldn't send request to peer 4f271c77fd50496698c6500ab804f40b. Status: Network error: Client connection negotiation failed: client connection to 127.12.6.129:45123: connect: Connection refused (error 111). This is attempt 1: this message will repeat every 5th retry.
W20260709 13:15:17.086643 13048 consensus_peers.cc:597] T 1681e73d1181474b8426f004822c75c8 P f5e31f40e41345a79e7aa399729810c5 -> Peer 82026ae552af44058f60d1df1809f7c3 (127.12.6.130:38575): Couldn't send request to peer 82026ae552af44058f60d1df1809f7c3. Status: Remote error: Service unavailable: service kudu.consensus.ConsensusService not registered on TabletServer. This is attempt 1: this message will repeat every 5th retry.
I20260709 13:15:17.103953 12314 ts_tablet_manager.cc:1507] Shutting down tablet manager...
I20260709 13:15:17.104753 12314 tablet_replica.cc:333] T 1681e73d1181474b8426f004822c75c8 P 82026ae552af44058f60d1df1809f7c3: stopping tablet replica
I20260709 13:15:17.105774 12314 raft_consensus.cc:2243] T 1681e73d1181474b8426f004822c75c8 P 82026ae552af44058f60d1df1809f7c3 [term 2 FOLLOWER]: Raft consensus shutting down.
I20260709 13:15:17.106415 12314 raft_consensus.cc:2272] T 1681e73d1181474b8426f004822c75c8 P 82026ae552af44058f60d1df1809f7c3 [term 2 FOLLOWER]: Raft consensus is shut down!
I20260709 13:15:17.108310 12314 tablet_replica.cc:333] T d3893e3f15154baf9cfa302a010a57c4 P 82026ae552af44058f60d1df1809f7c3: stopping tablet replica
I20260709 13:15:17.108839 12314 raft_consensus.cc:2243] T d3893e3f15154baf9cfa302a010a57c4 P 82026ae552af44058f60d1df1809f7c3 [term 4 LEADER]: Raft consensus shutting down.
I20260709 13:15:17.109828 12314 raft_consensus.cc:2272] T d3893e3f15154baf9cfa302a010a57c4 P 82026ae552af44058f60d1df1809f7c3 [term 4 FOLLOWER]: Raft consensus is shut down!
I20260709 13:15:17.112375 12314 tablet_replica.cc:333] T 5696829750db4de2a9cd5f56438510fc P 82026ae552af44058f60d1df1809f7c3: stopping tablet replica
I20260709 13:15:17.112901 12314 raft_consensus.cc:2243] T 5696829750db4de2a9cd5f56438510fc P 82026ae552af44058f60d1df1809f7c3 [term 3 LEADER]: Raft consensus shutting down.
I20260709 13:15:17.113660 12314 raft_consensus.cc:2272] T 5696829750db4de2a9cd5f56438510fc P 82026ae552af44058f60d1df1809f7c3 [term 3 FOLLOWER]: Raft consensus is shut down!
I20260709 13:15:17.115731 12314 tablet_replica.cc:333] T d98ba7589f694ec3b60e79f9fafb0525 P 82026ae552af44058f60d1df1809f7c3: stopping tablet replica
I20260709 13:15:17.116297 12314 raft_consensus.cc:2243] T d98ba7589f694ec3b60e79f9fafb0525 P 82026ae552af44058f60d1df1809f7c3 [term 2 LEADER]: Raft consensus shutting down.
I20260709 13:15:17.117058 12314 raft_consensus.cc:2272] T d98ba7589f694ec3b60e79f9fafb0525 P 82026ae552af44058f60d1df1809f7c3 [term 2 FOLLOWER]: Raft consensus is shut down!
I20260709 13:15:17.118851 12314 tablet_replica.cc:333] T 077e4a3cb5be42558514264357464304 P 82026ae552af44058f60d1df1809f7c3: stopping tablet replica
I20260709 13:15:17.119346 12314 raft_consensus.cc:2243] T 077e4a3cb5be42558514264357464304 P 82026ae552af44058f60d1df1809f7c3 [term 4 FOLLOWER]: Raft consensus shutting down.
I20260709 13:15:17.119822 12314 raft_consensus.cc:2272] T 077e4a3cb5be42558514264357464304 P 82026ae552af44058f60d1df1809f7c3 [term 4 FOLLOWER]: Raft consensus is shut down!
I20260709 13:15:17.121508 12314 tablet_replica.cc:333] T 6dc69c0c2df6479a88284da9d4fe81e8 P 82026ae552af44058f60d1df1809f7c3: stopping tablet replica
I20260709 13:15:17.122014 12314 raft_consensus.cc:2243] T 6dc69c0c2df6479a88284da9d4fe81e8 P 82026ae552af44058f60d1df1809f7c3 [term 3 FOLLOWER]: Raft consensus shutting down.
I20260709 13:15:17.122432 12314 raft_consensus.cc:2272] T 6dc69c0c2df6479a88284da9d4fe81e8 P 82026ae552af44058f60d1df1809f7c3 [term 3 FOLLOWER]: Raft consensus is shut down!
I20260709 13:15:17.124116 12314 tablet_replica.cc:333] T f624efa520094effb670a6ed3e8db5f7 P 82026ae552af44058f60d1df1809f7c3: stopping tablet replica
I20260709 13:15:17.124604 12314 raft_consensus.cc:2243] T f624efa520094effb670a6ed3e8db5f7 P 82026ae552af44058f60d1df1809f7c3 [term 4 FOLLOWER]: Raft consensus shutting down.
I20260709 13:15:17.125005 12314 raft_consensus.cc:2272] T f624efa520094effb670a6ed3e8db5f7 P 82026ae552af44058f60d1df1809f7c3 [term 4 FOLLOWER]: Raft consensus is shut down!
I20260709 13:15:17.127219 12314 tablet_replica.cc:333] T 7fd444436d6e4daa866ea584280dc34b P 82026ae552af44058f60d1df1809f7c3: stopping tablet replica
I20260709 13:15:17.127827 12314 raft_consensus.cc:2243] T 7fd444436d6e4daa866ea584280dc34b P 82026ae552af44058f60d1df1809f7c3 [term 3 FOLLOWER]: Raft consensus shutting down.
I20260709 13:15:17.128247 12314 raft_consensus.cc:2272] T 7fd444436d6e4daa866ea584280dc34b P 82026ae552af44058f60d1df1809f7c3 [term 3 FOLLOWER]: Raft consensus is shut down!
I20260709 13:15:17.130223 12314 tablet_replica.cc:333] T 6015ac12b4394ce5849d1be2edb0dee3 P 82026ae552af44058f60d1df1809f7c3: stopping tablet replica
I20260709 13:15:17.130740 12314 raft_consensus.cc:2243] T 6015ac12b4394ce5849d1be2edb0dee3 P 82026ae552af44058f60d1df1809f7c3 [term 2 FOLLOWER]: Raft consensus shutting down.
I20260709 13:15:17.131138 12314 raft_consensus.cc:2272] T 6015ac12b4394ce5849d1be2edb0dee3 P 82026ae552af44058f60d1df1809f7c3 [term 2 FOLLOWER]: Raft consensus is shut down!
I20260709 13:15:17.132881 12314 tablet_replica.cc:333] T e58e0f5664584e84b627743336a07a16 P 82026ae552af44058f60d1df1809f7c3: stopping tablet replica
I20260709 13:15:17.133319 12314 raft_consensus.cc:2243] T e58e0f5664584e84b627743336a07a16 P 82026ae552af44058f60d1df1809f7c3 [term 4 FOLLOWER]: Raft consensus shutting down.
I20260709 13:15:17.133780 12314 raft_consensus.cc:2272] T e58e0f5664584e84b627743336a07a16 P 82026ae552af44058f60d1df1809f7c3 [term 4 FOLLOWER]: Raft consensus is shut down!
W20260709 13:15:17.383133 13048 consensus_peers.cc:597] T f624efa520094effb670a6ed3e8db5f7 P f5e31f40e41345a79e7aa399729810c5 -> Peer 82026ae552af44058f60d1df1809f7c3 (127.12.6.130:38575): Couldn't send request to peer 82026ae552af44058f60d1df1809f7c3. Status: Network error: Client connection negotiation failed: client connection to 127.12.6.130:38575: connect: Connection refused (error 111). This is attempt 1: this message will repeat every 5th retry.
W20260709 13:15:17.486377 13048 consensus_peers.cc:597] T 7fd444436d6e4daa866ea584280dc34b P f5e31f40e41345a79e7aa399729810c5 -> Peer 82026ae552af44058f60d1df1809f7c3 (127.12.6.130:38575): Couldn't send request to peer 82026ae552af44058f60d1df1809f7c3. Status: Network error: Client connection negotiation failed: client connection to 127.12.6.130:38575: connect: Connection refused (error 111). This is attempt 1: this message will repeat every 5th retry.
I20260709 13:15:17.998077 13260 raft_consensus.cc:493] T 6dc69c0c2df6479a88284da9d4fe81e8 P f5e31f40e41345a79e7aa399729810c5 [term 3 FOLLOWER]: Starting pre-election (detected failure of leader 4f271c77fd50496698c6500ab804f40b)
I20260709 13:15:17.998572 13260 raft_consensus.cc:515] T 6dc69c0c2df6479a88284da9d4fe81e8 P f5e31f40e41345a79e7aa399729810c5 [term 3 FOLLOWER]: Starting pre-election with config: opid_index: -1 OBSOLETE_local: false peers { permanent_uuid: "4f271c77fd50496698c6500ab804f40b" member_type: VOTER last_known_addr { host: "127.12.6.129" port: 45123 } } peers { permanent_uuid: "82026ae552af44058f60d1df1809f7c3" member_type: VOTER last_known_addr { host: "127.12.6.130" port: 38575 } } peers { permanent_uuid: "f5e31f40e41345a79e7aa399729810c5" member_type: VOTER last_known_addr { host: "127.12.6.131" port: 36059 } }
I20260709 13:15:18.000197 13260 leader_election.cc:290] T 6dc69c0c2df6479a88284da9d4fe81e8 P f5e31f40e41345a79e7aa399729810c5 [CANDIDATE]: Term 4 pre-election: Requested pre-vote from peers 4f271c77fd50496698c6500ab804f40b (127.12.6.129:45123), 82026ae552af44058f60d1df1809f7c3 (127.12.6.130:38575)
W20260709 13:15:18.005069 13048 leader_election.cc:336] T 6dc69c0c2df6479a88284da9d4fe81e8 P f5e31f40e41345a79e7aa399729810c5 [CANDIDATE]: Term 4 pre-election: RPC error from VoteRequest() call to peer 4f271c77fd50496698c6500ab804f40b (127.12.6.129:45123): Network error: Client connection negotiation failed: client connection to 127.12.6.129:45123: connect: Connection refused (error 111)
W20260709 13:15:18.005808 13048 leader_election.cc:336] T 6dc69c0c2df6479a88284da9d4fe81e8 P f5e31f40e41345a79e7aa399729810c5 [CANDIDATE]: Term 4 pre-election: RPC error from VoteRequest() call to peer 82026ae552af44058f60d1df1809f7c3 (127.12.6.130:38575): Network error: Client connection negotiation failed: client connection to 127.12.6.130:38575: connect: Connection refused (error 111)
I20260709 13:15:18.006247 13048 leader_election.cc:304] T 6dc69c0c2df6479a88284da9d4fe81e8 P f5e31f40e41345a79e7aa399729810c5 [CANDIDATE]: Term 4 pre-election: Election decided. Result: candidate lost. Election summary: received 3 responses out of 3 voters: 1 yes votes; 2 no votes. yes voters: f5e31f40e41345a79e7aa399729810c5; no voters: 4f271c77fd50496698c6500ab804f40b, 82026ae552af44058f60d1df1809f7c3
I20260709 13:15:18.007030 13260 raft_consensus.cc:2749] T 6dc69c0c2df6479a88284da9d4fe81e8 P f5e31f40e41345a79e7aa399729810c5 [term 3 FOLLOWER]: Leader pre-election lost for term 4. Reason: could not achieve majority
I20260709 13:15:18.101586 13260 raft_consensus.cc:493] T 6015ac12b4394ce5849d1be2edb0dee3 P f5e31f40e41345a79e7aa399729810c5 [term 2 FOLLOWER]: Starting pre-election (detected failure of leader 4f271c77fd50496698c6500ab804f40b)
I20260709 13:15:18.102072 13260 raft_consensus.cc:515] T 6015ac12b4394ce5849d1be2edb0dee3 P f5e31f40e41345a79e7aa399729810c5 [term 2 FOLLOWER]: Starting pre-election with config: opid_index: -1 OBSOLETE_local: false peers { permanent_uuid: "4f271c77fd50496698c6500ab804f40b" member_type: VOTER last_known_addr { host: "127.12.6.129" port: 45123 } } peers { permanent_uuid: "82026ae552af44058f60d1df1809f7c3" member_type: VOTER last_known_addr { host: "127.12.6.130" port: 38575 } } peers { permanent_uuid: "f5e31f40e41345a79e7aa399729810c5" member_type: VOTER last_known_addr { host: "127.12.6.131" port: 36059 } }
I20260709 13:15:18.103737 13260 leader_election.cc:290] T 6015ac12b4394ce5849d1be2edb0dee3 P f5e31f40e41345a79e7aa399729810c5 [CANDIDATE]: Term 3 pre-election: Requested pre-vote from peers 4f271c77fd50496698c6500ab804f40b (127.12.6.129:45123), 82026ae552af44058f60d1df1809f7c3 (127.12.6.130:38575)
W20260709 13:15:18.108050 13048 leader_election.cc:336] T 6015ac12b4394ce5849d1be2edb0dee3 P f5e31f40e41345a79e7aa399729810c5 [CANDIDATE]: Term 3 pre-election: RPC error from VoteRequest() call to peer 4f271c77fd50496698c6500ab804f40b (127.12.6.129:45123): Network error: Client connection negotiation failed: client connection to 127.12.6.129:45123: connect: Connection refused (error 111)
W20260709 13:15:18.108798 13048 leader_election.cc:336] T 6015ac12b4394ce5849d1be2edb0dee3 P f5e31f40e41345a79e7aa399729810c5 [CANDIDATE]: Term 3 pre-election: RPC error from VoteRequest() call to peer 82026ae552af44058f60d1df1809f7c3 (127.12.6.130:38575): Network error: Client connection negotiation failed: client connection to 127.12.6.130:38575: connect: Connection refused (error 111)
I20260709 13:15:18.109226 13048 leader_election.cc:304] T 6015ac12b4394ce5849d1be2edb0dee3 P f5e31f40e41345a79e7aa399729810c5 [CANDIDATE]: Term 3 pre-election: Election decided. Result: candidate lost. Election summary: received 3 responses out of 3 voters: 1 yes votes; 2 no votes. yes voters: f5e31f40e41345a79e7aa399729810c5; no voters: 4f271c77fd50496698c6500ab804f40b, 82026ae552af44058f60d1df1809f7c3
I20260709 13:15:18.110010 13260 raft_consensus.cc:2749] T 6015ac12b4394ce5849d1be2edb0dee3 P f5e31f40e41345a79e7aa399729810c5 [term 2 FOLLOWER]: Leader pre-election lost for term 3. Reason: could not achieve majority
I20260709 13:15:18.153019 13260 raft_consensus.cc:493] T 077e4a3cb5be42558514264357464304 P f5e31f40e41345a79e7aa399729810c5 [term 4 FOLLOWER]: Starting pre-election (detected failure of leader 4f271c77fd50496698c6500ab804f40b)
I20260709 13:15:18.153515 13260 raft_consensus.cc:515] T 077e4a3cb5be42558514264357464304 P f5e31f40e41345a79e7aa399729810c5 [term 4 FOLLOWER]: Starting pre-election with config: opid_index: -1 OBSOLETE_local: false peers { permanent_uuid: "4f271c77fd50496698c6500ab804f40b" member_type: VOTER last_known_addr { host: "127.12.6.129" port: 45123 } } peers { permanent_uuid: "82026ae552af44058f60d1df1809f7c3" member_type: VOTER last_known_addr { host: "127.12.6.130" port: 38575 } } peers { permanent_uuid: "f5e31f40e41345a79e7aa399729810c5" member_type: VOTER last_known_addr { host: "127.12.6.131" port: 36059 } }
I20260709 13:15:18.155364 13260 leader_election.cc:290] T 077e4a3cb5be42558514264357464304 P f5e31f40e41345a79e7aa399729810c5 [CANDIDATE]: Term 5 pre-election: Requested pre-vote from peers 4f271c77fd50496698c6500ab804f40b (127.12.6.129:45123), 82026ae552af44058f60d1df1809f7c3 (127.12.6.130:38575)
W20260709 13:15:18.159181 13048 leader_election.cc:336] T 077e4a3cb5be42558514264357464304 P f5e31f40e41345a79e7aa399729810c5 [CANDIDATE]: Term 5 pre-election: RPC error from VoteRequest() call to peer 4f271c77fd50496698c6500ab804f40b (127.12.6.129:45123): Network error: Client connection negotiation failed: client connection to 127.12.6.129:45123: connect: Connection refused (error 111)
W20260709 13:15:18.159951 13048 leader_election.cc:336] T 077e4a3cb5be42558514264357464304 P f5e31f40e41345a79e7aa399729810c5 [CANDIDATE]: Term 5 pre-election: RPC error from VoteRequest() call to peer 82026ae552af44058f60d1df1809f7c3 (127.12.6.130:38575): Network error: Client connection negotiation failed: client connection to 127.12.6.130:38575: connect: Connection refused (error 111)
I20260709 13:15:18.160284 13048 leader_election.cc:304] T 077e4a3cb5be42558514264357464304 P f5e31f40e41345a79e7aa399729810c5 [CANDIDATE]: Term 5 pre-election: Election decided. Result: candidate lost. Election summary: received 3 responses out of 3 voters: 1 yes votes; 2 no votes. yes voters: f5e31f40e41345a79e7aa399729810c5; no voters: 4f271c77fd50496698c6500ab804f40b, 82026ae552af44058f60d1df1809f7c3
I20260709 13:15:18.160880 13260 raft_consensus.cc:2749] T 077e4a3cb5be42558514264357464304 P f5e31f40e41345a79e7aa399729810c5 [term 4 FOLLOWER]: Leader pre-election lost for term 5. Reason: could not achieve majority
W20260709 13:15:18.161384 12314 thread.cc:527] Waited for 1000ms trying to join with diag-logger (tid 13030)
I20260709 13:15:18.217691 13260 raft_consensus.cc:493] T e58e0f5664584e84b627743336a07a16 P f5e31f40e41345a79e7aa399729810c5 [term 4 FOLLOWER]: Starting pre-election (detected failure of leader 4f271c77fd50496698c6500ab804f40b)
I20260709 13:15:18.218200 13260 raft_consensus.cc:515] T e58e0f5664584e84b627743336a07a16 P f5e31f40e41345a79e7aa399729810c5 [term 4 FOLLOWER]: Starting pre-election with config: opid_index: -1 OBSOLETE_local: false peers { permanent_uuid: "4f271c77fd50496698c6500ab804f40b" member_type: VOTER last_known_addr { host: "127.12.6.129" port: 45123 } } peers { permanent_uuid: "82026ae552af44058f60d1df1809f7c3" member_type: VOTER last_known_addr { host: "127.12.6.130" port: 38575 } } peers { permanent_uuid: "f5e31f40e41345a79e7aa399729810c5" member_type: VOTER last_known_addr { host: "127.12.6.131" port: 36059 } }
I20260709 13:15:18.220082 13260 leader_election.cc:290] T e58e0f5664584e84b627743336a07a16 P f5e31f40e41345a79e7aa399729810c5 [CANDIDATE]: Term 5 pre-election: Requested pre-vote from peers 4f271c77fd50496698c6500ab804f40b (127.12.6.129:45123), 82026ae552af44058f60d1df1809f7c3 (127.12.6.130:38575)
W20260709 13:15:18.223968 13048 leader_election.cc:336] T e58e0f5664584e84b627743336a07a16 P f5e31f40e41345a79e7aa399729810c5 [CANDIDATE]: Term 5 pre-election: RPC error from VoteRequest() call to peer 4f271c77fd50496698c6500ab804f40b (127.12.6.129:45123): Network error: Client connection negotiation failed: client connection to 127.12.6.129:45123: connect: Connection refused (error 111)
W20260709 13:15:18.224713 13048 leader_election.cc:336] T e58e0f5664584e84b627743336a07a16 P f5e31f40e41345a79e7aa399729810c5 [CANDIDATE]: Term 5 pre-election: RPC error from VoteRequest() call to peer 82026ae552af44058f60d1df1809f7c3 (127.12.6.130:38575): Network error: Client connection negotiation failed: client connection to 127.12.6.130:38575: connect: Connection refused (error 111)
