I20260709 13:15:14.624948  7638 ts_tablet_manager.cc:1434] T 33e35d19cc14440d82e86caadac82a8d P 835bd2a1d8b8462db0c22b13d617ab63: Time spent starting tablet: real 0.006s	user 0.003s	sys 0.000s
I20260709 13:15:14.625572  7663 raft_consensus.cc:493] T f7e2b8d093f64e2380b13911f8e1f799 P 835bd2a1d8b8462db0c22b13d617ab63 [term 1 FOLLOWER]: Starting pre-election (no leader contacted us within the election timeout)
I20260709 13:15:14.626032  7663 raft_consensus.cc:515] T f7e2b8d093f64e2380b13911f8e1f799 P 835bd2a1d8b8462db0c22b13d617ab63 [term 1 FOLLOWER]: Starting pre-election with config: opid_index: -1 OBSOLETE_local: false peers { permanent_uuid: "4e5e1bed58794d0a941edf9eeaaaf9a4" member_type: VOTER last_known_addr { host: "127.6.48.129" port: 33621 } } peers { permanent_uuid: "835bd2a1d8b8462db0c22b13d617ab63" member_type: VOTER last_known_addr { host: "127.6.48.130" port: 44815 } } peers { permanent_uuid: "be61cc0320074b498ce61dd58f3ecbd5" member_type: VOTER last_known_addr { host: "127.6.48.131" port: 39517 } }
I20260709 13:15:14.629663  7640 tablet_bootstrap.cc:654] T 0810cc322d5b45b6a7e436c8755dc316 P be61cc0320074b498ce61dd58f3ecbd5: Neither blocks nor log segments found. Creating new log.
I20260709 13:15:14.630880  7597 tablet_service.cc:1917] Received RequestConsensusVote() RPC: tablet_id: "f7e2b8d093f64e2380b13911f8e1f799" candidate_uuid: "835bd2a1d8b8462db0c22b13d617ab63" candidate_term: 2 candidate_status { last_received { term: 0 index: 0 } } ignore_live_leader: false dest_uuid: "be61cc0320074b498ce61dd58f3ecbd5" is_pre_election: true
I20260709 13:15:14.632089  7663 leader_election.cc:290] T f7e2b8d093f64e2380b13911f8e1f799 P 835bd2a1d8b8462db0c22b13d617ab63 [CANDIDATE]: Term 2 pre-election: Requested pre-vote from peers 4e5e1bed58794d0a941edf9eeaaaf9a4 (127.6.48.129:33621), be61cc0320074b498ce61dd58f3ecbd5 (127.6.48.131:39517)
I20260709 13:15:14.633354  7449 tablet_service.cc:1917] Received RequestConsensusVote() RPC: tablet_id: "f7e2b8d093f64e2380b13911f8e1f799" candidate_uuid: "835bd2a1d8b8462db0c22b13d617ab63" candidate_term: 2 candidate_status { last_received { term: 0 index: 0 } } ignore_live_leader: false dest_uuid: "4e5e1bed58794d0a941edf9eeaaaf9a4" is_pre_election: true
I20260709 13:15:14.634125  7449 raft_consensus.cc:2468] T f7e2b8d093f64e2380b13911f8e1f799 P 4e5e1bed58794d0a941edf9eeaaaf9a4 [term 1 FOLLOWER]: Leader pre-election vote request: Granting yes vote for candidate 835bd2a1d8b8462db0c22b13d617ab63 in term 1.
I20260709 13:15:14.635669  7487 leader_election.cc:304] T f7e2b8d093f64e2380b13911f8e1f799 P 835bd2a1d8b8462db0c22b13d617ab63 [CANDIDATE]: Term 2 pre-election: Election decided. Result: candidate won. Election summary: received 3 responses out of 3 voters: 2 yes votes; 1 no votes. yes voters: 4e5e1bed58794d0a941edf9eeaaaf9a4, 835bd2a1d8b8462db0c22b13d617ab63; no voters: be61cc0320074b498ce61dd58f3ecbd5
I20260709 13:15:14.636241  7524 raft_consensus.cc:2468] T a8e60433620e4340b551af726be65279 P 835bd2a1d8b8462db0c22b13d617ab63 [term 1 FOLLOWER]: Leader election vote request: Granting yes vote for candidate be61cc0320074b498ce61dd58f3ecbd5 in term 1.
I20260709 13:15:14.637420  7561 leader_election.cc:304] T a8e60433620e4340b551af726be65279 P be61cc0320074b498ce61dd58f3ecbd5 [CANDIDATE]: Term 1 election: Election decided. Result: candidate won. Election summary: received 3 responses out of 3 voters: 2 yes votes; 1 no votes. yes voters: 835bd2a1d8b8462db0c22b13d617ab63, be61cc0320074b498ce61dd58f3ecbd5; no voters: 4e5e1bed58794d0a941edf9eeaaaf9a4
I20260709 13:15:14.638236  7644 consensus_queue.cc:1048] T f7e2b8d093f64e2380b13911f8e1f799 P be61cc0320074b498ce61dd58f3ecbd5 [LEADER]: Connected to new peer: Peer: permanent_uuid: "835bd2a1d8b8462db0c22b13d617ab63" member_type: VOTER last_known_addr { host: "127.6.48.130" port: 44815 }, Status: LMP_MISMATCH, Last received: 0.0, Next index: 1, Last known committed idx: 0, Time since last communication: 0.001s
I20260709 13:15:14.639961  7644 raft_consensus.cc:2804] T a8e60433620e4340b551af726be65279 P be61cc0320074b498ce61dd58f3ecbd5 [term 1 FOLLOWER]: Leader election won for term 1
I20260709 13:15:14.641413  7638 tablet_bootstrap.cc:492] T 17afef61605d41abbf631b3ef5fc6026 P 835bd2a1d8b8462db0c22b13d617ab63: Bootstrap starting.
I20260709 13:15:14.640599  7644 raft_consensus.cc:697] T a8e60433620e4340b551af726be65279 P be61cc0320074b498ce61dd58f3ecbd5 [term 1 LEADER]: Becoming Leader. State: Replica: be61cc0320074b498ce61dd58f3ecbd5, State: Running, Role: LEADER
I20260709 13:15:14.643291  7644 consensus_queue.cc:237] T a8e60433620e4340b551af726be65279 P be61cc0320074b498ce61dd58f3ecbd5 [LEADER]: Queue going to LEADER mode. State: All replicated index: 0, Majority replicated index: 0, Committed index: 0, Last appended: 0.0, Last appended by leader: 0, Current term: 1, Majority size: 2, State: 0, Mode: LEADER, active raft config: opid_index: -1 OBSOLETE_local: false peers { permanent_uuid: "4e5e1bed58794d0a941edf9eeaaaf9a4" member_type: VOTER last_known_addr { host: "127.6.48.129" port: 33621 } } peers { permanent_uuid: "835bd2a1d8b8462db0c22b13d617ab63" member_type: VOTER last_known_addr { host: "127.6.48.130" port: 44815 } } peers { permanent_uuid: "be61cc0320074b498ce61dd58f3ecbd5" member_type: VOTER last_known_addr { host: "127.6.48.131" port: 39517 } }
I20260709 13:15:14.648752  7638 tablet_bootstrap.cc:654] T 17afef61605d41abbf631b3ef5fc6026 P 835bd2a1d8b8462db0c22b13d617ab63: Neither blocks nor log segments found. Creating new log.
I20260709 13:15:14.649384  7449 tablet_service.cc:1917] Received RequestConsensusVote() RPC: tablet_id: "33e35d19cc14440d82e86caadac82a8d" candidate_uuid: "be61cc0320074b498ce61dd58f3ecbd5" candidate_term: 1 candidate_status { last_received { term: 0 index: 0 } } ignore_live_leader: false dest_uuid: "4e5e1bed58794d0a941edf9eeaaaf9a4" is_pre_election: true
I20260709 13:15:14.649999  7522 tablet_service.cc:1917] Received RequestConsensusVote() RPC: tablet_id: "33e35d19cc14440d82e86caadac82a8d" candidate_uuid: "be61cc0320074b498ce61dd58f3ecbd5" candidate_term: 1 candidate_status { last_received { term: 0 index: 0 } } ignore_live_leader: false dest_uuid: "835bd2a1d8b8462db0c22b13d617ab63" is_pre_election: true
I20260709 13:15:14.650718  7522 raft_consensus.cc:2468] T 33e35d19cc14440d82e86caadac82a8d P 835bd2a1d8b8462db0c22b13d617ab63 [term 0 FOLLOWER]: Leader pre-election vote request: Granting yes vote for candidate be61cc0320074b498ce61dd58f3ecbd5 in term 0.
W20260709 13:15:14.651275  7561 leader_election.cc:343] T 33e35d19cc14440d82e86caadac82a8d P be61cc0320074b498ce61dd58f3ecbd5 [CANDIDATE]: Term 1 pre-election: Tablet error from VoteRequest() call to peer 4e5e1bed58794d0a941edf9eeaaaf9a4 (127.6.48.129:33621): Illegal state: must be running to vote when last-logged opid is not known
I20260709 13:15:14.652336  7561 leader_election.cc:304] T 33e35d19cc14440d82e86caadac82a8d P be61cc0320074b498ce61dd58f3ecbd5 [CANDIDATE]: Term 1 pre-election: Election decided. Result: candidate won. Election summary: received 3 responses out of 3 voters: 2 yes votes; 1 no votes. yes voters: 835bd2a1d8b8462db0c22b13d617ab63, be61cc0320074b498ce61dd58f3ecbd5; no voters: 4e5e1bed58794d0a941edf9eeaaaf9a4
I20260709 13:15:14.653344  7687 raft_consensus.cc:2804] T 33e35d19cc14440d82e86caadac82a8d P be61cc0320074b498ce61dd58f3ecbd5 [term 0 FOLLOWER]: Leader pre-election won for term 1
I20260709 13:15:14.653788  7687 raft_consensus.cc:493] T 33e35d19cc14440d82e86caadac82a8d P be61cc0320074b498ce61dd58f3ecbd5 [term 0 FOLLOWER]: Starting leader election (no leader contacted us within the election timeout)
I20260709 13:15:14.654227  7687 raft_consensus.cc:3060] T 33e35d19cc14440d82e86caadac82a8d P be61cc0320074b498ce61dd58f3ecbd5 [term 0 FOLLOWER]: Advancing to term 1
I20260709 13:15:14.654383  7688 leader_election.cc:290] T 33e35d19cc14440d82e86caadac82a8d P be61cc0320074b498ce61dd58f3ecbd5 [CANDIDATE]: Term 1 pre-election: Requested pre-vote from peers 4e5e1bed58794d0a941edf9eeaaaf9a4 (127.6.48.129:33621), 835bd2a1d8b8462db0c22b13d617ab63 (127.6.48.130:44815)
I20260709 13:15:14.661464  7700 consensus_queue.cc:1048] T fce6faa515cb4fbe9705f07cb1528204 P 4e5e1bed58794d0a941edf9eeaaaf9a4 [LEADER]: Connected to new peer: Peer: permanent_uuid: "be61cc0320074b498ce61dd58f3ecbd5" member_type: VOTER last_known_addr { host: "127.6.48.131" port: 39517 }, Status: LMP_MISMATCH, Last received: 0.0, Next index: 1, Last known committed idx: 0, Time since last communication: 0.001s
I20260709 13:15:14.666648  7664 consensus_queue.cc:1048] T fce6faa515cb4fbe9705f07cb1528204 P 4e5e1bed58794d0a941edf9eeaaaf9a4 [LEADER]: Connected to new peer: Peer: permanent_uuid: "835bd2a1d8b8462db0c22b13d617ab63" member_type: VOTER last_known_addr { host: "127.6.48.130" port: 44815 }, Status: LMP_MISMATCH, Last received: 0.0, Next index: 1, Last known committed idx: 0, Time since last communication: 0.001s
I20260709 13:15:14.669801  7663 raft_consensus.cc:493] T bf793503d79f4283bc2f06c5dd2fa9fa P 835bd2a1d8b8462db0c22b13d617ab63 [term 0 FOLLOWER]: Starting pre-election (no leader contacted us within the election timeout)
I20260709 13:15:14.670292  7687 raft_consensus.cc:515] T 33e35d19cc14440d82e86caadac82a8d P be61cc0320074b498ce61dd58f3ecbd5 [term 1 FOLLOWER]: Starting leader election with config: opid_index: -1 OBSOLETE_local: false peers { permanent_uuid: "4e5e1bed58794d0a941edf9eeaaaf9a4" member_type: VOTER last_known_addr { host: "127.6.48.129" port: 33621 } } peers { permanent_uuid: "835bd2a1d8b8462db0c22b13d617ab63" member_type: VOTER last_known_addr { host: "127.6.48.130" port: 44815 } } peers { permanent_uuid: "be61cc0320074b498ce61dd58f3ecbd5" member_type: VOTER last_known_addr { host: "127.6.48.131" port: 39517 } }
I20260709 13:15:14.670470  7663 raft_consensus.cc:515] T bf793503d79f4283bc2f06c5dd2fa9fa P 835bd2a1d8b8462db0c22b13d617ab63 [term 0 FOLLOWER]: Starting pre-election with config: opid_index: -1 OBSOLETE_local: false peers { permanent_uuid: "4e5e1bed58794d0a941edf9eeaaaf9a4" member_type: VOTER last_known_addr { host: "127.6.48.129" port: 33621 } } peers { permanent_uuid: "835bd2a1d8b8462db0c22b13d617ab63" member_type: VOTER last_known_addr { host: "127.6.48.130" port: 44815 } } peers { permanent_uuid: "be61cc0320074b498ce61dd58f3ecbd5" member_type: VOTER last_known_addr { host: "127.6.48.131" port: 39517 } }
I20260709 13:15:14.680351  7449 tablet_service.cc:1917] Received RequestConsensusVote() RPC: tablet_id: "bf793503d79f4283bc2f06c5dd2fa9fa" candidate_uuid: "835bd2a1d8b8462db0c22b13d617ab63" candidate_term: 1 candidate_status { last_received { term: 0 index: 0 } } ignore_live_leader: false dest_uuid: "4e5e1bed58794d0a941edf9eeaaaf9a4" is_pre_election: true
I20260709 13:15:14.681177  7449 raft_consensus.cc:2393] T bf793503d79f4283bc2f06c5dd2fa9fa P 4e5e1bed58794d0a941edf9eeaaaf9a4 [term 1 FOLLOWER]: Leader pre-election vote request: Denying vote to candidate 835bd2a1d8b8462db0c22b13d617ab63 in current term 1: Already voted for candidate be61cc0320074b498ce61dd58f3ecbd5 in this term.
I20260709 13:15:14.671375  7651 raft_consensus.cc:493] T 4a5dfebd6adf4655a9993a0472238b2b P 4e5e1bed58794d0a941edf9eeaaaf9a4 [term 0 FOLLOWER]: Starting pre-election (no leader contacted us within the election timeout)
I20260709 13:15:14.674896  7725 raft_consensus.cc:493] T 0ae1b7f1cc6d4028922bac72c8aa10f5 P 835bd2a1d8b8462db0c22b13d617ab63 [term 0 FOLLOWER]: Starting pre-election (no leader contacted us within the election timeout)
I20260709 13:15:14.682657  7651 raft_consensus.cc:515] T 4a5dfebd6adf4655a9993a0472238b2b P 4e5e1bed58794d0a941edf9eeaaaf9a4 [term 0 FOLLOWER]: Starting pre-election with config: opid_index: -1 OBSOLETE_local: false peers { permanent_uuid: "4e5e1bed58794d0a941edf9eeaaaf9a4" member_type: VOTER last_known_addr { host: "127.6.48.129" port: 33621 } } peers { permanent_uuid: "835bd2a1d8b8462db0c22b13d617ab63" member_type: VOTER last_known_addr { host: "127.6.48.130" port: 44815 } } peers { permanent_uuid: "be61cc0320074b498ce61dd58f3ecbd5" member_type: VOTER last_known_addr { host: "127.6.48.131" port: 39517 } }
I20260709 13:15:14.682754  7725 raft_consensus.cc:515] T 0ae1b7f1cc6d4028922bac72c8aa10f5 P 835bd2a1d8b8462db0c22b13d617ab63 [term 0 FOLLOWER]: Starting pre-election with config: opid_index: -1 OBSOLETE_local: false peers { permanent_uuid: "4e5e1bed58794d0a941edf9eeaaaf9a4" member_type: VOTER last_known_addr { host: "127.6.48.129" port: 33621 } } peers { permanent_uuid: "835bd2a1d8b8462db0c22b13d617ab63" member_type: VOTER last_known_addr { host: "127.6.48.130" port: 44815 } } peers { permanent_uuid: "be61cc0320074b498ce61dd58f3ecbd5" member_type: VOTER last_known_addr { host: "127.6.48.131" port: 39517 } }
I20260709 13:15:14.685775  7725 leader_election.cc:290] T 0ae1b7f1cc6d4028922bac72c8aa10f5 P 835bd2a1d8b8462db0c22b13d617ab63 [CANDIDATE]: Term 1 pre-election: Requested pre-vote from peers 4e5e1bed58794d0a941edf9eeaaaf9a4 (127.6.48.129:33621), be61cc0320074b498ce61dd58f3ecbd5 (127.6.48.131:39517)
I20260709 13:15:14.685640  7344 catalog_manager.cc:5697] T a8e60433620e4340b551af726be65279 P be61cc0320074b498ce61dd58f3ecbd5 reported cstate change: term changed from 0 to 1, leader changed from <none> to be61cc0320074b498ce61dd58f3ecbd5 (127.6.48.131). New cstate: current_term: 1 leader_uuid: "be61cc0320074b498ce61dd58f3ecbd5" committed_config { opid_index: -1 OBSOLETE_local: false peers { permanent_uuid: "4e5e1bed58794d0a941edf9eeaaaf9a4" member_type: VOTER last_known_addr { host: "127.6.48.129" port: 33621 } health_report { overall_health: UNKNOWN } } peers { permanent_uuid: "835bd2a1d8b8462db0c22b13d617ab63" member_type: VOTER last_known_addr { host: "127.6.48.130" port: 44815 } health_report { overall_health: UNKNOWN } } peers { permanent_uuid: "be61cc0320074b498ce61dd58f3ecbd5" member_type: VOTER last_known_addr { host: "127.6.48.131" port: 39517 } health_report { overall_health: HEALTHY } } }
I20260709 13:15:14.686630  7449 tablet_service.cc:1917] Received RequestConsensusVote() RPC: tablet_id: "0ae1b7f1cc6d4028922bac72c8aa10f5" candidate_uuid: "835bd2a1d8b8462db0c22b13d617ab63" candidate_term: 1 candidate_status { last_received { term: 0 index: 0 } } ignore_live_leader: false dest_uuid: "4e5e1bed58794d0a941edf9eeaaaf9a4" is_pre_election: true
I20260709 13:15:14.687544  7522 tablet_service.cc:1917] Received RequestConsensusVote() RPC: tablet_id: "4a5dfebd6adf4655a9993a0472238b2b" candidate_uuid: "4e5e1bed58794d0a941edf9eeaaaf9a4" candidate_term: 1 candidate_status { last_received { term: 0 index: 0 } } ignore_live_leader: false dest_uuid: "835bd2a1d8b8462db0c22b13d617ab63" is_pre_election: true
W20260709 13:15:14.688668  7487 leader_election.cc:343] T 0ae1b7f1cc6d4028922bac72c8aa10f5 P 835bd2a1d8b8462db0c22b13d617ab63 [CANDIDATE]: Term 1 pre-election: Tablet error from VoteRequest() call to peer 4e5e1bed58794d0a941edf9eeaaaf9a4 (127.6.48.129:33621): Illegal state: must be running to vote when last-logged opid is not known
I20260709 13:15:14.690590  7651 leader_election.cc:290] T 4a5dfebd6adf4655a9993a0472238b2b P 4e5e1bed58794d0a941edf9eeaaaf9a4 [CANDIDATE]: Term 1 pre-election: Requested pre-vote from peers 835bd2a1d8b8462db0c22b13d617ab63 (127.6.48.130:44815), be61cc0320074b498ce61dd58f3ecbd5 (127.6.48.131:39517)
I20260709 13:15:14.692198  7663 leader_election.cc:290] T bf793503d79f4283bc2f06c5dd2fa9fa P 835bd2a1d8b8462db0c22b13d617ab63 [CANDIDATE]: Term 1 pre-election: Requested pre-vote from peers 4e5e1bed58794d0a941edf9eeaaaf9a4 (127.6.48.129:33621), be61cc0320074b498ce61dd58f3ecbd5 (127.6.48.131:39517)
I20260709 13:15:14.694525  7598 tablet_service.cc:1917] Received RequestConsensusVote() RPC: tablet_id: "4a5dfebd6adf4655a9993a0472238b2b" candidate_uuid: "4e5e1bed58794d0a941edf9eeaaaf9a4" candidate_term: 1 candidate_status { last_received { term: 0 index: 0 } } ignore_live_leader: false dest_uuid: "be61cc0320074b498ce61dd58f3ecbd5" is_pre_election: true
I20260709 13:15:14.695559  7449 tablet_service.cc:1917] Received RequestConsensusVote() RPC: tablet_id: "33e35d19cc14440d82e86caadac82a8d" candidate_uuid: "be61cc0320074b498ce61dd58f3ecbd5" candidate_term: 1 candidate_status { last_received { term: 0 index: 0 } } ignore_live_leader: false dest_uuid: "4e5e1bed58794d0a941edf9eeaaaf9a4"
I20260709 13:15:14.697077  7522 tablet_service.cc:1917] Received RequestConsensusVote() RPC: tablet_id: "33e35d19cc14440d82e86caadac82a8d" candidate_uuid: "be61cc0320074b498ce61dd58f3ecbd5" candidate_term: 1 candidate_status { last_received { term: 0 index: 0 } } ignore_live_leader: false dest_uuid: "835bd2a1d8b8462db0c22b13d617ab63"
I20260709 13:15:14.697803  7522 raft_consensus.cc:3060] T 33e35d19cc14440d82e86caadac82a8d P 835bd2a1d8b8462db0c22b13d617ab63 [term 0 FOLLOWER]: Advancing to term 1
W20260709 13:15:14.697904  7561 leader_election.cc:343] T 33e35d19cc14440d82e86caadac82a8d P be61cc0320074b498ce61dd58f3ecbd5 [CANDIDATE]: Term 1 election: Tablet error from VoteRequest() call to peer 4e5e1bed58794d0a941edf9eeaaaf9a4 (127.6.48.129:33621): Illegal state: must be running to vote when last-logged opid is not known
I20260709 13:15:14.705063  7687 leader_election.cc:290] T 33e35d19cc14440d82e86caadac82a8d P be61cc0320074b498ce61dd58f3ecbd5 [CANDIDATE]: Term 1 election: Requested vote from peers 4e5e1bed58794d0a941edf9eeaaaf9a4 (127.6.48.129:33621), 835bd2a1d8b8462db0c22b13d617ab63 (127.6.48.130:44815)
I20260709 13:15:14.707320  7597 tablet_service.cc:1917] Received RequestConsensusVote() RPC: tablet_id: "0ae1b7f1cc6d4028922bac72c8aa10f5" candidate_uuid: "835bd2a1d8b8462db0c22b13d617ab63" candidate_term: 1 candidate_status { last_received { term: 0 index: 0 } } ignore_live_leader: false dest_uuid: "be61cc0320074b498ce61dd58f3ecbd5" is_pre_election: true
I20260709 13:15:14.708057  7597 raft_consensus.cc:2468] T 0ae1b7f1cc6d4028922bac72c8aa10f5 P be61cc0320074b498ce61dd58f3ecbd5 [term 0 FOLLOWER]: Leader pre-election vote request: Granting yes vote for candidate 835bd2a1d8b8462db0c22b13d617ab63 in term 0.
I20260709 13:15:14.709923  7522 raft_consensus.cc:2468] T 33e35d19cc14440d82e86caadac82a8d P 835bd2a1d8b8462db0c22b13d617ab63 [term 1 FOLLOWER]: Leader election vote request: Granting yes vote for candidate be61cc0320074b498ce61dd58f3ecbd5 in term 1.
I20260709 13:15:14.710216  7597 tablet_service.cc:1917] Received RequestConsensusVote() RPC: tablet_id: "bf793503d79f4283bc2f06c5dd2fa9fa" candidate_uuid: "835bd2a1d8b8462db0c22b13d617ab63" candidate_term: 1 candidate_status { last_received { term: 0 index: 0 } } ignore_live_leader: false dest_uuid: "be61cc0320074b498ce61dd58f3ecbd5" is_pre_election: true
I20260709 13:15:14.710922  7643 raft_consensus.cc:2804] T f7e2b8d093f64e2380b13911f8e1f799 P 835bd2a1d8b8462db0c22b13d617ab63 [term 1 FOLLOWER]: Leader pre-election won for term 2
I20260709 13:15:14.712064  7643 raft_consensus.cc:493] T f7e2b8d093f64e2380b13911f8e1f799 P 835bd2a1d8b8462db0c22b13d617ab63 [term 1 FOLLOWER]: Starting leader election (detected failure of leader be61cc0320074b498ce61dd58f3ecbd5)
I20260709 13:15:14.712527  7643 raft_consensus.cc:3060] T f7e2b8d093f64e2380b13911f8e1f799 P 835bd2a1d8b8462db0c22b13d617ab63 [term 1 FOLLOWER]: Advancing to term 2
I20260709 13:15:14.715528  7640 tablet_bootstrap.cc:492] T 0810cc322d5b45b6a7e436c8755dc316 P be61cc0320074b498ce61dd58f3ecbd5: No bootstrap required, opened a new log
I20260709 13:15:14.716109  7640 ts_tablet_manager.cc:1403] T 0810cc322d5b45b6a7e436c8755dc316 P be61cc0320074b498ce61dd58f3ecbd5: Time spent bootstrapping tablet: real 0.175s	user 0.012s	sys 0.000s
I20260709 13:15:14.716609  7488 leader_election.cc:304] T 0ae1b7f1cc6d4028922bac72c8aa10f5 P 835bd2a1d8b8462db0c22b13d617ab63 [CANDIDATE]: Term 1 pre-election: Election decided. Result: candidate won. Election summary: received 3 responses out of 3 voters: 2 yes votes; 1 no votes. yes voters: 835bd2a1d8b8462db0c22b13d617ab63, be61cc0320074b498ce61dd58f3ecbd5; no voters: 4e5e1bed58794d0a941edf9eeaaaf9a4
I20260709 13:15:14.717643  7561 leader_election.cc:304] T 33e35d19cc14440d82e86caadac82a8d P be61cc0320074b498ce61dd58f3ecbd5 [CANDIDATE]: Term 1 election: Election decided. Result: candidate won. Election summary: received 3 responses out of 3 voters: 2 yes votes; 1 no votes. yes voters: 835bd2a1d8b8462db0c22b13d617ab63, be61cc0320074b498ce61dd58f3ecbd5; no voters: 4e5e1bed58794d0a941edf9eeaaaf9a4
I20260709 13:15:14.717962  7488 leader_election.cc:304] T bf793503d79f4283bc2f06c5dd2fa9fa P 835bd2a1d8b8462db0c22b13d617ab63 [CANDIDATE]: Term 1 pre-election: Election decided. Result: candidate lost. Election summary: received 3 responses out of 3 voters: 1 yes votes; 2 no votes. yes voters: 835bd2a1d8b8462db0c22b13d617ab63; no voters: 4e5e1bed58794d0a941edf9eeaaaf9a4, be61cc0320074b498ce61dd58f3ecbd5
I20260709 13:15:14.718538  7644 raft_consensus.cc:493] T 17afef61605d41abbf631b3ef5fc6026 P be61cc0320074b498ce61dd58f3ecbd5 [term 0 FOLLOWER]: Starting pre-election (no leader contacted us within the election timeout)
I20260709 13:15:14.719164  7644 raft_consensus.cc:515] T 17afef61605d41abbf631b3ef5fc6026 P be61cc0320074b498ce61dd58f3ecbd5 [term 0 FOLLOWER]: Starting pre-election with config: opid_index: -1 OBSOLETE_local: false peers { permanent_uuid: "4e5e1bed58794d0a941edf9eeaaaf9a4" member_type: VOTER last_known_addr { host: "127.6.48.129" port: 33621 } } peers { permanent_uuid: "835bd2a1d8b8462db0c22b13d617ab63" member_type: VOTER last_known_addr { host: "127.6.48.130" port: 44815 } } peers { permanent_uuid: "be61cc0320074b498ce61dd58f3ecbd5" member_type: VOTER last_known_addr { host: "127.6.48.131" port: 39517 } }
I20260709 13:15:14.722004  7644 leader_election.cc:290] T 17afef61605d41abbf631b3ef5fc6026 P be61cc0320074b498ce61dd58f3ecbd5 [CANDIDATE]: Term 1 pre-election: Requested pre-vote from peers 4e5e1bed58794d0a941edf9eeaaaf9a4 (127.6.48.129:33621), 835bd2a1d8b8462db0c22b13d617ab63 (127.6.48.130:44815)
I20260709 13:15:14.722693  7663 raft_consensus.cc:3060] T bf793503d79f4283bc2f06c5dd2fa9fa P 835bd2a1d8b8462db0c22b13d617ab63 [term 0 FOLLOWER]: Advancing to term 1
I20260709 13:15:14.726902  7643 raft_consensus.cc:515] T f7e2b8d093f64e2380b13911f8e1f799 P 835bd2a1d8b8462db0c22b13d617ab63 [term 2 FOLLOWER]: Starting leader election with config: opid_index: -1 OBSOLETE_local: false peers { permanent_uuid: "4e5e1bed58794d0a941edf9eeaaaf9a4" member_type: VOTER last_known_addr { host: "127.6.48.129" port: 33621 } } peers { permanent_uuid: "835bd2a1d8b8462db0c22b13d617ab63" member_type: VOTER last_known_addr { host: "127.6.48.130" port: 44815 } } peers { permanent_uuid: "be61cc0320074b498ce61dd58f3ecbd5" member_type: VOTER last_known_addr { host: "127.6.48.131" port: 39517 } }
I20260709 13:15:14.731225  7522 tablet_service.cc:1917] Received RequestConsensusVote() RPC: tablet_id: "17afef61605d41abbf631b3ef5fc6026" candidate_uuid: "be61cc0320074b498ce61dd58f3ecbd5" candidate_term: 1 candidate_status { last_received { term: 0 index: 0 } } ignore_live_leader: false dest_uuid: "835bd2a1d8b8462db0c22b13d617ab63" is_pre_election: true
I20260709 13:15:14.733489  7449 tablet_service.cc:1917] Received RequestConsensusVote() RPC: tablet_id: "17afef61605d41abbf631b3ef5fc6026" candidate_uuid: "be61cc0320074b498ce61dd58f3ecbd5" candidate_term: 1 candidate_status { last_received { term: 0 index: 0 } } ignore_live_leader: false dest_uuid: "4e5e1bed58794d0a941edf9eeaaaf9a4" is_pre_election: true
I20260709 13:15:14.717684  7723 raft_consensus.cc:2804] T 0ae1b7f1cc6d4028922bac72c8aa10f5 P 835bd2a1d8b8462db0c22b13d617ab63 [term 0 FOLLOWER]: Leader pre-election won for term 1
I20260709 13:15:14.719121  7687 raft_consensus.cc:2804] T 33e35d19cc14440d82e86caadac82a8d P be61cc0320074b498ce61dd58f3ecbd5 [term 1 FOLLOWER]: Leader election won for term 1
I20260709 13:15:14.735275  7687 raft_consensus.cc:697] T 33e35d19cc14440d82e86caadac82a8d P be61cc0320074b498ce61dd58f3ecbd5 [term 1 LEADER]: Becoming Leader. State: Replica: be61cc0320074b498ce61dd58f3ecbd5, State: Running, Role: LEADER
I20260709 13:15:14.735818  7413 leader_election.cc:304] T 4a5dfebd6adf4655a9993a0472238b2b P 4e5e1bed58794d0a941edf9eeaaaf9a4 [CANDIDATE]: Term 1 pre-election: Election decided. Result: candidate lost. Election summary: received 3 responses out of 3 voters: 1 yes votes; 2 no votes. yes voters: 4e5e1bed58794d0a941edf9eeaaaf9a4; no voters: 835bd2a1d8b8462db0c22b13d617ab63, be61cc0320074b498ce61dd58f3ecbd5
I20260709 13:15:14.737035  7651 raft_consensus.cc:2749] T 4a5dfebd6adf4655a9993a0472238b2b P 4e5e1bed58794d0a941edf9eeaaaf9a4 [term 0 FOLLOWER]: Leader pre-election lost for term 1. Reason: could not achieve majority
I20260709 13:15:14.736394  7687 consensus_queue.cc:237] T 33e35d19cc14440d82e86caadac82a8d P be61cc0320074b498ce61dd58f3ecbd5 [LEADER]: Queue going to LEADER mode. State: All replicated index: 0, Majority replicated index: 0, Committed index: 0, Last appended: 0.0, Last appended by leader: 0, Current term: 1, Majority size: 2, State: 0, Mode: LEADER, active raft config: opid_index: -1 OBSOLETE_local: false peers { permanent_uuid: "4e5e1bed58794d0a941edf9eeaaaf9a4" member_type: VOTER last_known_addr { host: "127.6.48.129" port: 33621 } } peers { permanent_uuid: "835bd2a1d8b8462db0c22b13d617ab63" member_type: VOTER last_known_addr { host: "127.6.48.130" port: 44815 } } peers { permanent_uuid: "be61cc0320074b498ce61dd58f3ecbd5" member_type: VOTER last_known_addr { host: "127.6.48.131" port: 39517 } }
W20260709 13:15:14.741339  7561 leader_election.cc:343] T 17afef61605d41abbf631b3ef5fc6026 P be61cc0320074b498ce61dd58f3ecbd5 [CANDIDATE]: Term 1 pre-election: Tablet error from VoteRequest() call to peer 4e5e1bed58794d0a941edf9eeaaaf9a4 (127.6.48.129:33621): Illegal state: must be running to vote when last-logged opid is not known
W20260709 13:15:14.742213  7561 leader_election.cc:343] T 17afef61605d41abbf631b3ef5fc6026 P be61cc0320074b498ce61dd58f3ecbd5 [CANDIDATE]: Term 1 pre-election: Tablet error from VoteRequest() call to peer 835bd2a1d8b8462db0c22b13d617ab63 (127.6.48.130:44815): Illegal state: must be running to vote when last-logged opid is not known
I20260709 13:15:14.742731  7561 leader_election.cc:304] T 17afef61605d41abbf631b3ef5fc6026 P be61cc0320074b498ce61dd58f3ecbd5 [CANDIDATE]: Term 1 pre-election: Election decided. Result: candidate lost. Election summary: received 3 responses out of 3 voters: 1 yes votes; 2 no votes. yes voters: be61cc0320074b498ce61dd58f3ecbd5; no voters: 4e5e1bed58794d0a941edf9eeaaaf9a4, 835bd2a1d8b8462db0c22b13d617ab63
I20260709 13:15:14.743726  7644 raft_consensus.cc:2749] T 17afef61605d41abbf631b3ef5fc6026 P be61cc0320074b498ce61dd58f3ecbd5 [term 0 FOLLOWER]: Leader pre-election lost for term 1. Reason: could not achieve majority
I20260709 13:15:14.734573  7723 raft_consensus.cc:493] T 0ae1b7f1cc6d4028922bac72c8aa10f5 P 835bd2a1d8b8462db0c22b13d617ab63 [term 0 FOLLOWER]: Starting leader election (no leader contacted us within the election timeout)
I20260709 13:15:14.745361  7723 raft_consensus.cc:3060] T 0ae1b7f1cc6d4028922bac72c8aa10f5 P 835bd2a1d8b8462db0c22b13d617ab63 [term 0 FOLLOWER]: Advancing to term 1
I20260709 13:15:14.757567  7524 raft_consensus.cc:1240] T f7e2b8d093f64e2380b13911f8e1f799 P 835bd2a1d8b8462db0c22b13d617ab63 [term 2 FOLLOWER]: Rejecting Update request from peer be61cc0320074b498ce61dd58f3ecbd5 for earlier term 1. Current term is 2. Ops: []
I20260709 13:15:14.759723  7688 consensus_queue.cc:1059] T f7e2b8d093f64e2380b13911f8e1f799 P be61cc0320074b498ce61dd58f3ecbd5 [LEADER]: Peer responded invalid term: Peer: permanent_uuid: "835bd2a1d8b8462db0c22b13d617ab63" member_type: VOTER last_known_addr { host: "127.6.48.130" port: 44815 }, Status: INVALID_TERM, Last received: 1.1, Next index: 2, Last known committed idx: 0, Time since last communication: 0.001s
I20260709 13:15:14.760751  7688 raft_consensus.cc:3055] T f7e2b8d093f64e2380b13911f8e1f799 P be61cc0320074b498ce61dd58f3ecbd5 [term 1 LEADER]: Stepping down as leader of term 1
I20260709 13:15:14.761174  7688 raft_consensus.cc:740] T f7e2b8d093f64e2380b13911f8e1f799 P be61cc0320074b498ce61dd58f3ecbd5 [term 1 LEADER]: Becoming Follower/Learner. State: Replica: be61cc0320074b498ce61dd58f3ecbd5, State: Running, Role: LEADER
I20260709 13:15:14.762362  7688 consensus_queue.cc:260] T f7e2b8d093f64e2380b13911f8e1f799 P be61cc0320074b498ce61dd58f3ecbd5 [NON_LEADER]: Queue going to NON_LEADER mode. State: All replicated index: 0, Majority replicated index: 1, Committed index: 1, Last appended: 1.1, Last appended by leader: 1, Current term: 1, Majority size: -1, State: 0, Mode: NON_LEADER, active raft config: opid_index: -1 OBSOLETE_local: false peers { permanent_uuid: "4e5e1bed58794d0a941edf9eeaaaf9a4" member_type: VOTER last_known_addr { host: "127.6.48.129" port: 33621 } } peers { permanent_uuid: "835bd2a1d8b8462db0c22b13d617ab63" member_type: VOTER last_known_addr { host: "127.6.48.130" port: 44815 } } peers { permanent_uuid: "be61cc0320074b498ce61dd58f3ecbd5" member_type: VOTER last_known_addr { host: "127.6.48.131" port: 39517 } }
I20260709 13:15:14.763741  7688 raft_consensus.cc:3060] T f7e2b8d093f64e2380b13911f8e1f799 P be61cc0320074b498ce61dd58f3ecbd5 [term 1 FOLLOWER]: Advancing to term 2
I20260709 13:15:14.751148  7640 raft_consensus.cc:359] T 0810cc322d5b45b6a7e436c8755dc316 P be61cc0320074b498ce61dd58f3ecbd5 [term 0 FOLLOWER]: Replica starting. Triggering 0 pending ops. Active config: opid_index: -1 OBSOLETE_local: false peers { permanent_uuid: "4e5e1bed58794d0a941edf9eeaaaf9a4" member_type: VOTER last_known_addr { host: "127.6.48.129" port: 33621 } } peers { permanent_uuid: "835bd2a1d8b8462db0c22b13d617ab63" member_type: VOTER last_known_addr { host: "127.6.48.130" port: 44815 } } peers { permanent_uuid: "be61cc0320074b498ce61dd58f3ecbd5" member_type: VOTER last_known_addr { host: "127.6.48.131" port: 39517 } }
I20260709 13:15:14.774165  7640 raft_consensus.cc:385] T 0810cc322d5b45b6a7e436c8755dc316 P be61cc0320074b498ce61dd58f3ecbd5 [term 0 FOLLOWER]: Consensus starting up: Expiring failure detector timer to make a prompt election more likely
I20260709 13:15:14.774567  7640 raft_consensus.cc:740] T 0810cc322d5b45b6a7e436c8755dc316 P be61cc0320074b498ce61dd58f3ecbd5 [term 0 FOLLOWER]: Becoming Follower/Learner. State: Replica: be61cc0320074b498ce61dd58f3ecbd5, State: Initialized, Role: FOLLOWER
I20260709 13:15:14.755666  7663 raft_consensus.cc:2749] T bf793503d79f4283bc2f06c5dd2fa9fa P 835bd2a1d8b8462db0c22b13d617ab63 [term 1 FOLLOWER]: Leader pre-election lost for term 1. Reason: could not achieve majority
I20260709 13:15:14.783489  7723 raft_consensus.cc:515] T 0ae1b7f1cc6d4028922bac72c8aa10f5 P 835bd2a1d8b8462db0c22b13d617ab63 [term 1 FOLLOWER]: Starting leader election with config: opid_index: -1 OBSOLETE_local: false peers { permanent_uuid: "4e5e1bed58794d0a941edf9eeaaaf9a4" member_type: VOTER last_known_addr { host: "127.6.48.129" port: 33621 } } peers { permanent_uuid: "835bd2a1d8b8462db0c22b13d617ab63" member_type: VOTER last_known_addr { host: "127.6.48.130" port: 44815 } } peers { permanent_uuid: "be61cc0320074b498ce61dd58f3ecbd5" member_type: VOTER last_known_addr { host: "127.6.48.131" port: 39517 } }
I20260709 13:15:14.775832  7640 consensus_queue.cc:260] T 0810cc322d5b45b6a7e436c8755dc316 P be61cc0320074b498ce61dd58f3ecbd5 [NON_LEADER]: Queue going to NON_LEADER mode. State: All replicated index: 0, Majority replicated index: 0, Committed index: 0, Last appended: 0.0, Last appended by leader: 0, Current term: 0, Majority size: -1, State: 0, Mode: NON_LEADER, active raft config: opid_index: -1 OBSOLETE_local: false peers { permanent_uuid: "4e5e1bed58794d0a941edf9eeaaaf9a4" member_type: VOTER last_known_addr { host: "127.6.48.129" port: 33621 } } peers { permanent_uuid: "835bd2a1d8b8462db0c22b13d617ab63" member_type: VOTER last_known_addr { host: "127.6.48.130" port: 44815 } } peers { permanent_uuid: "be61cc0320074b498ce61dd58f3ecbd5" member_type: VOTER last_known_addr { host: "127.6.48.131" port: 39517 } }
I20260709 13:15:14.785663  7687 consensus_queue.cc:1048] T bf793503d79f4283bc2f06c5dd2fa9fa P be61cc0320074b498ce61dd58f3ecbd5 [LEADER]: Connected to new peer: Peer: permanent_uuid: "835bd2a1d8b8462db0c22b13d617ab63" member_type: VOTER last_known_addr { host: "127.6.48.130" port: 44815 }, Status: LMP_MISMATCH, Last received: 0.0, Next index: 1, Last known committed idx: 0, Time since last communication: 0.000s
I20260709 13:15:14.787590  7723 leader_election.cc:290] T 0ae1b7f1cc6d4028922bac72c8aa10f5 P 835bd2a1d8b8462db0c22b13d617ab63 [CANDIDATE]: Term 1 election: Requested vote from peers 4e5e1bed58794d0a941edf9eeaaaf9a4 (127.6.48.129:33621), be61cc0320074b498ce61dd58f3ecbd5 (127.6.48.131:39517)
I20260709 13:15:14.789393  7597 tablet_service.cc:1917] Received RequestConsensusVote() RPC: tablet_id: "0ae1b7f1cc6d4028922bac72c8aa10f5" candidate_uuid: "835bd2a1d8b8462db0c22b13d617ab63" candidate_term: 1 candidate_status { last_received { term: 0 index: 0 } } ignore_live_leader: false dest_uuid: "be61cc0320074b498ce61dd58f3ecbd5"
I20260709 13:15:14.790266  7597 raft_consensus.cc:3060] T 0ae1b7f1cc6d4028922bac72c8aa10f5 P be61cc0320074b498ce61dd58f3ecbd5 [term 0 FOLLOWER]: Advancing to term 1
I20260709 13:15:14.788403  7449 tablet_service.cc:1917] Received RequestConsensusVote() RPC: tablet_id: "0ae1b7f1cc6d4028922bac72c8aa10f5" candidate_uuid: "835bd2a1d8b8462db0c22b13d617ab63" candidate_term: 1 candidate_status { last_received { term: 0 index: 0 } } ignore_live_leader: false dest_uuid: "4e5e1bed58794d0a941edf9eeaaaf9a4"
W20260709 13:15:14.793290  7487 leader_election.cc:343] T 0ae1b7f1cc6d4028922bac72c8aa10f5 P 835bd2a1d8b8462db0c22b13d617ab63 [CANDIDATE]: Term 1 election: Tablet error from VoteRequest() call to peer 4e5e1bed58794d0a941edf9eeaaaf9a4 (127.6.48.129:33621): Illegal state: must be running to vote when last-logged opid is not known
I20260709 13:15:14.797207  7640 ts_tablet_manager.cc:1434] T 0810cc322d5b45b6a7e436c8755dc316 P be61cc0320074b498ce61dd58f3ecbd5: Time spent starting tablet: real 0.081s	user 0.008s	sys 0.003s
I20260709 13:15:14.798300  7640 tablet_bootstrap.cc:492] T 5c43fcf68fa34510b67fd833a871aac9 P be61cc0320074b498ce61dd58f3ecbd5: Bootstrap starting.
I20260709 13:15:14.811916  7448 tablet_service.cc:1917] Received RequestConsensusVote() RPC: tablet_id: "f7e2b8d093f64e2380b13911f8e1f799" candidate_uuid: "835bd2a1d8b8462db0c22b13d617ab63" candidate_term: 2 candidate_status { last_received { term: 1 index: 1 } } ignore_live_leader: false dest_uuid: "4e5e1bed58794d0a941edf9eeaaaf9a4"
I20260709 13:15:14.835475  7640 tablet_bootstrap.cc:654] T 5c43fcf68fa34510b67fd833a871aac9 P be61cc0320074b498ce61dd58f3ecbd5: Neither blocks nor log segments found. Creating new log.
I20260709 13:15:14.839550  7700 consensus_queue.cc:1048] T de4be5b2acda4600bc1adf313cce889f P 4e5e1bed58794d0a941edf9eeaaaf9a4 [LEADER]: Connected to new peer: Peer: permanent_uuid: "835bd2a1d8b8462db0c22b13d617ab63" member_type: VOTER last_known_addr { host: "127.6.48.130" port: 44815 }, Status: LMP_MISMATCH, Last received: 0.0, Next index: 1, Last known committed idx: 0, Time since last communication: 0.001s
I20260709 13:15:14.847259  7347 catalog_manager.cc:5697] T 33e35d19cc14440d82e86caadac82a8d P be61cc0320074b498ce61dd58f3ecbd5 reported cstate change: term changed from 0 to 1, leader changed from <none> to be61cc0320074b498ce61dd58f3ecbd5 (127.6.48.131). New cstate: current_term: 1 leader_uuid: "be61cc0320074b498ce61dd58f3ecbd5" committed_config { opid_index: -1 OBSOLETE_local: false peers { permanent_uuid: "4e5e1bed58794d0a941edf9eeaaaf9a4" member_type: VOTER last_known_addr { host: "127.6.48.129" port: 33621 } health_report { overall_health: UNKNOWN } } peers { permanent_uuid: "835bd2a1d8b8462db0c22b13d617ab63" member_type: VOTER last_known_addr { host: "127.6.48.130" port: 44815 } health_report { overall_health: UNKNOWN } } peers { permanent_uuid: "be61cc0320074b498ce61dd58f3ecbd5" member_type: VOTER last_known_addr { host: "127.6.48.131" port: 39517 } health_report { overall_health: HEALTHY } } }
I20260709 13:15:14.854911  7597 raft_consensus.cc:2468] T 0ae1b7f1cc6d4028922bac72c8aa10f5 P be61cc0320074b498ce61dd58f3ecbd5 [term 1 FOLLOWER]: Leader election vote request: Granting yes vote for candidate 835bd2a1d8b8462db0c22b13d617ab63 in term 1.
I20260709 13:15:14.864177  7644 consensus_queue.cc:1048] T bf793503d79f4283bc2f06c5dd2fa9fa P be61cc0320074b498ce61dd58f3ecbd5 [LEADER]: Connected to new peer: Peer: permanent_uuid: "4e5e1bed58794d0a941edf9eeaaaf9a4" member_type: VOTER last_known_addr { host: "127.6.48.129" port: 33621 }, Status: LMP_MISMATCH, Last received: 0.0, Next index: 1, Last known committed idx: 0, Time since last communication: 0.001s
I20260709 13:15:14.869498  7598 tablet_service.cc:1917] Received RequestConsensusVote() RPC: tablet_id: "f7e2b8d093f64e2380b13911f8e1f799" candidate_uuid: "835bd2a1d8b8462db0c22b13d617ab63" candidate_term: 2 candidate_status { last_received { term: 1 index: 1 } } ignore_live_leader: false dest_uuid: "be61cc0320074b498ce61dd58f3ecbd5"
I20260709 13:15:14.866492  7723 consensus_queue.cc:1048] T 0bc074c646e04c33bb43b9e339c621ed P 835bd2a1d8b8462db0c22b13d617ab63 [LEADER]: Connected to new peer: Peer: permanent_uuid: "4e5e1bed58794d0a941edf9eeaaaf9a4" member_type: VOTER last_known_addr { host: "127.6.48.129" port: 33621 }, Status: LMP_MISMATCH, Last received: 0.0, Next index: 1, Last known committed idx: 0, Time since last communication: 0.001s
I20260709 13:15:14.867945  7643 leader_election.cc:290] T f7e2b8d093f64e2380b13911f8e1f799 P 835bd2a1d8b8462db0c22b13d617ab63 [CANDIDATE]: Term 2 election: Requested vote from peers 4e5e1bed58794d0a941edf9eeaaaf9a4 (127.6.48.129:33621), be61cc0320074b498ce61dd58f3ecbd5 (127.6.48.131:39517)
W20260709 13:15:14.776772  7395 auto_rebalancer.cc:288] Could not retrieve cluster info: Service unavailable: Tablet not running
I20260709 13:15:14.876307  7488 leader_election.cc:304] T 0ae1b7f1cc6d4028922bac72c8aa10f5 P 835bd2a1d8b8462db0c22b13d617ab63 [CANDIDATE]: Term 1 election: Election decided. Result: candidate won. Election summary: received 3 responses out of 3 voters: 2 yes votes; 1 no votes. yes voters: 835bd2a1d8b8462db0c22b13d617ab63, be61cc0320074b498ce61dd58f3ecbd5; no voters: 4e5e1bed58794d0a941edf9eeaaaf9a4
I20260709 13:15:14.876868  7598 raft_consensus.cc:2468] T f7e2b8d093f64e2380b13911f8e1f799 P be61cc0320074b498ce61dd58f3ecbd5 [term 2 FOLLOWER]: Leader election vote request: Granting yes vote for candidate 835bd2a1d8b8462db0c22b13d617ab63 in term 2.
I20260709 13:15:14.877503  7643 raft_consensus.cc:2804] T 0ae1b7f1cc6d4028922bac72c8aa10f5 P 835bd2a1d8b8462db0c22b13d617ab63 [term 1 FOLLOWER]: Leader election won for term 1
I20260709 13:15:14.878015  7488 leader_election.cc:304] T f7e2b8d093f64e2380b13911f8e1f799 P 835bd2a1d8b8462db0c22b13d617ab63 [CANDIDATE]: Term 2 election: Election decided. Result: candidate won. Election summary: received 3 responses out of 3 voters: 2 yes votes; 1 no votes. yes voters: 835bd2a1d8b8462db0c22b13d617ab63, be61cc0320074b498ce61dd58f3ecbd5; no voters: 4e5e1bed58794d0a941edf9eeaaaf9a4
I20260709 13:15:14.878266  7643 raft_consensus.cc:697] T 0ae1b7f1cc6d4028922bac72c8aa10f5 P 835bd2a1d8b8462db0c22b13d617ab63 [term 1 LEADER]: Becoming Leader. State: Replica: 835bd2a1d8b8462db0c22b13d617ab63, State: Running, Role: LEADER
I20260709 13:15:14.880836  7723 raft_consensus.cc:2804] T f7e2b8d093f64e2380b13911f8e1f799 P 835bd2a1d8b8462db0c22b13d617ab63 [term 2 FOLLOWER]: Leader election won for term 2
I20260709 13:15:14.885113  7643 consensus_queue.cc:237] T 0ae1b7f1cc6d4028922bac72c8aa10f5 P 835bd2a1d8b8462db0c22b13d617ab63 [LEADER]: Queue going to LEADER mode. State: All replicated index: 0, Majority replicated index: 0, Committed index: 0, Last appended: 0.0, Last appended by leader: 0, Current term: 1, Majority size: 2, State: 0, Mode: LEADER, active raft config: opid_index: -1 OBSOLETE_local: false peers { permanent_uuid: "4e5e1bed58794d0a941edf9eeaaaf9a4" member_type: VOTER last_known_addr { host: "127.6.48.129" port: 33621 } } peers { permanent_uuid: "835bd2a1d8b8462db0c22b13d617ab63" member_type: VOTER last_known_addr { host: "127.6.48.130" port: 44815 } } peers { permanent_uuid: "be61cc0320074b498ce61dd58f3ecbd5" member_type: VOTER last_known_addr { host: "127.6.48.131" port: 39517 } }
I20260709 13:15:14.885782  7723 raft_consensus.cc:697] T f7e2b8d093f64e2380b13911f8e1f799 P 835bd2a1d8b8462db0c22b13d617ab63 [term 2 LEADER]: Becoming Leader. State: Replica: 835bd2a1d8b8462db0c22b13d617ab63, State: Running, Role: LEADER
I20260709 13:15:14.886929  7723 consensus_queue.cc:237] T f7e2b8d093f64e2380b13911f8e1f799 P 835bd2a1d8b8462db0c22b13d617ab63 [LEADER]: Queue going to LEADER mode. State: All replicated index: 0, Majority replicated index: 0, Committed index: 0, Last appended: 1.1, Last appended by leader: 1, Current term: 2, Majority size: 2, State: 0, Mode: LEADER, active raft config: opid_index: -1 OBSOLETE_local: false peers { permanent_uuid: "4e5e1bed58794d0a941edf9eeaaaf9a4" member_type: VOTER last_known_addr { host: "127.6.48.129" port: 33621 } } peers { permanent_uuid: "835bd2a1d8b8462db0c22b13d617ab63" member_type: VOTER last_known_addr { host: "127.6.48.130" port: 44815 } } peers { permanent_uuid: "be61cc0320074b498ce61dd58f3ecbd5" member_type: VOTER last_known_addr { host: "127.6.48.131" port: 39517 } }
I20260709 13:15:14.899245  7651 consensus_queue.cc:1048] T 293700fa485c489e976bb257bbcb633a P 4e5e1bed58794d0a941edf9eeaaaf9a4 [LEADER]: Connected to new peer: Peer: permanent_uuid: "be61cc0320074b498ce61dd58f3ecbd5" member_type: VOTER last_known_addr { host: "127.6.48.131" port: 39517 }, Status: LMP_MISMATCH, Last received: 0.0, Next index: 1, Last known committed idx: 0, Time since last communication: 0.000s
I20260709 13:15:14.921912  7639 tablet_bootstrap.cc:492] T 0ae1b7f1cc6d4028922bac72c8aa10f5 P 4e5e1bed58794d0a941edf9eeaaaf9a4: No bootstrap required, opened a new log
I20260709 13:15:14.922395  7639 ts_tablet_manager.cc:1403] T 0ae1b7f1cc6d4028922bac72c8aa10f5 P 4e5e1bed58794d0a941edf9eeaaaf9a4: Time spent bootstrapping tablet: real 0.376s	user 0.141s	sys 0.164s
I20260709 13:15:14.917197  7687 raft_consensus.cc:493] T 69e94ccf05b34533b89c0d425b8e5574 P be61cc0320074b498ce61dd58f3ecbd5 [term 0 FOLLOWER]: Starting pre-election (no leader contacted us within the election timeout)
I20260709 13:15:14.927637  7687 raft_consensus.cc:515] T 69e94ccf05b34533b89c0d425b8e5574 P be61cc0320074b498ce61dd58f3ecbd5 [term 0 FOLLOWER]: Starting pre-election with config: opid_index: -1 OBSOLETE_local: false peers { permanent_uuid: "4e5e1bed58794d0a941edf9eeaaaf9a4" member_type: VOTER last_known_addr { host: "127.6.48.129" port: 33621 } } peers { permanent_uuid: "835bd2a1d8b8462db0c22b13d617ab63" member_type: VOTER last_known_addr { host: "127.6.48.130" port: 44815 } } peers { permanent_uuid: "be61cc0320074b498ce61dd58f3ecbd5" member_type: VOTER last_known_addr { host: "127.6.48.131" port: 39517 } }
I20260709 13:15:14.941509  7687 leader_election.cc:290] T 69e94ccf05b34533b89c0d425b8e5574 P be61cc0320074b498ce61dd58f3ecbd5 [CANDIDATE]: Term 1 pre-election: Requested pre-vote from peers 4e5e1bed58794d0a941edf9eeaaaf9a4 (127.6.48.129:33621), 835bd2a1d8b8462db0c22b13d617ab63 (127.6.48.130:44815)
I20260709 13:15:14.944416  7639 raft_consensus.cc:359] T 0ae1b7f1cc6d4028922bac72c8aa10f5 P 4e5e1bed58794d0a941edf9eeaaaf9a4 [term 0 FOLLOWER]: Replica starting. Triggering 0 pending ops. Active config: opid_index: -1 OBSOLETE_local: false peers { permanent_uuid: "4e5e1bed58794d0a941edf9eeaaaf9a4" member_type: VOTER last_known_addr { host: "127.6.48.129" port: 33621 } } peers { permanent_uuid: "835bd2a1d8b8462db0c22b13d617ab63" member_type: VOTER last_known_addr { host: "127.6.48.130" port: 44815 } } peers { permanent_uuid: "be61cc0320074b498ce61dd58f3ecbd5" member_type: VOTER last_known_addr { host: "127.6.48.131" port: 39517 } }
I20260709 13:15:14.945222  7639 raft_consensus.cc:385] T 0ae1b7f1cc6d4028922bac72c8aa10f5 P 4e5e1bed58794d0a941edf9eeaaaf9a4 [term 0 FOLLOWER]: Consensus starting up: Expiring failure detector timer to make a prompt election more likely
I20260709 13:15:14.942186  7700 consensus_queue.cc:1048] T de4be5b2acda4600bc1adf313cce889f P 4e5e1bed58794d0a941edf9eeaaaf9a4 [LEADER]: Connected to new peer: Peer: permanent_uuid: "be61cc0320074b498ce61dd58f3ecbd5" member_type: VOTER last_known_addr { host: "127.6.48.131" port: 39517 }, Status: LMP_MISMATCH, Last received: 0.0, Next index: 1, Last known committed idx: 0, Time since last communication: 0.000s
I20260709 13:15:14.945576  7639 raft_consensus.cc:740] T 0ae1b7f1cc6d4028922bac72c8aa10f5 P 4e5e1bed58794d0a941edf9eeaaaf9a4 [term 0 FOLLOWER]: Becoming Follower/Learner. State: Replica: 4e5e1bed58794d0a941edf9eeaaaf9a4, State: Initialized, Role: FOLLOWER
I20260709 13:15:14.945298  7524 tablet_service.cc:1917] Received RequestConsensusVote() RPC: tablet_id: "69e94ccf05b34533b89c0d425b8e5574" candidate_uuid: "be61cc0320074b498ce61dd58f3ecbd5" candidate_term: 1 candidate_status { last_received { term: 0 index: 0 } } ignore_live_leader: false dest_uuid: "835bd2a1d8b8462db0c22b13d617ab63" is_pre_election: true
I20260709 13:15:14.946357  7639 consensus_queue.cc:260] T 0ae1b7f1cc6d4028922bac72c8aa10f5 P 4e5e1bed58794d0a941edf9eeaaaf9a4 [NON_LEADER]: Queue going to NON_LEADER mode. State: All replicated index: 0, Majority replicated index: 0, Committed index: 0, Last appended: 0.0, Last appended by leader: 0, Current term: 0, Majority size: -1, State: 0, Mode: NON_LEADER, active raft config: opid_index: -1 OBSOLETE_local: false peers { permanent_uuid: "4e5e1bed58794d0a941edf9eeaaaf9a4" member_type: VOTER last_known_addr { host: "127.6.48.129" port: 33621 } } peers { permanent_uuid: "835bd2a1d8b8462db0c22b13d617ab63" member_type: VOTER last_known_addr { host: "127.6.48.130" port: 44815 } } peers { permanent_uuid: "be61cc0320074b498ce61dd58f3ecbd5" member_type: VOTER last_known_addr { host: "127.6.48.131" port: 39517 } }
W20260709 13:15:14.947078  7561 leader_election.cc:343] T 69e94ccf05b34533b89c0d425b8e5574 P be61cc0320074b498ce61dd58f3ecbd5 [CANDIDATE]: Term 1 pre-election: Tablet error from VoteRequest() call to peer 835bd2a1d8b8462db0c22b13d617ab63 (127.6.48.130:44815): Illegal state: must be running to vote when last-logged opid is not known
I20260709 13:15:14.948662  7447 tablet_service.cc:1917] Received RequestConsensusVote() RPC: tablet_id: "69e94ccf05b34533b89c0d425b8e5574" candidate_uuid: "be61cc0320074b498ce61dd58f3ecbd5" candidate_term: 1 candidate_status { last_received { term: 0 index: 0 } } ignore_live_leader: false dest_uuid: "4e5e1bed58794d0a941edf9eeaaaf9a4" is_pre_election: true
I20260709 13:15:14.949544  7640 tablet_bootstrap.cc:492] T 5c43fcf68fa34510b67fd833a871aac9 P be61cc0320074b498ce61dd58f3ecbd5: No bootstrap required, opened a new log
I20260709 13:15:14.949801  7638 tablet_bootstrap.cc:492] T 17afef61605d41abbf631b3ef5fc6026 P 835bd2a1d8b8462db0c22b13d617ab63: No bootstrap required, opened a new log
I20260709 13:15:14.950070  7640 ts_tablet_manager.cc:1403] T 5c43fcf68fa34510b67fd833a871aac9 P be61cc0320074b498ce61dd58f3ecbd5: Time spent bootstrapping tablet: real 0.152s	user 0.020s	sys 0.022s
I20260709 13:15:14.950192  7638 ts_tablet_manager.cc:1403] T 17afef61605d41abbf631b3ef5fc6026 P 835bd2a1d8b8462db0c22b13d617ab63: Time spent bootstrapping tablet: real 0.309s	user 0.073s	sys 0.101s
I20260709 13:15:14.954377  7638 raft_consensus.cc:359] T 17afef61605d41abbf631b3ef5fc6026 P 835bd2a1d8b8462db0c22b13d617ab63 [term 0 FOLLOWER]: Replica starting. Triggering 0 pending ops. Active config: opid_index: -1 OBSOLETE_local: false peers { permanent_uuid: "4e5e1bed58794d0a941edf9eeaaaf9a4" member_type: VOTER last_known_addr { host: "127.6.48.129" port: 33621 } } peers { permanent_uuid: "835bd2a1d8b8462db0c22b13d617ab63" member_type: VOTER last_known_addr { host: "127.6.48.130" port: 44815 } } peers { permanent_uuid: "be61cc0320074b498ce61dd58f3ecbd5" member_type: VOTER last_known_addr { host: "127.6.48.131" port: 39517 } }
I20260709 13:15:14.955156  7638 raft_consensus.cc:385] T 17afef61605d41abbf631b3ef5fc6026 P 835bd2a1d8b8462db0c22b13d617ab63 [term 0 FOLLOWER]: Consensus starting up: Expiring failure detector timer to make a prompt election more likely
I20260709 13:15:14.955489  7638 raft_consensus.cc:740] T 17afef61605d41abbf631b3ef5fc6026 P 835bd2a1d8b8462db0c22b13d617ab63 [term 0 FOLLOWER]: Becoming Follower/Learner. State: Replica: 835bd2a1d8b8462db0c22b13d617ab63, State: Initialized, Role: FOLLOWER
W20260709 13:15:14.953200  7561 leader_election.cc:343] T 69e94ccf05b34533b89c0d425b8e5574 P be61cc0320074b498ce61dd58f3ecbd5 [CANDIDATE]: Term 1 pre-election: Tablet error from VoteRequest() call to peer 4e5e1bed58794d0a941edf9eeaaaf9a4 (127.6.48.129:33621): Illegal state: must be running to vote when last-logged opid is not known
I20260709 13:15:14.956461  7561 leader_election.cc:304] T 69e94ccf05b34533b89c0d425b8e5574 P be61cc0320074b498ce61dd58f3ecbd5 [CANDIDATE]: Term 1 pre-election: Election decided. Result: candidate lost. Election summary: received 3 responses out of 3 voters: 1 yes votes; 2 no votes. yes voters: be61cc0320074b498ce61dd58f3ecbd5; no voters: 4e5e1bed58794d0a941edf9eeaaaf9a4, 835bd2a1d8b8462db0c22b13d617ab63
