I20260709 13:15:08.170217  7117 raft_consensus.cc:1275] T 10cac6f562994e47a322e06454f273be P d8bea4512d894dfeb82ba5595071c4bf [term 2 FOLLOWER]: Refusing update from remote peer f3a44c81a56a438e9b6c493d54e66442: Log matching property violated. Preceding OpId in replica: term: 1 index: 1. Preceding OpId from leader: term: 2 index: 2. (index mismatch)
I20260709 13:15:08.171662  7249 consensus_queue.cc:1048] T 10cac6f562994e47a322e06454f273be P f3a44c81a56a438e9b6c493d54e66442 [LEADER]: Connected to new peer: Peer: permanent_uuid: "d8bea4512d894dfeb82ba5595071c4bf" member_type: VOTER last_known_addr { host: "127.6.48.131" port: 36485 }, Status: LMP_MISMATCH, Last received: 0.0, Next index: 2, Last known committed idx: 1, Time since last communication: 0.000s
I20260709 13:15:10.211007  6338 auto_leader_rebalancer.cc:141] leader rebalance for table test-workload
I20260709 13:15:10.218575  6969 tablet_service.cc:2072] Received LeaderStepDown RPC: tablet_id: "10cac6f562994e47a322e06454f273be"
dest_uuid: "f3a44c81a56a438e9b6c493d54e66442"
mode: GRACEFUL
new_leader_uuid: "d8bea4512d894dfeb82ba5595071c4bf"
 from {username='slave'} at 127.0.0.1:35688
I20260709 13:15:10.219275  6969 raft_consensus.cc:606] T 10cac6f562994e47a322e06454f273be P f3a44c81a56a438e9b6c493d54e66442 [term 2 LEADER]: Received request to transfer leadership to TS d8bea4512d894dfeb82ba5595071c4bf
I20260709 13:15:10.221937  6969 tablet_service.cc:2072] Received LeaderStepDown RPC: tablet_id: "3ec784d5c2e840ed86d71826ab81b604"
dest_uuid: "f3a44c81a56a438e9b6c493d54e66442"
mode: GRACEFUL
new_leader_uuid: "8bb37e47b4de400884a4c9b6672e93ab"
 from {username='slave'} at 127.0.0.1:35688
I20260709 13:15:10.222455  6969 raft_consensus.cc:606] T 3ec784d5c2e840ed86d71826ab81b604 P f3a44c81a56a438e9b6c493d54e66442 [term 3 LEADER]: Received request to transfer leadership to TS 8bb37e47b4de400884a4c9b6672e93ab
I20260709 13:15:10.224625  6969 tablet_service.cc:2072] Received LeaderStepDown RPC: tablet_id: "564e9fb5ed5f46c9934427cfbe6fa9d9"
dest_uuid: "f3a44c81a56a438e9b6c493d54e66442"
mode: GRACEFUL
new_leader_uuid: "8bb37e47b4de400884a4c9b6672e93ab"
 from {username='slave'} at 127.0.0.1:35688
I20260709 13:15:10.225144  6969 raft_consensus.cc:606] T 564e9fb5ed5f46c9934427cfbe6fa9d9 P f3a44c81a56a438e9b6c493d54e66442 [term 2 LEADER]: Received request to transfer leadership to TS 8bb37e47b4de400884a4c9b6672e93ab
I20260709 13:15:10.227458  6969 tablet_service.cc:2072] Received LeaderStepDown RPC: tablet_id: "e8d63ec51cfb4b8f95c0f26600878ad9"
dest_uuid: "f3a44c81a56a438e9b6c493d54e66442"
mode: GRACEFUL
new_leader_uuid: "d8bea4512d894dfeb82ba5595071c4bf"
 from {username='slave'} at 127.0.0.1:35688
I20260709 13:15:10.227798  6969 raft_consensus.cc:606] T e8d63ec51cfb4b8f95c0f26600878ad9 P f3a44c81a56a438e9b6c493d54e66442 [term 2 LEADER]: Received request to transfer leadership to TS d8bea4512d894dfeb82ba5595071c4bf
I20260709 13:15:10.228680  6338 auto_leader_rebalancer.cc:452] table: test-workload, leader rebalance finish, leader transfer count: 4
I20260709 13:15:10.229105  6338 auto_leader_rebalancer.cc:527] All tables' leader rebalancing finished this round
I20260709 13:15:10.291604  7293 raft_consensus.cc:993] T 564e9fb5ed5f46c9934427cfbe6fa9d9 P f3a44c81a56a438e9b6c493d54e66442: : Instructing follower 8bb37e47b4de400884a4c9b6672e93ab to start an election
I20260709 13:15:10.292168  7249 raft_consensus.cc:1081] T 564e9fb5ed5f46c9934427cfbe6fa9d9 P f3a44c81a56a438e9b6c493d54e66442 [term 2 LEADER]: Signalling peer 8bb37e47b4de400884a4c9b6672e93ab to start an election
I20260709 13:15:10.293550  7043 tablet_service.cc:2044] Received Run Leader Election RPC: tablet_id: "564e9fb5ed5f46c9934427cfbe6fa9d9"
dest_uuid: "8bb37e47b4de400884a4c9b6672e93ab"
 from {username='slave'} at 127.0.0.1:53978
I20260709 13:15:10.293962  7043 raft_consensus.cc:493] T 564e9fb5ed5f46c9934427cfbe6fa9d9 P 8bb37e47b4de400884a4c9b6672e93ab [term 2 FOLLOWER]: Starting forced leader election (received explicit request)
I20260709 13:15:10.294224  7043 raft_consensus.cc:3060] T 564e9fb5ed5f46c9934427cfbe6fa9d9 P 8bb37e47b4de400884a4c9b6672e93ab [term 2 FOLLOWER]: Advancing to term 3
I20260709 13:15:10.299635  7043 raft_consensus.cc:515] T 564e9fb5ed5f46c9934427cfbe6fa9d9 P 8bb37e47b4de400884a4c9b6672e93ab [term 3 FOLLOWER]: Starting forced leader election with config: opid_index: -1 OBSOLETE_local: false peers { permanent_uuid: "f3a44c81a56a438e9b6c493d54e66442" member_type: VOTER last_known_addr { host: "127.6.48.129" port: 46717 } } peers { permanent_uuid: "8bb37e47b4de400884a4c9b6672e93ab" member_type: VOTER last_known_addr { host: "127.6.48.130" port: 46365 } } peers { permanent_uuid: "d8bea4512d894dfeb82ba5595071c4bf" member_type: VOTER last_known_addr { host: "127.6.48.131" port: 36485 } }
I20260709 13:15:10.301064  7293 raft_consensus.cc:993] T e8d63ec51cfb4b8f95c0f26600878ad9 P f3a44c81a56a438e9b6c493d54e66442: : Instructing follower d8bea4512d894dfeb82ba5595071c4bf to start an election
I20260709 13:15:10.301541  7249 raft_consensus.cc:1081] T e8d63ec51cfb4b8f95c0f26600878ad9 P f3a44c81a56a438e9b6c493d54e66442 [term 2 LEADER]: Signalling peer d8bea4512d894dfeb82ba5595071c4bf to start an election
I20260709 13:15:10.301683  7043 leader_election.cc:290] T 564e9fb5ed5f46c9934427cfbe6fa9d9 P 8bb37e47b4de400884a4c9b6672e93ab [CANDIDATE]: Term 3 election: Requested vote from peers f3a44c81a56a438e9b6c493d54e66442 (127.6.48.129:46717), d8bea4512d894dfeb82ba5595071c4bf (127.6.48.131:36485)
I20260709 13:15:10.302814  7117 tablet_service.cc:1917] Received RequestConsensusVote() RPC: tablet_id: "564e9fb5ed5f46c9934427cfbe6fa9d9" candidate_uuid: "8bb37e47b4de400884a4c9b6672e93ab" candidate_term: 3 candidate_status { last_received { term: 2 index: 2 } } ignore_live_leader: true dest_uuid: "d8bea4512d894dfeb82ba5595071c4bf"
I20260709 13:15:10.302619  6969 tablet_service.cc:1917] Received RequestConsensusVote() RPC: tablet_id: "564e9fb5ed5f46c9934427cfbe6fa9d9" candidate_uuid: "8bb37e47b4de400884a4c9b6672e93ab" candidate_term: 3 candidate_status { last_received { term: 2 index: 2 } } ignore_live_leader: true dest_uuid: "f3a44c81a56a438e9b6c493d54e66442"
I20260709 13:15:10.303449  7117 raft_consensus.cc:3060] T 564e9fb5ed5f46c9934427cfbe6fa9d9 P d8bea4512d894dfeb82ba5595071c4bf [term 2 FOLLOWER]: Advancing to term 3
I20260709 13:15:10.303598  6969 raft_consensus.cc:3055] T 564e9fb5ed5f46c9934427cfbe6fa9d9 P f3a44c81a56a438e9b6c493d54e66442 [term 2 LEADER]: Stepping down as leader of term 2
I20260709 13:15:10.303646  7119 tablet_service.cc:2044] Received Run Leader Election RPC: tablet_id: "e8d63ec51cfb4b8f95c0f26600878ad9"
dest_uuid: "d8bea4512d894dfeb82ba5595071c4bf"
 from {username='slave'} at 127.0.0.1:52226
I20260709 13:15:10.304143  6969 raft_consensus.cc:740] T 564e9fb5ed5f46c9934427cfbe6fa9d9 P f3a44c81a56a438e9b6c493d54e66442 [term 2 LEADER]: Becoming Follower/Learner. State: Replica: f3a44c81a56a438e9b6c493d54e66442, State: Running, Role: LEADER
I20260709 13:15:10.304365  7119 raft_consensus.cc:493] T e8d63ec51cfb4b8f95c0f26600878ad9 P d8bea4512d894dfeb82ba5595071c4bf [term 2 FOLLOWER]: Starting forced leader election (received explicit request)
I20260709 13:15:10.304764  7119 raft_consensus.cc:3060] T e8d63ec51cfb4b8f95c0f26600878ad9 P d8bea4512d894dfeb82ba5595071c4bf [term 2 FOLLOWER]: Advancing to term 3
I20260709 13:15:10.305260  6969 consensus_queue.cc:260] T 564e9fb5ed5f46c9934427cfbe6fa9d9 P f3a44c81a56a438e9b6c493d54e66442 [NON_LEADER]: Queue going to NON_LEADER mode. State: All replicated index: 0, Majority replicated index: 2, Committed index: 2, Last appended: 2.2, Last appended by leader: 2, Current term: 2, Majority size: -1, State: 0, Mode: NON_LEADER, active raft config: opid_index: -1 OBSOLETE_local: false peers { permanent_uuid: "f3a44c81a56a438e9b6c493d54e66442" member_type: VOTER last_known_addr { host: "127.6.48.129" port: 46717 } } peers { permanent_uuid: "8bb37e47b4de400884a4c9b6672e93ab" member_type: VOTER last_known_addr { host: "127.6.48.130" port: 46365 } } peers { permanent_uuid: "d8bea4512d894dfeb82ba5595071c4bf" member_type: VOTER last_known_addr { host: "127.6.48.131" port: 36485 } }
I20260709 13:15:10.306485  6969 raft_consensus.cc:3060] T 564e9fb5ed5f46c9934427cfbe6fa9d9 P f3a44c81a56a438e9b6c493d54e66442 [term 2 FOLLOWER]: Advancing to term 3
I20260709 13:15:10.311784  7117 raft_consensus.cc:2468] T 564e9fb5ed5f46c9934427cfbe6fa9d9 P d8bea4512d894dfeb82ba5595071c4bf [term 3 FOLLOWER]: Leader election vote request: Granting yes vote for candidate 8bb37e47b4de400884a4c9b6672e93ab in term 3.
I20260709 13:15:10.312283  7119 raft_consensus.cc:515] T e8d63ec51cfb4b8f95c0f26600878ad9 P d8bea4512d894dfeb82ba5595071c4bf [term 3 FOLLOWER]: Starting forced leader election with config: opid_index: -1 OBSOLETE_local: false peers { permanent_uuid: "f3a44c81a56a438e9b6c493d54e66442" member_type: VOTER last_known_addr { host: "127.6.48.129" port: 46717 } } peers { permanent_uuid: "8bb37e47b4de400884a4c9b6672e93ab" member_type: VOTER last_known_addr { host: "127.6.48.130" port: 46365 } } peers { permanent_uuid: "d8bea4512d894dfeb82ba5595071c4bf" member_type: VOTER last_known_addr { host: "127.6.48.131" port: 36485 } }
I20260709 13:15:10.313305  7012 leader_election.cc:304] T 564e9fb5ed5f46c9934427cfbe6fa9d9 P 8bb37e47b4de400884a4c9b6672e93ab [CANDIDATE]: Term 3 election: Election decided. Result: candidate won. Election summary: received 2 responses out of 3 voters: 2 yes votes; 0 no votes. yes voters: 8bb37e47b4de400884a4c9b6672e93ab, d8bea4512d894dfeb82ba5595071c4bf; no voters: 
I20260709 13:15:10.313581  6969 raft_consensus.cc:2468] T 564e9fb5ed5f46c9934427cfbe6fa9d9 P f3a44c81a56a438e9b6c493d54e66442 [term 3 FOLLOWER]: Leader election vote request: Granting yes vote for candidate 8bb37e47b4de400884a4c9b6672e93ab in term 3.
I20260709 13:15:10.314358  7274 raft_consensus.cc:2804] T 564e9fb5ed5f46c9934427cfbe6fa9d9 P 8bb37e47b4de400884a4c9b6672e93ab [term 3 FOLLOWER]: Leader election won for term 3
I20260709 13:15:10.315269  7119 leader_election.cc:290] T e8d63ec51cfb4b8f95c0f26600878ad9 P d8bea4512d894dfeb82ba5595071c4bf [CANDIDATE]: Term 3 election: Requested vote from peers f3a44c81a56a438e9b6c493d54e66442 (127.6.48.129:46717), 8bb37e47b4de400884a4c9b6672e93ab (127.6.48.130:46365)
I20260709 13:15:10.315570  6969 tablet_service.cc:1917] Received RequestConsensusVote() RPC: tablet_id: "e8d63ec51cfb4b8f95c0f26600878ad9" candidate_uuid: "d8bea4512d894dfeb82ba5595071c4bf" candidate_term: 3 candidate_status { last_received { term: 2 index: 2 } } ignore_live_leader: true dest_uuid: "f3a44c81a56a438e9b6c493d54e66442"
I20260709 13:15:10.316391  6969 raft_consensus.cc:3055] T e8d63ec51cfb4b8f95c0f26600878ad9 P f3a44c81a56a438e9b6c493d54e66442 [term 2 LEADER]: Stepping down as leader of term 2
I20260709 13:15:10.316857  6969 raft_consensus.cc:740] T e8d63ec51cfb4b8f95c0f26600878ad9 P f3a44c81a56a438e9b6c493d54e66442 [term 2 LEADER]: Becoming Follower/Learner. State: Replica: f3a44c81a56a438e9b6c493d54e66442, State: Running, Role: LEADER
I20260709 13:15:10.317056  7274 raft_consensus.cc:697] T 564e9fb5ed5f46c9934427cfbe6fa9d9 P 8bb37e47b4de400884a4c9b6672e93ab [term 3 LEADER]: Becoming Leader. State: Replica: 8bb37e47b4de400884a4c9b6672e93ab, State: Running, Role: LEADER
I20260709 13:15:10.315815  7043 tablet_service.cc:1917] Received RequestConsensusVote() RPC: tablet_id: "e8d63ec51cfb4b8f95c0f26600878ad9" candidate_uuid: "d8bea4512d894dfeb82ba5595071c4bf" candidate_term: 3 candidate_status { last_received { term: 2 index: 2 } } ignore_live_leader: true dest_uuid: "8bb37e47b4de400884a4c9b6672e93ab"
I20260709 13:15:10.317749  7043 raft_consensus.cc:3060] T e8d63ec51cfb4b8f95c0f26600878ad9 P 8bb37e47b4de400884a4c9b6672e93ab [term 2 FOLLOWER]: Advancing to term 3
I20260709 13:15:10.317796  6969 consensus_queue.cc:260] T e8d63ec51cfb4b8f95c0f26600878ad9 P f3a44c81a56a438e9b6c493d54e66442 [NON_LEADER]: Queue going to NON_LEADER mode. State: All replicated index: 0, Majority replicated index: 2, Committed index: 2, Last appended: 2.2, Last appended by leader: 2, Current term: 2, Majority size: -1, State: 0, Mode: NON_LEADER, active raft config: opid_index: -1 OBSOLETE_local: false peers { permanent_uuid: "f3a44c81a56a438e9b6c493d54e66442" member_type: VOTER last_known_addr { host: "127.6.48.129" port: 46717 } } peers { permanent_uuid: "8bb37e47b4de400884a4c9b6672e93ab" member_type: VOTER last_known_addr { host: "127.6.48.130" port: 46365 } } peers { permanent_uuid: "d8bea4512d894dfeb82ba5595071c4bf" member_type: VOTER last_known_addr { host: "127.6.48.131" port: 36485 } }
I20260709 13:15:10.318092  7274 consensus_queue.cc:237] T 564e9fb5ed5f46c9934427cfbe6fa9d9 P 8bb37e47b4de400884a4c9b6672e93ab [LEADER]: Queue going to LEADER mode. State: All replicated index: 0, Majority replicated index: 2, Committed index: 2, Last appended: 2.2, Last appended by leader: 2, Current term: 3, Majority size: 2, State: 0, Mode: LEADER, active raft config: opid_index: -1 OBSOLETE_local: false peers { permanent_uuid: "f3a44c81a56a438e9b6c493d54e66442" member_type: VOTER last_known_addr { host: "127.6.48.129" port: 46717 } } peers { permanent_uuid: "8bb37e47b4de400884a4c9b6672e93ab" member_type: VOTER last_known_addr { host: "127.6.48.130" port: 46365 } } peers { permanent_uuid: "d8bea4512d894dfeb82ba5595071c4bf" member_type: VOTER last_known_addr { host: "127.6.48.131" port: 36485 } }
I20260709 13:15:10.319176  6969 raft_consensus.cc:3060] T e8d63ec51cfb4b8f95c0f26600878ad9 P f3a44c81a56a438e9b6c493d54e66442 [term 2 FOLLOWER]: Advancing to term 3
I20260709 13:15:10.323462  7043 raft_consensus.cc:2468] T e8d63ec51cfb4b8f95c0f26600878ad9 P 8bb37e47b4de400884a4c9b6672e93ab [term 3 FOLLOWER]: Leader election vote request: Granting yes vote for candidate d8bea4512d894dfeb82ba5595071c4bf in term 3.
I20260709 13:15:10.324898  7083 leader_election.cc:304] T e8d63ec51cfb4b8f95c0f26600878ad9 P d8bea4512d894dfeb82ba5595071c4bf [CANDIDATE]: Term 3 election: Election decided. Result: candidate won. Election summary: received 2 responses out of 3 voters: 2 yes votes; 0 no votes. yes voters: 8bb37e47b4de400884a4c9b6672e93ab, d8bea4512d894dfeb82ba5595071c4bf; no voters: 
I20260709 13:15:10.326001  7269 raft_consensus.cc:2804] T e8d63ec51cfb4b8f95c0f26600878ad9 P d8bea4512d894dfeb82ba5595071c4bf [term 3 FOLLOWER]: Leader election won for term 3
I20260709 13:15:10.326733  6969 raft_consensus.cc:2468] T e8d63ec51cfb4b8f95c0f26600878ad9 P f3a44c81a56a438e9b6c493d54e66442 [term 3 FOLLOWER]: Leader election vote request: Granting yes vote for candidate d8bea4512d894dfeb82ba5595071c4bf in term 3.
I20260709 13:15:10.327020  7293 raft_consensus.cc:993] T 3ec784d5c2e840ed86d71826ab81b604 P f3a44c81a56a438e9b6c493d54e66442: : Instructing follower 8bb37e47b4de400884a4c9b6672e93ab to start an election
I20260709 13:15:10.329260  7293 raft_consensus.cc:1081] T 3ec784d5c2e840ed86d71826ab81b604 P f3a44c81a56a438e9b6c493d54e66442 [term 3 LEADER]: Signalling peer 8bb37e47b4de400884a4c9b6672e93ab to start an election
I20260709 13:15:10.329946  7269 raft_consensus.cc:697] T e8d63ec51cfb4b8f95c0f26600878ad9 P d8bea4512d894dfeb82ba5595071c4bf [term 3 LEADER]: Becoming Leader. State: Replica: d8bea4512d894dfeb82ba5595071c4bf, State: Running, Role: LEADER
I20260709 13:15:10.331025  7043 tablet_service.cc:2044] Received Run Leader Election RPC: tablet_id: "3ec784d5c2e840ed86d71826ab81b604"
dest_uuid: "8bb37e47b4de400884a4c9b6672e93ab"
 from {username='slave'} at 127.0.0.1:53978
I20260709 13:15:10.331681  7043 raft_consensus.cc:493] T 3ec784d5c2e840ed86d71826ab81b604 P 8bb37e47b4de400884a4c9b6672e93ab [term 3 FOLLOWER]: Starting forced leader election (received explicit request)
I20260709 13:15:10.331027  7269 consensus_queue.cc:237] T e8d63ec51cfb4b8f95c0f26600878ad9 P d8bea4512d894dfeb82ba5595071c4bf [LEADER]: Queue going to LEADER mode. State: All replicated index: 0, Majority replicated index: 2, Committed index: 2, Last appended: 2.2, Last appended by leader: 2, Current term: 3, Majority size: 2, State: 0, Mode: LEADER, active raft config: opid_index: -1 OBSOLETE_local: false peers { permanent_uuid: "f3a44c81a56a438e9b6c493d54e66442" member_type: VOTER last_known_addr { host: "127.6.48.129" port: 46717 } } peers { permanent_uuid: "8bb37e47b4de400884a4c9b6672e93ab" member_type: VOTER last_known_addr { host: "127.6.48.130" port: 46365 } } peers { permanent_uuid: "d8bea4512d894dfeb82ba5595071c4bf" member_type: VOTER last_known_addr { host: "127.6.48.131" port: 36485 } }
I20260709 13:15:10.332033  7043 raft_consensus.cc:3060] T 3ec784d5c2e840ed86d71826ab81b604 P 8bb37e47b4de400884a4c9b6672e93ab [term 3 FOLLOWER]: Advancing to term 4
I20260709 13:15:10.331501  6869 catalog_manager.cc:5697] T 564e9fb5ed5f46c9934427cfbe6fa9d9 P 8bb37e47b4de400884a4c9b6672e93ab reported cstate change: term changed from 2 to 3, leader changed from f3a44c81a56a438e9b6c493d54e66442 (127.6.48.129) to 8bb37e47b4de400884a4c9b6672e93ab (127.6.48.130). New cstate: current_term: 3 leader_uuid: "8bb37e47b4de400884a4c9b6672e93ab" committed_config { opid_index: -1 OBSOLETE_local: false peers { permanent_uuid: "f3a44c81a56a438e9b6c493d54e66442" member_type: VOTER last_known_addr { host: "127.6.48.129" port: 46717 } health_report { overall_health: UNKNOWN } } peers { permanent_uuid: "8bb37e47b4de400884a4c9b6672e93ab" member_type: VOTER last_known_addr { host: "127.6.48.130" port: 46365 } health_report { overall_health: HEALTHY } } peers { permanent_uuid: "d8bea4512d894dfeb82ba5595071c4bf" member_type: VOTER last_known_addr { host: "127.6.48.131" port: 36485 } health_report { overall_health: UNKNOWN } } }
I20260709 13:15:10.338883  7043 raft_consensus.cc:515] T 3ec784d5c2e840ed86d71826ab81b604 P 8bb37e47b4de400884a4c9b6672e93ab [term 4 FOLLOWER]: Starting forced leader election with config: opid_index: -1 OBSOLETE_local: false peers { permanent_uuid: "f3a44c81a56a438e9b6c493d54e66442" member_type: VOTER last_known_addr { host: "127.6.48.129" port: 46717 } } peers { permanent_uuid: "8bb37e47b4de400884a4c9b6672e93ab" member_type: VOTER last_known_addr { host: "127.6.48.130" port: 46365 } } peers { permanent_uuid: "d8bea4512d894dfeb82ba5595071c4bf" member_type: VOTER last_known_addr { host: "127.6.48.131" port: 36485 } }
I20260709 13:15:10.340749  7043 leader_election.cc:290] T 3ec784d5c2e840ed86d71826ab81b604 P 8bb37e47b4de400884a4c9b6672e93ab [CANDIDATE]: Term 4 election: Requested vote from peers f3a44c81a56a438e9b6c493d54e66442 (127.6.48.129:46717), d8bea4512d894dfeb82ba5595071c4bf (127.6.48.131:36485)
I20260709 13:15:10.341491  6969 tablet_service.cc:1917] Received RequestConsensusVote() RPC: tablet_id: "3ec784d5c2e840ed86d71826ab81b604" candidate_uuid: "8bb37e47b4de400884a4c9b6672e93ab" candidate_term: 4 candidate_status { last_received { term: 3 index: 3 } } ignore_live_leader: true dest_uuid: "f3a44c81a56a438e9b6c493d54e66442"
I20260709 13:15:10.342037  6969 raft_consensus.cc:3055] T 3ec784d5c2e840ed86d71826ab81b604 P f3a44c81a56a438e9b6c493d54e66442 [term 3 LEADER]: Stepping down as leader of term 3
I20260709 13:15:10.342454  6969 raft_consensus.cc:740] T 3ec784d5c2e840ed86d71826ab81b604 P f3a44c81a56a438e9b6c493d54e66442 [term 3 LEADER]: Becoming Follower/Learner. State: Replica: f3a44c81a56a438e9b6c493d54e66442, State: Running, Role: LEADER
I20260709 13:15:10.341938  7119 tablet_service.cc:1917] Received RequestConsensusVote() RPC: tablet_id: "3ec784d5c2e840ed86d71826ab81b604" candidate_uuid: "8bb37e47b4de400884a4c9b6672e93ab" candidate_term: 4 candidate_status { last_received { term: 3 index: 3 } } ignore_live_leader: true dest_uuid: "d8bea4512d894dfeb82ba5595071c4bf"
I20260709 13:15:10.342319  6868 catalog_manager.cc:5697] T e8d63ec51cfb4b8f95c0f26600878ad9 P d8bea4512d894dfeb82ba5595071c4bf reported cstate change: term changed from 2 to 3, leader changed from f3a44c81a56a438e9b6c493d54e66442 (127.6.48.129) to d8bea4512d894dfeb82ba5595071c4bf (127.6.48.131). New cstate: current_term: 3 leader_uuid: "d8bea4512d894dfeb82ba5595071c4bf" committed_config { opid_index: -1 OBSOLETE_local: false peers { permanent_uuid: "f3a44c81a56a438e9b6c493d54e66442" member_type: VOTER last_known_addr { host: "127.6.48.129" port: 46717 } health_report { overall_health: UNKNOWN } } peers { permanent_uuid: "8bb37e47b4de400884a4c9b6672e93ab" member_type: VOTER last_known_addr { host: "127.6.48.130" port: 46365 } health_report { overall_health: UNKNOWN } } peers { permanent_uuid: "d8bea4512d894dfeb82ba5595071c4bf" member_type: VOTER last_known_addr { host: "127.6.48.131" port: 36485 } health_report { overall_health: HEALTHY } } }
I20260709 13:15:10.343341  7119 raft_consensus.cc:3060] T 3ec784d5c2e840ed86d71826ab81b604 P d8bea4512d894dfeb82ba5595071c4bf [term 3 FOLLOWER]: Advancing to term 4
I20260709 13:15:10.343256  6969 consensus_queue.cc:260] T 3ec784d5c2e840ed86d71826ab81b604 P f3a44c81a56a438e9b6c493d54e66442 [NON_LEADER]: Queue going to NON_LEADER mode. State: All replicated index: 0, Majority replicated index: 3, Committed index: 3, Last appended: 3.3, Last appended by leader: 3, Current term: 3, Majority size: -1, State: 0, Mode: NON_LEADER, active raft config: opid_index: -1 OBSOLETE_local: false peers { permanent_uuid: "f3a44c81a56a438e9b6c493d54e66442" member_type: VOTER last_known_addr { host: "127.6.48.129" port: 46717 } } peers { permanent_uuid: "8bb37e47b4de400884a4c9b6672e93ab" member_type: VOTER last_known_addr { host: "127.6.48.130" port: 46365 } } peers { permanent_uuid: "d8bea4512d894dfeb82ba5595071c4bf" member_type: VOTER last_known_addr { host: "127.6.48.131" port: 36485 } }
I20260709 13:15:10.344482  6969 raft_consensus.cc:3060] T 3ec784d5c2e840ed86d71826ab81b604 P f3a44c81a56a438e9b6c493d54e66442 [term 3 FOLLOWER]: Advancing to term 4
I20260709 13:15:10.350062  7119 raft_consensus.cc:2468] T 3ec784d5c2e840ed86d71826ab81b604 P d8bea4512d894dfeb82ba5595071c4bf [term 4 FOLLOWER]: Leader election vote request: Granting yes vote for candidate 8bb37e47b4de400884a4c9b6672e93ab in term 4.
I20260709 13:15:10.350791  6969 raft_consensus.cc:2468] T 3ec784d5c2e840ed86d71826ab81b604 P f3a44c81a56a438e9b6c493d54e66442 [term 4 FOLLOWER]: Leader election vote request: Granting yes vote for candidate 8bb37e47b4de400884a4c9b6672e93ab in term 4.
I20260709 13:15:10.351346  7012 leader_election.cc:304] T 3ec784d5c2e840ed86d71826ab81b604 P 8bb37e47b4de400884a4c9b6672e93ab [CANDIDATE]: Term 4 election: Election decided. Result: candidate won. Election summary: received 2 responses out of 3 voters: 2 yes votes; 0 no votes. yes voters: 8bb37e47b4de400884a4c9b6672e93ab, d8bea4512d894dfeb82ba5595071c4bf; no voters: 
I20260709 13:15:10.352231  7274 raft_consensus.cc:2804] T 3ec784d5c2e840ed86d71826ab81b604 P 8bb37e47b4de400884a4c9b6672e93ab [term 4 FOLLOWER]: Leader election won for term 4
I20260709 13:15:10.353029  7274 raft_consensus.cc:697] T 3ec784d5c2e840ed86d71826ab81b604 P 8bb37e47b4de400884a4c9b6672e93ab [term 4 LEADER]: Becoming Leader. State: Replica: 8bb37e47b4de400884a4c9b6672e93ab, State: Running, Role: LEADER
I20260709 13:15:10.354048  7274 consensus_queue.cc:237] T 3ec784d5c2e840ed86d71826ab81b604 P 8bb37e47b4de400884a4c9b6672e93ab [LEADER]: Queue going to LEADER mode. State: All replicated index: 0, Majority replicated index: 3, Committed index: 3, Last appended: 3.3, Last appended by leader: 3, Current term: 4, Majority size: 2, State: 0, Mode: LEADER, active raft config: opid_index: -1 OBSOLETE_local: false peers { permanent_uuid: "f3a44c81a56a438e9b6c493d54e66442" member_type: VOTER last_known_addr { host: "127.6.48.129" port: 46717 } } peers { permanent_uuid: "8bb37e47b4de400884a4c9b6672e93ab" member_type: VOTER last_known_addr { host: "127.6.48.130" port: 46365 } } peers { permanent_uuid: "d8bea4512d894dfeb82ba5595071c4bf" member_type: VOTER last_known_addr { host: "127.6.48.131" port: 36485 } }
I20260709 13:15:10.361704  6868 catalog_manager.cc:5697] T 3ec784d5c2e840ed86d71826ab81b604 P 8bb37e47b4de400884a4c9b6672e93ab reported cstate change: term changed from 3 to 4, leader changed from f3a44c81a56a438e9b6c493d54e66442 (127.6.48.129) to 8bb37e47b4de400884a4c9b6672e93ab (127.6.48.130). New cstate: current_term: 4 leader_uuid: "8bb37e47b4de400884a4c9b6672e93ab" committed_config { opid_index: -1 OBSOLETE_local: false peers { permanent_uuid: "f3a44c81a56a438e9b6c493d54e66442" member_type: VOTER last_known_addr { host: "127.6.48.129" port: 46717 } health_report { overall_health: UNKNOWN } } peers { permanent_uuid: "8bb37e47b4de400884a4c9b6672e93ab" member_type: VOTER last_known_addr { host: "127.6.48.130" port: 46365 } health_report { overall_health: HEALTHY } } peers { permanent_uuid: "d8bea4512d894dfeb82ba5595071c4bf" member_type: VOTER last_known_addr { host: "127.6.48.131" port: 36485 } health_report { overall_health: UNKNOWN } } }
I20260709 13:15:10.689013  7249 raft_consensus.cc:993] T 10cac6f562994e47a322e06454f273be P f3a44c81a56a438e9b6c493d54e66442: : Instructing follower d8bea4512d894dfeb82ba5595071c4bf to start an election
I20260709 13:15:10.689497  7293 raft_consensus.cc:1081] T 10cac6f562994e47a322e06454f273be P f3a44c81a56a438e9b6c493d54e66442 [term 2 LEADER]: Signalling peer d8bea4512d894dfeb82ba5595071c4bf to start an election
I20260709 13:15:10.690820  7119 tablet_service.cc:2044] Received Run Leader Election RPC: tablet_id: "10cac6f562994e47a322e06454f273be"
dest_uuid: "d8bea4512d894dfeb82ba5595071c4bf"
 from {username='slave'} at 127.0.0.1:52226
I20260709 13:15:10.691359  7119 raft_consensus.cc:493] T 10cac6f562994e47a322e06454f273be P d8bea4512d894dfeb82ba5595071c4bf [term 2 FOLLOWER]: Starting forced leader election (received explicit request)
I20260709 13:15:10.691737  7119 raft_consensus.cc:3060] T 10cac6f562994e47a322e06454f273be P d8bea4512d894dfeb82ba5595071c4bf [term 2 FOLLOWER]: Advancing to term 3
I20260709 13:15:10.696760  7119 raft_consensus.cc:515] T 10cac6f562994e47a322e06454f273be P d8bea4512d894dfeb82ba5595071c4bf [term 3 FOLLOWER]: Starting forced leader election with config: opid_index: -1 OBSOLETE_local: false peers { permanent_uuid: "f3a44c81a56a438e9b6c493d54e66442" member_type: VOTER last_known_addr { host: "127.6.48.129" port: 46717 } } peers { permanent_uuid: "8bb37e47b4de400884a4c9b6672e93ab" member_type: VOTER last_known_addr { host: "127.6.48.130" port: 46365 } } peers { permanent_uuid: "d8bea4512d894dfeb82ba5595071c4bf" member_type: VOTER last_known_addr { host: "127.6.48.131" port: 36485 } }
I20260709 13:15:10.698253  7119 leader_election.cc:290] T 10cac6f562994e47a322e06454f273be P d8bea4512d894dfeb82ba5595071c4bf [CANDIDATE]: Term 3 election: Requested vote from peers f3a44c81a56a438e9b6c493d54e66442 (127.6.48.129:46717), 8bb37e47b4de400884a4c9b6672e93ab (127.6.48.130:46365)
I20260709 13:15:10.699141  6969 tablet_service.cc:1917] Received RequestConsensusVote() RPC: tablet_id: "10cac6f562994e47a322e06454f273be" candidate_uuid: "d8bea4512d894dfeb82ba5595071c4bf" candidate_term: 3 candidate_status { last_received { term: 2 index: 2 } } ignore_live_leader: true dest_uuid: "f3a44c81a56a438e9b6c493d54e66442"
I20260709 13:15:10.699385  7043 tablet_service.cc:1917] Received RequestConsensusVote() RPC: tablet_id: "10cac6f562994e47a322e06454f273be" candidate_uuid: "d8bea4512d894dfeb82ba5595071c4bf" candidate_term: 3 candidate_status { last_received { term: 2 index: 2 } } ignore_live_leader: true dest_uuid: "8bb37e47b4de400884a4c9b6672e93ab"
I20260709 13:15:10.699693  6969 raft_consensus.cc:3055] T 10cac6f562994e47a322e06454f273be P f3a44c81a56a438e9b6c493d54e66442 [term 2 LEADER]: Stepping down as leader of term 2
I20260709 13:15:10.699862  7043 raft_consensus.cc:3060] T 10cac6f562994e47a322e06454f273be P 8bb37e47b4de400884a4c9b6672e93ab [term 2 FOLLOWER]: Advancing to term 3
I20260709 13:15:10.700037  6969 raft_consensus.cc:740] T 10cac6f562994e47a322e06454f273be P f3a44c81a56a438e9b6c493d54e66442 [term 2 LEADER]: Becoming Follower/Learner. State: Replica: f3a44c81a56a438e9b6c493d54e66442, State: Running, Role: LEADER
I20260709 13:15:10.700747  6969 consensus_queue.cc:260] T 10cac6f562994e47a322e06454f273be P f3a44c81a56a438e9b6c493d54e66442 [NON_LEADER]: Queue going to NON_LEADER mode. State: All replicated index: 0, Majority replicated index: 2, Committed index: 2, Last appended: 2.2, Last appended by leader: 2, Current term: 2, Majority size: -1, State: 0, Mode: NON_LEADER, active raft config: opid_index: -1 OBSOLETE_local: false peers { permanent_uuid: "f3a44c81a56a438e9b6c493d54e66442" member_type: VOTER last_known_addr { host: "127.6.48.129" port: 46717 } } peers { permanent_uuid: "8bb37e47b4de400884a4c9b6672e93ab" member_type: VOTER last_known_addr { host: "127.6.48.130" port: 46365 } } peers { permanent_uuid: "d8bea4512d894dfeb82ba5595071c4bf" member_type: VOTER last_known_addr { host: "127.6.48.131" port: 36485 } }
I20260709 13:15:10.701704  6969 raft_consensus.cc:3060] T 10cac6f562994e47a322e06454f273be P f3a44c81a56a438e9b6c493d54e66442 [term 2 FOLLOWER]: Advancing to term 3
I20260709 13:15:10.704088  7043 raft_consensus.cc:2468] T 10cac6f562994e47a322e06454f273be P 8bb37e47b4de400884a4c9b6672e93ab [term 3 FOLLOWER]: Leader election vote request: Granting yes vote for candidate d8bea4512d894dfeb82ba5595071c4bf in term 3.
I20260709 13:15:10.705022  7083 leader_election.cc:304] T 10cac6f562994e47a322e06454f273be P d8bea4512d894dfeb82ba5595071c4bf [CANDIDATE]: Term 3 election: Election decided. Result: candidate won. Election summary: received 2 responses out of 3 voters: 2 yes votes; 0 no votes. yes voters: 8bb37e47b4de400884a4c9b6672e93ab, d8bea4512d894dfeb82ba5595071c4bf; no voters: 
I20260709 13:15:10.705823  7269 raft_consensus.cc:2804] T 10cac6f562994e47a322e06454f273be P d8bea4512d894dfeb82ba5595071c4bf [term 3 FOLLOWER]: Leader election won for term 3
I20260709 13:15:10.706209  7269 raft_consensus.cc:697] T 10cac6f562994e47a322e06454f273be P d8bea4512d894dfeb82ba5595071c4bf [term 3 LEADER]: Becoming Leader. State: Replica: d8bea4512d894dfeb82ba5595071c4bf, State: Running, Role: LEADER
I20260709 13:15:10.706401  6969 raft_consensus.cc:2468] T 10cac6f562994e47a322e06454f273be P f3a44c81a56a438e9b6c493d54e66442 [term 3 FOLLOWER]: Leader election vote request: Granting yes vote for candidate d8bea4512d894dfeb82ba5595071c4bf in term 3.
I20260709 13:15:10.707078  7269 consensus_queue.cc:237] T 10cac6f562994e47a322e06454f273be P d8bea4512d894dfeb82ba5595071c4bf [LEADER]: Queue going to LEADER mode. State: All replicated index: 0, Majority replicated index: 2, Committed index: 2, Last appended: 2.2, Last appended by leader: 2, Current term: 3, Majority size: 2, State: 0, Mode: LEADER, active raft config: opid_index: -1 OBSOLETE_local: false peers { permanent_uuid: "f3a44c81a56a438e9b6c493d54e66442" member_type: VOTER last_known_addr { host: "127.6.48.129" port: 46717 } } peers { permanent_uuid: "8bb37e47b4de400884a4c9b6672e93ab" member_type: VOTER last_known_addr { host: "127.6.48.130" port: 46365 } } peers { permanent_uuid: "d8bea4512d894dfeb82ba5595071c4bf" member_type: VOTER last_known_addr { host: "127.6.48.131" port: 36485 } }
I20260709 13:15:10.714107  6868 catalog_manager.cc:5697] T 10cac6f562994e47a322e06454f273be P d8bea4512d894dfeb82ba5595071c4bf reported cstate change: term changed from 2 to 3, leader changed from f3a44c81a56a438e9b6c493d54e66442 (127.6.48.129) to d8bea4512d894dfeb82ba5595071c4bf (127.6.48.131). New cstate: current_term: 3 leader_uuid: "d8bea4512d894dfeb82ba5595071c4bf" committed_config { opid_index: -1 OBSOLETE_local: false peers { permanent_uuid: "f3a44c81a56a438e9b6c493d54e66442" member_type: VOTER last_known_addr { host: "127.6.48.129" port: 46717 } health_report { overall_health: UNKNOWN } } peers { permanent_uuid: "8bb37e47b4de400884a4c9b6672e93ab" member_type: VOTER last_known_addr { host: "127.6.48.130" port: 46365 } health_report { overall_health: UNKNOWN } } peers { permanent_uuid: "d8bea4512d894dfeb82ba5595071c4bf" member_type: VOTER last_known_addr { host: "127.6.48.131" port: 36485 } health_report { overall_health: HEALTHY } } }
I20260709 13:15:10.739051  7119 raft_consensus.cc:1275] T 564e9fb5ed5f46c9934427cfbe6fa9d9 P d8bea4512d894dfeb82ba5595071c4bf [term 3 FOLLOWER]: Refusing update from remote peer 8bb37e47b4de400884a4c9b6672e93ab: Log matching property violated. Preceding OpId in replica: term: 2 index: 2. Preceding OpId from leader: term: 3 index: 3. (index mismatch)
I20260709 13:15:10.740290  7274 consensus_queue.cc:1048] T 564e9fb5ed5f46c9934427cfbe6fa9d9 P 8bb37e47b4de400884a4c9b6672e93ab [LEADER]: Connected to new peer: Peer: permanent_uuid: "d8bea4512d894dfeb82ba5595071c4bf" member_type: VOTER last_known_addr { host: "127.6.48.131" port: 36485 }, Status: LMP_MISMATCH, Last received: 0.0, Next index: 3, Last known committed idx: 2, Time since last communication: 0.000s
I20260709 13:15:10.751924  6969 raft_consensus.cc:1275] T 564e9fb5ed5f46c9934427cfbe6fa9d9 P f3a44c81a56a438e9b6c493d54e66442 [term 3 FOLLOWER]: Refusing update from remote peer 8bb37e47b4de400884a4c9b6672e93ab: Log matching property violated. Preceding OpId in replica: term: 2 index: 2. Preceding OpId from leader: term: 3 index: 3. (index mismatch)
I20260709 13:15:10.753561  7308 consensus_queue.cc:1048] T 564e9fb5ed5f46c9934427cfbe6fa9d9 P 8bb37e47b4de400884a4c9b6672e93ab [LEADER]: Connected to new peer: Peer: permanent_uuid: "f3a44c81a56a438e9b6c493d54e66442" member_type: VOTER last_known_addr { host: "127.6.48.129" port: 46717 }, Status: LMP_MISMATCH, Last received: 0.0, Next index: 3, Last known committed idx: 2, Time since last communication: 0.001s
I20260709 13:15:10.756065  7043 raft_consensus.cc:1275] T e8d63ec51cfb4b8f95c0f26600878ad9 P 8bb37e47b4de400884a4c9b6672e93ab [term 3 FOLLOWER]: Refusing update from remote peer d8bea4512d894dfeb82ba5595071c4bf: Log matching property violated. Preceding OpId in replica: term: 2 index: 2. Preceding OpId from leader: term: 3 index: 3. (index mismatch)
I20260709 13:15:10.758455  7269 consensus_queue.cc:1048] T e8d63ec51cfb4b8f95c0f26600878ad9 P d8bea4512d894dfeb82ba5595071c4bf [LEADER]: Connected to new peer: Peer: permanent_uuid: "8bb37e47b4de400884a4c9b6672e93ab" member_type: VOTER last_known_addr { host: "127.6.48.130" port: 46365 }, Status: LMP_MISMATCH, Last received: 0.0, Next index: 3, Last known committed idx: 2, Time since last communication: 0.001s
I20260709 13:15:10.768730  6969 raft_consensus.cc:1275] T e8d63ec51cfb4b8f95c0f26600878ad9 P f3a44c81a56a438e9b6c493d54e66442 [term 3 FOLLOWER]: Refusing update from remote peer d8bea4512d894dfeb82ba5595071c4bf: Log matching property violated. Preceding OpId in replica: term: 2 index: 2. Preceding OpId from leader: term: 3 index: 3. (index mismatch)
I20260709 13:15:10.770339  7269 consensus_queue.cc:1048] T e8d63ec51cfb4b8f95c0f26600878ad9 P d8bea4512d894dfeb82ba5595071c4bf [LEADER]: Connected to new peer: Peer: permanent_uuid: "f3a44c81a56a438e9b6c493d54e66442" member_type: VOTER last_known_addr { host: "127.6.48.129" port: 46717 }, Status: LMP_MISMATCH, Last received: 0.0, Next index: 3, Last known committed idx: 2, Time since last communication: 0.000s
I20260709 13:15:10.810135  7119 raft_consensus.cc:1275] T 3ec784d5c2e840ed86d71826ab81b604 P d8bea4512d894dfeb82ba5595071c4bf [term 4 FOLLOWER]: Refusing update from remote peer 8bb37e47b4de400884a4c9b6672e93ab: Log matching property violated. Preceding OpId in replica: term: 3 index: 3. Preceding OpId from leader: term: 4 index: 4. (index mismatch)
I20260709 13:15:10.811354  7274 consensus_queue.cc:1048] T 3ec784d5c2e840ed86d71826ab81b604 P 8bb37e47b4de400884a4c9b6672e93ab [LEADER]: Connected to new peer: Peer: permanent_uuid: "d8bea4512d894dfeb82ba5595071c4bf" member_type: VOTER last_known_addr { host: "127.6.48.131" port: 36485 }, Status: LMP_MISMATCH, Last received: 0.0, Next index: 4, Last known committed idx: 3, Time since last communication: 0.000s
I20260709 13:15:10.819765  6969 raft_consensus.cc:1275] T 3ec784d5c2e840ed86d71826ab81b604 P f3a44c81a56a438e9b6c493d54e66442 [term 4 FOLLOWER]: Refusing update from remote peer 8bb37e47b4de400884a4c9b6672e93ab: Log matching property violated. Preceding OpId in replica: term: 3 index: 3. Preceding OpId from leader: term: 4 index: 4. (index mismatch)
I20260709 13:15:10.821127  7308 consensus_queue.cc:1048] T 3ec784d5c2e840ed86d71826ab81b604 P 8bb37e47b4de400884a4c9b6672e93ab [LEADER]: Connected to new peer: Peer: permanent_uuid: "f3a44c81a56a438e9b6c493d54e66442" member_type: VOTER last_known_addr { host: "127.6.48.129" port: 46717 }, Status: LMP_MISMATCH, Last received: 0.0, Next index: 4, Last known committed idx: 3, Time since last communication: 0.000s
I20260709 13:15:11.229830  6338 auto_leader_rebalancer.cc:141] leader rebalance for table test-workload
I20260709 13:15:11.235983  6338 tablet_server.cc:179] TabletServer@127.6.48.129:0 shutting down...
W20260709 13:15:11.253901  7083 proxy.cc:239] Call had error, refreshing address and retrying: Remote error: Service unavailable: service kudu.consensus.ConsensusService not registered on TabletServer [suppressed 1 similar messages]
W20260709 13:15:11.257702  7083 consensus_peers.cc:597] T 10cac6f562994e47a322e06454f273be P d8bea4512d894dfeb82ba5595071c4bf -> Peer f3a44c81a56a438e9b6c493d54e66442 (127.6.48.129:46717): Couldn't send request to peer f3a44c81a56a438e9b6c493d54e66442. Status: Remote error: Service unavailable: service kudu.consensus.ConsensusService not registered on TabletServer. This is attempt 1: this message will repeat every 5th retry.
I20260709 13:15:11.264590  6338 ts_tablet_manager.cc:1507] Shutting down tablet manager...
I20260709 13:15:11.265403  6338 tablet_replica.cc:333] T 564e9fb5ed5f46c9934427cfbe6fa9d9 P f3a44c81a56a438e9b6c493d54e66442: stopping tablet replica
I20260709 13:15:11.266373  6338 raft_consensus.cc:2243] T 564e9fb5ed5f46c9934427cfbe6fa9d9 P f3a44c81a56a438e9b6c493d54e66442 [term 3 FOLLOWER]: Raft consensus shutting down.
I20260709 13:15:11.266921  6338 raft_consensus.cc:2272] T 564e9fb5ed5f46c9934427cfbe6fa9d9 P f3a44c81a56a438e9b6c493d54e66442 [term 3 FOLLOWER]: Raft consensus is shut down!
I20260709 13:15:11.269548  6338 tablet_replica.cc:333] T ed61aee7ac7e4d11aa07ef8d1a675164 P f3a44c81a56a438e9b6c493d54e66442: stopping tablet replica
W20260709 13:15:11.269542  7083 consensus_peers.cc:597] T 0b72692240a1405db0bf9876050d622f P d8bea4512d894dfeb82ba5595071c4bf -> Peer f3a44c81a56a438e9b6c493d54e66442 (127.6.48.129:46717): Couldn't send request to peer f3a44c81a56a438e9b6c493d54e66442. Status: Remote error: Service unavailable: service kudu.consensus.ConsensusService not registered on TabletServer. This is attempt 1: this message will repeat every 5th retry.
I20260709 13:15:11.270298  6338 raft_consensus.cc:2243] T ed61aee7ac7e4d11aa07ef8d1a675164 P f3a44c81a56a438e9b6c493d54e66442 [term 3 LEADER]: Raft consensus shutting down.
I20260709 13:15:11.270977  6338 raft_consensus.cc:2272] T ed61aee7ac7e4d11aa07ef8d1a675164 P f3a44c81a56a438e9b6c493d54e66442 [term 3 FOLLOWER]: Raft consensus is shut down!
I20260709 13:15:11.273159  6338 tablet_replica.cc:333] T 8cda4aef609049bc9a3c9b966b88a62b P f3a44c81a56a438e9b6c493d54e66442: stopping tablet replica
I20260709 13:15:11.273859  6338 raft_consensus.cc:2243] T 8cda4aef609049bc9a3c9b966b88a62b P f3a44c81a56a438e9b6c493d54e66442 [term 2 LEADER]: Raft consensus shutting down.
I20260709 13:15:11.274642  6338 raft_consensus.cc:2272] T 8cda4aef609049bc9a3c9b966b88a62b P f3a44c81a56a438e9b6c493d54e66442 [term 2 FOLLOWER]: Raft consensus is shut down!
I20260709 13:15:11.276325  6338 tablet_replica.cc:333] T e8d63ec51cfb4b8f95c0f26600878ad9 P f3a44c81a56a438e9b6c493d54e66442: stopping tablet replica
I20260709 13:15:11.276810  6338 raft_consensus.cc:2243] T e8d63ec51cfb4b8f95c0f26600878ad9 P f3a44c81a56a438e9b6c493d54e66442 [term 3 FOLLOWER]: Raft consensus shutting down.
I20260709 13:15:11.277240  6338 raft_consensus.cc:2272] T e8d63ec51cfb4b8f95c0f26600878ad9 P f3a44c81a56a438e9b6c493d54e66442 [term 3 FOLLOWER]: Raft consensus is shut down!
I20260709 13:15:11.279045  6338 tablet_replica.cc:333] T 3ec784d5c2e840ed86d71826ab81b604 P f3a44c81a56a438e9b6c493d54e66442: stopping tablet replica
I20260709 13:15:11.279554  6338 raft_consensus.cc:2243] T 3ec784d5c2e840ed86d71826ab81b604 P f3a44c81a56a438e9b6c493d54e66442 [term 4 FOLLOWER]: Raft consensus shutting down.
I20260709 13:15:11.279927  6338 raft_consensus.cc:2272] T 3ec784d5c2e840ed86d71826ab81b604 P f3a44c81a56a438e9b6c493d54e66442 [term 4 FOLLOWER]: Raft consensus is shut down!
I20260709 13:15:11.281960  6338 tablet_replica.cc:333] T 71d60a8ed52e4665aae0c3d2e397bb6d P f3a44c81a56a438e9b6c493d54e66442: stopping tablet replica
I20260709 13:15:11.282439  6338 raft_consensus.cc:2243] T 71d60a8ed52e4665aae0c3d2e397bb6d P f3a44c81a56a438e9b6c493d54e66442 [term 2 LEADER]: Raft consensus shutting down.
I20260709 13:15:11.283154  6338 raft_consensus.cc:2272] T 71d60a8ed52e4665aae0c3d2e397bb6d P f3a44c81a56a438e9b6c493d54e66442 [term 2 FOLLOWER]: Raft consensus is shut down!
I20260709 13:15:11.284726  6338 tablet_replica.cc:333] T 0b72692240a1405db0bf9876050d622f P f3a44c81a56a438e9b6c493d54e66442: stopping tablet replica
I20260709 13:15:11.285354  6338 raft_consensus.cc:2243] T 0b72692240a1405db0bf9876050d622f P f3a44c81a56a438e9b6c493d54e66442 [term 1 FOLLOWER]: Raft consensus shutting down.
I20260709 13:15:11.285784  6338 raft_consensus.cc:2272] T 0b72692240a1405db0bf9876050d622f P f3a44c81a56a438e9b6c493d54e66442 [term 1 FOLLOWER]: Raft consensus is shut down!
I20260709 13:15:11.288403  6338 tablet_replica.cc:333] T acdef61e90764ddda0f257a3c61f3a90 P f3a44c81a56a438e9b6c493d54e66442: stopping tablet replica
I20260709 13:15:11.289078  6338 raft_consensus.cc:2243] T acdef61e90764ddda0f257a3c61f3a90 P f3a44c81a56a438e9b6c493d54e66442 [term 2 FOLLOWER]: Raft consensus shutting down.
I20260709 13:15:11.289569  6338 raft_consensus.cc:2272] T acdef61e90764ddda0f257a3c61f3a90 P f3a44c81a56a438e9b6c493d54e66442 [term 2 FOLLOWER]: Raft consensus is shut down!
W20260709 13:15:11.290617  7083 consensus_peers.cc:597] T e8d63ec51cfb4b8f95c0f26600878ad9 P d8bea4512d894dfeb82ba5595071c4bf -> Peer f3a44c81a56a438e9b6c493d54e66442 (127.6.48.129:46717): Couldn't send request to peer f3a44c81a56a438e9b6c493d54e66442. Status: Remote error: Service unavailable: service kudu.consensus.ConsensusService not registered on TabletServer. This is attempt 1: this message will repeat every 5th retry.
I20260709 13:15:11.292084  6338 tablet_replica.cc:333] T 10cac6f562994e47a322e06454f273be P f3a44c81a56a438e9b6c493d54e66442: stopping tablet replica
I20260709 13:15:11.292711  6338 raft_consensus.cc:2243] T 10cac6f562994e47a322e06454f273be P f3a44c81a56a438e9b6c493d54e66442 [term 3 FOLLOWER]: Raft consensus shutting down.
I20260709 13:15:11.293162  6338 raft_consensus.cc:2272] T 10cac6f562994e47a322e06454f273be P f3a44c81a56a438e9b6c493d54e66442 [term 3 FOLLOWER]: Raft consensus is shut down!
I20260709 13:15:11.295521  6338 tablet_replica.cc:333] T 94791edb4f03424394633c90eda16594 P f3a44c81a56a438e9b6c493d54e66442: stopping tablet replica
I20260709 13:15:11.296011  6338 raft_consensus.cc:2243] T 94791edb4f03424394633c90eda16594 P f3a44c81a56a438e9b6c493d54e66442 [term 3 LEADER]: Raft consensus shutting down.
I20260709 13:15:11.297149  6338 raft_consensus.cc:2272] T 94791edb4f03424394633c90eda16594 P f3a44c81a56a438e9b6c493d54e66442 [term 3 FOLLOWER]: Raft consensus is shut down!
W20260709 13:15:11.299283  7009 consensus_peers.cc:597] T 564e9fb5ed5f46c9934427cfbe6fa9d9 P 8bb37e47b4de400884a4c9b6672e93ab -> Peer f3a44c81a56a438e9b6c493d54e66442 (127.6.48.129:46717): Couldn't send request to peer f3a44c81a56a438e9b6c493d54e66442. Status: Remote error: Service unavailable: service kudu.consensus.ConsensusService not registered on TabletServer. This is attempt 1: this message will repeat every 5th retry.
I20260709 13:15:11.300401  7043 raft_consensus.cc:1275] T 10cac6f562994e47a322e06454f273be P 8bb37e47b4de400884a4c9b6672e93ab [term 3 FOLLOWER]: Refusing update from remote peer d8bea4512d894dfeb82ba5595071c4bf: Log matching property violated. Preceding OpId in replica: term: 2 index: 2. Preceding OpId from leader: term: 3 index: 3. (index mismatch)
I20260709 13:15:11.301692  7313 consensus_queue.cc:1048] T 10cac6f562994e47a322e06454f273be P d8bea4512d894dfeb82ba5595071c4bf [LEADER]: Connected to new peer: Peer: permanent_uuid: "8bb37e47b4de400884a4c9b6672e93ab" member_type: VOTER last_known_addr { host: "127.6.48.130" port: 46365 }, Status: LMP_MISMATCH, Last received: 0.0, Next index: 3, Last known committed idx: 2, Time since last communication: 0.000s
I20260709 13:15:11.332227  6338 tablet_server.cc:196] TabletServer@127.6.48.129:0 shutdown complete.
I20260709 13:15:11.351173  6338 tablet_server.cc:179] TabletServer@127.6.48.130:0 shutting down...
I20260709 13:15:11.377138  6338 ts_tablet_manager.cc:1507] Shutting down tablet manager...
I20260709 13:15:11.377812  6338 tablet_replica.cc:333] T ed61aee7ac7e4d11aa07ef8d1a675164 P 8bb37e47b4de400884a4c9b6672e93ab: stopping tablet replica
I20260709 13:15:11.378425  6338 raft_consensus.cc:2243] T ed61aee7ac7e4d11aa07ef8d1a675164 P 8bb37e47b4de400884a4c9b6672e93ab [term 3 FOLLOWER]: Raft consensus shutting down.
I20260709 13:15:11.378913  6338 raft_consensus.cc:2272] T ed61aee7ac7e4d11aa07ef8d1a675164 P 8bb37e47b4de400884a4c9b6672e93ab [term 3 FOLLOWER]: Raft consensus is shut down!
I20260709 13:15:11.381341  6338 tablet_replica.cc:333] T 564e9fb5ed5f46c9934427cfbe6fa9d9 P 8bb37e47b4de400884a4c9b6672e93ab: stopping tablet replica
I20260709 13:15:11.381989  6338 raft_consensus.cc:2243] T 564e9fb5ed5f46c9934427cfbe6fa9d9 P 8bb37e47b4de400884a4c9b6672e93ab [term 3 LEADER]: Raft consensus shutting down.
W20260709 13:15:11.382660  7083 consensus_peers.cc:597] T 0b72692240a1405db0bf9876050d622f P d8bea4512d894dfeb82ba5595071c4bf -> Peer 8bb37e47b4de400884a4c9b6672e93ab (127.6.48.130:46365): Couldn't send request to peer 8bb37e47b4de400884a4c9b6672e93ab. Status: Remote error: Service unavailable: service kudu.consensus.ConsensusService not registered on TabletServer. This is attempt 1: this message will repeat every 5th retry.
I20260709 13:15:11.382838  6338 raft_consensus.cc:2272] T 564e9fb5ed5f46c9934427cfbe6fa9d9 P 8bb37e47b4de400884a4c9b6672e93ab [term 3 FOLLOWER]: Raft consensus is shut down!
I20260709 13:15:11.384876  6338 tablet_replica.cc:333] T 3ec784d5c2e840ed86d71826ab81b604 P 8bb37e47b4de400884a4c9b6672e93ab: stopping tablet replica
I20260709 13:15:11.385423  6338 raft_consensus.cc:2243] T 3ec784d5c2e840ed86d71826ab81b604 P 8bb37e47b4de400884a4c9b6672e93ab [term 4 LEADER]: Raft consensus shutting down.
I20260709 13:15:11.386102  6338 raft_consensus.cc:2272] T 3ec784d5c2e840ed86d71826ab81b604 P 8bb37e47b4de400884a4c9b6672e93ab [term 4 FOLLOWER]: Raft consensus is shut down!
I20260709 13:15:11.388051  6338 tablet_replica.cc:333] T 8cda4aef609049bc9a3c9b966b88a62b P 8bb37e47b4de400884a4c9b6672e93ab: stopping tablet replica
I20260709 13:15:11.388581  6338 raft_consensus.cc:2243] T 8cda4aef609049bc9a3c9b966b88a62b P 8bb37e47b4de400884a4c9b6672e93ab [term 2 FOLLOWER]: Raft consensus shutting down.
I20260709 13:15:11.389091  6338 raft_consensus.cc:2272] T 8cda4aef609049bc9a3c9b966b88a62b P 8bb37e47b4de400884a4c9b6672e93ab [term 2 FOLLOWER]: Raft consensus is shut down!
I20260709 13:15:11.390750  6338 tablet_replica.cc:333] T e8d63ec51cfb4b8f95c0f26600878ad9 P 8bb37e47b4de400884a4c9b6672e93ab: stopping tablet replica
I20260709 13:15:11.391331  6338 raft_consensus.cc:2243] T e8d63ec51cfb4b8f95c0f26600878ad9 P 8bb37e47b4de400884a4c9b6672e93ab [term 3 FOLLOWER]: Raft consensus shutting down.
I20260709 13:15:11.391757  6338 raft_consensus.cc:2272] T e8d63ec51cfb4b8f95c0f26600878ad9 P 8bb37e47b4de400884a4c9b6672e93ab [term 3 FOLLOWER]: Raft consensus is shut down!
I20260709 13:15:11.393700  6338 tablet_replica.cc:333] T 10cac6f562994e47a322e06454f273be P 8bb37e47b4de400884a4c9b6672e93ab: stopping tablet replica
I20260709 13:15:11.394173  6338 raft_consensus.cc:2243] T 10cac6f562994e47a322e06454f273be P 8bb37e47b4de400884a4c9b6672e93ab [term 3 FOLLOWER]: Raft consensus shutting down.
I20260709 13:15:11.394574  6338 raft_consensus.cc:2272] T 10cac6f562994e47a322e06454f273be P 8bb37e47b4de400884a4c9b6672e93ab [term 3 FOLLOWER]: Raft consensus is shut down!
I20260709 13:15:11.396432  6338 tablet_replica.cc:333] T 94791edb4f03424394633c90eda16594 P 8bb37e47b4de400884a4c9b6672e93ab: stopping tablet replica
I20260709 13:15:11.396898  6338 raft_consensus.cc:2243] T 94791edb4f03424394633c90eda16594 P 8bb37e47b4de400884a4c9b6672e93ab [term 3 FOLLOWER]: Raft consensus shutting down.
I20260709 13:15:11.397336  6338 raft_consensus.cc:2272] T 94791edb4f03424394633c90eda16594 P 8bb37e47b4de400884a4c9b6672e93ab [term 3 FOLLOWER]: Raft consensus is shut down!
I20260709 13:15:11.398878  6338 tablet_replica.cc:333] T acdef61e90764ddda0f257a3c61f3a90 P 8bb37e47b4de400884a4c9b6672e93ab: stopping tablet replica
I20260709 13:15:11.399333  6338 raft_consensus.cc:2243] T acdef61e90764ddda0f257a3c61f3a90 P 8bb37e47b4de400884a4c9b6672e93ab [term 2 LEADER]: Raft consensus shutting down.
I20260709 13:15:11.400043  6338 raft_consensus.cc:2272] T acdef61e90764ddda0f257a3c61f3a90 P 8bb37e47b4de400884a4c9b6672e93ab [term 2 FOLLOWER]: Raft consensus is shut down!
I20260709 13:15:11.401597  6338 tablet_replica.cc:333] T 0b72692240a1405db0bf9876050d622f P 8bb37e47b4de400884a4c9b6672e93ab: stopping tablet replica
I20260709 13:15:11.402037  6338 raft_consensus.cc:2243] T 0b72692240a1405db0bf9876050d622f P 8bb37e47b4de400884a4c9b6672e93ab [term 1 FOLLOWER]: Raft consensus shutting down.
I20260709 13:15:11.402421  6338 raft_consensus.cc:2272] T 0b72692240a1405db0bf9876050d622f P 8bb37e47b4de400884a4c9b6672e93ab [term 1 FOLLOWER]: Raft consensus is shut down!
I20260709 13:15:11.403890  6338 tablet_replica.cc:333] T 71d60a8ed52e4665aae0c3d2e397bb6d P 8bb37e47b4de400884a4c9b6672e93ab: stopping tablet replica
