I20260709 13:15:15.149410 13204 raft_consensus.cc:740] T 309593e963fa40499f5398bca23d6085 P e86abf1cad104799a50684b8dd05443e [term 0 FOLLOWER]: Becoming Follower/Learner. State: Replica: e86abf1cad104799a50684b8dd05443e, State: Initialized, Role: FOLLOWER
I20260709 13:15:15.149920 13204 consensus_queue.cc:260] T 309593e963fa40499f5398bca23d6085 P e86abf1cad104799a50684b8dd05443e [NON_LEADER]: Queue going to NON_LEADER mode. State: All replicated index: 0, Majority replicated index: 0, Committed index: 0, Last appended: 0.0, Last appended by leader: 0, Current term: 0, Majority size: -1, State: 0, Mode: NON_LEADER, active raft config: opid_index: -1 OBSOLETE_local: false peers { permanent_uuid: "e86abf1cad104799a50684b8dd05443e" member_type: VOTER last_known_addr { host: "127.11.161.1" port: 41055 } } peers { permanent_uuid: "cf6bb521d71a43568f62a845c53e227f" member_type: VOTER last_known_addr { host: "127.11.161.2" port: 33241 } } peers { permanent_uuid: "a374513727df4788915ad9dcc0ee26ce" member_type: VOTER last_known_addr { host: "127.11.161.3" port: 34729 } }
I20260709 13:15:15.151130 13204 ts_tablet_manager.cc:1434] T 309593e963fa40499f5398bca23d6085 P e86abf1cad104799a50684b8dd05443e: Time spent starting tablet: real 0.004s	user 0.004s	sys 0.000s
I20260709 13:15:15.152087 13204 tablet_bootstrap.cc:492] T f8a22d26161f449690a478391bff43b1 P e86abf1cad104799a50684b8dd05443e: Bootstrap starting.
I20260709 13:15:15.157816 13204 tablet_bootstrap.cc:654] T f8a22d26161f449690a478391bff43b1 P e86abf1cad104799a50684b8dd05443e: Neither blocks nor log segments found. Creating new log.
I20260709 13:15:15.163092 13204 tablet_bootstrap.cc:492] T f8a22d26161f449690a478391bff43b1 P e86abf1cad104799a50684b8dd05443e: No bootstrap required, opened a new log
I20260709 13:15:15.163506 13204 ts_tablet_manager.cc:1403] T f8a22d26161f449690a478391bff43b1 P e86abf1cad104799a50684b8dd05443e: Time spent bootstrapping tablet: real 0.012s	user 0.009s	sys 0.000s
I20260709 13:15:15.166038 13204 raft_consensus.cc:359] T f8a22d26161f449690a478391bff43b1 P e86abf1cad104799a50684b8dd05443e [term 0 FOLLOWER]: Replica starting. Triggering 0 pending ops. Active config: opid_index: -1 OBSOLETE_local: false peers { permanent_uuid: "e86abf1cad104799a50684b8dd05443e" member_type: VOTER last_known_addr { host: "127.11.161.1" port: 41055 } } peers { permanent_uuid: "cf6bb521d71a43568f62a845c53e227f" member_type: VOTER last_known_addr { host: "127.11.161.2" port: 33241 } } peers { permanent_uuid: "a374513727df4788915ad9dcc0ee26ce" member_type: VOTER last_known_addr { host: "127.11.161.3" port: 34729 } }
I20260709 13:15:15.166729 13204 raft_consensus.cc:385] T f8a22d26161f449690a478391bff43b1 P e86abf1cad104799a50684b8dd05443e [term 0 FOLLOWER]: Consensus starting up: Expiring failure detector timer to make a prompt election more likely
I20260709 13:15:15.167037 13204 raft_consensus.cc:740] T f8a22d26161f449690a478391bff43b1 P e86abf1cad104799a50684b8dd05443e [term 0 FOLLOWER]: Becoming Follower/Learner. State: Replica: e86abf1cad104799a50684b8dd05443e, State: Initialized, Role: FOLLOWER
I20260709 13:15:15.167624 13204 consensus_queue.cc:260] T f8a22d26161f449690a478391bff43b1 P e86abf1cad104799a50684b8dd05443e [NON_LEADER]: Queue going to NON_LEADER mode. State: All replicated index: 0, Majority replicated index: 0, Committed index: 0, Last appended: 0.0, Last appended by leader: 0, Current term: 0, Majority size: -1, State: 0, Mode: NON_LEADER, active raft config: opid_index: -1 OBSOLETE_local: false peers { permanent_uuid: "e86abf1cad104799a50684b8dd05443e" member_type: VOTER last_known_addr { host: "127.11.161.1" port: 41055 } } peers { permanent_uuid: "cf6bb521d71a43568f62a845c53e227f" member_type: VOTER last_known_addr { host: "127.11.161.2" port: 33241 } } peers { permanent_uuid: "a374513727df4788915ad9dcc0ee26ce" member_type: VOTER last_known_addr { host: "127.11.161.3" port: 34729 } }
I20260709 13:15:15.169275 13204 ts_tablet_manager.cc:1434] T f8a22d26161f449690a478391bff43b1 P e86abf1cad104799a50684b8dd05443e: Time spent starting tablet: real 0.006s	user 0.007s	sys 0.001s
I20260709 13:15:15.170255 13204 tablet_bootstrap.cc:492] T 711c4745eaa24e5289105b228c4310e2 P e86abf1cad104799a50684b8dd05443e: Bootstrap starting.
I20260709 13:15:15.175076 13157 tablet_service.cc:1917] Received RequestConsensusVote() RPC: tablet_id: "86f76db3487e41b998b709d27a2c4454" candidate_uuid: "e86abf1cad104799a50684b8dd05443e" candidate_term: 1 candidate_status { last_received { term: 0 index: 0 } } ignore_live_leader: false dest_uuid: "a374513727df4788915ad9dcc0ee26ce" is_pre_election: true
I20260709 13:15:15.176065 13204 tablet_bootstrap.cc:654] T 711c4745eaa24e5289105b228c4310e2 P e86abf1cad104799a50684b8dd05443e: Neither blocks nor log segments found. Creating new log.
W20260709 13:15:15.178349 12980 leader_election.cc:343] T 86f76db3487e41b998b709d27a2c4454 P e86abf1cad104799a50684b8dd05443e [CANDIDATE]: Term 1 pre-election: Tablet error from VoteRequest() call to peer a374513727df4788915ad9dcc0ee26ce (127.11.161.3:34729): Illegal state: must be running to vote when last-logged opid is not known
I20260709 13:15:15.186714 13204 tablet_bootstrap.cc:492] T 711c4745eaa24e5289105b228c4310e2 P e86abf1cad104799a50684b8dd05443e: No bootstrap required, opened a new log
I20260709 13:15:15.187139 13204 ts_tablet_manager.cc:1403] T 711c4745eaa24e5289105b228c4310e2 P e86abf1cad104799a50684b8dd05443e: Time spent bootstrapping tablet: real 0.017s	user 0.011s	sys 0.004s
I20260709 13:15:15.189719 13204 raft_consensus.cc:359] T 711c4745eaa24e5289105b228c4310e2 P e86abf1cad104799a50684b8dd05443e [term 0 FOLLOWER]: Replica starting. Triggering 0 pending ops. Active config: opid_index: -1 OBSOLETE_local: false peers { permanent_uuid: "e86abf1cad104799a50684b8dd05443e" member_type: VOTER last_known_addr { host: "127.11.161.1" port: 41055 } } peers { permanent_uuid: "cf6bb521d71a43568f62a845c53e227f" member_type: VOTER last_known_addr { host: "127.11.161.2" port: 33241 } } peers { permanent_uuid: "a374513727df4788915ad9dcc0ee26ce" member_type: VOTER last_known_addr { host: "127.11.161.3" port: 34729 } }
I20260709 13:15:15.190404 13204 raft_consensus.cc:385] T 711c4745eaa24e5289105b228c4310e2 P e86abf1cad104799a50684b8dd05443e [term 0 FOLLOWER]: Consensus starting up: Expiring failure detector timer to make a prompt election more likely
I20260709 13:15:15.190667 13204 raft_consensus.cc:740] T 711c4745eaa24e5289105b228c4310e2 P e86abf1cad104799a50684b8dd05443e [term 0 FOLLOWER]: Becoming Follower/Learner. State: Replica: e86abf1cad104799a50684b8dd05443e, State: Initialized, Role: FOLLOWER
I20260709 13:15:15.191227 13204 consensus_queue.cc:260] T 711c4745eaa24e5289105b228c4310e2 P e86abf1cad104799a50684b8dd05443e [NON_LEADER]: Queue going to NON_LEADER mode. State: All replicated index: 0, Majority replicated index: 0, Committed index: 0, Last appended: 0.0, Last appended by leader: 0, Current term: 0, Majority size: -1, State: 0, Mode: NON_LEADER, active raft config: opid_index: -1 OBSOLETE_local: false peers { permanent_uuid: "e86abf1cad104799a50684b8dd05443e" member_type: VOTER last_known_addr { host: "127.11.161.1" port: 41055 } } peers { permanent_uuid: "cf6bb521d71a43568f62a845c53e227f" member_type: VOTER last_known_addr { host: "127.11.161.2" port: 33241 } } peers { permanent_uuid: "a374513727df4788915ad9dcc0ee26ce" member_type: VOTER last_known_addr { host: "127.11.161.3" port: 34729 } }
I20260709 13:15:15.192981 13204 ts_tablet_manager.cc:1434] T 711c4745eaa24e5289105b228c4310e2 P e86abf1cad104799a50684b8dd05443e: Time spent starting tablet: real 0.006s	user 0.007s	sys 0.000s
I20260709 13:15:15.194054 13204 tablet_bootstrap.cc:492] T 447e48e9dd454ed79eceedaa5fea586e P e86abf1cad104799a50684b8dd05443e: Bootstrap starting.
I20260709 13:15:15.199440 13204 tablet_bootstrap.cc:654] T 447e48e9dd454ed79eceedaa5fea586e P e86abf1cad104799a50684b8dd05443e: Neither blocks nor log segments found. Creating new log.
I20260709 13:15:15.203626 13204 tablet_bootstrap.cc:492] T 447e48e9dd454ed79eceedaa5fea586e P e86abf1cad104799a50684b8dd05443e: No bootstrap required, opened a new log
I20260709 13:15:15.204006 13204 ts_tablet_manager.cc:1403] T 447e48e9dd454ed79eceedaa5fea586e P e86abf1cad104799a50684b8dd05443e: Time spent bootstrapping tablet: real 0.010s	user 0.008s	sys 0.000s
I20260709 13:15:15.206463 13204 raft_consensus.cc:359] T 447e48e9dd454ed79eceedaa5fea586e P e86abf1cad104799a50684b8dd05443e [term 0 FOLLOWER]: Replica starting. Triggering 0 pending ops. Active config: opid_index: -1 OBSOLETE_local: false peers { permanent_uuid: "e86abf1cad104799a50684b8dd05443e" member_type: VOTER last_known_addr { host: "127.11.161.1" port: 41055 } } peers { permanent_uuid: "cf6bb521d71a43568f62a845c53e227f" member_type: VOTER last_known_addr { host: "127.11.161.2" port: 33241 } } peers { permanent_uuid: "a374513727df4788915ad9dcc0ee26ce" member_type: VOTER last_known_addr { host: "127.11.161.3" port: 34729 } }
I20260709 13:15:15.207057 13204 raft_consensus.cc:385] T 447e48e9dd454ed79eceedaa5fea586e P e86abf1cad104799a50684b8dd05443e [term 0 FOLLOWER]: Consensus starting up: Expiring failure detector timer to make a prompt election more likely
I20260709 13:15:15.207310 13204 raft_consensus.cc:740] T 447e48e9dd454ed79eceedaa5fea586e P e86abf1cad104799a50684b8dd05443e [term 0 FOLLOWER]: Becoming Follower/Learner. State: Replica: e86abf1cad104799a50684b8dd05443e, State: Initialized, Role: FOLLOWER
I20260709 13:15:15.207868 13204 consensus_queue.cc:260] T 447e48e9dd454ed79eceedaa5fea586e P e86abf1cad104799a50684b8dd05443e [NON_LEADER]: Queue going to NON_LEADER mode. State: All replicated index: 0, Majority replicated index: 0, Committed index: 0, Last appended: 0.0, Last appended by leader: 0, Current term: 0, Majority size: -1, State: 0, Mode: NON_LEADER, active raft config: opid_index: -1 OBSOLETE_local: false peers { permanent_uuid: "e86abf1cad104799a50684b8dd05443e" member_type: VOTER last_known_addr { host: "127.11.161.1" port: 41055 } } peers { permanent_uuid: "cf6bb521d71a43568f62a845c53e227f" member_type: VOTER last_known_addr { host: "127.11.161.2" port: 33241 } } peers { permanent_uuid: "a374513727df4788915ad9dcc0ee26ce" member_type: VOTER last_known_addr { host: "127.11.161.3" port: 34729 } }
I20260709 13:15:15.209853 13204 ts_tablet_manager.cc:1434] T 447e48e9dd454ed79eceedaa5fea586e P e86abf1cad104799a50684b8dd05443e: Time spent starting tablet: real 0.006s	user 0.006s	sys 0.000s
I20260709 13:15:15.210862 13204 tablet_bootstrap.cc:492] T 11f15dd95d5542819bba024f46ef9c0f P e86abf1cad104799a50684b8dd05443e: Bootstrap starting.
I20260709 13:15:15.215940 13207 tablet_bootstrap.cc:492] T 242909dc795146c19dd6b1a2ddf4a5b5 P a374513727df4788915ad9dcc0ee26ce: No bootstrap required, opened a new log
I20260709 13:15:15.215986 13204 tablet_bootstrap.cc:654] T 11f15dd95d5542819bba024f46ef9c0f P e86abf1cad104799a50684b8dd05443e: Neither blocks nor log segments found. Creating new log.
I20260709 13:15:15.216542 13207 ts_tablet_manager.cc:1403] T 242909dc795146c19dd6b1a2ddf4a5b5 P a374513727df4788915ad9dcc0ee26ce: Time spent bootstrapping tablet: real 0.439s	user 0.022s	sys 0.004s
I20260709 13:15:15.220813 13204 tablet_bootstrap.cc:492] T 11f15dd95d5542819bba024f46ef9c0f P e86abf1cad104799a50684b8dd05443e: No bootstrap required, opened a new log
I20260709 13:15:15.221325 13204 ts_tablet_manager.cc:1403] T 11f15dd95d5542819bba024f46ef9c0f P e86abf1cad104799a50684b8dd05443e: Time spent bootstrapping tablet: real 0.011s	user 0.010s	sys 0.000s
I20260709 13:15:15.223296 13204 raft_consensus.cc:359] T 11f15dd95d5542819bba024f46ef9c0f P e86abf1cad104799a50684b8dd05443e [term 0 FOLLOWER]: Replica starting. Triggering 0 pending ops. Active config: opid_index: -1 OBSOLETE_local: false peers { permanent_uuid: "e86abf1cad104799a50684b8dd05443e" member_type: VOTER last_known_addr { host: "127.11.161.1" port: 41055 } } peers { permanent_uuid: "cf6bb521d71a43568f62a845c53e227f" member_type: VOTER last_known_addr { host: "127.11.161.2" port: 33241 } } peers { permanent_uuid: "a374513727df4788915ad9dcc0ee26ce" member_type: VOTER last_known_addr { host: "127.11.161.3" port: 34729 } }
I20260709 13:15:15.223708 13204 raft_consensus.cc:385] T 11f15dd95d5542819bba024f46ef9c0f P e86abf1cad104799a50684b8dd05443e [term 0 FOLLOWER]: Consensus starting up: Expiring failure detector timer to make a prompt election more likely
I20260709 13:15:15.223861 13204 raft_consensus.cc:740] T 11f15dd95d5542819bba024f46ef9c0f P e86abf1cad104799a50684b8dd05443e [term 0 FOLLOWER]: Becoming Follower/Learner. State: Replica: e86abf1cad104799a50684b8dd05443e, State: Initialized, Role: FOLLOWER
I20260709 13:15:15.224285 13204 consensus_queue.cc:260] T 11f15dd95d5542819bba024f46ef9c0f P e86abf1cad104799a50684b8dd05443e [NON_LEADER]: Queue going to NON_LEADER mode. State: All replicated index: 0, Majority replicated index: 0, Committed index: 0, Last appended: 0.0, Last appended by leader: 0, Current term: 0, Majority size: -1, State: 0, Mode: NON_LEADER, active raft config: opid_index: -1 OBSOLETE_local: false peers { permanent_uuid: "e86abf1cad104799a50684b8dd05443e" member_type: VOTER last_known_addr { host: "127.11.161.1" port: 41055 } } peers { permanent_uuid: "cf6bb521d71a43568f62a845c53e227f" member_type: VOTER last_known_addr { host: "127.11.161.2" port: 33241 } } peers { permanent_uuid: "a374513727df4788915ad9dcc0ee26ce" member_type: VOTER last_known_addr { host: "127.11.161.3" port: 34729 } }
I20260709 13:15:15.226042 13204 ts_tablet_manager.cc:1434] T 11f15dd95d5542819bba024f46ef9c0f P e86abf1cad104799a50684b8dd05443e: Time spent starting tablet: real 0.005s	user 0.004s	sys 0.000s
I20260709 13:15:15.226984 13204 tablet_bootstrap.cc:492] T ab102502834a411bb93fc32bb5194d06 P e86abf1cad104799a50684b8dd05443e: Bootstrap starting.
W20260709 13:15:15.231061 13055 outbound_call.cc:321] RPC callback for RPC call kudu.consensus.ConsensusService.UpdateConsensus -> {remote=127.11.161.3:34729, user_credentials={real_user=slave}} blocked reactor thread for 437067us
I20260709 13:15:15.232436 13204 tablet_bootstrap.cc:654] T ab102502834a411bb93fc32bb5194d06 P e86abf1cad104799a50684b8dd05443e: Neither blocks nor log segments found. Creating new log.
W20260709 13:15:15.232486 13055 leader_election.cc:343] T f8a22d26161f449690a478391bff43b1 P cf6bb521d71a43568f62a845c53e227f [CANDIDATE]: Term 1 pre-election: Tablet error from VoteRequest() call to peer a374513727df4788915ad9dcc0ee26ce (127.11.161.3:34729): Illegal state: must be running to vote when last-logged opid is not known
I20260709 13:15:15.236675 13204 tablet_bootstrap.cc:492] T ab102502834a411bb93fc32bb5194d06 P e86abf1cad104799a50684b8dd05443e: No bootstrap required, opened a new log
I20260709 13:15:15.237277 13482 raft_consensus.cc:493] T 230fff09f481488c90c814974ad964bd P e86abf1cad104799a50684b8dd05443e [term 0 FOLLOWER]: Starting pre-election (no leader contacted us within the election timeout)
I20260709 13:15:15.237725 13204 ts_tablet_manager.cc:1403] T ab102502834a411bb93fc32bb5194d06 P e86abf1cad104799a50684b8dd05443e: Time spent bootstrapping tablet: real 0.011s	user 0.010s	sys 0.000s
I20260709 13:15:15.237804 13482 raft_consensus.cc:515] T 230fff09f481488c90c814974ad964bd P e86abf1cad104799a50684b8dd05443e [term 0 FOLLOWER]: Starting pre-election with config: opid_index: -1 OBSOLETE_local: false peers { permanent_uuid: "e86abf1cad104799a50684b8dd05443e" member_type: VOTER last_known_addr { host: "127.11.161.1" port: 41055 } } peers { permanent_uuid: "cf6bb521d71a43568f62a845c53e227f" member_type: VOTER last_known_addr { host: "127.11.161.2" port: 33241 } } peers { permanent_uuid: "a374513727df4788915ad9dcc0ee26ce" member_type: VOTER last_known_addr { host: "127.11.161.3" port: 34729 } }
I20260709 13:15:15.240033 13482 leader_election.cc:290] T 230fff09f481488c90c814974ad964bd P e86abf1cad104799a50684b8dd05443e [CANDIDATE]: Term 1 pre-election: Requested pre-vote from peers cf6bb521d71a43568f62a845c53e227f (127.11.161.2:33241), a374513727df4788915ad9dcc0ee26ce (127.11.161.3:34729)
I20260709 13:15:15.240958 13204 raft_consensus.cc:359] T ab102502834a411bb93fc32bb5194d06 P e86abf1cad104799a50684b8dd05443e [term 0 FOLLOWER]: Replica starting. Triggering 0 pending ops. Active config: opid_index: -1 OBSOLETE_local: false peers { permanent_uuid: "e86abf1cad104799a50684b8dd05443e" member_type: VOTER last_known_addr { host: "127.11.161.1" port: 41055 } } peers { permanent_uuid: "cf6bb521d71a43568f62a845c53e227f" member_type: VOTER last_known_addr { host: "127.11.161.2" port: 33241 } } peers { permanent_uuid: "a374513727df4788915ad9dcc0ee26ce" member_type: VOTER last_known_addr { host: "127.11.161.3" port: 34729 } }
I20260709 13:15:15.241679 13204 raft_consensus.cc:385] T ab102502834a411bb93fc32bb5194d06 P e86abf1cad104799a50684b8dd05443e [term 0 FOLLOWER]: Consensus starting up: Expiring failure detector timer to make a prompt election more likely
I20260709 13:15:15.242004 13204 raft_consensus.cc:740] T ab102502834a411bb93fc32bb5194d06 P e86abf1cad104799a50684b8dd05443e [term 0 FOLLOWER]: Becoming Follower/Learner. State: Replica: e86abf1cad104799a50684b8dd05443e, State: Initialized, Role: FOLLOWER
I20260709 13:15:15.242607 13204 consensus_queue.cc:260] T ab102502834a411bb93fc32bb5194d06 P e86abf1cad104799a50684b8dd05443e [NON_LEADER]: Queue going to NON_LEADER mode. State: All replicated index: 0, Majority replicated index: 0, Committed index: 0, Last appended: 0.0, Last appended by leader: 0, Current term: 0, Majority size: -1, State: 0, Mode: NON_LEADER, active raft config: opid_index: -1 OBSOLETE_local: false peers { permanent_uuid: "e86abf1cad104799a50684b8dd05443e" member_type: VOTER last_known_addr { host: "127.11.161.1" port: 41055 } } peers { permanent_uuid: "cf6bb521d71a43568f62a845c53e227f" member_type: VOTER last_known_addr { host: "127.11.161.2" port: 33241 } } peers { permanent_uuid: "a374513727df4788915ad9dcc0ee26ce" member_type: VOTER last_known_addr { host: "127.11.161.3" port: 34729 } }
I20260709 13:15:15.244867 13204 ts_tablet_manager.cc:1434] T ab102502834a411bb93fc32bb5194d06 P e86abf1cad104799a50684b8dd05443e: Time spent starting tablet: real 0.007s	user 0.008s	sys 0.000s
I20260709 13:15:15.247218 13474 consensus_queue.cc:1048] T 17016a562ad34ac694f82181df561f17 P e86abf1cad104799a50684b8dd05443e [LEADER]: Connected to new peer: Peer: permanent_uuid: "a374513727df4788915ad9dcc0ee26ce" member_type: VOTER last_known_addr { host: "127.11.161.3" port: 34729 }, Status: LMP_MISMATCH, Last received: 0.0, Next index: 1, Last known committed idx: 0, Time since last communication: 0.000s
I20260709 13:15:15.254391 13207 raft_consensus.cc:359] T 242909dc795146c19dd6b1a2ddf4a5b5 P a374513727df4788915ad9dcc0ee26ce [term 0 FOLLOWER]: Replica starting. Triggering 0 pending ops. Active config: opid_index: -1 OBSOLETE_local: false peers { permanent_uuid: "e86abf1cad104799a50684b8dd05443e" member_type: VOTER last_known_addr { host: "127.11.161.1" port: 41055 } } peers { permanent_uuid: "cf6bb521d71a43568f62a845c53e227f" member_type: VOTER last_known_addr { host: "127.11.161.2" port: 33241 } } peers { permanent_uuid: "a374513727df4788915ad9dcc0ee26ce" member_type: VOTER last_known_addr { host: "127.11.161.3" port: 34729 } }
I20260709 13:15:15.254719 13127 leader_election.cc:304] T c50c124227a943dc8b07351c2dc51565 P a374513727df4788915ad9dcc0ee26ce [CANDIDATE]: Term 1 pre-election: Election decided. Result: candidate won. Election summary: received 2 responses out of 3 voters: 2 yes votes; 0 no votes. yes voters: a374513727df4788915ad9dcc0ee26ce, e86abf1cad104799a50684b8dd05443e; no voters: 
I20260709 13:15:15.255085 13207 raft_consensus.cc:385] T 242909dc795146c19dd6b1a2ddf4a5b5 P a374513727df4788915ad9dcc0ee26ce [term 0 FOLLOWER]: Consensus starting up: Expiring failure detector timer to make a prompt election more likely
I20260709 13:15:15.255353 13207 raft_consensus.cc:740] T 242909dc795146c19dd6b1a2ddf4a5b5 P a374513727df4788915ad9dcc0ee26ce [term 0 FOLLOWER]: Becoming Follower/Learner. State: Replica: a374513727df4788915ad9dcc0ee26ce, State: Initialized, Role: FOLLOWER
I20260709 13:15:15.255502 13562 raft_consensus.cc:2804] T c50c124227a943dc8b07351c2dc51565 P a374513727df4788915ad9dcc0ee26ce [term 0 FOLLOWER]: Leader pre-election won for term 1
I20260709 13:15:15.255887 13562 raft_consensus.cc:493] T c50c124227a943dc8b07351c2dc51565 P a374513727df4788915ad9dcc0ee26ce [term 0 FOLLOWER]: Starting leader election (no leader contacted us within the election timeout)
I20260709 13:15:15.256254 13562 raft_consensus.cc:3060] T c50c124227a943dc8b07351c2dc51565 P a374513727df4788915ad9dcc0ee26ce [term 0 FOLLOWER]: Advancing to term 1
I20260709 13:15:15.255937 13207 consensus_queue.cc:260] T 242909dc795146c19dd6b1a2ddf4a5b5 P a374513727df4788915ad9dcc0ee26ce [NON_LEADER]: Queue going to NON_LEADER mode. State: All replicated index: 0, Majority replicated index: 0, Committed index: 0, Last appended: 0.0, Last appended by leader: 0, Current term: 0, Majority size: -1, State: 0, Mode: NON_LEADER, active raft config: opid_index: -1 OBSOLETE_local: false peers { permanent_uuid: "e86abf1cad104799a50684b8dd05443e" member_type: VOTER last_known_addr { host: "127.11.161.1" port: 41055 } } peers { permanent_uuid: "cf6bb521d71a43568f62a845c53e227f" member_type: VOTER last_known_addr { host: "127.11.161.2" port: 33241 } } peers { permanent_uuid: "a374513727df4788915ad9dcc0ee26ce" member_type: VOTER last_known_addr { host: "127.11.161.3" port: 34729 } }
I20260709 13:15:15.261183 13481 raft_consensus.cc:493] T 11f15dd95d5542819bba024f46ef9c0f P e86abf1cad104799a50684b8dd05443e [term 0 FOLLOWER]: Starting pre-election (no leader contacted us within the election timeout)
I20260709 13:15:15.261631 13481 raft_consensus.cc:515] T 11f15dd95d5542819bba024f46ef9c0f P e86abf1cad104799a50684b8dd05443e [term 0 FOLLOWER]: Starting pre-election with config: opid_index: -1 OBSOLETE_local: false peers { permanent_uuid: "e86abf1cad104799a50684b8dd05443e" member_type: VOTER last_known_addr { host: "127.11.161.1" port: 41055 } } peers { permanent_uuid: "cf6bb521d71a43568f62a845c53e227f" member_type: VOTER last_known_addr { host: "127.11.161.2" port: 33241 } } peers { permanent_uuid: "a374513727df4788915ad9dcc0ee26ce" member_type: VOTER last_known_addr { host: "127.11.161.3" port: 34729 } }
I20260709 13:15:15.263176 13565 raft_consensus.cc:493] T 309593e963fa40499f5398bca23d6085 P e86abf1cad104799a50684b8dd05443e [term 0 FOLLOWER]: Starting pre-election (no leader contacted us within the election timeout)
I20260709 13:15:15.263583 13481 leader_election.cc:290] T 11f15dd95d5542819bba024f46ef9c0f P e86abf1cad104799a50684b8dd05443e [CANDIDATE]: Term 1 pre-election: Requested pre-vote from peers cf6bb521d71a43568f62a845c53e227f (127.11.161.2:33241), a374513727df4788915ad9dcc0ee26ce (127.11.161.3:34729)
I20260709 13:15:15.263717 13565 raft_consensus.cc:515] T 309593e963fa40499f5398bca23d6085 P e86abf1cad104799a50684b8dd05443e [term 0 FOLLOWER]: Starting pre-election with config: opid_index: -1 OBSOLETE_local: false peers { permanent_uuid: "e86abf1cad104799a50684b8dd05443e" member_type: VOTER last_known_addr { host: "127.11.161.1" port: 41055 } } peers { permanent_uuid: "cf6bb521d71a43568f62a845c53e227f" member_type: VOTER last_known_addr { host: "127.11.161.2" port: 33241 } } peers { permanent_uuid: "a374513727df4788915ad9dcc0ee26ce" member_type: VOTER last_known_addr { host: "127.11.161.3" port: 34729 } }
I20260709 13:15:15.265767 13565 leader_election.cc:290] T 309593e963fa40499f5398bca23d6085 P e86abf1cad104799a50684b8dd05443e [CANDIDATE]: Term 1 pre-election: Requested pre-vote from peers cf6bb521d71a43568f62a845c53e227f (127.11.161.2:33241), a374513727df4788915ad9dcc0ee26ce (127.11.161.3:34729)
I20260709 13:15:15.268088 13562 raft_consensus.cc:515] T c50c124227a943dc8b07351c2dc51565 P a374513727df4788915ad9dcc0ee26ce [term 1 FOLLOWER]: Starting leader election with config: opid_index: -1 OBSOLETE_local: false peers { permanent_uuid: "e86abf1cad104799a50684b8dd05443e" member_type: VOTER last_known_addr { host: "127.11.161.1" port: 41055 } } peers { permanent_uuid: "cf6bb521d71a43568f62a845c53e227f" member_type: VOTER last_known_addr { host: "127.11.161.2" port: 33241 } } peers { permanent_uuid: "a374513727df4788915ad9dcc0ee26ce" member_type: VOTER last_known_addr { host: "127.11.161.3" port: 34729 } }
I20260709 13:15:15.270044 13562 leader_election.cc:290] T c50c124227a943dc8b07351c2dc51565 P a374513727df4788915ad9dcc0ee26ce [CANDIDATE]: Term 1 election: Requested vote from peers e86abf1cad104799a50684b8dd05443e (127.11.161.1:41055), cf6bb521d71a43568f62a845c53e227f (127.11.161.2:33241)
I20260709 13:15:15.270092 13160 tablet_service.cc:1917] Received RequestConsensusVote() RPC: tablet_id: "230fff09f481488c90c814974ad964bd" candidate_uuid: "e86abf1cad104799a50684b8dd05443e" candidate_term: 1 candidate_status { last_received { term: 0 index: 0 } } ignore_live_leader: false dest_uuid: "a374513727df4788915ad9dcc0ee26ce" is_pre_election: true
W20260709 13:15:15.274580 13053 outbound_call.cc:321] RPC callback for RPC call kudu.consensus.ConsensusService.UpdateConsensus -> {remote=127.11.161.1:41055, user_credentials={real_user=slave}} blocked reactor thread for 483989us
I20260709 13:15:15.280622 13206 raft_consensus.cc:359] T c50c124227a943dc8b07351c2dc51565 P cf6bb521d71a43568f62a845c53e227f [term 0 FOLLOWER]: Replica starting. Triggering 0 pending ops. Active config: opid_index: -1 OBSOLETE_local: false peers { permanent_uuid: "e86abf1cad104799a50684b8dd05443e" member_type: VOTER last_known_addr { host: "127.11.161.1" port: 41055 } } peers { permanent_uuid: "cf6bb521d71a43568f62a845c53e227f" member_type: VOTER last_known_addr { host: "127.11.161.2" port: 33241 } } peers { permanent_uuid: "a374513727df4788915ad9dcc0ee26ce" member_type: VOTER last_known_addr { host: "127.11.161.3" port: 34729 } }
W20260709 13:15:15.281117 13055 outbound_call.cc:321] RPC callback for RPC call kudu.consensus.ConsensusService.UpdateConsensus -> {remote=127.11.161.3:34729, user_credentials={real_user=slave}} blocked reactor thread for 47785.6us
W20260709 13:15:15.281343 12980 leader_election.cc:343] T 9b3047810f2f41c7bb2a25c6b0e408e6 P e86abf1cad104799a50684b8dd05443e [CANDIDATE]: Term 1 pre-election: Tablet error from VoteRequest() call to peer cf6bb521d71a43568f62a845c53e227f (127.11.161.2:33241): Illegal state: must be running to vote when last-logged opid is not known
I20260709 13:15:15.281832 12980 leader_election.cc:304] T 9b3047810f2f41c7bb2a25c6b0e408e6 P e86abf1cad104799a50684b8dd05443e [CANDIDATE]: Term 1 pre-election: Election decided. Result: candidate lost. Election summary: received 3 responses out of 3 voters: 1 yes votes; 2 no votes. yes voters: e86abf1cad104799a50684b8dd05443e; no voters: a374513727df4788915ad9dcc0ee26ce, cf6bb521d71a43568f62a845c53e227f
I20260709 13:15:15.281351 13206 raft_consensus.cc:385] T c50c124227a943dc8b07351c2dc51565 P cf6bb521d71a43568f62a845c53e227f [term 0 FOLLOWER]: Consensus starting up: Expiring failure detector timer to make a prompt election more likely
I20260709 13:15:15.282356 13206 raft_consensus.cc:740] T c50c124227a943dc8b07351c2dc51565 P cf6bb521d71a43568f62a845c53e227f [term 0 FOLLOWER]: Becoming Follower/Learner. State: Replica: cf6bb521d71a43568f62a845c53e227f, State: Initialized, Role: FOLLOWER
I20260709 13:15:15.283006 13206 consensus_queue.cc:260] T c50c124227a943dc8b07351c2dc51565 P cf6bb521d71a43568f62a845c53e227f [NON_LEADER]: Queue going to NON_LEADER mode. State: All replicated index: 0, Majority replicated index: 0, Committed index: 0, Last appended: 0.0, Last appended by leader: 0, Current term: 0, Majority size: -1, State: 0, Mode: NON_LEADER, active raft config: opid_index: -1 OBSOLETE_local: false peers { permanent_uuid: "e86abf1cad104799a50684b8dd05443e" member_type: VOTER last_known_addr { host: "127.11.161.1" port: 41055 } } peers { permanent_uuid: "cf6bb521d71a43568f62a845c53e227f" member_type: VOTER last_known_addr { host: "127.11.161.2" port: 33241 } } peers { permanent_uuid: "a374513727df4788915ad9dcc0ee26ce" member_type: VOTER last_known_addr { host: "127.11.161.3" port: 34729 } }
I20260709 13:15:15.285250 13481 raft_consensus.cc:2749] T 9b3047810f2f41c7bb2a25c6b0e408e6 P e86abf1cad104799a50684b8dd05443e [term 0 FOLLOWER]: Leader pre-election lost for term 1. Reason: could not achieve majority
W20260709 13:15:15.288410 12980 leader_election.cc:343] T 230fff09f481488c90c814974ad964bd P e86abf1cad104799a50684b8dd05443e [CANDIDATE]: Term 1 pre-election: Tablet error from VoteRequest() call to peer a374513727df4788915ad9dcc0ee26ce (127.11.161.3:34729): Illegal state: must be running to vote when last-logged opid is not known
I20260709 13:15:15.295308 13162 tablet_service.cc:1917] Received RequestConsensusVote() RPC: tablet_id: "11f15dd95d5542819bba024f46ef9c0f" candidate_uuid: "e86abf1cad104799a50684b8dd05443e" candidate_term: 1 candidate_status { last_received { term: 0 index: 0 } } ignore_live_leader: false dest_uuid: "a374513727df4788915ad9dcc0ee26ce" is_pre_election: true
I20260709 13:15:15.297551 13206 ts_tablet_manager.cc:1434] T c50c124227a943dc8b07351c2dc51565 P cf6bb521d71a43568f62a845c53e227f: Time spent starting tablet: real 0.148s	user 0.012s	sys 0.000s
I20260709 13:15:15.298367 13162 tablet_service.cc:1917] Received RequestConsensusVote() RPC: tablet_id: "309593e963fa40499f5398bca23d6085" candidate_uuid: "e86abf1cad104799a50684b8dd05443e" candidate_term: 1 candidate_status { last_received { term: 0 index: 0 } } ignore_live_leader: false dest_uuid: "a374513727df4788915ad9dcc0ee26ce" is_pre_election: true
I20260709 13:15:15.299525 13206 tablet_bootstrap.cc:492] T 230fff09f481488c90c814974ad964bd P cf6bb521d71a43568f62a845c53e227f: Bootstrap starting.
I20260709 13:15:15.305341 13086 tablet_service.cc:1917] Received RequestConsensusVote() RPC: tablet_id: "86f76db3487e41b998b709d27a2c4454" candidate_uuid: "e86abf1cad104799a50684b8dd05443e" candidate_term: 1 candidate_status { last_received { term: 0 index: 0 } } ignore_live_leader: false dest_uuid: "cf6bb521d71a43568f62a845c53e227f" is_pre_election: true
I20260709 13:15:15.306485 13207 ts_tablet_manager.cc:1434] T 242909dc795146c19dd6b1a2ddf4a5b5 P a374513727df4788915ad9dcc0ee26ce: Time spent starting tablet: real 0.090s	user 0.010s	sys 0.005s
I20260709 13:15:15.307726 13207 tablet_bootstrap.cc:492] T 230fff09f481488c90c814974ad964bd P a374513727df4788915ad9dcc0ee26ce: Bootstrap starting.
I20260709 13:15:15.309468 12912 catalog_manager.cc:5697] T 242909dc795146c19dd6b1a2ddf4a5b5 P e86abf1cad104799a50684b8dd05443e reported cstate change: term changed from 0 to 1, leader changed from <none> to e86abf1cad104799a50684b8dd05443e (127.11.161.1). New cstate: current_term: 1 leader_uuid: "e86abf1cad104799a50684b8dd05443e" committed_config { opid_index: -1 OBSOLETE_local: false peers { permanent_uuid: "e86abf1cad104799a50684b8dd05443e" member_type: VOTER last_known_addr { host: "127.11.161.1" port: 41055 } health_report { overall_health: HEALTHY } } peers { permanent_uuid: "cf6bb521d71a43568f62a845c53e227f" member_type: VOTER last_known_addr { host: "127.11.161.2" port: 33241 } health_report { overall_health: UNKNOWN } } peers { permanent_uuid: "a374513727df4788915ad9dcc0ee26ce" member_type: VOTER last_known_addr { host: "127.11.161.3" port: 34729 } health_report { overall_health: UNKNOWN } } }
W20260709 13:15:15.314136 12980 leader_election.cc:343] T 11f15dd95d5542819bba024f46ef9c0f P e86abf1cad104799a50684b8dd05443e [CANDIDATE]: Term 1 pre-election: Tablet error from VoteRequest() call to peer a374513727df4788915ad9dcc0ee26ce (127.11.161.3:34729): Illegal state: must be running to vote when last-logged opid is not known
W20260709 13:15:15.314894 12980 leader_election.cc:343] T 309593e963fa40499f5398bca23d6085 P e86abf1cad104799a50684b8dd05443e [CANDIDATE]: Term 1 pre-election: Tablet error from VoteRequest() call to peer a374513727df4788915ad9dcc0ee26ce (127.11.161.3:34729): Illegal state: must be running to vote when last-logged opid is not known
W20260709 13:15:15.270394 12961 auto_rebalancer.cc:288] Could not retrieve cluster info: Service unavailable: Tablet not running
W20260709 13:15:15.319555 13127 outbound_call.cc:321] RPC callback for RPC call kudu.consensus.ConsensusService.UpdateConsensus -> {remote=127.11.161.1:41055, user_credentials={real_user=slave}} blocked reactor thread for 63543.9us
I20260709 13:15:15.326915 13087 tablet_service.cc:1917] Received RequestConsensusVote() RPC: tablet_id: "230fff09f481488c90c814974ad964bd" candidate_uuid: "e86abf1cad104799a50684b8dd05443e" candidate_term: 1 candidate_status { last_received { term: 0 index: 0 } } ignore_live_leader: false dest_uuid: "cf6bb521d71a43568f62a845c53e227f" is_pre_election: true
I20260709 13:15:15.332999 13011 tablet_service.cc:1917] Received RequestConsensusVote() RPC: tablet_id: "c50c124227a943dc8b07351c2dc51565" candidate_uuid: "a374513727df4788915ad9dcc0ee26ce" candidate_term: 1 candidate_status { last_received { term: 0 index: 0 } } ignore_live_leader: false dest_uuid: "e86abf1cad104799a50684b8dd05443e"
I20260709 13:15:15.333636 13011 raft_consensus.cc:3060] T c50c124227a943dc8b07351c2dc51565 P e86abf1cad104799a50684b8dd05443e [term 0 FOLLOWER]: Advancing to term 1
I20260709 13:15:15.339365 13083 tablet_service.cc:1917] Received RequestConsensusVote() RPC: tablet_id: "c50c124227a943dc8b07351c2dc51565" candidate_uuid: "a374513727df4788915ad9dcc0ee26ce" candidate_term: 1 candidate_status { last_received { term: 0 index: 0 } } ignore_live_leader: false dest_uuid: "cf6bb521d71a43568f62a845c53e227f" is_pre_election: true
I20260709 13:15:15.341141 13083 raft_consensus.cc:2468] T c50c124227a943dc8b07351c2dc51565 P cf6bb521d71a43568f62a845c53e227f [term 0 FOLLOWER]: Leader pre-election vote request: Granting yes vote for candidate a374513727df4788915ad9dcc0ee26ce in term 0.
I20260709 13:15:15.346678 13206 tablet_bootstrap.cc:654] T 230fff09f481488c90c814974ad964bd P cf6bb521d71a43568f62a845c53e227f: Neither blocks nor log segments found. Creating new log.
I20260709 13:15:15.356029 13011 raft_consensus.cc:2468] T c50c124227a943dc8b07351c2dc51565 P e86abf1cad104799a50684b8dd05443e [term 1 FOLLOWER]: Leader election vote request: Granting yes vote for candidate a374513727df4788915ad9dcc0ee26ce in term 1.
I20260709 13:15:15.358048 13083 tablet_service.cc:1917] Received RequestConsensusVote() RPC: tablet_id: "11f15dd95d5542819bba024f46ef9c0f" candidate_uuid: "e86abf1cad104799a50684b8dd05443e" candidate_term: 1 candidate_status { last_received { term: 0 index: 0 } } ignore_live_leader: false dest_uuid: "cf6bb521d71a43568f62a845c53e227f" is_pre_election: true
I20260709 13:15:15.358276 13089 tablet_service.cc:1917] Received RequestConsensusVote() RPC: tablet_id: "309593e963fa40499f5398bca23d6085" candidate_uuid: "e86abf1cad104799a50684b8dd05443e" candidate_term: 1 candidate_status { last_received { term: 0 index: 0 } } ignore_live_leader: false dest_uuid: "cf6bb521d71a43568f62a845c53e227f" is_pre_election: true
I20260709 13:15:15.359750 13053 leader_election.cc:304] T 1182cb309aab4f82800cc1e229492feb P cf6bb521d71a43568f62a845c53e227f [CANDIDATE]: Term 1 election: Election decided. Result: candidate lost. Election summary: received 3 responses out of 3 voters: 1 yes votes; 2 no votes. yes voters: cf6bb521d71a43568f62a845c53e227f; no voters: a374513727df4788915ad9dcc0ee26ce, e86abf1cad104799a50684b8dd05443e
W20260709 13:15:15.360839 13053 leader_election.cc:343] T f8a22d26161f449690a478391bff43b1 P cf6bb521d71a43568f62a845c53e227f [CANDIDATE]: Term 1 pre-election: Tablet error from VoteRequest() call to peer e86abf1cad104799a50684b8dd05443e (127.11.161.1:41055): Illegal state: must be running to vote when last-logged opid is not known
I20260709 13:15:15.361259 13053 leader_election.cc:304] T f8a22d26161f449690a478391bff43b1 P cf6bb521d71a43568f62a845c53e227f [CANDIDATE]: Term 1 pre-election: Election decided. Result: candidate lost. Election summary: received 3 responses out of 3 voters: 1 yes votes; 2 no votes. yes voters: cf6bb521d71a43568f62a845c53e227f; no voters: a374513727df4788915ad9dcc0ee26ce, e86abf1cad104799a50684b8dd05443e
I20260709 13:15:15.362955 13507 raft_consensus.cc:2749] T f8a22d26161f449690a478391bff43b1 P cf6bb521d71a43568f62a845c53e227f [term 0 FOLLOWER]: Leader pre-election lost for term 1. Reason: could not achieve majority
I20260709 13:15:15.362252 13585 raft_consensus.cc:2749] T 1182cb309aab4f82800cc1e229492feb P cf6bb521d71a43568f62a845c53e227f [term 1 FOLLOWER]: Leader election lost for term 1. Reason: could not achieve majority
I20260709 13:15:15.368337 13207 tablet_bootstrap.cc:654] T 230fff09f481488c90c814974ad964bd P a374513727df4788915ad9dcc0ee26ce: Neither blocks nor log segments found. Creating new log.
I20260709 13:15:15.371307 13504 consensus_queue.cc:1048] T 6b1dc1c1e89e46d7973a951a9275809d P cf6bb521d71a43568f62a845c53e227f [LEADER]: Connected to new peer: Peer: permanent_uuid: "e86abf1cad104799a50684b8dd05443e" member_type: VOTER last_known_addr { host: "127.11.161.1" port: 41055 }, Status: LMP_MISMATCH, Last received: 0.0, Next index: 1, Last known committed idx: 0, Time since last communication: 0.001s
I20260709 13:15:15.375623 13582 consensus_queue.cc:1048] T fd0e62426b6f45b08dbf3787d11b1ca5 P cf6bb521d71a43568f62a845c53e227f [LEADER]: Connected to new peer: Peer: permanent_uuid: "e86abf1cad104799a50684b8dd05443e" member_type: VOTER last_known_addr { host: "127.11.161.1" port: 41055 }, Status: LMP_MISMATCH, Last received: 0.0, Next index: 1, Last known committed idx: 0, Time since last communication: 0.001s
I20260709 13:15:15.380481 13127 leader_election.cc:304] T c50c124227a943dc8b07351c2dc51565 P a374513727df4788915ad9dcc0ee26ce [CANDIDATE]: Term 1 election: Election decided. Result: candidate won. Election summary: received 2 responses out of 3 voters: 2 yes votes; 0 no votes. yes voters: a374513727df4788915ad9dcc0ee26ce, e86abf1cad104799a50684b8dd05443e; no voters: 
W20260709 13:15:15.383809 12980 leader_election.cc:343] T 86f76db3487e41b998b709d27a2c4454 P e86abf1cad104799a50684b8dd05443e [CANDIDATE]: Term 1 pre-election: Tablet error from VoteRequest() call to peer cf6bb521d71a43568f62a845c53e227f (127.11.161.2:33241): Illegal state: must be running to vote when last-logged opid is not known
I20260709 13:15:15.384272 12980 leader_election.cc:304] T 86f76db3487e41b998b709d27a2c4454 P e86abf1cad104799a50684b8dd05443e [CANDIDATE]: Term 1 pre-election: Election decided. Result: candidate lost. Election summary: received 3 responses out of 3 voters: 1 yes votes; 2 no votes. yes voters: e86abf1cad104799a50684b8dd05443e; no voters: a374513727df4788915ad9dcc0ee26ce, cf6bb521d71a43568f62a845c53e227f
I20260709 13:15:15.385666 13494 raft_consensus.cc:2749] T 86f76db3487e41b998b709d27a2c4454 P e86abf1cad104799a50684b8dd05443e [term 0 FOLLOWER]: Leader pre-election lost for term 1. Reason: could not achieve majority
I20260709 13:15:15.390519 13587 raft_consensus.cc:2804] T c50c124227a943dc8b07351c2dc51565 P a374513727df4788915ad9dcc0ee26ce [term 1 FOLLOWER]: Leader election won for term 1
I20260709 13:15:15.391758 13587 raft_consensus.cc:697] T c50c124227a943dc8b07351c2dc51565 P a374513727df4788915ad9dcc0ee26ce [term 1 LEADER]: Becoming Leader. State: Replica: a374513727df4788915ad9dcc0ee26ce, State: Running, Role: LEADER
I20260709 13:15:15.395205 13086 tablet_service.cc:1917] Received RequestConsensusVote() RPC: tablet_id: "c50c124227a943dc8b07351c2dc51565" candidate_uuid: "a374513727df4788915ad9dcc0ee26ce" candidate_term: 1 candidate_status { last_received { term: 0 index: 0 } } ignore_live_leader: false dest_uuid: "cf6bb521d71a43568f62a845c53e227f"
I20260709 13:15:15.395795 13086 raft_consensus.cc:3060] T c50c124227a943dc8b07351c2dc51565 P cf6bb521d71a43568f62a845c53e227f [term 0 FOLLOWER]: Advancing to term 1
W20260709 13:15:15.398238 12980 leader_election.cc:343] T 230fff09f481488c90c814974ad964bd P e86abf1cad104799a50684b8dd05443e [CANDIDATE]: Term 1 pre-election: Tablet error from VoteRequest() call to peer cf6bb521d71a43568f62a845c53e227f (127.11.161.2:33241): Illegal state: must be running to vote when last-logged opid is not known
I20260709 13:15:15.398727 12980 leader_election.cc:304] T 230fff09f481488c90c814974ad964bd P e86abf1cad104799a50684b8dd05443e [CANDIDATE]: Term 1 pre-election: Election decided. Result: candidate lost. Election summary: received 3 responses out of 3 voters: 1 yes votes; 2 no votes. yes voters: e86abf1cad104799a50684b8dd05443e; no voters: a374513727df4788915ad9dcc0ee26ce, cf6bb521d71a43568f62a845c53e227f
I20260709 13:15:15.393786 13587 consensus_queue.cc:237] T c50c124227a943dc8b07351c2dc51565 P a374513727df4788915ad9dcc0ee26ce [LEADER]: Queue going to LEADER mode. State: All replicated index: 0, Majority replicated index: 0, Committed index: 0, Last appended: 0.0, Last appended by leader: 0, Current term: 1, Majority size: 2, State: 0, Mode: LEADER, active raft config: opid_index: -1 OBSOLETE_local: false peers { permanent_uuid: "e86abf1cad104799a50684b8dd05443e" member_type: VOTER last_known_addr { host: "127.11.161.1" port: 41055 } } peers { permanent_uuid: "cf6bb521d71a43568f62a845c53e227f" member_type: VOTER last_known_addr { host: "127.11.161.2" port: 33241 } } peers { permanent_uuid: "a374513727df4788915ad9dcc0ee26ce" member_type: VOTER last_known_addr { host: "127.11.161.3" port: 34729 } }
I20260709 13:15:15.400252 13206 tablet_bootstrap.cc:492] T 230fff09f481488c90c814974ad964bd P cf6bb521d71a43568f62a845c53e227f: No bootstrap required, opened a new log
I20260709 13:15:15.400738 13206 ts_tablet_manager.cc:1403] T 230fff09f481488c90c814974ad964bd P cf6bb521d71a43568f62a845c53e227f: Time spent bootstrapping tablet: real 0.101s	user 0.017s	sys 0.004s
W20260709 13:15:15.406296 12980 leader_election.cc:343] T 11f15dd95d5542819bba024f46ef9c0f P e86abf1cad104799a50684b8dd05443e [CANDIDATE]: Term 1 pre-election: Tablet error from VoteRequest() call to peer cf6bb521d71a43568f62a845c53e227f (127.11.161.2:33241): Illegal state: must be running to vote when last-logged opid is not known
I20260709 13:15:15.406692 12980 leader_election.cc:304] T 11f15dd95d5542819bba024f46ef9c0f P e86abf1cad104799a50684b8dd05443e [CANDIDATE]: Term 1 pre-election: Election decided. Result: candidate lost. Election summary: received 3 responses out of 3 voters: 1 yes votes; 2 no votes. yes voters: e86abf1cad104799a50684b8dd05443e; no voters: a374513727df4788915ad9dcc0ee26ce, cf6bb521d71a43568f62a845c53e227f
I20260709 13:15:15.407464 13569 raft_consensus.cc:2749] T 11f15dd95d5542819bba024f46ef9c0f P e86abf1cad104799a50684b8dd05443e [term 0 FOLLOWER]: Leader pre-election lost for term 1. Reason: could not achieve majority
I20260709 13:15:15.403107 13483 raft_consensus.cc:2749] T 230fff09f481488c90c814974ad964bd P e86abf1cad104799a50684b8dd05443e [term 0 FOLLOWER]: Leader pre-election lost for term 1. Reason: could not achieve majority
W20260709 13:15:15.408595 12980 leader_election.cc:343] T 309593e963fa40499f5398bca23d6085 P e86abf1cad104799a50684b8dd05443e [CANDIDATE]: Term 1 pre-election: Tablet error from VoteRequest() call to peer cf6bb521d71a43568f62a845c53e227f (127.11.161.2:33241): Illegal state: must be running to vote when last-logged opid is not known
I20260709 13:15:15.410146 12980 leader_election.cc:304] T 309593e963fa40499f5398bca23d6085 P e86abf1cad104799a50684b8dd05443e [CANDIDATE]: Term 1 pre-election: Election decided. Result: candidate lost. Election summary: received 3 responses out of 3 voters: 1 yes votes; 2 no votes. yes voters: e86abf1cad104799a50684b8dd05443e; no voters: a374513727df4788915ad9dcc0ee26ce, cf6bb521d71a43568f62a845c53e227f
I20260709 13:15:15.410771 13494 raft_consensus.cc:2749] T 309593e963fa40499f5398bca23d6085 P e86abf1cad104799a50684b8dd05443e [term 0 FOLLOWER]: Leader pre-election lost for term 1. Reason: could not achieve majority
I20260709 13:15:15.411307 13206 raft_consensus.cc:359] T 230fff09f481488c90c814974ad964bd P cf6bb521d71a43568f62a845c53e227f [term 0 FOLLOWER]: Replica starting. Triggering 0 pending ops. Active config: opid_index: -1 OBSOLETE_local: false peers { permanent_uuid: "e86abf1cad104799a50684b8dd05443e" member_type: VOTER last_known_addr { host: "127.11.161.1" port: 41055 } } peers { permanent_uuid: "cf6bb521d71a43568f62a845c53e227f" member_type: VOTER last_known_addr { host: "127.11.161.2" port: 33241 } } peers { permanent_uuid: "a374513727df4788915ad9dcc0ee26ce" member_type: VOTER last_known_addr { host: "127.11.161.3" port: 34729 } }
I20260709 13:15:15.411938 13206 raft_consensus.cc:385] T 230fff09f481488c90c814974ad964bd P cf6bb521d71a43568f62a845c53e227f [term 0 FOLLOWER]: Consensus starting up: Expiring failure detector timer to make a prompt election more likely
I20260709 13:15:15.412205 13206 raft_consensus.cc:740] T 230fff09f481488c90c814974ad964bd P cf6bb521d71a43568f62a845c53e227f [term 0 FOLLOWER]: Becoming Follower/Learner. State: Replica: cf6bb521d71a43568f62a845c53e227f, State: Initialized, Role: FOLLOWER
I20260709 13:15:15.412786 13206 consensus_queue.cc:260] T 230fff09f481488c90c814974ad964bd P cf6bb521d71a43568f62a845c53e227f [NON_LEADER]: Queue going to NON_LEADER mode. State: All replicated index: 0, Majority replicated index: 0, Committed index: 0, Last appended: 0.0, Last appended by leader: 0, Current term: 0, Majority size: -1, State: 0, Mode: NON_LEADER, active raft config: opid_index: -1 OBSOLETE_local: false peers { permanent_uuid: "e86abf1cad104799a50684b8dd05443e" member_type: VOTER last_known_addr { host: "127.11.161.1" port: 41055 } } peers { permanent_uuid: "cf6bb521d71a43568f62a845c53e227f" member_type: VOTER last_known_addr { host: "127.11.161.2" port: 33241 } } peers { permanent_uuid: "a374513727df4788915ad9dcc0ee26ce" member_type: VOTER last_known_addr { host: "127.11.161.3" port: 34729 } }
I20260709 13:15:15.420799 13086 raft_consensus.cc:2468] T c50c124227a943dc8b07351c2dc51565 P cf6bb521d71a43568f62a845c53e227f [term 1 FOLLOWER]: Leader election vote request: Granting yes vote for candidate a374513727df4788915ad9dcc0ee26ce in term 1.
I20260709 13:15:15.424590 13585 consensus_queue.cc:1048] T 6b1dc1c1e89e46d7973a951a9275809d P cf6bb521d71a43568f62a845c53e227f [LEADER]: Connected to new peer: Peer: permanent_uuid: "a374513727df4788915ad9dcc0ee26ce" member_type: VOTER last_known_addr { host: "127.11.161.3" port: 34729 }, Status: LMP_MISMATCH, Last received: 0.0, Next index: 1, Last known committed idx: 0, Time since last communication: 0.005s
I20260709 13:15:15.449648 13206 ts_tablet_manager.cc:1434] T 230fff09f481488c90c814974ad964bd P cf6bb521d71a43568f62a845c53e227f: Time spent starting tablet: real 0.049s	user 0.004s	sys 0.003s
I20260709 13:15:15.444615 13483 raft_consensus.cc:493] T 267dbefe9c81487aa61534ef7e1647cc P e86abf1cad104799a50684b8dd05443e [term 0 FOLLOWER]: Starting pre-election (no leader contacted us within the election timeout)
I20260709 13:15:15.452193 13494 raft_consensus.cc:493] T 447e48e9dd454ed79eceedaa5fea586e P e86abf1cad104799a50684b8dd05443e [term 0 FOLLOWER]: Starting pre-election (no leader contacted us within the election timeout)
I20260709 13:15:15.470268 13483 raft_consensus.cc:515] T 267dbefe9c81487aa61534ef7e1647cc P e86abf1cad104799a50684b8dd05443e [term 0 FOLLOWER]: Starting pre-election with config: opid_index: -1 OBSOLETE_local: false peers { permanent_uuid: "e86abf1cad104799a50684b8dd05443e" member_type: VOTER last_known_addr { host: "127.11.161.1" port: 41055 } } peers { permanent_uuid: "cf6bb521d71a43568f62a845c53e227f" member_type: VOTER last_known_addr { host: "127.11.161.2" port: 33241 } } peers { permanent_uuid: "a374513727df4788915ad9dcc0ee26ce" member_type: VOTER last_known_addr { host: "127.11.161.3" port: 34729 } }
I20260709 13:15:15.472302 13483 leader_election.cc:290] T 267dbefe9c81487aa61534ef7e1647cc P e86abf1cad104799a50684b8dd05443e [CANDIDATE]: Term 1 pre-election: Requested pre-vote from peers cf6bb521d71a43568f62a845c53e227f (127.11.161.2:33241), a374513727df4788915ad9dcc0ee26ce (127.11.161.3:34729)
I20260709 13:15:15.473304 13206 tablet_bootstrap.cc:492] T 447e48e9dd454ed79eceedaa5fea586e P cf6bb521d71a43568f62a845c53e227f: Bootstrap starting.
I20260709 13:15:15.472543 13494 raft_consensus.cc:515] T 447e48e9dd454ed79eceedaa5fea586e P e86abf1cad104799a50684b8dd05443e [term 0 FOLLOWER]: Starting pre-election with config: opid_index: -1 OBSOLETE_local: false peers { permanent_uuid: "e86abf1cad104799a50684b8dd05443e" member_type: VOTER last_known_addr { host: "127.11.161.1" port: 41055 } } peers { permanent_uuid: "cf6bb521d71a43568f62a845c53e227f" member_type: VOTER last_known_addr { host: "127.11.161.2" port: 33241 } } peers { permanent_uuid: "a374513727df4788915ad9dcc0ee26ce" member_type: VOTER last_known_addr { host: "127.11.161.3" port: 34729 } }
I20260709 13:15:15.499712 13207 tablet_bootstrap.cc:492] T 230fff09f481488c90c814974ad964bd P a374513727df4788915ad9dcc0ee26ce: No bootstrap required, opened a new log
I20260709 13:15:15.501223 13207 ts_tablet_manager.cc:1403] T 230fff09f481488c90c814974ad964bd P a374513727df4788915ad9dcc0ee26ce: Time spent bootstrapping tablet: real 0.194s	user 0.015s	sys 0.016s
I20260709 13:15:15.504081 13207 raft_consensus.cc:359] T 230fff09f481488c90c814974ad964bd P a374513727df4788915ad9dcc0ee26ce [term 0 FOLLOWER]: Replica starting. Triggering 0 pending ops. Active config: opid_index: -1 OBSOLETE_local: false peers { permanent_uuid: "e86abf1cad104799a50684b8dd05443e" member_type: VOTER last_known_addr { host: "127.11.161.1" port: 41055 } } peers { permanent_uuid: "cf6bb521d71a43568f62a845c53e227f" member_type: VOTER last_known_addr { host: "127.11.161.2" port: 33241 } } peers { permanent_uuid: "a374513727df4788915ad9dcc0ee26ce" member_type: VOTER last_known_addr { host: "127.11.161.3" port: 34729 } }
