I20260709 13:15:09.325773 13151 tablet_service.cc:1511] Processing CreateTablet for tablet 267dbefe9c81487aa61534ef7e1647cc (DEFAULT_TABLE table=test-workload [id=c2ef8fa2b51b4a6584c8d21be48e5566]), partition=RANGE (key) PARTITION 1637911215 <= VALUES < 1674309242
I20260709 13:15:09.327044 13151 data_dirs.cc:400] Could only allocate 1 dirs of requested 3 for tablet 267dbefe9c81487aa61534ef7e1647cc. 1 dirs total, 0 dirs full, 0 dirs failed
I20260709 13:15:09.329192 13235 raft_consensus.cc:515] T 01a90c843ffa4b46b1809a2cabce54ab P a374513727df4788915ad9dcc0ee26ce [term 1 FOLLOWER]: Starting leader election with config: opid_index: -1 OBSOLETE_local: false peers { permanent_uuid: "e86abf1cad104799a50684b8dd05443e" member_type: VOTER last_known_addr { host: "127.11.161.1" port: 41055 } } peers { permanent_uuid: "cf6bb521d71a43568f62a845c53e227f" member_type: VOTER last_known_addr { host: "127.11.161.2" port: 33241 } } peers { permanent_uuid: "a374513727df4788915ad9dcc0ee26ce" member_type: VOTER last_known_addr { host: "127.11.161.3" port: 34729 } }
I20260709 13:15:09.331928 13012 tablet_service.cc:1917] Received RequestConsensusVote() RPC: tablet_id: "01a90c843ffa4b46b1809a2cabce54ab" candidate_uuid: "a374513727df4788915ad9dcc0ee26ce" candidate_term: 1 candidate_status { last_received { term: 0 index: 0 } } ignore_live_leader: false dest_uuid: "e86abf1cad104799a50684b8dd05443e"
I20260709 13:15:09.332129 13089 tablet_service.cc:1917] Received RequestConsensusVote() RPC: tablet_id: "01a90c843ffa4b46b1809a2cabce54ab" candidate_uuid: "a374513727df4788915ad9dcc0ee26ce" candidate_term: 1 candidate_status { last_received { term: 0 index: 0 } } ignore_live_leader: false dest_uuid: "cf6bb521d71a43568f62a845c53e227f"
I20260709 13:15:09.332516 13012 raft_consensus.cc:3060] T 01a90c843ffa4b46b1809a2cabce54ab P e86abf1cad104799a50684b8dd05443e [term 0 FOLLOWER]: Advancing to term 1
W20260709 13:15:09.333534 13129 leader_election.cc:343] T 01a90c843ffa4b46b1809a2cabce54ab P a374513727df4788915ad9dcc0ee26ce [CANDIDATE]: Term 1 election: Tablet error from VoteRequest() call to peer cf6bb521d71a43568f62a845c53e227f (127.11.161.2:33241): Illegal state: must be running to vote when last-logged opid is not known
I20260709 13:15:09.333971 13154 tablet_service.cc:1511] Processing CreateTablet for tablet 230fff09f481488c90c814974ad964bd (DEFAULT_TABLE table=test-workload [id=c2ef8fa2b51b4a6584c8d21be48e5566]), partition=RANGE (key) PARTITION 1674309242 <= VALUES < 1710707269
I20260709 13:15:09.335260 13154 data_dirs.cc:400] Could only allocate 1 dirs of requested 3 for tablet 230fff09f481488c90c814974ad964bd. 1 dirs total, 0 dirs full, 0 dirs failed
I20260709 13:15:09.340154 13153 tablet_service.cc:1511] Processing CreateTablet for tablet c50c124227a943dc8b07351c2dc51565 (DEFAULT_TABLE table=test-workload [id=c2ef8fa2b51b4a6584c8d21be48e5566]), partition=RANGE (key) PARTITION 1710707269 <= VALUES < 1747105296
I20260709 13:15:09.341398 13153 data_dirs.cc:400] Could only allocate 1 dirs of requested 3 for tablet c50c124227a943dc8b07351c2dc51565. 1 dirs total, 0 dirs full, 0 dirs failed
I20260709 13:15:09.342203 13012 raft_consensus.cc:2468] T 01a90c843ffa4b46b1809a2cabce54ab P e86abf1cad104799a50684b8dd05443e [term 1 FOLLOWER]: Leader election vote request: Granting yes vote for candidate a374513727df4788915ad9dcc0ee26ce in term 1.
I20260709 13:15:09.316766 13204 raft_consensus.cc:359] T 736ae5b6639241a6bb5d1267db0ee00d P e86abf1cad104799a50684b8dd05443e [term 0 FOLLOWER]: Replica starting. Triggering 0 pending ops. Active config: opid_index: -1 OBSOLETE_local: false peers { permanent_uuid: "e86abf1cad104799a50684b8dd05443e" member_type: VOTER last_known_addr { host: "127.11.161.1" port: 41055 } } peers { permanent_uuid: "cf6bb521d71a43568f62a845c53e227f" member_type: VOTER last_known_addr { host: "127.11.161.2" port: 33241 } } peers { permanent_uuid: "a374513727df4788915ad9dcc0ee26ce" member_type: VOTER last_known_addr { host: "127.11.161.3" port: 34729 } }
I20260709 13:15:09.342936 13204 raft_consensus.cc:385] T 736ae5b6639241a6bb5d1267db0ee00d P e86abf1cad104799a50684b8dd05443e [term 0 FOLLOWER]: Consensus starting up: Expiring failure detector timer to make a prompt election more likely
I20260709 13:15:09.343225 13204 raft_consensus.cc:740] T 736ae5b6639241a6bb5d1267db0ee00d P e86abf1cad104799a50684b8dd05443e [term 0 FOLLOWER]: Becoming Follower/Learner. State: Replica: e86abf1cad104799a50684b8dd05443e, State: Initialized, Role: FOLLOWER
I20260709 13:15:09.343914 13204 consensus_queue.cc:260] T 736ae5b6639241a6bb5d1267db0ee00d P e86abf1cad104799a50684b8dd05443e [NON_LEADER]: Queue going to NON_LEADER mode. State: All replicated index: 0, Majority replicated index: 0, Committed index: 0, Last appended: 0.0, Last appended by leader: 0, Current term: 0, Majority size: -1, State: 0, Mode: NON_LEADER, active raft config: opid_index: -1 OBSOLETE_local: false peers { permanent_uuid: "e86abf1cad104799a50684b8dd05443e" member_type: VOTER last_known_addr { host: "127.11.161.1" port: 41055 } } peers { permanent_uuid: "cf6bb521d71a43568f62a845c53e227f" member_type: VOTER last_known_addr { host: "127.11.161.2" port: 33241 } } peers { permanent_uuid: "a374513727df4788915ad9dcc0ee26ce" member_type: VOTER last_known_addr { host: "127.11.161.3" port: 34729 } }
I20260709 13:15:09.346652 13002 tablet_service.cc:1511] Processing CreateTablet for tablet 93199e7098ff49568e20f9b0d740e4e5 (DEFAULT_TABLE table=test-workload [id=c2ef8fa2b51b4a6584c8d21be48e5566]), partition=RANGE (key) PARTITION 1783503323 <= VALUES < 1819901350
I20260709 13:15:09.347709 13207 tablet_bootstrap.cc:654] T 736ae5b6639241a6bb5d1267db0ee00d P a374513727df4788915ad9dcc0ee26ce: Neither blocks nor log segments found. Creating new log.
I20260709 13:15:09.347915 13002 data_dirs.cc:400] Could only allocate 1 dirs of requested 3 for tablet 93199e7098ff49568e20f9b0d740e4e5. 1 dirs total, 0 dirs full, 0 dirs failed
I20260709 13:15:09.349236 13078 tablet_service.cc:1511] Processing CreateTablet for tablet 93199e7098ff49568e20f9b0d740e4e5 (DEFAULT_TABLE table=test-workload [id=c2ef8fa2b51b4a6584c8d21be48e5566]), partition=RANGE (key) PARTITION 1783503323 <= VALUES < 1819901350
I20260709 13:15:09.350409 13078 data_dirs.cc:400] Could only allocate 1 dirs of requested 3 for tablet 93199e7098ff49568e20f9b0d740e4e5. 1 dirs total, 0 dirs full, 0 dirs failed
I20260709 13:15:09.353837 13076 tablet_service.cc:1511] Processing CreateTablet for tablet f8a22d26161f449690a478391bff43b1 (DEFAULT_TABLE table=test-workload [id=c2ef8fa2b51b4a6584c8d21be48e5566]), partition=RANGE (key) PARTITION 1747105296 <= VALUES < 1783503323
I20260709 13:15:09.355075 13076 data_dirs.cc:400] Could only allocate 1 dirs of requested 3 for tablet f8a22d26161f449690a478391bff43b1. 1 dirs total, 0 dirs full, 0 dirs failed
I20260709 13:15:09.337100 13235 leader_election.cc:290] T 01a90c843ffa4b46b1809a2cabce54ab P a374513727df4788915ad9dcc0ee26ce [CANDIDATE]: Term 1 election: Requested vote from peers e86abf1cad104799a50684b8dd05443e (127.11.161.1:41055), cf6bb521d71a43568f62a845c53e227f (127.11.161.2:33241)
I20260709 13:15:09.337908 13005 tablet_service.cc:1511] Processing CreateTablet for tablet c50c124227a943dc8b07351c2dc51565 (DEFAULT_TABLE table=test-workload [id=c2ef8fa2b51b4a6584c8d21be48e5566]), partition=RANGE (key) PARTITION 1710707269 <= VALUES < 1747105296
I20260709 13:15:09.358393 13127 leader_election.cc:304] T 01a90c843ffa4b46b1809a2cabce54ab P a374513727df4788915ad9dcc0ee26ce [CANDIDATE]: Term 1 election: Election decided. Result: candidate won. Election summary: received 3 responses out of 3 voters: 2 yes votes; 1 no votes. yes voters: a374513727df4788915ad9dcc0ee26ce, e86abf1cad104799a50684b8dd05443e; no voters: cf6bb521d71a43568f62a845c53e227f
I20260709 13:15:09.359124 13005 data_dirs.cc:400] Could only allocate 1 dirs of requested 3 for tablet c50c124227a943dc8b07351c2dc51565. 1 dirs total, 0 dirs full, 0 dirs failed
I20260709 13:15:09.359184 13235 raft_consensus.cc:2804] T 01a90c843ffa4b46b1809a2cabce54ab P a374513727df4788915ad9dcc0ee26ce [term 1 FOLLOWER]: Leader election won for term 1
I20260709 13:15:09.359005 13145 tablet_service.cc:1511] Processing CreateTablet for tablet 93199e7098ff49568e20f9b0d740e4e5 (DEFAULT_TABLE table=test-workload [id=c2ef8fa2b51b4a6584c8d21be48e5566]), partition=RANGE (key) PARTITION 1783503323 <= VALUES < 1819901350
I20260709 13:15:09.359932 13235 raft_consensus.cc:697] T 01a90c843ffa4b46b1809a2cabce54ab P a374513727df4788915ad9dcc0ee26ce [term 1 LEADER]: Becoming Leader. State: Replica: a374513727df4788915ad9dcc0ee26ce, State: Running, Role: LEADER
I20260709 13:15:09.360273 13145 data_dirs.cc:400] Could only allocate 1 dirs of requested 3 for tablet 93199e7098ff49568e20f9b0d740e4e5. 1 dirs total, 0 dirs full, 0 dirs failed
I20260709 13:15:09.360836 13235 consensus_queue.cc:237] T 01a90c843ffa4b46b1809a2cabce54ab P a374513727df4788915ad9dcc0ee26ce [LEADER]: Queue going to LEADER mode. State: All replicated index: 0, Majority replicated index: 0, Committed index: 0, Last appended: 0.0, Last appended by leader: 0, Current term: 1, Majority size: 2, State: 0, Mode: LEADER, active raft config: opid_index: -1 OBSOLETE_local: false peers { permanent_uuid: "e86abf1cad104799a50684b8dd05443e" member_type: VOTER last_known_addr { host: "127.11.161.1" port: 41055 } } peers { permanent_uuid: "cf6bb521d71a43568f62a845c53e227f" member_type: VOTER last_known_addr { host: "127.11.161.2" port: 33241 } } peers { permanent_uuid: "a374513727df4788915ad9dcc0ee26ce" member_type: VOTER last_known_addr { host: "127.11.161.3" port: 34729 } }
I20260709 13:15:09.358860 13148 tablet_service.cc:1511] Processing CreateTablet for tablet f8a22d26161f449690a478391bff43b1 (DEFAULT_TABLE table=test-workload [id=c2ef8fa2b51b4a6584c8d21be48e5566]), partition=RANGE (key) PARTITION 1747105296 <= VALUES < 1783503323
I20260709 13:15:09.373914 13148 data_dirs.cc:400] Could only allocate 1 dirs of requested 3 for tablet f8a22d26161f449690a478391bff43b1. 1 dirs total, 0 dirs full, 0 dirs failed
I20260709 13:15:09.367336 13072 tablet_service.cc:1511] Processing CreateTablet for tablet 230fff09f481488c90c814974ad964bd (DEFAULT_TABLE table=test-workload [id=c2ef8fa2b51b4a6584c8d21be48e5566]), partition=RANGE (key) PARTITION 1674309242 <= VALUES < 1710707269
I20260709 13:15:09.385792 13072 data_dirs.cc:400] Could only allocate 1 dirs of requested 3 for tablet 230fff09f481488c90c814974ad964bd. 1 dirs total, 0 dirs full, 0 dirs failed
I20260709 13:15:09.386503 13204 ts_tablet_manager.cc:1434] T 736ae5b6639241a6bb5d1267db0ee00d P e86abf1cad104799a50684b8dd05443e: Time spent starting tablet: real 0.073s	user 0.006s	sys 0.000s
I20260709 13:15:09.387794 13204 tablet_bootstrap.cc:492] T 39eb5ed21ae24f3bb68ad567c4e59966 P e86abf1cad104799a50684b8dd05443e: Bootstrap starting.
I20260709 13:15:09.369653 13206 tablet_bootstrap.cc:492] T 6c741a2ef5ce4a99b839d3be7df7264e P cf6bb521d71a43568f62a845c53e227f: No bootstrap required, opened a new log
I20260709 13:15:09.388929 13206 ts_tablet_manager.cc:1403] T 6c741a2ef5ce4a99b839d3be7df7264e P cf6bb521d71a43568f62a845c53e227f: Time spent bootstrapping tablet: real 0.242s	user 0.008s	sys 0.011s
I20260709 13:15:09.374650 12998 tablet_service.cc:1511] Processing CreateTablet for tablet 711c4745eaa24e5289105b228c4310e2 (DEFAULT_TABLE table=test-workload [id=c2ef8fa2b51b4a6584c8d21be48e5566]), partition=RANGE (key) PARTITION 1819901350 <= VALUES < 1856299377
I20260709 13:15:09.390817 12998 data_dirs.cc:400] Could only allocate 1 dirs of requested 3 for tablet 711c4745eaa24e5289105b228c4310e2. 1 dirs total, 0 dirs full, 0 dirs failed
I20260709 13:15:09.364373 13080 tablet_service.cc:1511] Processing CreateTablet for tablet c50c124227a943dc8b07351c2dc51565 (DEFAULT_TABLE table=test-workload [id=c2ef8fa2b51b4a6584c8d21be48e5566]), partition=RANGE (key) PARTITION 1710707269 <= VALUES < 1747105296
I20260709 13:15:09.394915 13080 data_dirs.cc:400] Could only allocate 1 dirs of requested 3 for tablet c50c124227a943dc8b07351c2dc51565. 1 dirs total, 0 dirs full, 0 dirs failed
I20260709 13:15:09.376053 13075 tablet_service.cc:1511] Processing CreateTablet for tablet 711c4745eaa24e5289105b228c4310e2 (DEFAULT_TABLE table=test-workload [id=c2ef8fa2b51b4a6584c8d21be48e5566]), partition=RANGE (key) PARTITION 1819901350 <= VALUES < 1856299377
I20260709 13:15:09.378345 13003 tablet_service.cc:1511] Processing CreateTablet for tablet 9b3047810f2f41c7bb2a25c6b0e408e6 (DEFAULT_TABLE table=test-workload [id=c2ef8fa2b51b4a6584c8d21be48e5566]), partition=RANGE (key) PARTITION 1856299377 <= VALUES < 1892697404
I20260709 13:15:09.398663 13003 data_dirs.cc:400] Could only allocate 1 dirs of requested 3 for tablet 9b3047810f2f41c7bb2a25c6b0e408e6. 1 dirs total, 0 dirs full, 0 dirs failed
I20260709 13:15:09.379917 13077 tablet_service.cc:1511] Processing CreateTablet for tablet 9b3047810f2f41c7bb2a25c6b0e408e6 (DEFAULT_TABLE table=test-workload [id=c2ef8fa2b51b4a6584c8d21be48e5566]), partition=RANGE (key) PARTITION 1856299377 <= VALUES < 1892697404
I20260709 13:15:09.380431 13146 tablet_service.cc:1511] Processing CreateTablet for tablet 711c4745eaa24e5289105b228c4310e2 (DEFAULT_TABLE table=test-workload [id=c2ef8fa2b51b4a6584c8d21be48e5566]), partition=RANGE (key) PARTITION 1819901350 <= VALUES < 1856299377
I20260709 13:15:09.405282 13146 data_dirs.cc:400] Could only allocate 1 dirs of requested 3 for tablet 711c4745eaa24e5289105b228c4310e2. 1 dirs total, 0 dirs full, 0 dirs failed
W20260709 13:15:09.408134 12961 auto_rebalancer.cc:288] Could not retrieve cluster info: Service unavailable: Tablet not running
I20260709 13:15:09.412012 13004 tablet_service.cc:1511] Processing CreateTablet for tablet 7ff5ff382b98483dbc607b6979ed2827 (DEFAULT_TABLE table=test-workload [id=c2ef8fa2b51b4a6584c8d21be48e5566]), partition=RANGE (key) PARTITION 1929095431 <= VALUES < 1965493458
I20260709 13:15:09.381223 13000 tablet_service.cc:1511] Processing CreateTablet for tablet f8a22d26161f449690a478391bff43b1 (DEFAULT_TABLE table=test-workload [id=c2ef8fa2b51b4a6584c8d21be48e5566]), partition=RANGE (key) PARTITION 1747105296 <= VALUES < 1783503323
I20260709 13:15:09.382119 12997 tablet_service.cc:1511] Processing CreateTablet for tablet 86f76db3487e41b998b709d27a2c4454 (DEFAULT_TABLE table=test-workload [id=c2ef8fa2b51b4a6584c8d21be48e5566]), partition=RANGE (key) PARTITION 1892697404 <= VALUES < 1929095431
I20260709 13:15:09.413250 13004 data_dirs.cc:400] Could only allocate 1 dirs of requested 3 for tablet 7ff5ff382b98483dbc607b6979ed2827. 1 dirs total, 0 dirs full, 0 dirs failed
I20260709 13:15:09.413489 13077 data_dirs.cc:400] Could only allocate 1 dirs of requested 3 for tablet 9b3047810f2f41c7bb2a25c6b0e408e6. 1 dirs total, 0 dirs full, 0 dirs failed
I20260709 13:15:09.413837 12997 data_dirs.cc:400] Could only allocate 1 dirs of requested 3 for tablet 86f76db3487e41b998b709d27a2c4454. 1 dirs total, 0 dirs full, 0 dirs failed
I20260709 13:15:09.417439 13000 data_dirs.cc:400] Could only allocate 1 dirs of requested 3 for tablet f8a22d26161f449690a478391bff43b1. 1 dirs total, 0 dirs full, 0 dirs failed
I20260709 13:15:09.422979 13150 tablet_service.cc:1511] Processing CreateTablet for tablet 86f76db3487e41b998b709d27a2c4454 (DEFAULT_TABLE table=test-workload [id=c2ef8fa2b51b4a6584c8d21be48e5566]), partition=RANGE (key) PARTITION 1892697404 <= VALUES < 1929095431
I20260709 13:15:09.424259 13150 data_dirs.cc:400] Could only allocate 1 dirs of requested 3 for tablet 86f76db3487e41b998b709d27a2c4454. 1 dirs total, 0 dirs full, 0 dirs failed
I20260709 13:15:09.426034 13071 tablet_service.cc:1511] Processing CreateTablet for tablet 90aa9adb07004f3cb001cbde12297f97 (DEFAULT_TABLE table=test-workload [id=c2ef8fa2b51b4a6584c8d21be48e5566]), partition=RANGE (key) PARTITION 1965493458 <= VALUES < 2001891485
I20260709 13:15:09.427289 13071 data_dirs.cc:400] Could only allocate 1 dirs of requested 3 for tablet 90aa9adb07004f3cb001cbde12297f97. 1 dirs total, 0 dirs full, 0 dirs failed
I20260709 13:15:09.430640 13075 data_dirs.cc:400] Could only allocate 1 dirs of requested 3 for tablet 711c4745eaa24e5289105b228c4310e2. 1 dirs total, 0 dirs full, 0 dirs failed
I20260709 13:15:09.433079 13076 tablet_service.cc:1511] Processing CreateTablet for tablet 447e48e9dd454ed79eceedaa5fea586e (DEFAULT_TABLE table=test-workload [id=c2ef8fa2b51b4a6584c8d21be48e5566]), partition=RANGE (key) PARTITION 2001891485 <= VALUES < 2038289512
I20260709 13:15:09.434441 13076 data_dirs.cc:400] Could only allocate 1 dirs of requested 3 for tablet 447e48e9dd454ed79eceedaa5fea586e. 1 dirs total, 0 dirs full, 0 dirs failed
I20260709 13:15:09.457072 13005 tablet_service.cc:1511] Processing CreateTablet for tablet 90aa9adb07004f3cb001cbde12297f97 (DEFAULT_TABLE table=test-workload [id=c2ef8fa2b51b4a6584c8d21be48e5566]), partition=RANGE (key) PARTITION 1965493458 <= VALUES < 2001891485
I20260709 13:15:09.458784 13206 raft_consensus.cc:359] T 6c741a2ef5ce4a99b839d3be7df7264e P cf6bb521d71a43568f62a845c53e227f [term 0 FOLLOWER]: Replica starting. Triggering 0 pending ops. Active config: opid_index: -1 OBSOLETE_local: false peers { permanent_uuid: "e86abf1cad104799a50684b8dd05443e" member_type: VOTER last_known_addr { host: "127.11.161.1" port: 41055 } } peers { permanent_uuid: "cf6bb521d71a43568f62a845c53e227f" member_type: VOTER last_known_addr { host: "127.11.161.2" port: 33241 } } peers { permanent_uuid: "a374513727df4788915ad9dcc0ee26ce" member_type: VOTER last_known_addr { host: "127.11.161.3" port: 34729 } }
I20260709 13:15:09.459573 13206 raft_consensus.cc:385] T 6c741a2ef5ce4a99b839d3be7df7264e P cf6bb521d71a43568f62a845c53e227f [term 0 FOLLOWER]: Consensus starting up: Expiring failure detector timer to make a prompt election more likely
I20260709 13:15:09.459877 13206 raft_consensus.cc:740] T 6c741a2ef5ce4a99b839d3be7df7264e P cf6bb521d71a43568f62a845c53e227f [term 0 FOLLOWER]: Becoming Follower/Learner. State: Replica: cf6bb521d71a43568f62a845c53e227f, State: Initialized, Role: FOLLOWER
I20260709 13:15:09.460675 13206 consensus_queue.cc:260] T 6c741a2ef5ce4a99b839d3be7df7264e P cf6bb521d71a43568f62a845c53e227f [NON_LEADER]: Queue going to NON_LEADER mode. State: All replicated index: 0, Majority replicated index: 0, Committed index: 0, Last appended: 0.0, Last appended by leader: 0, Current term: 0, Majority size: -1, State: 0, Mode: NON_LEADER, active raft config: opid_index: -1 OBSOLETE_local: false peers { permanent_uuid: "e86abf1cad104799a50684b8dd05443e" member_type: VOTER last_known_addr { host: "127.11.161.1" port: 41055 } } peers { permanent_uuid: "cf6bb521d71a43568f62a845c53e227f" member_type: VOTER last_known_addr { host: "127.11.161.2" port: 33241 } } peers { permanent_uuid: "a374513727df4788915ad9dcc0ee26ce" member_type: VOTER last_known_addr { host: "127.11.161.3" port: 34729 } }
I20260709 13:15:09.465303 13206 ts_tablet_manager.cc:1434] T 6c741a2ef5ce4a99b839d3be7df7264e P cf6bb521d71a43568f62a845c53e227f: Time spent starting tablet: real 0.076s	user 0.007s	sys 0.000s
I20260709 13:15:09.465042 13074 tablet_service.cc:1511] Processing CreateTablet for tablet 7ff5ff382b98483dbc607b6979ed2827 (DEFAULT_TABLE table=test-workload [id=c2ef8fa2b51b4a6584c8d21be48e5566]), partition=RANGE (key) PARTITION 1929095431 <= VALUES < 1965493458
I20260709 13:15:09.466243 13206 tablet_bootstrap.cc:492] T 736ae5b6639241a6bb5d1267db0ee00d P cf6bb521d71a43568f62a845c53e227f: Bootstrap starting.
I20260709 13:15:09.466631 13074 data_dirs.cc:400] Could only allocate 1 dirs of requested 3 for tablet 7ff5ff382b98483dbc607b6979ed2827. 1 dirs total, 0 dirs full, 0 dirs failed
I20260709 13:15:09.472219 13147 tablet_service.cc:1511] Processing CreateTablet for tablet 9b3047810f2f41c7bb2a25c6b0e408e6 (DEFAULT_TABLE table=test-workload [id=c2ef8fa2b51b4a6584c8d21be48e5566]), partition=RANGE (key) PARTITION 1856299377 <= VALUES < 1892697404
I20260709 13:15:09.473917 13147 data_dirs.cc:400] Could only allocate 1 dirs of requested 3 for tablet 9b3047810f2f41c7bb2a25c6b0e408e6. 1 dirs total, 0 dirs full, 0 dirs failed
I20260709 13:15:09.479457 12999 tablet_service.cc:1511] Processing CreateTablet for tablet 447e48e9dd454ed79eceedaa5fea586e (DEFAULT_TABLE table=test-workload [id=c2ef8fa2b51b4a6584c8d21be48e5566]), partition=RANGE (key) PARTITION 2001891485 <= VALUES < 2038289512
I20260709 13:15:09.479458 13001 tablet_service.cc:1511] Processing CreateTablet for tablet 11f15dd95d5542819bba024f46ef9c0f (DEFAULT_TABLE table=test-workload [id=c2ef8fa2b51b4a6584c8d21be48e5566]), partition=RANGE (key) PARTITION 2038289512 <= VALUES < 2074687539
I20260709 13:15:09.486364 13206 tablet_bootstrap.cc:654] T 736ae5b6639241a6bb5d1267db0ee00d P cf6bb521d71a43568f62a845c53e227f: Neither blocks nor log segments found. Creating new log.
I20260709 13:15:09.496929 13145 tablet_service.cc:1511] Processing CreateTablet for tablet 7ff5ff382b98483dbc607b6979ed2827 (DEFAULT_TABLE table=test-workload [id=c2ef8fa2b51b4a6584c8d21be48e5566]), partition=RANGE (key) PARTITION 1929095431 <= VALUES < 1965493458
I20260709 13:15:09.497535 13154 tablet_service.cc:1511] Processing CreateTablet for tablet 90aa9adb07004f3cb001cbde12297f97 (DEFAULT_TABLE table=test-workload [id=c2ef8fa2b51b4a6584c8d21be48e5566]), partition=RANGE (key) PARTITION 1965493458 <= VALUES < 2001891485
I20260709 13:15:09.498227 13145 data_dirs.cc:400] Could only allocate 1 dirs of requested 3 for tablet 7ff5ff382b98483dbc607b6979ed2827. 1 dirs total, 0 dirs full, 0 dirs failed
I20260709 13:15:09.501566 13005 data_dirs.cc:400] Could only allocate 1 dirs of requested 3 for tablet 90aa9adb07004f3cb001cbde12297f97. 1 dirs total, 0 dirs full, 0 dirs failed
I20260709 13:15:09.498504 13152 tablet_service.cc:1511] Processing CreateTablet for tablet 447e48e9dd454ed79eceedaa5fea586e (DEFAULT_TABLE table=test-workload [id=c2ef8fa2b51b4a6584c8d21be48e5566]), partition=RANGE (key) PARTITION 2001891485 <= VALUES < 2038289512
I20260709 13:15:09.514667 13154 data_dirs.cc:400] Could only allocate 1 dirs of requested 3 for tablet 90aa9adb07004f3cb001cbde12297f97. 1 dirs total, 0 dirs full, 0 dirs failed
I20260709 13:15:09.519392 13075 tablet_service.cc:1511] Processing CreateTablet for tablet 11f15dd95d5542819bba024f46ef9c0f (DEFAULT_TABLE table=test-workload [id=c2ef8fa2b51b4a6584c8d21be48e5566]), partition=RANGE (key) PARTITION 2038289512 <= VALUES < 2074687539
I20260709 13:15:09.520520 13075 data_dirs.cc:400] Could only allocate 1 dirs of requested 3 for tablet 11f15dd95d5542819bba024f46ef9c0f. 1 dirs total, 0 dirs full, 0 dirs failed
I20260709 13:15:09.525929 13073 tablet_service.cc:1511] Processing CreateTablet for tablet 86f76db3487e41b998b709d27a2c4454 (DEFAULT_TABLE table=test-workload [id=c2ef8fa2b51b4a6584c8d21be48e5566]), partition=RANGE (key) PARTITION 1892697404 <= VALUES < 1929095431
I20260709 13:15:09.527161 13073 data_dirs.cc:400] Could only allocate 1 dirs of requested 3 for tablet 86f76db3487e41b998b709d27a2c4454. 1 dirs total, 0 dirs full, 0 dirs failed
I20260709 13:15:09.527308 13079 tablet_service.cc:1511] Processing CreateTablet for tablet ab102502834a411bb93fc32bb5194d06 (DEFAULT_TABLE table=test-workload [id=c2ef8fa2b51b4a6584c8d21be48e5566]), partition=RANGE (key) PARTITION 2074687539 <= VALUES < 2111085566
I20260709 13:15:09.528452 13079 data_dirs.cc:400] Could only allocate 1 dirs of requested 3 for tablet ab102502834a411bb93fc32bb5194d06. 1 dirs total, 0 dirs full, 0 dirs failed
I20260709 13:15:09.534382 13005 tablet_service.cc:1511] Processing CreateTablet for tablet 309593e963fa40499f5398bca23d6085 (DEFAULT_TABLE table=test-workload [id=c2ef8fa2b51b4a6584c8d21be48e5566]), partition=RANGE (key) PARTITION 2111085566 <= VALUES
I20260709 13:15:09.535758 13153 tablet_service.cc:1511] Processing CreateTablet for tablet 11f15dd95d5542819bba024f46ef9c0f (DEFAULT_TABLE table=test-workload [id=c2ef8fa2b51b4a6584c8d21be48e5566]), partition=RANGE (key) PARTITION 2038289512 <= VALUES < 2074687539
I20260709 13:15:09.536335 13149 tablet_service.cc:1511] Processing CreateTablet for tablet ab102502834a411bb93fc32bb5194d06 (DEFAULT_TABLE table=test-workload [id=c2ef8fa2b51b4a6584c8d21be48e5566]), partition=RANGE (key) PARTITION 2074687539 <= VALUES < 2111085566
I20260709 13:15:09.538544 13235 consensus_queue.cc:1048] T dc7b7cfdaabf4ab198bf03047ea573a4 P a374513727df4788915ad9dcc0ee26ce [LEADER]: Connected to new peer: Peer: permanent_uuid: "e86abf1cad104799a50684b8dd05443e" member_type: VOTER last_known_addr { host: "127.11.161.1" port: 41055 }, Status: LMP_MISMATCH, Last received: 0.0, Next index: 1, Last known committed idx: 0, Time since last communication: 0.000s
I20260709 13:15:09.544947 13001 data_dirs.cc:400] Could only allocate 1 dirs of requested 3 for tablet 11f15dd95d5542819bba024f46ef9c0f. 1 dirs total, 0 dirs full, 0 dirs failed
I20260709 13:15:09.545588 13005 data_dirs.cc:400] Could only allocate 1 dirs of requested 3 for tablet 309593e963fa40499f5398bca23d6085. 1 dirs total, 0 dirs full, 0 dirs failed
I20260709 13:15:09.518787 13204 tablet_bootstrap.cc:654] T 39eb5ed21ae24f3bb68ad567c4e59966 P e86abf1cad104799a50684b8dd05443e: Neither blocks nor log segments found. Creating new log.
I20260709 13:15:09.546528 13229 consensus_queue.cc:1048] T 94725ea8194842a285b8e03125612828 P e86abf1cad104799a50684b8dd05443e [LEADER]: Connected to new peer: Peer: permanent_uuid: "a374513727df4788915ad9dcc0ee26ce" member_type: VOTER last_known_addr { host: "127.11.161.3" port: 34729 }, Status: LMP_MISMATCH, Last received: 0.0, Next index: 1, Last known committed idx: 0, Time since last communication: 0.000s
I20260709 13:15:09.553440 12999 data_dirs.cc:400] Could only allocate 1 dirs of requested 3 for tablet 447e48e9dd454ed79eceedaa5fea586e. 1 dirs total, 0 dirs full, 0 dirs failed
I20260709 13:15:09.559427 13076 tablet_service.cc:1511] Processing CreateTablet for tablet 309593e963fa40499f5398bca23d6085 (DEFAULT_TABLE table=test-workload [id=c2ef8fa2b51b4a6584c8d21be48e5566]), partition=RANGE (key) PARTITION 2111085566 <= VALUES
I20260709 13:15:09.560655 13076 data_dirs.cc:400] Could only allocate 1 dirs of requested 3 for tablet 309593e963fa40499f5398bca23d6085. 1 dirs total, 0 dirs full, 0 dirs failed
I20260709 13:15:09.565282 13152 data_dirs.cc:400] Could only allocate 1 dirs of requested 3 for tablet 447e48e9dd454ed79eceedaa5fea586e. 1 dirs total, 0 dirs full, 0 dirs failed
I20260709 13:15:09.566862 13235 consensus_queue.cc:1048] T dc7b7cfdaabf4ab198bf03047ea573a4 P a374513727df4788915ad9dcc0ee26ce [LEADER]: Connected to new peer: Peer: permanent_uuid: "cf6bb521d71a43568f62a845c53e227f" member_type: VOTER last_known_addr { host: "127.11.161.2" port: 33241 }, Status: LMP_MISMATCH, Last received: 0.0, Next index: 1, Last known committed idx: 0, Time since last communication: 0.000s
I20260709 13:15:09.569062 13149 data_dirs.cc:400] Could only allocate 1 dirs of requested 3 for tablet ab102502834a411bb93fc32bb5194d06. 1 dirs total, 0 dirs full, 0 dirs failed
I20260709 13:15:09.569656 13151 tablet_service.cc:1511] Processing CreateTablet for tablet 309593e963fa40499f5398bca23d6085 (DEFAULT_TABLE table=test-workload [id=c2ef8fa2b51b4a6584c8d21be48e5566]), partition=RANGE (key) PARTITION 2111085566 <= VALUES
I20260709 13:15:09.570878 13151 data_dirs.cc:400] Could only allocate 1 dirs of requested 3 for tablet 309593e963fa40499f5398bca23d6085. 1 dirs total, 0 dirs full, 0 dirs failed
I20260709 13:15:09.574308 13207 tablet_bootstrap.cc:492] T 736ae5b6639241a6bb5d1267db0ee00d P a374513727df4788915ad9dcc0ee26ce: No bootstrap required, opened a new log
I20260709 13:15:09.579053 13002 tablet_service.cc:1511] Processing CreateTablet for tablet ab102502834a411bb93fc32bb5194d06 (DEFAULT_TABLE table=test-workload [id=c2ef8fa2b51b4a6584c8d21be48e5566]), partition=RANGE (key) PARTITION 2074687539 <= VALUES < 2111085566
I20260709 13:15:09.606101 13153 data_dirs.cc:400] Could only allocate 1 dirs of requested 3 for tablet 11f15dd95d5542819bba024f46ef9c0f. 1 dirs total, 0 dirs full, 0 dirs failed
I20260709 13:15:09.604594 13207 ts_tablet_manager.cc:1403] T 736ae5b6639241a6bb5d1267db0ee00d P a374513727df4788915ad9dcc0ee26ce: Time spent bootstrapping tablet: real 0.310s	user 0.035s	sys 0.016s
I20260709 13:15:09.631965 13002 data_dirs.cc:400] Could only allocate 1 dirs of requested 3 for tablet ab102502834a411bb93fc32bb5194d06. 1 dirs total, 0 dirs full, 0 dirs failed
I20260709 13:15:09.635983 13208 consensus_queue.cc:1048] T df8e3cd1bbca4a98a8397fa587aed120 P e86abf1cad104799a50684b8dd05443e [LEADER]: Connected to new peer: Peer: permanent_uuid: "cf6bb521d71a43568f62a845c53e227f" member_type: VOTER last_known_addr { host: "127.11.161.2" port: 33241 }, Status: LMP_MISMATCH, Last received: 0.0, Next index: 1, Last known committed idx: 0, Time since last communication: 0.000s
I20260709 13:15:09.648041 13204 tablet_bootstrap.cc:492] T 39eb5ed21ae24f3bb68ad567c4e59966 P e86abf1cad104799a50684b8dd05443e: No bootstrap required, opened a new log
I20260709 13:15:09.648518 13204 ts_tablet_manager.cc:1403] T 39eb5ed21ae24f3bb68ad567c4e59966 P e86abf1cad104799a50684b8dd05443e: Time spent bootstrapping tablet: real 0.261s	user 0.013s	sys 0.003s
I20260709 13:15:09.638913 13207 raft_consensus.cc:359] T 736ae5b6639241a6bb5d1267db0ee00d P a374513727df4788915ad9dcc0ee26ce [term 0 FOLLOWER]: Replica starting. Triggering 0 pending ops. Active config: opid_index: -1 OBSOLETE_local: false peers { permanent_uuid: "e86abf1cad104799a50684b8dd05443e" member_type: VOTER last_known_addr { host: "127.11.161.1" port: 41055 } } peers { permanent_uuid: "cf6bb521d71a43568f62a845c53e227f" member_type: VOTER last_known_addr { host: "127.11.161.2" port: 33241 } } peers { permanent_uuid: "a374513727df4788915ad9dcc0ee26ce" member_type: VOTER last_known_addr { host: "127.11.161.3" port: 34729 } }
I20260709 13:15:09.641415 13229 consensus_queue.cc:1048] T 94725ea8194842a285b8e03125612828 P e86abf1cad104799a50684b8dd05443e [LEADER]: Connected to new peer: Peer: permanent_uuid: "cf6bb521d71a43568f62a845c53e227f" member_type: VOTER last_known_addr { host: "127.11.161.2" port: 33241 }, Status: LMP_MISMATCH, Last received: 0.0, Next index: 1, Last known committed idx: 0, Time since last communication: 0.000s
I20260709 13:15:09.651162 12913 catalog_manager.cc:5697] T 94725ea8194842a285b8e03125612828 P e86abf1cad104799a50684b8dd05443e reported cstate change: term changed from 0 to 1, leader changed from <none> to e86abf1cad104799a50684b8dd05443e (127.11.161.1). New cstate: current_term: 1 leader_uuid: "e86abf1cad104799a50684b8dd05443e" committed_config { opid_index: -1 OBSOLETE_local: false peers { permanent_uuid: "e86abf1cad104799a50684b8dd05443e" member_type: VOTER last_known_addr { host: "127.11.161.1" port: 41055 } health_report { overall_health: HEALTHY } } peers { permanent_uuid: "cf6bb521d71a43568f62a845c53e227f" member_type: VOTER last_known_addr { host: "127.11.161.2" port: 33241 } health_report { overall_health: UNKNOWN } } peers { permanent_uuid: "a374513727df4788915ad9dcc0ee26ce" member_type: VOTER last_known_addr { host: "127.11.161.3" port: 34729 } health_report { overall_health: UNKNOWN } } }
I20260709 13:15:09.654433 12913 catalog_manager.cc:5697] T 26e79374c0174c3c83abebca978fba35 P e86abf1cad104799a50684b8dd05443e reported cstate change: term changed from 0 to 1, leader changed from <none> to e86abf1cad104799a50684b8dd05443e (127.11.161.1). New cstate: current_term: 1 leader_uuid: "e86abf1cad104799a50684b8dd05443e" committed_config { opid_index: -1 OBSOLETE_local: false peers { permanent_uuid: "e86abf1cad104799a50684b8dd05443e" member_type: VOTER last_known_addr { host: "127.11.161.1" port: 41055 } health_report { overall_health: HEALTHY } } peers { permanent_uuid: "cf6bb521d71a43568f62a845c53e227f" member_type: VOTER last_known_addr { host: "127.11.161.2" port: 33241 } health_report { overall_health: UNKNOWN } } peers { permanent_uuid: "a374513727df4788915ad9dcc0ee26ce" member_type: VOTER last_known_addr { host: "127.11.161.3" port: 34729 } health_report { overall_health: UNKNOWN } } }
I20260709 13:15:09.661630 13204 raft_consensus.cc:359] T 39eb5ed21ae24f3bb68ad567c4e59966 P e86abf1cad104799a50684b8dd05443e [term 0 FOLLOWER]: Replica starting. Triggering 0 pending ops. Active config: opid_index: -1 OBSOLETE_local: false peers { permanent_uuid: "e86abf1cad104799a50684b8dd05443e" member_type: VOTER last_known_addr { host: "127.11.161.1" port: 41055 } } peers { permanent_uuid: "cf6bb521d71a43568f62a845c53e227f" member_type: VOTER last_known_addr { host: "127.11.161.2" port: 33241 } } peers { permanent_uuid: "a374513727df4788915ad9dcc0ee26ce" member_type: VOTER last_known_addr { host: "127.11.161.3" port: 34729 } }
I20260709 13:15:09.662513 13204 raft_consensus.cc:385] T 39eb5ed21ae24f3bb68ad567c4e59966 P e86abf1cad104799a50684b8dd05443e [term 0 FOLLOWER]: Consensus starting up: Expiring failure detector timer to make a prompt election more likely
I20260709 13:15:09.662847 13204 raft_consensus.cc:740] T 39eb5ed21ae24f3bb68ad567c4e59966 P e86abf1cad104799a50684b8dd05443e [term 0 FOLLOWER]: Becoming Follower/Learner. State: Replica: e86abf1cad104799a50684b8dd05443e, State: Initialized, Role: FOLLOWER
I20260709 13:15:09.653503 13207 raft_consensus.cc:385] T 736ae5b6639241a6bb5d1267db0ee00d P a374513727df4788915ad9dcc0ee26ce [term 0 FOLLOWER]: Consensus starting up: Expiring failure detector timer to make a prompt election more likely
I20260709 13:15:09.663463 13229 raft_consensus.cc:493] T 736ae5b6639241a6bb5d1267db0ee00d P e86abf1cad104799a50684b8dd05443e [term 0 FOLLOWER]: Starting pre-election (no leader contacted us within the election timeout)
I20260709 13:15:09.663883 13207 raft_consensus.cc:740] T 736ae5b6639241a6bb5d1267db0ee00d P a374513727df4788915ad9dcc0ee26ce [term 0 FOLLOWER]: Becoming Follower/Learner. State: Replica: a374513727df4788915ad9dcc0ee26ce, State: Initialized, Role: FOLLOWER
I20260709 13:15:09.664219 13229 raft_consensus.cc:515] T 736ae5b6639241a6bb5d1267db0ee00d P e86abf1cad104799a50684b8dd05443e [term 0 FOLLOWER]: Starting pre-election with config: opid_index: -1 OBSOLETE_local: false peers { permanent_uuid: "e86abf1cad104799a50684b8dd05443e" member_type: VOTER last_known_addr { host: "127.11.161.1" port: 41055 } } peers { permanent_uuid: "cf6bb521d71a43568f62a845c53e227f" member_type: VOTER last_known_addr { host: "127.11.161.2" port: 33241 } } peers { permanent_uuid: "a374513727df4788915ad9dcc0ee26ce" member_type: VOTER last_known_addr { host: "127.11.161.3" port: 34729 } }
I20260709 13:15:09.666527 13207 consensus_queue.cc:260] T 736ae5b6639241a6bb5d1267db0ee00d P a374513727df4788915ad9dcc0ee26ce [NON_LEADER]: Queue going to NON_LEADER mode. State: All replicated index: 0, Majority replicated index: 0, Committed index: 0, Last appended: 0.0, Last appended by leader: 0, Current term: 0, Majority size: -1, State: 0, Mode: NON_LEADER, active raft config: opid_index: -1 OBSOLETE_local: false peers { permanent_uuid: "e86abf1cad104799a50684b8dd05443e" member_type: VOTER last_known_addr { host: "127.11.161.1" port: 41055 } } peers { permanent_uuid: "cf6bb521d71a43568f62a845c53e227f" member_type: VOTER last_known_addr { host: "127.11.161.2" port: 33241 } } peers { permanent_uuid: "a374513727df4788915ad9dcc0ee26ce" member_type: VOTER last_known_addr { host: "127.11.161.3" port: 34729 } }
I20260709 13:15:09.668933 13207 ts_tablet_manager.cc:1434] T 736ae5b6639241a6bb5d1267db0ee00d P a374513727df4788915ad9dcc0ee26ce: Time spent starting tablet: real 0.052s	user 0.007s	sys 0.000s
I20260709 13:15:09.669916 13207 tablet_bootstrap.cc:492] T b3bae600662a4f9aa82ac2ace8eaa72b P a374513727df4788915ad9dcc0ee26ce: Bootstrap starting.
I20260709 13:15:09.675141 13229 leader_election.cc:290] T 736ae5b6639241a6bb5d1267db0ee00d P e86abf1cad104799a50684b8dd05443e [CANDIDATE]: Term 1 pre-election: Requested pre-vote from peers cf6bb521d71a43568f62a845c53e227f (127.11.161.2:33241), a374513727df4788915ad9dcc0ee26ce (127.11.161.3:34729)
I20260709 13:15:09.677649 13087 tablet_service.cc:1917] Received RequestConsensusVote() RPC: tablet_id: "736ae5b6639241a6bb5d1267db0ee00d" candidate_uuid: "e86abf1cad104799a50684b8dd05443e" candidate_term: 1 candidate_status { last_received { term: 0 index: 0 } } ignore_live_leader: false dest_uuid: "cf6bb521d71a43568f62a845c53e227f" is_pre_election: true
I20260709 13:15:09.692346 13163 tablet_service.cc:1917] Received RequestConsensusVote() RPC: tablet_id: "736ae5b6639241a6bb5d1267db0ee00d" candidate_uuid: "e86abf1cad104799a50684b8dd05443e" candidate_term: 1 candidate_status { last_received { term: 0 index: 0 } } ignore_live_leader: false dest_uuid: "a374513727df4788915ad9dcc0ee26ce" is_pre_election: true
I20260709 13:15:09.692953 13163 raft_consensus.cc:2468] T 736ae5b6639241a6bb5d1267db0ee00d P a374513727df4788915ad9dcc0ee26ce [term 0 FOLLOWER]: Leader pre-election vote request: Granting yes vote for candidate e86abf1cad104799a50684b8dd05443e in term 0.
W20260709 13:15:09.694239 12980 leader_election.cc:343] T 736ae5b6639241a6bb5d1267db0ee00d P e86abf1cad104799a50684b8dd05443e [CANDIDATE]: Term 1 pre-election: Tablet error from VoteRequest() call to peer cf6bb521d71a43568f62a845c53e227f (127.11.161.2:33241): Illegal state: must be running to vote when last-logged opid is not known
I20260709 13:15:09.694948 12980 leader_election.cc:304] T 736ae5b6639241a6bb5d1267db0ee00d P e86abf1cad104799a50684b8dd05443e [CANDIDATE]: Term 1 pre-election: Election decided. Result: candidate won. Election summary: received 3 responses out of 3 voters: 2 yes votes; 1 no votes. yes voters: a374513727df4788915ad9dcc0ee26ce, e86abf1cad104799a50684b8dd05443e; no voters: cf6bb521d71a43568f62a845c53e227f
I20260709 13:15:09.695935 13208 raft_consensus.cc:2804] T 736ae5b6639241a6bb5d1267db0ee00d P e86abf1cad104799a50684b8dd05443e [term 0 FOLLOWER]: Leader pre-election won for term 1
I20260709 13:15:09.696277 13208 raft_consensus.cc:493] T 736ae5b6639241a6bb5d1267db0ee00d P e86abf1cad104799a50684b8dd05443e [term 0 FOLLOWER]: Starting leader election (no leader contacted us within the election timeout)
I20260709 13:15:09.697713 13208 raft_consensus.cc:3060] T 736ae5b6639241a6bb5d1267db0ee00d P e86abf1cad104799a50684b8dd05443e [term 0 FOLLOWER]: Advancing to term 1
I20260709 13:15:09.702397 12912 catalog_manager.cc:5697] T 01a90c843ffa4b46b1809a2cabce54ab P a374513727df4788915ad9dcc0ee26ce reported cstate change: term changed from 0 to 1, leader changed from <none> to a374513727df4788915ad9dcc0ee26ce (127.11.161.3). New cstate: current_term: 1 leader_uuid: "a374513727df4788915ad9dcc0ee26ce" committed_config { opid_index: -1 OBSOLETE_local: false peers { permanent_uuid: "e86abf1cad104799a50684b8dd05443e" member_type: VOTER last_known_addr { host: "127.11.161.1" port: 41055 } health_report { overall_health: UNKNOWN } } peers { permanent_uuid: "cf6bb521d71a43568f62a845c53e227f" member_type: VOTER last_known_addr { host: "127.11.161.2" port: 33241 } health_report { overall_health: UNKNOWN } } peers { permanent_uuid: "a374513727df4788915ad9dcc0ee26ce" member_type: VOTER last_known_addr { host: "127.11.161.3" port: 34729 } health_report { overall_health: HEALTHY } } }
I20260709 13:15:09.704409 13206 tablet_bootstrap.cc:492] T 736ae5b6639241a6bb5d1267db0ee00d P cf6bb521d71a43568f62a845c53e227f: No bootstrap required, opened a new log
I20260709 13:15:09.706090 13206 ts_tablet_manager.cc:1403] T 736ae5b6639241a6bb5d1267db0ee00d P cf6bb521d71a43568f62a845c53e227f: Time spent bootstrapping tablet: real 0.240s	user 0.014s	sys 0.017s
I20260709 13:15:09.712692 13206 raft_consensus.cc:359] T 736ae5b6639241a6bb5d1267db0ee00d P cf6bb521d71a43568f62a845c53e227f [term 0 FOLLOWER]: Replica starting. Triggering 0 pending ops. Active config: opid_index: -1 OBSOLETE_local: false peers { permanent_uuid: "e86abf1cad104799a50684b8dd05443e" member_type: VOTER last_known_addr { host: "127.11.161.1" port: 41055 } } peers { permanent_uuid: "cf6bb521d71a43568f62a845c53e227f" member_type: VOTER last_known_addr { host: "127.11.161.2" port: 33241 } } peers { permanent_uuid: "a374513727df4788915ad9dcc0ee26ce" member_type: VOTER last_known_addr { host: "127.11.161.3" port: 34729 } }
I20260709 13:15:09.716666 13206 raft_consensus.cc:385] T 736ae5b6639241a6bb5d1267db0ee00d P cf6bb521d71a43568f62a845c53e227f [term 0 FOLLOWER]: Consensus starting up: Expiring failure detector timer to make a prompt election more likely
I20260709 13:15:09.717762 13206 raft_consensus.cc:740] T 736ae5b6639241a6bb5d1267db0ee00d P cf6bb521d71a43568f62a845c53e227f [term 0 FOLLOWER]: Becoming Follower/Learner. State: Replica: cf6bb521d71a43568f62a845c53e227f, State: Initialized, Role: FOLLOWER
I20260709 13:15:09.719295 13206 consensus_queue.cc:260] T 736ae5b6639241a6bb5d1267db0ee00d P cf6bb521d71a43568f62a845c53e227f [NON_LEADER]: Queue going to NON_LEADER mode. State: All replicated index: 0, Majority replicated index: 0, Committed index: 0, Last appended: 0.0, Last appended by leader: 0, Current term: 0, Majority size: -1, State: 0, Mode: NON_LEADER, active raft config: opid_index: -1 OBSOLETE_local: false peers { permanent_uuid: "e86abf1cad104799a50684b8dd05443e" member_type: VOTER last_known_addr { host: "127.11.161.1" port: 41055 } } peers { permanent_uuid: "cf6bb521d71a43568f62a845c53e227f" member_type: VOTER last_known_addr { host: "127.11.161.2" port: 33241 } } peers { permanent_uuid: "a374513727df4788915ad9dcc0ee26ce" member_type: VOTER last_known_addr { host: "127.11.161.3" port: 34729 } }
I20260709 13:15:09.716764 13207 tablet_bootstrap.cc:654] T b3bae600662a4f9aa82ac2ace8eaa72b P a374513727df4788915ad9dcc0ee26ce: Neither blocks nor log segments found. Creating new log.
I20260709 13:15:09.724435 13206 ts_tablet_manager.cc:1434] T 736ae5b6639241a6bb5d1267db0ee00d P cf6bb521d71a43568f62a845c53e227f: Time spent starting tablet: real 0.014s	user 0.005s	sys 0.000s
I20260709 13:15:09.689560 13204 consensus_queue.cc:260] T 39eb5ed21ae24f3bb68ad567c4e59966 P e86abf1cad104799a50684b8dd05443e [NON_LEADER]: Queue going to NON_LEADER mode. State: All replicated index: 0, Majority replicated index: 0, Committed index: 0, Last appended: 0.0, Last appended by leader: 0, Current term: 0, Majority size: -1, State: 0, Mode: NON_LEADER, active raft config: opid_index: -1 OBSOLETE_local: false peers { permanent_uuid: "e86abf1cad104799a50684b8dd05443e" member_type: VOTER last_known_addr { host: "127.11.161.1" port: 41055 } } peers { permanent_uuid: "cf6bb521d71a43568f62a845c53e227f" member_type: VOTER last_known_addr { host: "127.11.161.2" port: 33241 } } peers { permanent_uuid: "a374513727df4788915ad9dcc0ee26ce" member_type: VOTER last_known_addr { host: "127.11.161.3" port: 34729 } }
I20260709 13:15:09.730500 13206 tablet_bootstrap.cc:492] T 01a90c843ffa4b46b1809a2cabce54ab P cf6bb521d71a43568f62a845c53e227f: Bootstrap starting.
I20260709 13:15:09.730618 13204 ts_tablet_manager.cc:1434] T 39eb5ed21ae24f3bb68ad567c4e59966 P e86abf1cad104799a50684b8dd05443e: Time spent starting tablet: real 0.082s	user 0.006s	sys 0.002s
I20260709 13:15:09.724514 13208 raft_consensus.cc:515] T 736ae5b6639241a6bb5d1267db0ee00d P e86abf1cad104799a50684b8dd05443e [term 1 FOLLOWER]: Starting leader election with config: opid_index: -1 OBSOLETE_local: false peers { permanent_uuid: "e86abf1cad104799a50684b8dd05443e" member_type: VOTER last_known_addr { host: "127.11.161.1" port: 41055 } } peers { permanent_uuid: "cf6bb521d71a43568f62a845c53e227f" member_type: VOTER last_known_addr { host: "127.11.161.2" port: 33241 } } peers { permanent_uuid: "a374513727df4788915ad9dcc0ee26ce" member_type: VOTER last_known_addr { host: "127.11.161.3" port: 34729 } }
I20260709 13:15:09.733536 13208 leader_election.cc:290] T 736ae5b6639241a6bb5d1267db0ee00d P e86abf1cad104799a50684b8dd05443e [CANDIDATE]: Term 1 election: Requested vote from peers cf6bb521d71a43568f62a845c53e227f (127.11.161.2:33241), a374513727df4788915ad9dcc0ee26ce (127.11.161.3:34729)
I20260709 13:15:09.737574 13204 tablet_bootstrap.cc:492] T bff68cddd21e43e7bbc06730e3e8d037 P e86abf1cad104799a50684b8dd05443e: Bootstrap starting.
I20260709 13:15:09.738701 13088 tablet_service.cc:1917] Received RequestConsensusVote() RPC: tablet_id: "736ae5b6639241a6bb5d1267db0ee00d" candidate_uuid: "e86abf1cad104799a50684b8dd05443e" candidate_term: 1 candidate_status { last_received { term: 0 index: 0 } } ignore_live_leader: false dest_uuid: "cf6bb521d71a43568f62a845c53e227f"
I20260709 13:15:09.738862 13163 tablet_service.cc:1917] Received RequestConsensusVote() RPC: tablet_id: "736ae5b6639241a6bb5d1267db0ee00d" candidate_uuid: "e86abf1cad104799a50684b8dd05443e" candidate_term: 1 candidate_status { last_received { term: 0 index: 0 } } ignore_live_leader: false dest_uuid: "a374513727df4788915ad9dcc0ee26ce"
I20260709 13:15:09.739279 13088 raft_consensus.cc:3060] T 736ae5b6639241a6bb5d1267db0ee00d P cf6bb521d71a43568f62a845c53e227f [term 0 FOLLOWER]: Advancing to term 1
I20260709 13:15:09.739389 13163 raft_consensus.cc:3060] T 736ae5b6639241a6bb5d1267db0ee00d P a374513727df4788915ad9dcc0ee26ce [term 0 FOLLOWER]: Advancing to term 1
I20260709 13:15:09.750059 13229 consensus_queue.cc:1048] T df8e3cd1bbca4a98a8397fa587aed120 P e86abf1cad104799a50684b8dd05443e [LEADER]: Connected to new peer: Peer: permanent_uuid: "a374513727df4788915ad9dcc0ee26ce" member_type: VOTER last_known_addr { host: "127.11.161.3" port: 34729 }, Status: LMP_MISMATCH, Last received: 0.0, Next index: 1, Last known committed idx: 0, Time since last communication: 0.000s
I20260709 13:15:09.751727 13206 tablet_bootstrap.cc:654] T 01a90c843ffa4b46b1809a2cabce54ab P cf6bb521d71a43568f62a845c53e227f: Neither blocks nor log segments found. Creating new log.
I20260709 13:15:09.766011 13088 raft_consensus.cc:2468] T 736ae5b6639241a6bb5d1267db0ee00d P cf6bb521d71a43568f62a845c53e227f [term 1 FOLLOWER]: Leader election vote request: Granting yes vote for candidate e86abf1cad104799a50684b8dd05443e in term 1.
I20260709 13:15:09.766990 12980 leader_election.cc:304] T 736ae5b6639241a6bb5d1267db0ee00d P e86abf1cad104799a50684b8dd05443e [CANDIDATE]: Term 1 election: Election decided. Result: candidate won. Election summary: received 2 responses out of 3 voters: 2 yes votes; 0 no votes. yes voters: cf6bb521d71a43568f62a845c53e227f, e86abf1cad104799a50684b8dd05443e; no voters: 
I20260709 13:15:09.769168 13229 raft_consensus.cc:2804] T 736ae5b6639241a6bb5d1267db0ee00d P e86abf1cad104799a50684b8dd05443e [term 1 FOLLOWER]: Leader election won for term 1
I20260709 13:15:09.776752 13204 tablet_bootstrap.cc:654] T bff68cddd21e43e7bbc06730e3e8d037 P e86abf1cad104799a50684b8dd05443e: Neither blocks nor log segments found. Creating new log.
I20260709 13:15:09.770511 13226 consensus_queue.cc:1048] T 26e79374c0174c3c83abebca978fba35 P e86abf1cad104799a50684b8dd05443e [LEADER]: Connected to new peer: Peer: permanent_uuid: "cf6bb521d71a43568f62a845c53e227f" member_type: VOTER last_known_addr { host: "127.11.161.2" port: 33241 }, Status: LMP_MISMATCH, Last received: 0.0, Next index: 1, Last known committed idx: 0, Time since last communication: 0.012s
I20260709 13:15:09.799242 13163 raft_consensus.cc:2468] T 736ae5b6639241a6bb5d1267db0ee00d P a374513727df4788915ad9dcc0ee26ce [term 1 FOLLOWER]: Leader election vote request: Granting yes vote for candidate e86abf1cad104799a50684b8dd05443e in term 1.
I20260709 13:15:09.799700 13207 tablet_bootstrap.cc:492] T b3bae600662a4f9aa82ac2ace8eaa72b P a374513727df4788915ad9dcc0ee26ce: No bootstrap required, opened a new log
I20260709 13:15:09.800225 13207 ts_tablet_manager.cc:1403] T b3bae600662a4f9aa82ac2ace8eaa72b P a374513727df4788915ad9dcc0ee26ce: Time spent bootstrapping tablet: real 0.131s	user 0.015s	sys 0.000s
I20260709 13:15:09.800634 13206 tablet_bootstrap.cc:492] T 01a90c843ffa4b46b1809a2cabce54ab P cf6bb521d71a43568f62a845c53e227f: No bootstrap required, opened a new log
I20260709 13:15:09.801265 13206 ts_tablet_manager.cc:1403] T 01a90c843ffa4b46b1809a2cabce54ab P cf6bb521d71a43568f62a845c53e227f: Time spent bootstrapping tablet: real 0.072s	user 0.007s	sys 0.013s
I20260709 13:15:09.802735 13263 consensus_queue.cc:1048] T 01a90c843ffa4b46b1809a2cabce54ab P a374513727df4788915ad9dcc0ee26ce [LEADER]: Connected to new peer: Peer: permanent_uuid: "e86abf1cad104799a50684b8dd05443e" member_type: VOTER last_known_addr { host: "127.11.161.1" port: 41055 }, Status: LMP_MISMATCH, Last received: 0.0, Next index: 1, Last known committed idx: 0, Time since last communication: 0.001s
I20260709 13:15:09.805114 13204 tablet_bootstrap.cc:492] T bff68cddd21e43e7bbc06730e3e8d037 P e86abf1cad104799a50684b8dd05443e: No bootstrap required, opened a new log
I20260709 13:15:09.809697 13204 ts_tablet_manager.cc:1403] T bff68cddd21e43e7bbc06730e3e8d037 P e86abf1cad104799a50684b8dd05443e: Time spent bootstrapping tablet: real 0.072s	user 0.010s	sys 0.017s
I20260709 13:15:09.811592 13204 raft_consensus.cc:359] T bff68cddd21e43e7bbc06730e3e8d037 P e86abf1cad104799a50684b8dd05443e [term 0 FOLLOWER]: Replica starting. Triggering 0 pending ops. Active config: opid_index: -1 OBSOLETE_local: false peers { permanent_uuid: "e86abf1cad104799a50684b8dd05443e" member_type: VOTER last_known_addr { host: "127.11.161.1" port: 41055 } } peers { permanent_uuid: "cf6bb521d71a43568f62a845c53e227f" member_type: VOTER last_known_addr { host: "127.11.161.2" port: 33241 } } peers { permanent_uuid: "a374513727df4788915ad9dcc0ee26ce" member_type: VOTER last_known_addr { host: "127.11.161.3" port: 34729 } }
I20260709 13:15:09.812158 13204 raft_consensus.cc:385] T bff68cddd21e43e7bbc06730e3e8d037 P e86abf1cad104799a50684b8dd05443e [term 0 FOLLOWER]: Consensus starting up: Expiring failure detector timer to make a prompt election more likely
