I20260709 13:15:06.894112  6781 raft_consensus.cc:515] T 96bbcf6303344705b44b543f7c05f889 P 006a7d0cde7c4ba293559babe094f16d [term 0 FOLLOWER]: Starting pre-election with config: opid_index: -1 OBSOLETE_local: false peers { permanent_uuid: "0572301c3cab4088b45cf44ab3e0110a" member_type: VOTER last_known_addr { host: "127.5.83.193" port: 41495 } } peers { permanent_uuid: "d071e244058c4f33b9e3da5e1e21707f" member_type: VOTER last_known_addr { host: "127.5.83.194" port: 42793 } } peers { permanent_uuid: "006a7d0cde7c4ba293559babe094f16d" member_type: VOTER last_known_addr { host: "127.5.83.195" port: 42237 } }
I20260709 13:15:06.894668  6680 leader_election.cc:304] T 14e7f3b0340943868afa378fa19517cf P 006a7d0cde7c4ba293559babe094f16d [CANDIDATE]: Term 1 pre-election: Election decided. Result: candidate won. Election summary: received 3 responses out of 3 voters: 2 yes votes; 1 no votes. yes voters: 006a7d0cde7c4ba293559babe094f16d, 0572301c3cab4088b45cf44ab3e0110a; no voters: d071e244058c4f33b9e3da5e1e21707f
I20260709 13:15:06.895552  6780 raft_consensus.cc:2804] T 14e7f3b0340943868afa378fa19517cf P 006a7d0cde7c4ba293559babe094f16d [term 0 FOLLOWER]: Leader pre-election won for term 1
I20260709 13:15:06.895920  6780 raft_consensus.cc:493] T 14e7f3b0340943868afa378fa19517cf P 006a7d0cde7c4ba293559babe094f16d [term 0 FOLLOWER]: Starting leader election (no leader contacted us within the election timeout)
I20260709 13:15:06.896150  6781 leader_election.cc:290] T 96bbcf6303344705b44b543f7c05f889 P 006a7d0cde7c4ba293559babe094f16d [CANDIDATE]: Term 1 pre-election: Requested pre-vote from peers 0572301c3cab4088b45cf44ab3e0110a (127.5.83.193:41495), d071e244058c4f33b9e3da5e1e21707f (127.5.83.194:42793)
I20260709 13:15:06.896265  6780 raft_consensus.cc:3060] T 14e7f3b0340943868afa378fa19517cf P 006a7d0cde7c4ba293559babe094f16d [term 0 FOLLOWER]: Advancing to term 1
I20260709 13:15:06.897467  6640 tablet_service.cc:1917] Received RequestConsensusVote() RPC: tablet_id: "96bbcf6303344705b44b543f7c05f889" candidate_uuid: "006a7d0cde7c4ba293559babe094f16d" candidate_term: 1 candidate_status { last_received { term: 0 index: 0 } } ignore_live_leader: false dest_uuid: "d071e244058c4f33b9e3da5e1e21707f" is_pre_election: true
I20260709 13:15:06.898090  6640 raft_consensus.cc:2468] T 96bbcf6303344705b44b543f7c05f889 P d071e244058c4f33b9e3da5e1e21707f [term 0 FOLLOWER]: Leader pre-election vote request: Granting yes vote for candidate 006a7d0cde7c4ba293559babe094f16d in term 0.
I20260709 13:15:06.899243  6787 raft_consensus.cc:493] T 62b6946e2a2045138491dcada4549a47 P d071e244058c4f33b9e3da5e1e21707f [term 0 FOLLOWER]: Starting pre-election (no leader contacted us within the election timeout)
I20260709 13:15:06.899384  6679 leader_election.cc:304] T 96bbcf6303344705b44b543f7c05f889 P 006a7d0cde7c4ba293559babe094f16d [CANDIDATE]: Term 1 pre-election: Election decided. Result: candidate won. Election summary: received 2 responses out of 3 voters: 2 yes votes; 0 no votes. yes voters: 006a7d0cde7c4ba293559babe094f16d, d071e244058c4f33b9e3da5e1e21707f; no voters: 
I20260709 13:15:06.899624  6787 raft_consensus.cc:515] T 62b6946e2a2045138491dcada4549a47 P d071e244058c4f33b9e3da5e1e21707f [term 0 FOLLOWER]: Starting pre-election with config: opid_index: -1 OBSOLETE_local: false peers { permanent_uuid: "0572301c3cab4088b45cf44ab3e0110a" member_type: VOTER last_known_addr { host: "127.5.83.193" port: 41495 } } peers { permanent_uuid: "d071e244058c4f33b9e3da5e1e21707f" member_type: VOTER last_known_addr { host: "127.5.83.194" port: 42793 } } peers { permanent_uuid: "006a7d0cde7c4ba293559babe094f16d" member_type: VOTER last_known_addr { host: "127.5.83.195" port: 42237 } }
I20260709 13:15:06.900393  6781 raft_consensus.cc:2804] T 96bbcf6303344705b44b543f7c05f889 P 006a7d0cde7c4ba293559babe094f16d [term 0 FOLLOWER]: Leader pre-election won for term 1
I20260709 13:15:06.900759  6781 raft_consensus.cc:493] T 96bbcf6303344705b44b543f7c05f889 P 006a7d0cde7c4ba293559babe094f16d [term 0 FOLLOWER]: Starting leader election (no leader contacted us within the election timeout)
I20260709 13:15:06.901227  6781 raft_consensus.cc:3060] T 96bbcf6303344705b44b543f7c05f889 P 006a7d0cde7c4ba293559babe094f16d [term 0 FOLLOWER]: Advancing to term 1
I20260709 13:15:06.902650  6756 tablet_bootstrap.cc:492] T d0338f3bc58c4723aa7e57660c7a12bb P 0572301c3cab4088b45cf44ab3e0110a: No bootstrap required, opened a new log
I20260709 13:15:06.902441  6564 tablet_service.cc:1917] Received RequestConsensusVote() RPC: tablet_id: "62b6946e2a2045138491dcada4549a47" candidate_uuid: "d071e244058c4f33b9e3da5e1e21707f" candidate_term: 1 candidate_status { last_received { term: 0 index: 0 } } ignore_live_leader: false dest_uuid: "0572301c3cab4088b45cf44ab3e0110a" is_pre_election: true
I20260709 13:15:06.904984  6565 tablet_service.cc:1917] Received RequestConsensusVote() RPC: tablet_id: "96bbcf6303344705b44b543f7c05f889" candidate_uuid: "006a7d0cde7c4ba293559babe094f16d" candidate_term: 1 candidate_status { last_received { term: 0 index: 0 } } ignore_live_leader: false dest_uuid: "0572301c3cab4088b45cf44ab3e0110a" is_pre_election: true
I20260709 13:15:06.905368  6756 ts_tablet_manager.cc:1403] T d0338f3bc58c4723aa7e57660c7a12bb P 0572301c3cab4088b45cf44ab3e0110a: Time spent bootstrapping tablet: real 0.031s	user 0.016s	sys 0.005s
W20260709 13:15:06.906781  6680 leader_election.cc:343] T 96bbcf6303344705b44b543f7c05f889 P 006a7d0cde7c4ba293559babe094f16d [CANDIDATE]: Term 1 pre-election: Tablet error from VoteRequest() call to peer 0572301c3cab4088b45cf44ab3e0110a (127.5.83.193:41495): Illegal state: must be running to vote when last-logged opid is not known
I20260709 13:15:06.909801  6755 tablet_bootstrap.cc:492] T 53d7a72e9e554acb8d8ab90500a96771 P 006a7d0cde7c4ba293559babe094f16d: No bootstrap required, opened a new log
I20260709 13:15:06.909518  6756 raft_consensus.cc:359] T d0338f3bc58c4723aa7e57660c7a12bb P 0572301c3cab4088b45cf44ab3e0110a [term 0 FOLLOWER]: Replica starting. Triggering 0 pending ops. Active config: opid_index: -1 OBSOLETE_local: false peers { permanent_uuid: "0572301c3cab4088b45cf44ab3e0110a" member_type: VOTER last_known_addr { host: "127.5.83.193" port: 41495 } } peers { permanent_uuid: "d071e244058c4f33b9e3da5e1e21707f" member_type: VOTER last_known_addr { host: "127.5.83.194" port: 42793 } } peers { permanent_uuid: "006a7d0cde7c4ba293559babe094f16d" member_type: VOTER last_known_addr { host: "127.5.83.195" port: 42237 } }
I20260709 13:15:06.910145  6756 raft_consensus.cc:385] T d0338f3bc58c4723aa7e57660c7a12bb P 0572301c3cab4088b45cf44ab3e0110a [term 0 FOLLOWER]: Consensus starting up: Expiring failure detector timer to make a prompt election more likely
I20260709 13:15:06.910163  6762 leader_election.cc:290] T 14e7f3b0340943868afa378fa19517cf P 006a7d0cde7c4ba293559babe094f16d [CANDIDATE]: Term 1 pre-election: Requested pre-vote from peers 0572301c3cab4088b45cf44ab3e0110a (127.5.83.193:41495), d071e244058c4f33b9e3da5e1e21707f (127.5.83.194:42793)
I20260709 13:15:06.910493  6756 raft_consensus.cc:740] T d0338f3bc58c4723aa7e57660c7a12bb P 0572301c3cab4088b45cf44ab3e0110a [term 0 FOLLOWER]: Becoming Follower/Learner. State: Replica: 0572301c3cab4088b45cf44ab3e0110a, State: Initialized, Role: FOLLOWER
I20260709 13:15:06.911239  6756 consensus_queue.cc:260] T d0338f3bc58c4723aa7e57660c7a12bb P 0572301c3cab4088b45cf44ab3e0110a [NON_LEADER]: Queue going to NON_LEADER mode. State: All replicated index: 0, Majority replicated index: 0, Committed index: 0, Last appended: 0.0, Last appended by leader: 0, Current term: 0, Majority size: -1, State: 0, Mode: NON_LEADER, active raft config: opid_index: -1 OBSOLETE_local: false peers { permanent_uuid: "0572301c3cab4088b45cf44ab3e0110a" member_type: VOTER last_known_addr { host: "127.5.83.193" port: 41495 } } peers { permanent_uuid: "d071e244058c4f33b9e3da5e1e21707f" member_type: VOTER last_known_addr { host: "127.5.83.194" port: 42793 } } peers { permanent_uuid: "006a7d0cde7c4ba293559babe094f16d" member_type: VOTER last_known_addr { host: "127.5.83.195" port: 42237 } }
I20260709 13:15:06.912912  6754 tablet_bootstrap.cc:654] T 01ea379121e24effb741f48b1bd525d9 P d071e244058c4f33b9e3da5e1e21707f: Neither blocks nor log segments found. Creating new log.
I20260709 13:15:06.913142  6756 ts_tablet_manager.cc:1434] T d0338f3bc58c4723aa7e57660c7a12bb P 0572301c3cab4088b45cf44ab3e0110a: Time spent starting tablet: real 0.007s	user 0.002s	sys 0.002s
I20260709 13:15:06.914011  6756 tablet_bootstrap.cc:492] T 96bbcf6303344705b44b543f7c05f889 P 0572301c3cab4088b45cf44ab3e0110a: Bootstrap starting.
I20260709 13:15:06.910234  6755 ts_tablet_manager.cc:1403] T 53d7a72e9e554acb8d8ab90500a96771 P 006a7d0cde7c4ba293559babe094f16d: Time spent bootstrapping tablet: real 0.045s	user 0.025s	sys 0.011s
I20260709 13:15:06.917685  6755 raft_consensus.cc:359] T 53d7a72e9e554acb8d8ab90500a96771 P 006a7d0cde7c4ba293559babe094f16d [term 0 FOLLOWER]: Replica starting. Triggering 0 pending ops. Active config: opid_index: -1 OBSOLETE_local: false peers { permanent_uuid: "0572301c3cab4088b45cf44ab3e0110a" member_type: VOTER last_known_addr { host: "127.5.83.193" port: 41495 } } peers { permanent_uuid: "d071e244058c4f33b9e3da5e1e21707f" member_type: VOTER last_known_addr { host: "127.5.83.194" port: 42793 } } peers { permanent_uuid: "006a7d0cde7c4ba293559babe094f16d" member_type: VOTER last_known_addr { host: "127.5.83.195" port: 42237 } }
I20260709 13:15:06.918341  6755 raft_consensus.cc:385] T 53d7a72e9e554acb8d8ab90500a96771 P 006a7d0cde7c4ba293559babe094f16d [term 0 FOLLOWER]: Consensus starting up: Expiring failure detector timer to make a prompt election more likely
I20260709 13:15:06.918599  6755 raft_consensus.cc:740] T 53d7a72e9e554acb8d8ab90500a96771 P 006a7d0cde7c4ba293559babe094f16d [term 0 FOLLOWER]: Becoming Follower/Learner. State: Replica: 006a7d0cde7c4ba293559babe094f16d, State: Initialized, Role: FOLLOWER
I20260709 13:15:06.919275  6756 tablet_bootstrap.cc:654] T 96bbcf6303344705b44b543f7c05f889 P 0572301c3cab4088b45cf44ab3e0110a: Neither blocks nor log segments found. Creating new log.
I20260709 13:15:06.919206  6755 consensus_queue.cc:260] T 53d7a72e9e554acb8d8ab90500a96771 P 006a7d0cde7c4ba293559babe094f16d [NON_LEADER]: Queue going to NON_LEADER mode. State: All replicated index: 0, Majority replicated index: 0, Committed index: 0, Last appended: 0.0, Last appended by leader: 0, Current term: 0, Majority size: -1, State: 0, Mode: NON_LEADER, active raft config: opid_index: -1 OBSOLETE_local: false peers { permanent_uuid: "0572301c3cab4088b45cf44ab3e0110a" member_type: VOTER last_known_addr { host: "127.5.83.193" port: 41495 } } peers { permanent_uuid: "d071e244058c4f33b9e3da5e1e21707f" member_type: VOTER last_known_addr { host: "127.5.83.194" port: 42793 } } peers { permanent_uuid: "006a7d0cde7c4ba293559babe094f16d" member_type: VOTER last_known_addr { host: "127.5.83.195" port: 42237 } }
I20260709 13:15:06.921361  6755 ts_tablet_manager.cc:1434] T 53d7a72e9e554acb8d8ab90500a96771 P 006a7d0cde7c4ba293559babe094f16d: Time spent starting tablet: real 0.006s	user 0.003s	sys 0.000s
I20260709 13:15:06.922290  6758 raft_consensus.cc:493] T 53d7a72e9e554acb8d8ab90500a96771 P d071e244058c4f33b9e3da5e1e21707f [term 0 FOLLOWER]: Starting pre-election (no leader contacted us within the election timeout)
I20260709 13:15:06.922665  6787 leader_election.cc:290] T 62b6946e2a2045138491dcada4549a47 P d071e244058c4f33b9e3da5e1e21707f [CANDIDATE]: Term 1 pre-election: Requested pre-vote from peers 0572301c3cab4088b45cf44ab3e0110a (127.5.83.193:41495), 006a7d0cde7c4ba293559babe094f16d (127.5.83.195:42237)
I20260709 13:15:06.922920  6758 raft_consensus.cc:515] T 53d7a72e9e554acb8d8ab90500a96771 P d071e244058c4f33b9e3da5e1e21707f [term 0 FOLLOWER]: Starting pre-election with config: opid_index: -1 OBSOLETE_local: false peers { permanent_uuid: "0572301c3cab4088b45cf44ab3e0110a" member_type: VOTER last_known_addr { host: "127.5.83.193" port: 41495 } } peers { permanent_uuid: "d071e244058c4f33b9e3da5e1e21707f" member_type: VOTER last_known_addr { host: "127.5.83.194" port: 42793 } } peers { permanent_uuid: "006a7d0cde7c4ba293559babe094f16d" member_type: VOTER last_known_addr { host: "127.5.83.195" port: 42237 } }
I20260709 13:15:06.924171  6714 tablet_service.cc:1917] Received RequestConsensusVote() RPC: tablet_id: "62b6946e2a2045138491dcada4549a47" candidate_uuid: "d071e244058c4f33b9e3da5e1e21707f" candidate_term: 1 candidate_status { last_received { term: 0 index: 0 } } ignore_live_leader: false dest_uuid: "006a7d0cde7c4ba293559babe094f16d" is_pre_election: true
I20260709 13:15:06.924922  6714 raft_consensus.cc:2393] T 62b6946e2a2045138491dcada4549a47 P 006a7d0cde7c4ba293559babe094f16d [term 1 FOLLOWER]: Leader pre-election vote request: Denying vote to candidate d071e244058c4f33b9e3da5e1e21707f in current term 1: Already voted for candidate 0572301c3cab4088b45cf44ab3e0110a in this term.
I20260709 13:15:06.925457  6758 leader_election.cc:290] T 53d7a72e9e554acb8d8ab90500a96771 P d071e244058c4f33b9e3da5e1e21707f [CANDIDATE]: Term 1 pre-election: Requested pre-vote from peers 0572301c3cab4088b45cf44ab3e0110a (127.5.83.193:41495), 006a7d0cde7c4ba293559babe094f16d (127.5.83.195:42237)
I20260709 13:15:06.922264  6755 tablet_bootstrap.cc:492] T 01ea379121e24effb741f48b1bd525d9 P 006a7d0cde7c4ba293559babe094f16d: Bootstrap starting.
I20260709 13:15:06.926862  6603 leader_election.cc:304] T 62b6946e2a2045138491dcada4549a47 P d071e244058c4f33b9e3da5e1e21707f [CANDIDATE]: Term 1 pre-election: Election decided. Result: candidate lost. Election summary: received 3 responses out of 3 voters: 1 yes votes; 2 no votes. yes voters: d071e244058c4f33b9e3da5e1e21707f; no voters: 006a7d0cde7c4ba293559babe094f16d, 0572301c3cab4088b45cf44ab3e0110a
I20260709 13:15:06.928062  6763 raft_consensus.cc:493] T d0338f3bc58c4723aa7e57660c7a12bb P 0572301c3cab4088b45cf44ab3e0110a [term 0 FOLLOWER]: Starting pre-election (no leader contacted us within the election timeout)
I20260709 13:15:06.928509  6763 raft_consensus.cc:515] T d0338f3bc58c4723aa7e57660c7a12bb P 0572301c3cab4088b45cf44ab3e0110a [term 0 FOLLOWER]: Starting pre-election with config: opid_index: -1 OBSOLETE_local: false peers { permanent_uuid: "0572301c3cab4088b45cf44ab3e0110a" member_type: VOTER last_known_addr { host: "127.5.83.193" port: 41495 } } peers { permanent_uuid: "d071e244058c4f33b9e3da5e1e21707f" member_type: VOTER last_known_addr { host: "127.5.83.194" port: 42793 } } peers { permanent_uuid: "006a7d0cde7c4ba293559babe094f16d" member_type: VOTER last_known_addr { host: "127.5.83.195" port: 42237 } }
I20260709 13:15:06.929050  6714 tablet_service.cc:1917] Received RequestConsensusVote() RPC: tablet_id: "53d7a72e9e554acb8d8ab90500a96771" candidate_uuid: "d071e244058c4f33b9e3da5e1e21707f" candidate_term: 1 candidate_status { last_received { term: 0 index: 0 } } ignore_live_leader: false dest_uuid: "006a7d0cde7c4ba293559babe094f16d" is_pre_election: true
I20260709 13:15:06.929605  6714 raft_consensus.cc:2468] T 53d7a72e9e554acb8d8ab90500a96771 P 006a7d0cde7c4ba293559babe094f16d [term 0 FOLLOWER]: Leader pre-election vote request: Granting yes vote for candidate d071e244058c4f33b9e3da5e1e21707f in term 0.
I20260709 13:15:06.930495  6763 leader_election.cc:290] T d0338f3bc58c4723aa7e57660c7a12bb P 0572301c3cab4088b45cf44ab3e0110a [CANDIDATE]: Term 1 pre-election: Requested pre-vote from peers d071e244058c4f33b9e3da5e1e21707f (127.5.83.194:42793), 006a7d0cde7c4ba293559babe094f16d (127.5.83.195:42237)
I20260709 13:15:06.930791  6603 leader_election.cc:304] T 53d7a72e9e554acb8d8ab90500a96771 P d071e244058c4f33b9e3da5e1e21707f [CANDIDATE]: Term 1 pre-election: Election decided. Result: candidate won. Election summary: received 2 responses out of 3 voters: 2 yes votes; 0 no votes. yes voters: 006a7d0cde7c4ba293559babe094f16d, d071e244058c4f33b9e3da5e1e21707f; no voters: 
I20260709 13:15:06.933844  6714 tablet_service.cc:1917] Received RequestConsensusVote() RPC: tablet_id: "d0338f3bc58c4723aa7e57660c7a12bb" candidate_uuid: "0572301c3cab4088b45cf44ab3e0110a" candidate_term: 1 candidate_status { last_received { term: 0 index: 0 } } ignore_live_leader: false dest_uuid: "006a7d0cde7c4ba293559babe094f16d" is_pre_election: true
W20260709 13:15:06.935096  6528 leader_election.cc:343] T d0338f3bc58c4723aa7e57660c7a12bb P 0572301c3cab4088b45cf44ab3e0110a [CANDIDATE]: Term 1 pre-election: Tablet error from VoteRequest() call to peer 006a7d0cde7c4ba293559babe094f16d (127.5.83.195:42237): Illegal state: must be running to vote when last-logged opid is not known
I20260709 13:15:06.931308  6758 raft_consensus.cc:3060] T 62b6946e2a2045138491dcada4549a47 P d071e244058c4f33b9e3da5e1e21707f [term 0 FOLLOWER]: Advancing to term 1
I20260709 13:15:06.937958  6755 tablet_bootstrap.cc:654] T 01ea379121e24effb741f48b1bd525d9 P 006a7d0cde7c4ba293559babe094f16d: Neither blocks nor log segments found. Creating new log.
I20260709 13:15:06.942073  6787 raft_consensus.cc:2804] T 53d7a72e9e554acb8d8ab90500a96771 P d071e244058c4f33b9e3da5e1e21707f [term 0 FOLLOWER]: Leader pre-election won for term 1
I20260709 13:15:06.942515  6787 raft_consensus.cc:493] T 53d7a72e9e554acb8d8ab90500a96771 P d071e244058c4f33b9e3da5e1e21707f [term 0 FOLLOWER]: Starting leader election (no leader contacted us within the election timeout)
I20260709 13:15:06.942859  6787 raft_consensus.cc:3060] T 53d7a72e9e554acb8d8ab90500a96771 P d071e244058c4f33b9e3da5e1e21707f [term 0 FOLLOWER]: Advancing to term 1
I20260709 13:15:06.944370  6781 raft_consensus.cc:515] T 96bbcf6303344705b44b543f7c05f889 P 006a7d0cde7c4ba293559babe094f16d [term 1 FOLLOWER]: Starting leader election with config: opid_index: -1 OBSOLETE_local: false peers { permanent_uuid: "0572301c3cab4088b45cf44ab3e0110a" member_type: VOTER last_known_addr { host: "127.5.83.193" port: 41495 } } peers { permanent_uuid: "d071e244058c4f33b9e3da5e1e21707f" member_type: VOTER last_known_addr { host: "127.5.83.194" port: 42793 } } peers { permanent_uuid: "006a7d0cde7c4ba293559babe094f16d" member_type: VOTER last_known_addr { host: "127.5.83.195" port: 42237 } }
I20260709 13:15:06.932750  6640 tablet_service.cc:1917] Received RequestConsensusVote() RPC: tablet_id: "d0338f3bc58c4723aa7e57660c7a12bb" candidate_uuid: "0572301c3cab4088b45cf44ab3e0110a" candidate_term: 1 candidate_status { last_received { term: 0 index: 0 } } ignore_live_leader: false dest_uuid: "d071e244058c4f33b9e3da5e1e21707f" is_pre_election: true
W20260709 13:15:06.946800  6530 leader_election.cc:343] T d0338f3bc58c4723aa7e57660c7a12bb P 0572301c3cab4088b45cf44ab3e0110a [CANDIDATE]: Term 1 pre-election: Tablet error from VoteRequest() call to peer d071e244058c4f33b9e3da5e1e21707f (127.5.83.194:42793): Illegal state: must be running to vote when last-logged opid is not known
I20260709 13:15:06.947208  6530 leader_election.cc:304] T d0338f3bc58c4723aa7e57660c7a12bb P 0572301c3cab4088b45cf44ab3e0110a [CANDIDATE]: Term 1 pre-election: Election decided. Result: candidate lost. Election summary: received 3 responses out of 3 voters: 1 yes votes; 2 no votes. yes voters: 0572301c3cab4088b45cf44ab3e0110a; no voters: 006a7d0cde7c4ba293559babe094f16d, d071e244058c4f33b9e3da5e1e21707f
I20260709 13:15:06.948272  6763 raft_consensus.cc:2749] T d0338f3bc58c4723aa7e57660c7a12bb P 0572301c3cab4088b45cf44ab3e0110a [term 0 FOLLOWER]: Leader pre-election lost for term 1. Reason: could not achieve majority
I20260709 13:15:06.945236  6758 raft_consensus.cc:2749] T 62b6946e2a2045138491dcada4549a47 P d071e244058c4f33b9e3da5e1e21707f [term 1 FOLLOWER]: Leader pre-election lost for term 1. Reason: could not achieve majority
I20260709 13:15:06.931877  6565 tablet_service.cc:1917] Received RequestConsensusVote() RPC: tablet_id: "53d7a72e9e554acb8d8ab90500a96771" candidate_uuid: "d071e244058c4f33b9e3da5e1e21707f" candidate_term: 1 candidate_status { last_received { term: 0 index: 0 } } ignore_live_leader: false dest_uuid: "0572301c3cab4088b45cf44ab3e0110a" is_pre_election: true
I20260709 13:15:06.952486  6565 raft_consensus.cc:2468] T 53d7a72e9e554acb8d8ab90500a96771 P 0572301c3cab4088b45cf44ab3e0110a [term 0 FOLLOWER]: Leader pre-election vote request: Granting yes vote for candidate d071e244058c4f33b9e3da5e1e21707f in term 0.
I20260709 13:15:06.956775  6781 leader_election.cc:290] T 96bbcf6303344705b44b543f7c05f889 P 006a7d0cde7c4ba293559babe094f16d [CANDIDATE]: Term 1 election: Requested vote from peers 0572301c3cab4088b45cf44ab3e0110a (127.5.83.193:41495), d071e244058c4f33b9e3da5e1e21707f (127.5.83.194:42793)
I20260709 13:15:06.957543  6762 raft_consensus.cc:493] T 7d910cbc556d48f283f8b74eb9e8ae71 P 006a7d0cde7c4ba293559babe094f16d [term 0 FOLLOWER]: Starting pre-election (no leader contacted us within the election timeout)
I20260709 13:15:06.957862  6640 tablet_service.cc:1917] Received RequestConsensusVote() RPC: tablet_id: "96bbcf6303344705b44b543f7c05f889" candidate_uuid: "006a7d0cde7c4ba293559babe094f16d" candidate_term: 1 candidate_status { last_received { term: 0 index: 0 } } ignore_live_leader: false dest_uuid: "d071e244058c4f33b9e3da5e1e21707f"
I20260709 13:15:06.958312  6565 tablet_service.cc:1917] Received RequestConsensusVote() RPC: tablet_id: "96bbcf6303344705b44b543f7c05f889" candidate_uuid: "006a7d0cde7c4ba293559babe094f16d" candidate_term: 1 candidate_status { last_received { term: 0 index: 0 } } ignore_live_leader: false dest_uuid: "0572301c3cab4088b45cf44ab3e0110a"
I20260709 13:15:06.958606  6640 raft_consensus.cc:3060] T 96bbcf6303344705b44b543f7c05f889 P d071e244058c4f33b9e3da5e1e21707f [term 0 FOLLOWER]: Advancing to term 1
W20260709 13:15:06.962715  6680 leader_election.cc:343] T 96bbcf6303344705b44b543f7c05f889 P 006a7d0cde7c4ba293559babe094f16d [CANDIDATE]: Term 1 election: Tablet error from VoteRequest() call to peer 0572301c3cab4088b45cf44ab3e0110a (127.5.83.193:41495): Illegal state: must be running to vote when last-logged opid is not known
I20260709 13:15:06.964643  6787 raft_consensus.cc:515] T 53d7a72e9e554acb8d8ab90500a96771 P d071e244058c4f33b9e3da5e1e21707f [term 1 FOLLOWER]: Starting leader election with config: opid_index: -1 OBSOLETE_local: false peers { permanent_uuid: "0572301c3cab4088b45cf44ab3e0110a" member_type: VOTER last_known_addr { host: "127.5.83.193" port: 41495 } } peers { permanent_uuid: "d071e244058c4f33b9e3da5e1e21707f" member_type: VOTER last_known_addr { host: "127.5.83.194" port: 42793 } } peers { permanent_uuid: "006a7d0cde7c4ba293559babe094f16d" member_type: VOTER last_known_addr { host: "127.5.83.195" port: 42237 } }
I20260709 13:15:06.965065  6762 raft_consensus.cc:515] T 7d910cbc556d48f283f8b74eb9e8ae71 P 006a7d0cde7c4ba293559babe094f16d [term 0 FOLLOWER]: Starting pre-election with config: opid_index: -1 OBSOLETE_local: false peers { permanent_uuid: "0572301c3cab4088b45cf44ab3e0110a" member_type: VOTER last_known_addr { host: "127.5.83.193" port: 41495 } } peers { permanent_uuid: "d071e244058c4f33b9e3da5e1e21707f" member_type: VOTER last_known_addr { host: "127.5.83.194" port: 42793 } } peers { permanent_uuid: "006a7d0cde7c4ba293559babe094f16d" member_type: VOTER last_known_addr { host: "127.5.83.195" port: 42237 } }
I20260709 13:15:06.966670  6787 leader_election.cc:290] T 53d7a72e9e554acb8d8ab90500a96771 P d071e244058c4f33b9e3da5e1e21707f [CANDIDATE]: Term 1 election: Requested vote from peers 0572301c3cab4088b45cf44ab3e0110a (127.5.83.193:41495), 006a7d0cde7c4ba293559babe094f16d (127.5.83.195:42237)
I20260709 13:15:06.968256  6565 tablet_service.cc:1917] Received RequestConsensusVote() RPC: tablet_id: "53d7a72e9e554acb8d8ab90500a96771" candidate_uuid: "d071e244058c4f33b9e3da5e1e21707f" candidate_term: 1 candidate_status { last_received { term: 0 index: 0 } } ignore_live_leader: false dest_uuid: "0572301c3cab4088b45cf44ab3e0110a"
I20260709 13:15:06.968267  6714 tablet_service.cc:1917] Received RequestConsensusVote() RPC: tablet_id: "53d7a72e9e554acb8d8ab90500a96771" candidate_uuid: "d071e244058c4f33b9e3da5e1e21707f" candidate_term: 1 candidate_status { last_received { term: 0 index: 0 } } ignore_live_leader: false dest_uuid: "006a7d0cde7c4ba293559babe094f16d"
I20260709 13:15:06.968961  6714 raft_consensus.cc:3060] T 53d7a72e9e554acb8d8ab90500a96771 P 006a7d0cde7c4ba293559babe094f16d [term 0 FOLLOWER]: Advancing to term 1
I20260709 13:15:06.970865  6564 tablet_service.cc:1917] Received RequestConsensusVote() RPC: tablet_id: "7d910cbc556d48f283f8b74eb9e8ae71" candidate_uuid: "006a7d0cde7c4ba293559babe094f16d" candidate_term: 1 candidate_status { last_received { term: 0 index: 0 } } ignore_live_leader: false dest_uuid: "0572301c3cab4088b45cf44ab3e0110a" is_pre_election: true
I20260709 13:15:06.968924  6565 raft_consensus.cc:3060] T 53d7a72e9e554acb8d8ab90500a96771 P 0572301c3cab4088b45cf44ab3e0110a [term 0 FOLLOWER]: Advancing to term 1
W20260709 13:15:06.973690  6680 leader_election.cc:343] T 7d910cbc556d48f283f8b74eb9e8ae71 P 006a7d0cde7c4ba293559babe094f16d [CANDIDATE]: Term 1 pre-election: Tablet error from VoteRequest() call to peer 0572301c3cab4088b45cf44ab3e0110a (127.5.83.193:41495): Illegal state: must be running to vote when last-logged opid is not known
I20260709 13:15:06.974997  6755 tablet_bootstrap.cc:492] T 01ea379121e24effb741f48b1bd525d9 P 006a7d0cde7c4ba293559babe094f16d: No bootstrap required, opened a new log
I20260709 13:15:06.975652  6762 leader_election.cc:290] T 7d910cbc556d48f283f8b74eb9e8ae71 P 006a7d0cde7c4ba293559babe094f16d [CANDIDATE]: Term 1 pre-election: Requested pre-vote from peers 0572301c3cab4088b45cf44ab3e0110a (127.5.83.193:41495), d071e244058c4f33b9e3da5e1e21707f (127.5.83.194:42793)
I20260709 13:15:06.976326  6640 raft_consensus.cc:2468] T 96bbcf6303344705b44b543f7c05f889 P d071e244058c4f33b9e3da5e1e21707f [term 1 FOLLOWER]: Leader election vote request: Granting yes vote for candidate 006a7d0cde7c4ba293559babe094f16d in term 1.
I20260709 13:15:06.976104  6639 tablet_service.cc:1917] Received RequestConsensusVote() RPC: tablet_id: "7d910cbc556d48f283f8b74eb9e8ae71" candidate_uuid: "006a7d0cde7c4ba293559babe094f16d" candidate_term: 1 candidate_status { last_received { term: 0 index: 0 } } ignore_live_leader: false dest_uuid: "d071e244058c4f33b9e3da5e1e21707f" is_pre_election: true
I20260709 13:15:06.977080  6639 raft_consensus.cc:2468] T 7d910cbc556d48f283f8b74eb9e8ae71 P d071e244058c4f33b9e3da5e1e21707f [term 0 FOLLOWER]: Leader pre-election vote request: Granting yes vote for candidate 006a7d0cde7c4ba293559babe094f16d in term 0.
I20260709 13:15:06.978654  6755 ts_tablet_manager.cc:1403] T 01ea379121e24effb741f48b1bd525d9 P 006a7d0cde7c4ba293559babe094f16d: Time spent bootstrapping tablet: real 0.057s	user 0.016s	sys 0.008s
I20260709 13:15:06.978577  6679 leader_election.cc:304] T 96bbcf6303344705b44b543f7c05f889 P 006a7d0cde7c4ba293559babe094f16d [CANDIDATE]: Term 1 election: Election decided. Result: candidate won. Election summary: received 3 responses out of 3 voters: 2 yes votes; 1 no votes. yes voters: 006a7d0cde7c4ba293559babe094f16d, d071e244058c4f33b9e3da5e1e21707f; no voters: 0572301c3cab4088b45cf44ab3e0110a
I20260709 13:15:06.979614  6679 leader_election.cc:304] T 7d910cbc556d48f283f8b74eb9e8ae71 P 006a7d0cde7c4ba293559babe094f16d [CANDIDATE]: Term 1 pre-election: Election decided. Result: candidate won. Election summary: received 3 responses out of 3 voters: 2 yes votes; 1 no votes. yes voters: 006a7d0cde7c4ba293559babe094f16d, d071e244058c4f33b9e3da5e1e21707f; no voters: 0572301c3cab4088b45cf44ab3e0110a
I20260709 13:15:06.984390  6565 raft_consensus.cc:2468] T 53d7a72e9e554acb8d8ab90500a96771 P 0572301c3cab4088b45cf44ab3e0110a [term 1 FOLLOWER]: Leader election vote request: Granting yes vote for candidate d071e244058c4f33b9e3da5e1e21707f in term 1.
I20260709 13:15:06.985445  6755 raft_consensus.cc:359] T 01ea379121e24effb741f48b1bd525d9 P 006a7d0cde7c4ba293559babe094f16d [term 0 FOLLOWER]: Replica starting. Triggering 0 pending ops. Active config: opid_index: -1 OBSOLETE_local: false peers { permanent_uuid: "0572301c3cab4088b45cf44ab3e0110a" member_type: VOTER last_known_addr { host: "127.5.83.193" port: 41495 } } peers { permanent_uuid: "d071e244058c4f33b9e3da5e1e21707f" member_type: VOTER last_known_addr { host: "127.5.83.194" port: 42793 } } peers { permanent_uuid: "006a7d0cde7c4ba293559babe094f16d" member_type: VOTER last_known_addr { host: "127.5.83.195" port: 42237 } }
I20260709 13:15:06.986434  6781 raft_consensus.cc:2804] T 96bbcf6303344705b44b543f7c05f889 P 006a7d0cde7c4ba293559babe094f16d [term 1 FOLLOWER]: Leader election won for term 1
I20260709 13:15:06.987380  6756 tablet_bootstrap.cc:492] T 96bbcf6303344705b44b543f7c05f889 P 0572301c3cab4088b45cf44ab3e0110a: No bootstrap required, opened a new log
I20260709 13:15:06.988345  6781 raft_consensus.cc:697] T 96bbcf6303344705b44b543f7c05f889 P 006a7d0cde7c4ba293559babe094f16d [term 1 LEADER]: Becoming Leader. State: Replica: 006a7d0cde7c4ba293559babe094f16d, State: Running, Role: LEADER
I20260709 13:15:06.988816  6756 ts_tablet_manager.cc:1403] T 96bbcf6303344705b44b543f7c05f889 P 0572301c3cab4088b45cf44ab3e0110a: Time spent bootstrapping tablet: real 0.075s	user 0.032s	sys 0.034s
I20260709 13:15:06.988991  6754 tablet_bootstrap.cc:492] T 01ea379121e24effb741f48b1bd525d9 P d071e244058c4f33b9e3da5e1e21707f: No bootstrap required, opened a new log
I20260709 13:15:06.989410  6754 ts_tablet_manager.cc:1403] T 01ea379121e24effb741f48b1bd525d9 P d071e244058c4f33b9e3da5e1e21707f: Time spent bootstrapping tablet: real 0.097s	user 0.011s	sys 0.029s
I20260709 13:15:06.989351  6781 consensus_queue.cc:237] T 96bbcf6303344705b44b543f7c05f889 P 006a7d0cde7c4ba293559babe094f16d [LEADER]: Queue going to LEADER mode. State: All replicated index: 0, Majority replicated index: 0, Committed index: 0, Last appended: 0.0, Last appended by leader: 0, Current term: 1, Majority size: 2, State: 0, Mode: LEADER, active raft config: opid_index: -1 OBSOLETE_local: false peers { permanent_uuid: "0572301c3cab4088b45cf44ab3e0110a" member_type: VOTER last_known_addr { host: "127.5.83.193" port: 41495 } } peers { permanent_uuid: "d071e244058c4f33b9e3da5e1e21707f" member_type: VOTER last_known_addr { host: "127.5.83.194" port: 42793 } } peers { permanent_uuid: "006a7d0cde7c4ba293559babe094f16d" member_type: VOTER last_known_addr { host: "127.5.83.195" port: 42237 } }
I20260709 13:15:06.989886  6606 leader_election.cc:304] T 53d7a72e9e554acb8d8ab90500a96771 P d071e244058c4f33b9e3da5e1e21707f [CANDIDATE]: Term 1 election: Election decided. Result: candidate won. Election summary: received 2 responses out of 3 voters: 2 yes votes; 0 no votes. yes voters: 0572301c3cab4088b45cf44ab3e0110a, d071e244058c4f33b9e3da5e1e21707f; no voters: 
I20260709 13:15:06.990777  6787 raft_consensus.cc:2804] T 53d7a72e9e554acb8d8ab90500a96771 P d071e244058c4f33b9e3da5e1e21707f [term 1 FOLLOWER]: Leader election won for term 1
I20260709 13:15:06.991241  6787 raft_consensus.cc:697] T 53d7a72e9e554acb8d8ab90500a96771 P d071e244058c4f33b9e3da5e1e21707f [term 1 LEADER]: Becoming Leader. State: Replica: d071e244058c4f33b9e3da5e1e21707f, State: Running, Role: LEADER
I20260709 13:15:06.987876  6755 raft_consensus.cc:385] T 01ea379121e24effb741f48b1bd525d9 P 006a7d0cde7c4ba293559babe094f16d [term 0 FOLLOWER]: Consensus starting up: Expiring failure detector timer to make a prompt election more likely
I20260709 13:15:06.962494  6780 raft_consensus.cc:515] T 14e7f3b0340943868afa378fa19517cf P 006a7d0cde7c4ba293559babe094f16d [term 1 FOLLOWER]: Starting leader election with config: opid_index: -1 OBSOLETE_local: false peers { permanent_uuid: "0572301c3cab4088b45cf44ab3e0110a" member_type: VOTER last_known_addr { host: "127.5.83.193" port: 41495 } } peers { permanent_uuid: "d071e244058c4f33b9e3da5e1e21707f" member_type: VOTER last_known_addr { host: "127.5.83.194" port: 42793 } } peers { permanent_uuid: "006a7d0cde7c4ba293559babe094f16d" member_type: VOTER last_known_addr { host: "127.5.83.195" port: 42237 } }
I20260709 13:15:06.991747  6755 raft_consensus.cc:740] T 01ea379121e24effb741f48b1bd525d9 P 006a7d0cde7c4ba293559babe094f16d [term 0 FOLLOWER]: Becoming Follower/Learner. State: Replica: 006a7d0cde7c4ba293559babe094f16d, State: Initialized, Role: FOLLOWER
I20260709 13:15:06.991922  6754 raft_consensus.cc:359] T 01ea379121e24effb741f48b1bd525d9 P d071e244058c4f33b9e3da5e1e21707f [term 0 FOLLOWER]: Replica starting. Triggering 0 pending ops. Active config: opid_index: -1 OBSOLETE_local: false peers { permanent_uuid: "0572301c3cab4088b45cf44ab3e0110a" member_type: VOTER last_known_addr { host: "127.5.83.193" port: 41495 } } peers { permanent_uuid: "d071e244058c4f33b9e3da5e1e21707f" member_type: VOTER last_known_addr { host: "127.5.83.194" port: 42793 } } peers { permanent_uuid: "006a7d0cde7c4ba293559babe094f16d" member_type: VOTER last_known_addr { host: "127.5.83.195" port: 42237 } }
I20260709 13:15:06.992039  6787 consensus_queue.cc:237] T 53d7a72e9e554acb8d8ab90500a96771 P d071e244058c4f33b9e3da5e1e21707f [LEADER]: Queue going to LEADER mode. State: All replicated index: 0, Majority replicated index: 0, Committed index: 0, Last appended: 0.0, Last appended by leader: 0, Current term: 1, Majority size: 2, State: 0, Mode: LEADER, active raft config: opid_index: -1 OBSOLETE_local: false peers { permanent_uuid: "0572301c3cab4088b45cf44ab3e0110a" member_type: VOTER last_known_addr { host: "127.5.83.193" port: 41495 } } peers { permanent_uuid: "d071e244058c4f33b9e3da5e1e21707f" member_type: VOTER last_known_addr { host: "127.5.83.194" port: 42793 } } peers { permanent_uuid: "006a7d0cde7c4ba293559babe094f16d" member_type: VOTER last_known_addr { host: "127.5.83.195" port: 42237 } }
I20260709 13:15:06.992584  6754 raft_consensus.cc:385] T 01ea379121e24effb741f48b1bd525d9 P d071e244058c4f33b9e3da5e1e21707f [term 0 FOLLOWER]: Consensus starting up: Expiring failure detector timer to make a prompt election more likely
I20260709 13:15:06.992527  6755 consensus_queue.cc:260] T 01ea379121e24effb741f48b1bd525d9 P 006a7d0cde7c4ba293559babe094f16d [NON_LEADER]: Queue going to NON_LEADER mode. State: All replicated index: 0, Majority replicated index: 0, Committed index: 0, Last appended: 0.0, Last appended by leader: 0, Current term: 0, Majority size: -1, State: 0, Mode: NON_LEADER, active raft config: opid_index: -1 OBSOLETE_local: false peers { permanent_uuid: "0572301c3cab4088b45cf44ab3e0110a" member_type: VOTER last_known_addr { host: "127.5.83.193" port: 41495 } } peers { permanent_uuid: "d071e244058c4f33b9e3da5e1e21707f" member_type: VOTER last_known_addr { host: "127.5.83.194" port: 42793 } } peers { permanent_uuid: "006a7d0cde7c4ba293559babe094f16d" member_type: VOTER last_known_addr { host: "127.5.83.195" port: 42237 } }
I20260709 13:15:06.993012  6754 raft_consensus.cc:740] T 01ea379121e24effb741f48b1bd525d9 P d071e244058c4f33b9e3da5e1e21707f [term 0 FOLLOWER]: Becoming Follower/Learner. State: Replica: d071e244058c4f33b9e3da5e1e21707f, State: Initialized, Role: FOLLOWER
I20260709 13:15:06.991370  6756 raft_consensus.cc:359] T 96bbcf6303344705b44b543f7c05f889 P 0572301c3cab4088b45cf44ab3e0110a [term 0 FOLLOWER]: Replica starting. Triggering 0 pending ops. Active config: opid_index: -1 OBSOLETE_local: false peers { permanent_uuid: "0572301c3cab4088b45cf44ab3e0110a" member_type: VOTER last_known_addr { host: "127.5.83.193" port: 41495 } } peers { permanent_uuid: "d071e244058c4f33b9e3da5e1e21707f" member_type: VOTER last_known_addr { host: "127.5.83.194" port: 42793 } } peers { permanent_uuid: "006a7d0cde7c4ba293559babe094f16d" member_type: VOTER last_known_addr { host: "127.5.83.195" port: 42237 } }
I20260709 13:15:06.993494  6780 leader_election.cc:290] T 14e7f3b0340943868afa378fa19517cf P 006a7d0cde7c4ba293559babe094f16d [CANDIDATE]: Term 1 election: Requested vote from peers 0572301c3cab4088b45cf44ab3e0110a (127.5.83.193:41495), d071e244058c4f33b9e3da5e1e21707f (127.5.83.194:42793)
I20260709 13:15:06.995215  6756 raft_consensus.cc:385] T 96bbcf6303344705b44b543f7c05f889 P 0572301c3cab4088b45cf44ab3e0110a [term 0 FOLLOWER]: Consensus starting up: Expiring failure detector timer to make a prompt election more likely
I20260709 13:15:06.995600  6756 raft_consensus.cc:740] T 96bbcf6303344705b44b543f7c05f889 P 0572301c3cab4088b45cf44ab3e0110a [term 0 FOLLOWER]: Becoming Follower/Learner. State: Replica: 0572301c3cab4088b45cf44ab3e0110a, State: Initialized, Role: FOLLOWER
I20260709 13:15:06.993786  6754 consensus_queue.cc:260] T 01ea379121e24effb741f48b1bd525d9 P d071e244058c4f33b9e3da5e1e21707f [NON_LEADER]: Queue going to NON_LEADER mode. State: All replicated index: 0, Majority replicated index: 0, Committed index: 0, Last appended: 0.0, Last appended by leader: 0, Current term: 0, Majority size: -1, State: 0, Mode: NON_LEADER, active raft config: opid_index: -1 OBSOLETE_local: false peers { permanent_uuid: "0572301c3cab4088b45cf44ab3e0110a" member_type: VOTER last_known_addr { host: "127.5.83.193" port: 41495 } } peers { permanent_uuid: "d071e244058c4f33b9e3da5e1e21707f" member_type: VOTER last_known_addr { host: "127.5.83.194" port: 42793 } } peers { permanent_uuid: "006a7d0cde7c4ba293559babe094f16d" member_type: VOTER last_known_addr { host: "127.5.83.195" port: 42237 } }
I20260709 13:15:06.995751  6780 raft_consensus.cc:2804] T 7d910cbc556d48f283f8b74eb9e8ae71 P 006a7d0cde7c4ba293559babe094f16d [term 0 FOLLOWER]: Leader pre-election won for term 1
I20260709 13:15:06.996256  6780 raft_consensus.cc:493] T 7d910cbc556d48f283f8b74eb9e8ae71 P 006a7d0cde7c4ba293559babe094f16d [term 0 FOLLOWER]: Starting leader election (no leader contacted us within the election timeout)
I20260709 13:15:06.996232  6756 consensus_queue.cc:260] T 96bbcf6303344705b44b543f7c05f889 P 0572301c3cab4088b45cf44ab3e0110a [NON_LEADER]: Queue going to NON_LEADER mode. State: All replicated index: 0, Majority replicated index: 0, Committed index: 0, Last appended: 0.0, Last appended by leader: 0, Current term: 0, Majority size: -1, State: 0, Mode: NON_LEADER, active raft config: opid_index: -1 OBSOLETE_local: false peers { permanent_uuid: "0572301c3cab4088b45cf44ab3e0110a" member_type: VOTER last_known_addr { host: "127.5.83.193" port: 41495 } } peers { permanent_uuid: "d071e244058c4f33b9e3da5e1e21707f" member_type: VOTER last_known_addr { host: "127.5.83.194" port: 42793 } } peers { permanent_uuid: "006a7d0cde7c4ba293559babe094f16d" member_type: VOTER last_known_addr { host: "127.5.83.195" port: 42237 } }
I20260709 13:15:06.998668  6756 ts_tablet_manager.cc:1434] T 96bbcf6303344705b44b543f7c05f889 P 0572301c3cab4088b45cf44ab3e0110a: Time spent starting tablet: real 0.010s	user 0.006s	sys 0.001s
I20260709 13:15:06.996954  6780 raft_consensus.cc:3060] T 7d910cbc556d48f283f8b74eb9e8ae71 P 006a7d0cde7c4ba293559babe094f16d [term 0 FOLLOWER]: Advancing to term 1
I20260709 13:15:07.000528  6755 ts_tablet_manager.cc:1434] T 01ea379121e24effb741f48b1bd525d9 P 006a7d0cde7c4ba293559babe094f16d: Time spent starting tablet: real 0.021s	user 0.006s	sys 0.001s
I20260709 13:15:07.001747  6755 tablet_bootstrap.cc:492] T d65d2e605d154eeabbbe33acafd85e59 P 006a7d0cde7c4ba293559babe094f16d: Bootstrap starting.
I20260709 13:15:06.984390  6714 raft_consensus.cc:2468] T 53d7a72e9e554acb8d8ab90500a96771 P 006a7d0cde7c4ba293559babe094f16d [term 1 FOLLOWER]: Leader election vote request: Granting yes vote for candidate d071e244058c4f33b9e3da5e1e21707f in term 1.
I20260709 13:15:07.005851  6754 ts_tablet_manager.cc:1434] T 01ea379121e24effb741f48b1bd525d9 P d071e244058c4f33b9e3da5e1e21707f: Time spent starting tablet: real 0.016s	user 0.006s	sys 0.009s
I20260709 13:15:07.006749  6754 tablet_bootstrap.cc:492] T 14e7f3b0340943868afa378fa19517cf P d071e244058c4f33b9e3da5e1e21707f: Bootstrap starting.
I20260709 13:15:07.007660  6755 tablet_bootstrap.cc:654] T d65d2e605d154eeabbbe33acafd85e59 P 006a7d0cde7c4ba293559babe094f16d: Neither blocks nor log segments found. Creating new log.
I20260709 13:15:07.008826  6780 raft_consensus.cc:515] T 7d910cbc556d48f283f8b74eb9e8ae71 P 006a7d0cde7c4ba293559babe094f16d [term 1 FOLLOWER]: Starting leader election with config: opid_index: -1 OBSOLETE_local: false peers { permanent_uuid: "0572301c3cab4088b45cf44ab3e0110a" member_type: VOTER last_known_addr { host: "127.5.83.193" port: 41495 } } peers { permanent_uuid: "d071e244058c4f33b9e3da5e1e21707f" member_type: VOTER last_known_addr { host: "127.5.83.194" port: 42793 } } peers { permanent_uuid: "006a7d0cde7c4ba293559babe094f16d" member_type: VOTER last_known_addr { host: "127.5.83.195" port: 42237 } }
I20260709 13:15:07.010497  6564 raft_consensus.cc:3060] T aacd7cea51ed4a4f87244c0ee20cd080 P 0572301c3cab4088b45cf44ab3e0110a [term 0 FOLLOWER]: Advancing to term 1
I20260709 13:15:07.010933  6756 tablet_bootstrap.cc:492] T 7d910cbc556d48f283f8b74eb9e8ae71 P 0572301c3cab4088b45cf44ab3e0110a: Bootstrap starting.
I20260709 13:15:07.010898  6565 tablet_service.cc:1917] Received RequestConsensusVote() RPC: tablet_id: "14e7f3b0340943868afa378fa19517cf" candidate_uuid: "006a7d0cde7c4ba293559babe094f16d" candidate_term: 1 candidate_status { last_received { term: 0 index: 0 } } ignore_live_leader: false dest_uuid: "0572301c3cab4088b45cf44ab3e0110a"
I20260709 13:15:07.030946  6565 raft_consensus.cc:3060] T 14e7f3b0340943868afa378fa19517cf P 0572301c3cab4088b45cf44ab3e0110a [term 0 FOLLOWER]: Advancing to term 1
I20260709 13:15:07.033450  6461 catalog_manager.cc:5697] T 96bbcf6303344705b44b543f7c05f889 P 006a7d0cde7c4ba293559babe094f16d reported cstate change: term changed from 0 to 1, leader changed from <none> to 006a7d0cde7c4ba293559babe094f16d (127.5.83.195). New cstate: current_term: 1 leader_uuid: "006a7d0cde7c4ba293559babe094f16d" committed_config { opid_index: -1 OBSOLETE_local: false peers { permanent_uuid: "0572301c3cab4088b45cf44ab3e0110a" member_type: VOTER last_known_addr { host: "127.5.83.193" port: 41495 } health_report { overall_health: UNKNOWN } } peers { permanent_uuid: "d071e244058c4f33b9e3da5e1e21707f" member_type: VOTER last_known_addr { host: "127.5.83.194" port: 42793 } health_report { overall_health: UNKNOWN } } peers { permanent_uuid: "006a7d0cde7c4ba293559babe094f16d" member_type: VOTER last_known_addr { host: "127.5.83.195" port: 42237 } health_report { overall_health: HEALTHY } } }
I20260709 13:15:07.037609  6565 raft_consensus.cc:2468] T 14e7f3b0340943868afa378fa19517cf P 0572301c3cab4088b45cf44ab3e0110a [term 1 FOLLOWER]: Leader election vote request: Granting yes vote for candidate 006a7d0cde7c4ba293559babe094f16d in term 1.
I20260709 13:15:07.014338  6754 tablet_bootstrap.cc:654] T 14e7f3b0340943868afa378fa19517cf P d071e244058c4f33b9e3da5e1e21707f: Neither blocks nor log segments found. Creating new log.
I20260709 13:15:07.040135  6680 leader_election.cc:304] T 14e7f3b0340943868afa378fa19517cf P 006a7d0cde7c4ba293559babe094f16d [CANDIDATE]: Term 1 election: Election decided. Result: candidate won. Election summary: received 2 responses out of 3 voters: 2 yes votes; 0 no votes. yes voters: 006a7d0cde7c4ba293559babe094f16d, 0572301c3cab4088b45cf44ab3e0110a; no voters: 
I20260709 13:15:07.022774  6639 tablet_service.cc:1917] Received RequestConsensusVote() RPC: tablet_id: "14e7f3b0340943868afa378fa19517cf" candidate_uuid: "006a7d0cde7c4ba293559babe094f16d" candidate_term: 1 candidate_status { last_received { term: 0 index: 0 } } ignore_live_leader: false dest_uuid: "d071e244058c4f33b9e3da5e1e21707f"
I20260709 13:15:07.041520  6762 raft_consensus.cc:2804] T 14e7f3b0340943868afa378fa19517cf P 006a7d0cde7c4ba293559babe094f16d [term 1 FOLLOWER]: Leader election won for term 1
I20260709 13:15:07.041999  6762 raft_consensus.cc:697] T 14e7f3b0340943868afa378fa19517cf P 006a7d0cde7c4ba293559babe094f16d [term 1 LEADER]: Becoming Leader. State: Replica: 006a7d0cde7c4ba293559babe094f16d, State: Running, Role: LEADER
I20260709 13:15:07.042836  6762 consensus_queue.cc:237] T 14e7f3b0340943868afa378fa19517cf P 006a7d0cde7c4ba293559babe094f16d [LEADER]: Queue going to LEADER mode. State: All replicated index: 0, Majority replicated index: 0, Committed index: 0, Last appended: 0.0, Last appended by leader: 0, Current term: 1, Majority size: 2, State: 0, Mode: LEADER, active raft config: opid_index: -1 OBSOLETE_local: false peers { permanent_uuid: "0572301c3cab4088b45cf44ab3e0110a" member_type: VOTER last_known_addr { host: "127.5.83.193" port: 41495 } } peers { permanent_uuid: "d071e244058c4f33b9e3da5e1e21707f" member_type: VOTER last_known_addr { host: "127.5.83.194" port: 42793 } } peers { permanent_uuid: "006a7d0cde7c4ba293559babe094f16d" member_type: VOTER last_known_addr { host: "127.5.83.195" port: 42237 } }
I20260709 13:15:07.043911  6756 tablet_bootstrap.cc:654] T 7d910cbc556d48f283f8b74eb9e8ae71 P 0572301c3cab4088b45cf44ab3e0110a: Neither blocks nor log segments found. Creating new log.
I20260709 13:15:07.046586  6828 consensus_queue.cc:1048] T aacd7cea51ed4a4f87244c0ee20cd080 P 006a7d0cde7c4ba293559babe094f16d [LEADER]: Connected to new peer: Peer: permanent_uuid: "0572301c3cab4088b45cf44ab3e0110a" member_type: VOTER last_known_addr { host: "127.5.83.193" port: 41495 }, Status: LMP_MISMATCH, Last received: 0.0, Next index: 1, Last known committed idx: 0, Time since last communication: 0.001s
I20260709 13:15:07.024004  6827 raft_consensus.cc:493] T 043f309379f64327813996b44898295d P 006a7d0cde7c4ba293559babe094f16d [term 0 FOLLOWER]: Starting pre-election (no leader contacted us within the election timeout)
I20260709 13:15:07.048197  6827 raft_consensus.cc:515] T 043f309379f64327813996b44898295d P 006a7d0cde7c4ba293559babe094f16d [term 0 FOLLOWER]: Starting pre-election with config: opid_index: -1 OBSOLETE_local: false peers { permanent_uuid: "0572301c3cab4088b45cf44ab3e0110a" member_type: VOTER last_known_addr { host: "127.5.83.193" port: 41495 } } peers { permanent_uuid: "d071e244058c4f33b9e3da5e1e21707f" member_type: VOTER last_known_addr { host: "127.5.83.194" port: 42793 } } peers { permanent_uuid: "006a7d0cde7c4ba293559babe094f16d" member_type: VOTER last_known_addr { host: "127.5.83.195" port: 42237 } }
I20260709 13:15:07.050315  6827 leader_election.cc:290] T 043f309379f64327813996b44898295d P 006a7d0cde7c4ba293559babe094f16d [CANDIDATE]: Term 1 pre-election: Requested pre-vote from peers 0572301c3cab4088b45cf44ab3e0110a (127.5.83.193:41495), d071e244058c4f33b9e3da5e1e21707f (127.5.83.194:42793)
I20260709 13:15:07.024665  6462 catalog_manager.cc:5697] T 53d7a72e9e554acb8d8ab90500a96771 P d071e244058c4f33b9e3da5e1e21707f reported cstate change: term changed from 0 to 1, leader changed from <none> to d071e244058c4f33b9e3da5e1e21707f (127.5.83.194). New cstate: current_term: 1 leader_uuid: "d071e244058c4f33b9e3da5e1e21707f" committed_config { opid_index: -1 OBSOLETE_local: false peers { permanent_uuid: "0572301c3cab4088b45cf44ab3e0110a" member_type: VOTER last_known_addr { host: "127.5.83.193" port: 41495 } health_report { overall_health: UNKNOWN } } peers { permanent_uuid: "d071e244058c4f33b9e3da5e1e21707f" member_type: VOTER last_known_addr { host: "127.5.83.194" port: 42793 } health_report { overall_health: HEALTHY } } peers { permanent_uuid: "006a7d0cde7c4ba293559babe094f16d" member_type: VOTER last_known_addr { host: "127.5.83.195" port: 42237 } health_report { overall_health: UNKNOWN } } }
I20260709 13:15:07.023447  6787 raft_consensus.cc:493] T 01ea379121e24effb741f48b1bd525d9 P d071e244058c4f33b9e3da5e1e21707f [term 0 FOLLOWER]: Starting pre-election (no leader contacted us within the election timeout)
W20260709 13:15:07.052739  6679 leader_election.cc:343] T 14e7f3b0340943868afa378fa19517cf P 006a7d0cde7c4ba293559babe094f16d [CANDIDATE]: Term 1 election: Tablet error from VoteRequest() call to peer d071e244058c4f33b9e3da5e1e21707f (127.5.83.194:42793): Illegal state: must be running to vote when last-logged opid is not known
I20260709 13:15:07.053884  6640 tablet_service.cc:1917] Received RequestConsensusVote() RPC: tablet_id: "7d910cbc556d48f283f8b74eb9e8ae71" candidate_uuid: "006a7d0cde7c4ba293559babe094f16d" candidate_term: 1 candidate_status { last_received { term: 0 index: 0 } } ignore_live_leader: false dest_uuid: "d071e244058c4f33b9e3da5e1e21707f"
I20260709 13:15:07.050745  6780 leader_election.cc:290] T 7d910cbc556d48f283f8b74eb9e8ae71 P 006a7d0cde7c4ba293559babe094f16d [CANDIDATE]: Term 1 election: Requested vote from peers 0572301c3cab4088b45cf44ab3e0110a (127.5.83.193:41495), d071e244058c4f33b9e3da5e1e21707f (127.5.83.194:42793)
I20260709 13:15:07.053987  6787 raft_consensus.cc:515] T 01ea379121e24effb741f48b1bd525d9 P d071e244058c4f33b9e3da5e1e21707f [term 0 FOLLOWER]: Starting pre-election with config: opid_index: -1 OBSOLETE_local: false peers { permanent_uuid: "0572301c3cab4088b45cf44ab3e0110a" member_type: VOTER last_known_addr { host: "127.5.83.193" port: 41495 } } peers { permanent_uuid: "d071e244058c4f33b9e3da5e1e21707f" member_type: VOTER last_known_addr { host: "127.5.83.194" port: 42793 } } peers { permanent_uuid: "006a7d0cde7c4ba293559babe094f16d" member_type: VOTER last_known_addr { host: "127.5.83.195" port: 42237 } }
I20260709 13:15:07.053109  6639 tablet_service.cc:1917] Received RequestConsensusVote() RPC: tablet_id: "043f309379f64327813996b44898295d" candidate_uuid: "006a7d0cde7c4ba293559babe094f16d" candidate_term: 1 candidate_status { last_received { term: 0 index: 0 } } ignore_live_leader: false dest_uuid: "d071e244058c4f33b9e3da5e1e21707f" is_pre_election: true
I20260709 13:15:07.054494  6640 raft_consensus.cc:3060] T 7d910cbc556d48f283f8b74eb9e8ae71 P d071e244058c4f33b9e3da5e1e21707f [term 0 FOLLOWER]: Advancing to term 1
I20260709 13:15:07.055006  6639 raft_consensus.cc:2468] T 043f309379f64327813996b44898295d P d071e244058c4f33b9e3da5e1e21707f [term 0 FOLLOWER]: Leader pre-election vote request: Granting yes vote for candidate 006a7d0cde7c4ba293559babe094f16d in term 0.
