I20260709 13:14:55.181303  6284 tablet_bootstrap.cc:654] T 95714aa9b0824128b1b691f9ae389d68 P 091d300fc5f9425cbf25b7641d1d3418: Neither blocks nor log segments found. Creating new log.
I20260709 13:14:55.182919  6290 raft_consensus.cc:493] T 119845ccb6104ee8b2e3de6770a3e005 P 091d300fc5f9425cbf25b7641d1d3418 [term 0 FOLLOWER]: Starting pre-election (no leader contacted us within the election timeout)
I20260709 13:14:55.183861  6317 consensus_queue.cc:237] T 5f9e5b0a61f747bf9f0009747bd8fcaf P 21b8825619774cf0975d258b4bf3a59b [LEADER]: Queue going to LEADER mode. State: All replicated index: 0, Majority replicated index: 0, Committed index: 0, Last appended: 0.0, Last appended by leader: 0, Current term: 1, Majority size: 2, State: 0, Mode: LEADER, active raft config: opid_index: -1 OBSOLETE_local: false peers { permanent_uuid: "091d300fc5f9425cbf25b7641d1d3418" member_type: VOTER last_known_addr { host: "127.5.83.193" port: 38559 } } peers { permanent_uuid: "0bbb99da625043fca24d2feec263dac8" member_type: VOTER last_known_addr { host: "127.5.83.194" port: 42563 } } peers { permanent_uuid: "21b8825619774cf0975d258b4bf3a59b" member_type: VOTER last_known_addr { host: "127.5.83.195" port: 46155 } }
I20260709 13:14:55.184759  6280 tablet_bootstrap.cc:492] T 84d84ee596c14d8087d807b7948136c8 P 21b8825619774cf0975d258b4bf3a59b: Bootstrap starting.
I20260709 13:14:55.184347  6290 raft_consensus.cc:515] T 119845ccb6104ee8b2e3de6770a3e005 P 091d300fc5f9425cbf25b7641d1d3418 [term 0 FOLLOWER]: Starting pre-election with config: opid_index: -1 OBSOLETE_local: false peers { permanent_uuid: "091d300fc5f9425cbf25b7641d1d3418" member_type: VOTER last_known_addr { host: "127.5.83.193" port: 38559 } } peers { permanent_uuid: "21b8825619774cf0975d258b4bf3a59b" member_type: VOTER last_known_addr { host: "127.5.83.195" port: 46155 } } peers { permanent_uuid: "0bbb99da625043fca24d2feec263dac8" member_type: VOTER last_known_addr { host: "127.5.83.194" port: 42563 } }
I20260709 13:14:55.186911  6290 leader_election.cc:290] T 119845ccb6104ee8b2e3de6770a3e005 P 091d300fc5f9425cbf25b7641d1d3418 [CANDIDATE]: Term 1 pre-election: Requested pre-vote from peers 21b8825619774cf0975d258b4bf3a59b (127.5.83.195:46155), 0bbb99da625043fca24d2feec263dac8 (127.5.83.194:42563)
I20260709 13:14:55.186350  5988 catalog_manager.cc:5697] T 4ed4e04325d94197ba65f7b1f9475ccf P 21b8825619774cf0975d258b4bf3a59b reported cstate change: term changed from 0 to 1, leader changed from <none> to 21b8825619774cf0975d258b4bf3a59b (127.5.83.195). New cstate: current_term: 1 leader_uuid: "21b8825619774cf0975d258b4bf3a59b" committed_config { opid_index: -1 OBSOLETE_local: false peers { permanent_uuid: "091d300fc5f9425cbf25b7641d1d3418" member_type: VOTER last_known_addr { host: "127.5.83.193" port: 38559 } health_report { overall_health: UNKNOWN } } peers { permanent_uuid: "0bbb99da625043fca24d2feec263dac8" member_type: VOTER last_known_addr { host: "127.5.83.194" port: 42563 } health_report { overall_health: UNKNOWN } } peers { permanent_uuid: "21b8825619774cf0975d258b4bf3a59b" member_type: VOTER last_known_addr { host: "127.5.83.195" port: 46155 } health_report { overall_health: HEALTHY } } }
I20260709 13:14:55.183086  6286 ts_tablet_manager.cc:1434] T 119845ccb6104ee8b2e3de6770a3e005 P 0bbb99da625043fca24d2feec263dac8: Time spent starting tablet: real 0.011s	user 0.009s	sys 0.000s
I20260709 13:14:55.189415  6286 tablet_bootstrap.cc:492] T 5f9e5b0a61f747bf9f0009747bd8fcaf P 0bbb99da625043fca24d2feec263dac8: Bootstrap starting.
I20260709 13:14:55.196756  6286 tablet_bootstrap.cc:654] T 5f9e5b0a61f747bf9f0009747bd8fcaf P 0bbb99da625043fca24d2feec263dac8: Neither blocks nor log segments found. Creating new log.
I20260709 13:14:55.197939  6280 tablet_bootstrap.cc:654] T 84d84ee596c14d8087d807b7948136c8 P 21b8825619774cf0975d258b4bf3a59b: Neither blocks nor log segments found. Creating new log.
I20260709 13:14:55.205264  6293 raft_consensus.cc:493] T 119845ccb6104ee8b2e3de6770a3e005 P 0bbb99da625043fca24d2feec263dac8 [term 0 FOLLOWER]: Starting pre-election (no leader contacted us within the election timeout)
I20260709 13:14:55.205763  6293 raft_consensus.cc:515] T 119845ccb6104ee8b2e3de6770a3e005 P 0bbb99da625043fca24d2feec263dac8 [term 0 FOLLOWER]: Starting pre-election with config: opid_index: -1 OBSOLETE_local: false peers { permanent_uuid: "091d300fc5f9425cbf25b7641d1d3418" member_type: VOTER last_known_addr { host: "127.5.83.193" port: 38559 } } peers { permanent_uuid: "21b8825619774cf0975d258b4bf3a59b" member_type: VOTER last_known_addr { host: "127.5.83.195" port: 46155 } } peers { permanent_uuid: "0bbb99da625043fca24d2feec263dac8" member_type: VOTER last_known_addr { host: "127.5.83.194" port: 42563 } }
I20260709 13:14:55.207621  6293 leader_election.cc:290] T 119845ccb6104ee8b2e3de6770a3e005 P 0bbb99da625043fca24d2feec263dac8 [CANDIDATE]: Term 1 pre-election: Requested pre-vote from peers 091d300fc5f9425cbf25b7641d1d3418 (127.5.83.193:38559), 21b8825619774cf0975d258b4bf3a59b (127.5.83.195:46155)
I20260709 13:14:55.209383  6240 tablet_service.cc:1917] Received RequestConsensusVote() RPC: tablet_id: "119845ccb6104ee8b2e3de6770a3e005" candidate_uuid: "0bbb99da625043fca24d2feec263dac8" candidate_term: 1 candidate_status { last_received { term: 0 index: 0 } } ignore_live_leader: false dest_uuid: "21b8825619774cf0975d258b4bf3a59b" is_pre_election: true
I20260709 13:14:55.209998  6240 raft_consensus.cc:2468] T 119845ccb6104ee8b2e3de6770a3e005 P 21b8825619774cf0975d258b4bf3a59b [term 0 FOLLOWER]: Leader pre-election vote request: Granting yes vote for candidate 0bbb99da625043fca24d2feec263dac8 in term 0.
I20260709 13:14:55.211437  6129 leader_election.cc:304] T 119845ccb6104ee8b2e3de6770a3e005 P 0bbb99da625043fca24d2feec263dac8 [CANDIDATE]: Term 1 pre-election: Election decided. Result: candidate won. Election summary: received 2 responses out of 3 voters: 2 yes votes; 0 no votes. yes voters: 0bbb99da625043fca24d2feec263dac8, 21b8825619774cf0975d258b4bf3a59b; no voters: 
I20260709 13:14:55.212423  6091 tablet_service.cc:1917] Received RequestConsensusVote() RPC: tablet_id: "119845ccb6104ee8b2e3de6770a3e005" candidate_uuid: "0bbb99da625043fca24d2feec263dac8" candidate_term: 1 candidate_status { last_received { term: 0 index: 0 } } ignore_live_leader: false dest_uuid: "091d300fc5f9425cbf25b7641d1d3418" is_pre_election: true
I20260709 13:14:55.213007  6091 raft_consensus.cc:2468] T 119845ccb6104ee8b2e3de6770a3e005 P 091d300fc5f9425cbf25b7641d1d3418 [term 0 FOLLOWER]: Leader pre-election vote request: Granting yes vote for candidate 0bbb99da625043fca24d2feec263dac8 in term 0.
I20260709 13:14:55.212230  5988 catalog_manager.cc:5697] T 5f9e5b0a61f747bf9f0009747bd8fcaf P 21b8825619774cf0975d258b4bf3a59b reported cstate change: term changed from 0 to 1, leader changed from <none> to 21b8825619774cf0975d258b4bf3a59b (127.5.83.195). New cstate: current_term: 1 leader_uuid: "21b8825619774cf0975d258b4bf3a59b" committed_config { opid_index: -1 OBSOLETE_local: false peers { permanent_uuid: "091d300fc5f9425cbf25b7641d1d3418" member_type: VOTER last_known_addr { host: "127.5.83.193" port: 38559 } health_report { overall_health: UNKNOWN } } peers { permanent_uuid: "0bbb99da625043fca24d2feec263dac8" member_type: VOTER last_known_addr { host: "127.5.83.194" port: 42563 } health_report { overall_health: UNKNOWN } } peers { permanent_uuid: "21b8825619774cf0975d258b4bf3a59b" member_type: VOTER last_known_addr { host: "127.5.83.195" port: 46155 } health_report { overall_health: HEALTHY } } }
I20260709 13:14:55.213785  6293 raft_consensus.cc:2804] T 119845ccb6104ee8b2e3de6770a3e005 P 0bbb99da625043fca24d2feec263dac8 [term 0 FOLLOWER]: Leader pre-election won for term 1
I20260709 13:14:55.214372  6293 raft_consensus.cc:493] T 119845ccb6104ee8b2e3de6770a3e005 P 0bbb99da625043fca24d2feec263dac8 [term 0 FOLLOWER]: Starting leader election (no leader contacted us within the election timeout)
I20260709 13:14:55.214740  6293 raft_consensus.cc:3060] T 119845ccb6104ee8b2e3de6770a3e005 P 0bbb99da625043fca24d2feec263dac8 [term 0 FOLLOWER]: Advancing to term 1
I20260709 13:14:55.219944  6284 tablet_bootstrap.cc:492] T 95714aa9b0824128b1b691f9ae389d68 P 091d300fc5f9425cbf25b7641d1d3418: No bootstrap required, opened a new log
I20260709 13:14:55.220484  6284 ts_tablet_manager.cc:1403] T 95714aa9b0824128b1b691f9ae389d68 P 091d300fc5f9425cbf25b7641d1d3418: Time spent bootstrapping tablet: real 0.046s	user 0.006s	sys 0.013s
I20260709 13:14:55.223699  6284 raft_consensus.cc:359] T 95714aa9b0824128b1b691f9ae389d68 P 091d300fc5f9425cbf25b7641d1d3418 [term 0 FOLLOWER]: Replica starting. Triggering 0 pending ops. Active config: opid_index: -1 OBSOLETE_local: false peers { permanent_uuid: "091d300fc5f9425cbf25b7641d1d3418" member_type: VOTER last_known_addr { host: "127.5.83.193" port: 38559 } } peers { permanent_uuid: "0bbb99da625043fca24d2feec263dac8" member_type: VOTER last_known_addr { host: "127.5.83.194" port: 42563 } } peers { permanent_uuid: "21b8825619774cf0975d258b4bf3a59b" member_type: VOTER last_known_addr { host: "127.5.83.195" port: 46155 } }
I20260709 13:14:55.224364  6284 raft_consensus.cc:385] T 95714aa9b0824128b1b691f9ae389d68 P 091d300fc5f9425cbf25b7641d1d3418 [term 0 FOLLOWER]: Consensus starting up: Expiring failure detector timer to make a prompt election more likely
I20260709 13:14:55.224642  6284 raft_consensus.cc:740] T 95714aa9b0824128b1b691f9ae389d68 P 091d300fc5f9425cbf25b7641d1d3418 [term 0 FOLLOWER]: Becoming Follower/Learner. State: Replica: 091d300fc5f9425cbf25b7641d1d3418, State: Initialized, Role: FOLLOWER
I20260709 13:14:55.225536  6286 tablet_bootstrap.cc:492] T 5f9e5b0a61f747bf9f0009747bd8fcaf P 0bbb99da625043fca24d2feec263dac8: No bootstrap required, opened a new log
I20260709 13:14:55.225456  6284 consensus_queue.cc:260] T 95714aa9b0824128b1b691f9ae389d68 P 091d300fc5f9425cbf25b7641d1d3418 [NON_LEADER]: Queue going to NON_LEADER mode. State: All replicated index: 0, Majority replicated index: 0, Committed index: 0, Last appended: 0.0, Last appended by leader: 0, Current term: 0, Majority size: -1, State: 0, Mode: NON_LEADER, active raft config: opid_index: -1 OBSOLETE_local: false peers { permanent_uuid: "091d300fc5f9425cbf25b7641d1d3418" member_type: VOTER last_known_addr { host: "127.5.83.193" port: 38559 } } peers { permanent_uuid: "0bbb99da625043fca24d2feec263dac8" member_type: VOTER last_known_addr { host: "127.5.83.194" port: 42563 } } peers { permanent_uuid: "21b8825619774cf0975d258b4bf3a59b" member_type: VOTER last_known_addr { host: "127.5.83.195" port: 46155 } }
I20260709 13:14:55.225940  6286 ts_tablet_manager.cc:1403] T 5f9e5b0a61f747bf9f0009747bd8fcaf P 0bbb99da625043fca24d2feec263dac8: Time spent bootstrapping tablet: real 0.037s	user 0.011s	sys 0.006s
I20260709 13:14:55.228025  6280 tablet_bootstrap.cc:492] T 84d84ee596c14d8087d807b7948136c8 P 21b8825619774cf0975d258b4bf3a59b: No bootstrap required, opened a new log
I20260709 13:14:55.228145  6293 raft_consensus.cc:515] T 119845ccb6104ee8b2e3de6770a3e005 P 0bbb99da625043fca24d2feec263dac8 [term 1 FOLLOWER]: Starting leader election with config: opid_index: -1 OBSOLETE_local: false peers { permanent_uuid: "091d300fc5f9425cbf25b7641d1d3418" member_type: VOTER last_known_addr { host: "127.5.83.193" port: 38559 } } peers { permanent_uuid: "21b8825619774cf0975d258b4bf3a59b" member_type: VOTER last_known_addr { host: "127.5.83.195" port: 46155 } } peers { permanent_uuid: "0bbb99da625043fca24d2feec263dac8" member_type: VOTER last_known_addr { host: "127.5.83.194" port: 42563 } }
I20260709 13:14:55.228432  6280 ts_tablet_manager.cc:1403] T 84d84ee596c14d8087d807b7948136c8 P 21b8825619774cf0975d258b4bf3a59b: Time spent bootstrapping tablet: real 0.044s	user 0.010s	sys 0.000s
I20260709 13:14:55.231181  6165 tablet_service.cc:1917] Received RequestConsensusVote() RPC: tablet_id: "119845ccb6104ee8b2e3de6770a3e005" candidate_uuid: "091d300fc5f9425cbf25b7641d1d3418" candidate_term: 1 candidate_status { last_received { term: 0 index: 0 } } ignore_live_leader: false dest_uuid: "0bbb99da625043fca24d2feec263dac8" is_pre_election: true
I20260709 13:14:55.231933  6165 raft_consensus.cc:2393] T 119845ccb6104ee8b2e3de6770a3e005 P 0bbb99da625043fca24d2feec263dac8 [term 1 FOLLOWER]: Leader pre-election vote request: Denying vote to candidate 091d300fc5f9425cbf25b7641d1d3418 in current term 1: Already voted for candidate 0bbb99da625043fca24d2feec263dac8 in this term.
I20260709 13:14:55.233522  6091 tablet_service.cc:1917] Received RequestConsensusVote() RPC: tablet_id: "119845ccb6104ee8b2e3de6770a3e005" candidate_uuid: "0bbb99da625043fca24d2feec263dac8" candidate_term: 1 candidate_status { last_received { term: 0 index: 0 } } ignore_live_leader: false dest_uuid: "091d300fc5f9425cbf25b7641d1d3418"
I20260709 13:14:55.234114  6240 tablet_service.cc:1917] Received RequestConsensusVote() RPC: tablet_id: "119845ccb6104ee8b2e3de6770a3e005" candidate_uuid: "0bbb99da625043fca24d2feec263dac8" candidate_term: 1 candidate_status { last_received { term: 0 index: 0 } } ignore_live_leader: false dest_uuid: "21b8825619774cf0975d258b4bf3a59b"
I20260709 13:14:55.233362  6280 raft_consensus.cc:359] T 84d84ee596c14d8087d807b7948136c8 P 21b8825619774cf0975d258b4bf3a59b [term 0 FOLLOWER]: Replica starting. Triggering 0 pending ops. Active config: opid_index: -1 OBSOLETE_local: false peers { permanent_uuid: "091d300fc5f9425cbf25b7641d1d3418" member_type: VOTER last_known_addr { host: "127.5.83.193" port: 38559 } } peers { permanent_uuid: "0bbb99da625043fca24d2feec263dac8" member_type: VOTER last_known_addr { host: "127.5.83.194" port: 42563 } } peers { permanent_uuid: "21b8825619774cf0975d258b4bf3a59b" member_type: VOTER last_known_addr { host: "127.5.83.195" port: 46155 } }
I20260709 13:14:55.234387  6239 tablet_service.cc:1917] Received RequestConsensusVote() RPC: tablet_id: "119845ccb6104ee8b2e3de6770a3e005" candidate_uuid: "091d300fc5f9425cbf25b7641d1d3418" candidate_term: 1 candidate_status { last_received { term: 0 index: 0 } } ignore_live_leader: false dest_uuid: "21b8825619774cf0975d258b4bf3a59b" is_pre_election: true
I20260709 13:14:55.235147  6284 ts_tablet_manager.cc:1434] T 95714aa9b0824128b1b691f9ae389d68 P 091d300fc5f9425cbf25b7641d1d3418: Time spent starting tablet: real 0.014s	user 0.004s	sys 0.004s
I20260709 13:14:55.228510  6286 raft_consensus.cc:359] T 5f9e5b0a61f747bf9f0009747bd8fcaf P 0bbb99da625043fca24d2feec263dac8 [term 0 FOLLOWER]: Replica starting. Triggering 0 pending ops. Active config: opid_index: -1 OBSOLETE_local: false peers { permanent_uuid: "091d300fc5f9425cbf25b7641d1d3418" member_type: VOTER last_known_addr { host: "127.5.83.193" port: 38559 } } peers { permanent_uuid: "0bbb99da625043fca24d2feec263dac8" member_type: VOTER last_known_addr { host: "127.5.83.194" port: 42563 } } peers { permanent_uuid: "21b8825619774cf0975d258b4bf3a59b" member_type: VOTER last_known_addr { host: "127.5.83.195" port: 46155 } }
I20260709 13:14:55.235610  6286 raft_consensus.cc:385] T 5f9e5b0a61f747bf9f0009747bd8fcaf P 0bbb99da625043fca24d2feec263dac8 [term 0 FOLLOWER]: Consensus starting up: Expiring failure detector timer to make a prompt election more likely
I20260709 13:14:55.234701  6240 raft_consensus.cc:3060] T 119845ccb6104ee8b2e3de6770a3e005 P 21b8825619774cf0975d258b4bf3a59b [term 0 FOLLOWER]: Advancing to term 1
I20260709 13:14:55.235862  6286 raft_consensus.cc:740] T 5f9e5b0a61f747bf9f0009747bd8fcaf P 0bbb99da625043fca24d2feec263dac8 [term 0 FOLLOWER]: Becoming Follower/Learner. State: Replica: 0bbb99da625043fca24d2feec263dac8, State: Initialized, Role: FOLLOWER
I20260709 13:14:55.236006  6284 tablet_bootstrap.cc:492] T 17a0f9b83e60496a8867cf92a3a38c0c P 091d300fc5f9425cbf25b7641d1d3418: Bootstrap starting.
I20260709 13:14:55.236649  6286 consensus_queue.cc:260] T 5f9e5b0a61f747bf9f0009747bd8fcaf P 0bbb99da625043fca24d2feec263dac8 [NON_LEADER]: Queue going to NON_LEADER mode. State: All replicated index: 0, Majority replicated index: 0, Committed index: 0, Last appended: 0.0, Last appended by leader: 0, Current term: 0, Majority size: -1, State: 0, Mode: NON_LEADER, active raft config: opid_index: -1 OBSOLETE_local: false peers { permanent_uuid: "091d300fc5f9425cbf25b7641d1d3418" member_type: VOTER last_known_addr { host: "127.5.83.193" port: 38559 } } peers { permanent_uuid: "0bbb99da625043fca24d2feec263dac8" member_type: VOTER last_known_addr { host: "127.5.83.194" port: 42563 } } peers { permanent_uuid: "21b8825619774cf0975d258b4bf3a59b" member_type: VOTER last_known_addr { host: "127.5.83.195" port: 46155 } }
I20260709 13:14:55.238300  6293 leader_election.cc:290] T 119845ccb6104ee8b2e3de6770a3e005 P 0bbb99da625043fca24d2feec263dac8 [CANDIDATE]: Term 1 election: Requested vote from peers 091d300fc5f9425cbf25b7641d1d3418 (127.5.83.193:38559), 21b8825619774cf0975d258b4bf3a59b (127.5.83.195:46155)
I20260709 13:14:55.234114  6091 raft_consensus.cc:3060] T 119845ccb6104ee8b2e3de6770a3e005 P 091d300fc5f9425cbf25b7641d1d3418 [term 0 FOLLOWER]: Advancing to term 1
I20260709 13:14:55.241832  6284 tablet_bootstrap.cc:654] T 17a0f9b83e60496a8867cf92a3a38c0c P 091d300fc5f9425cbf25b7641d1d3418: Neither blocks nor log segments found. Creating new log.
I20260709 13:14:55.242327  6240 raft_consensus.cc:2468] T 119845ccb6104ee8b2e3de6770a3e005 P 21b8825619774cf0975d258b4bf3a59b [term 1 FOLLOWER]: Leader election vote request: Granting yes vote for candidate 0bbb99da625043fca24d2feec263dac8 in term 1.
I20260709 13:14:55.242697  6054 leader_election.cc:304] T 119845ccb6104ee8b2e3de6770a3e005 P 091d300fc5f9425cbf25b7641d1d3418 [CANDIDATE]: Term 1 pre-election: Election decided. Result: candidate lost. Election summary: received 3 responses out of 3 voters: 1 yes votes; 2 no votes. yes voters: 091d300fc5f9425cbf25b7641d1d3418; no voters: 0bbb99da625043fca24d2feec263dac8, 21b8825619774cf0975d258b4bf3a59b
I20260709 13:14:55.244251  6129 leader_election.cc:304] T 119845ccb6104ee8b2e3de6770a3e005 P 0bbb99da625043fca24d2feec263dac8 [CANDIDATE]: Term 1 election: Election decided. Result: candidate won. Election summary: received 2 responses out of 3 voters: 2 yes votes; 0 no votes. yes voters: 0bbb99da625043fca24d2feec263dac8, 21b8825619774cf0975d258b4bf3a59b; no voters: 
I20260709 13:14:55.244671  6286 ts_tablet_manager.cc:1434] T 5f9e5b0a61f747bf9f0009747bd8fcaf P 0bbb99da625043fca24d2feec263dac8: Time spent starting tablet: real 0.018s	user 0.004s	sys 0.001s
I20260709 13:14:55.245561  6286 tablet_bootstrap.cc:492] T 17a0f9b83e60496a8867cf92a3a38c0c P 0bbb99da625043fca24d2feec263dac8: Bootstrap starting.
I20260709 13:14:55.246018  6293 raft_consensus.cc:2804] T 119845ccb6104ee8b2e3de6770a3e005 P 0bbb99da625043fca24d2feec263dac8 [term 1 FOLLOWER]: Leader election won for term 1
I20260709 13:14:55.246652  6293 raft_consensus.cc:697] T 119845ccb6104ee8b2e3de6770a3e005 P 0bbb99da625043fca24d2feec263dac8 [term 1 LEADER]: Becoming Leader. State: Replica: 0bbb99da625043fca24d2feec263dac8, State: Running, Role: LEADER
I20260709 13:14:55.247427  6293 consensus_queue.cc:237] T 119845ccb6104ee8b2e3de6770a3e005 P 0bbb99da625043fca24d2feec263dac8 [LEADER]: Queue going to LEADER mode. State: All replicated index: 0, Majority replicated index: 0, Committed index: 0, Last appended: 0.0, Last appended by leader: 0, Current term: 1, Majority size: 2, State: 0, Mode: LEADER, active raft config: opid_index: -1 OBSOLETE_local: false peers { permanent_uuid: "091d300fc5f9425cbf25b7641d1d3418" member_type: VOTER last_known_addr { host: "127.5.83.193" port: 38559 } } peers { permanent_uuid: "21b8825619774cf0975d258b4bf3a59b" member_type: VOTER last_known_addr { host: "127.5.83.195" port: 46155 } } peers { permanent_uuid: "0bbb99da625043fca24d2feec263dac8" member_type: VOTER last_known_addr { host: "127.5.83.194" port: 42563 } }
I20260709 13:14:55.247913  6091 raft_consensus.cc:2468] T 119845ccb6104ee8b2e3de6770a3e005 P 091d300fc5f9425cbf25b7641d1d3418 [term 1 FOLLOWER]: Leader election vote request: Granting yes vote for candidate 0bbb99da625043fca24d2feec263dac8 in term 1.
I20260709 13:14:55.248492  6290 raft_consensus.cc:2749] T 119845ccb6104ee8b2e3de6770a3e005 P 091d300fc5f9425cbf25b7641d1d3418 [term 1 FOLLOWER]: Leader pre-election lost for term 1. Reason: could not achieve majority
I20260709 13:14:55.249133  6280 raft_consensus.cc:385] T 84d84ee596c14d8087d807b7948136c8 P 21b8825619774cf0975d258b4bf3a59b [term 0 FOLLOWER]: Consensus starting up: Expiring failure detector timer to make a prompt election more likely
I20260709 13:14:55.249426  6280 raft_consensus.cc:740] T 84d84ee596c14d8087d807b7948136c8 P 21b8825619774cf0975d258b4bf3a59b [term 0 FOLLOWER]: Becoming Follower/Learner. State: Replica: 21b8825619774cf0975d258b4bf3a59b, State: Initialized, Role: FOLLOWER
I20260709 13:14:55.250972  6280 consensus_queue.cc:260] T 84d84ee596c14d8087d807b7948136c8 P 21b8825619774cf0975d258b4bf3a59b [NON_LEADER]: Queue going to NON_LEADER mode. State: All replicated index: 0, Majority replicated index: 0, Committed index: 0, Last appended: 0.0, Last appended by leader: 0, Current term: 0, Majority size: -1, State: 0, Mode: NON_LEADER, active raft config: opid_index: -1 OBSOLETE_local: false peers { permanent_uuid: "091d300fc5f9425cbf25b7641d1d3418" member_type: VOTER last_known_addr { host: "127.5.83.193" port: 38559 } } peers { permanent_uuid: "0bbb99da625043fca24d2feec263dac8" member_type: VOTER last_known_addr { host: "127.5.83.194" port: 42563 } } peers { permanent_uuid: "21b8825619774cf0975d258b4bf3a59b" member_type: VOTER last_known_addr { host: "127.5.83.195" port: 46155 } }
I20260709 13:14:55.253376  6280 ts_tablet_manager.cc:1434] T 84d84ee596c14d8087d807b7948136c8 P 21b8825619774cf0975d258b4bf3a59b: Time spent starting tablet: real 0.022s	user 0.001s	sys 0.005s
I20260709 13:14:55.254783  6286 tablet_bootstrap.cc:654] T 17a0f9b83e60496a8867cf92a3a38c0c P 0bbb99da625043fca24d2feec263dac8: Neither blocks nor log segments found. Creating new log.
I20260709 13:14:55.255846  6284 tablet_bootstrap.cc:492] T 17a0f9b83e60496a8867cf92a3a38c0c P 091d300fc5f9425cbf25b7641d1d3418: No bootstrap required, opened a new log
I20260709 13:14:55.256259  6284 ts_tablet_manager.cc:1403] T 17a0f9b83e60496a8867cf92a3a38c0c P 091d300fc5f9425cbf25b7641d1d3418: Time spent bootstrapping tablet: real 0.020s	user 0.009s	sys 0.000s
I20260709 13:14:55.259260  6284 raft_consensus.cc:359] T 17a0f9b83e60496a8867cf92a3a38c0c P 091d300fc5f9425cbf25b7641d1d3418 [term 0 FOLLOWER]: Replica starting. Triggering 0 pending ops. Active config: opid_index: -1 OBSOLETE_local: false peers { permanent_uuid: "091d300fc5f9425cbf25b7641d1d3418" member_type: VOTER last_known_addr { host: "127.5.83.193" port: 38559 } } peers { permanent_uuid: "0bbb99da625043fca24d2feec263dac8" member_type: VOTER last_known_addr { host: "127.5.83.194" port: 42563 } } peers { permanent_uuid: "21b8825619774cf0975d258b4bf3a59b" member_type: VOTER last_known_addr { host: "127.5.83.195" port: 46155 } }
I20260709 13:14:55.260106  6284 raft_consensus.cc:385] T 17a0f9b83e60496a8867cf92a3a38c0c P 091d300fc5f9425cbf25b7641d1d3418 [term 0 FOLLOWER]: Consensus starting up: Expiring failure detector timer to make a prompt election more likely
I20260709 13:14:55.260428  6284 raft_consensus.cc:740] T 17a0f9b83e60496a8867cf92a3a38c0c P 091d300fc5f9425cbf25b7641d1d3418 [term 0 FOLLOWER]: Becoming Follower/Learner. State: Replica: 091d300fc5f9425cbf25b7641d1d3418, State: Initialized, Role: FOLLOWER
I20260709 13:14:55.261401  6284 consensus_queue.cc:260] T 17a0f9b83e60496a8867cf92a3a38c0c P 091d300fc5f9425cbf25b7641d1d3418 [NON_LEADER]: Queue going to NON_LEADER mode. State: All replicated index: 0, Majority replicated index: 0, Committed index: 0, Last appended: 0.0, Last appended by leader: 0, Current term: 0, Majority size: -1, State: 0, Mode: NON_LEADER, active raft config: opid_index: -1 OBSOLETE_local: false peers { permanent_uuid: "091d300fc5f9425cbf25b7641d1d3418" member_type: VOTER last_known_addr { host: "127.5.83.193" port: 38559 } } peers { permanent_uuid: "0bbb99da625043fca24d2feec263dac8" member_type: VOTER last_known_addr { host: "127.5.83.194" port: 42563 } } peers { permanent_uuid: "21b8825619774cf0975d258b4bf3a59b" member_type: VOTER last_known_addr { host: "127.5.83.195" port: 46155 } }
I20260709 13:14:55.264459  6284 ts_tablet_manager.cc:1434] T 17a0f9b83e60496a8867cf92a3a38c0c P 091d300fc5f9425cbf25b7641d1d3418: Time spent starting tablet: real 0.008s	user 0.009s	sys 0.000s
I20260709 13:14:55.265497  6284 tablet_bootstrap.cc:492] T 7b263972becb40eba9bb7d8aebd5c7f1 P 091d300fc5f9425cbf25b7641d1d3418: Bootstrap starting.
I20260709 13:14:55.265661  6290 raft_consensus.cc:493] T 95714aa9b0824128b1b691f9ae389d68 P 091d300fc5f9425cbf25b7641d1d3418 [term 0 FOLLOWER]: Starting pre-election (no leader contacted us within the election timeout)
I20260709 13:14:55.270119  6290 raft_consensus.cc:515] T 95714aa9b0824128b1b691f9ae389d68 P 091d300fc5f9425cbf25b7641d1d3418 [term 0 FOLLOWER]: Starting pre-election with config: opid_index: -1 OBSOLETE_local: false peers { permanent_uuid: "091d300fc5f9425cbf25b7641d1d3418" member_type: VOTER last_known_addr { host: "127.5.83.193" port: 38559 } } peers { permanent_uuid: "0bbb99da625043fca24d2feec263dac8" member_type: VOTER last_known_addr { host: "127.5.83.194" port: 42563 } } peers { permanent_uuid: "21b8825619774cf0975d258b4bf3a59b" member_type: VOTER last_known_addr { host: "127.5.83.195" port: 46155 } }
I20260709 13:14:55.270911  6284 tablet_bootstrap.cc:654] T 7b263972becb40eba9bb7d8aebd5c7f1 P 091d300fc5f9425cbf25b7641d1d3418: Neither blocks nor log segments found. Creating new log.
I20260709 13:14:55.272184  6290 leader_election.cc:290] T 95714aa9b0824128b1b691f9ae389d68 P 091d300fc5f9425cbf25b7641d1d3418 [CANDIDATE]: Term 1 pre-election: Requested pre-vote from peers 0bbb99da625043fca24d2feec263dac8 (127.5.83.194:42563), 21b8825619774cf0975d258b4bf3a59b (127.5.83.195:46155)
I20260709 13:14:55.272711  6165 tablet_service.cc:1917] Received RequestConsensusVote() RPC: tablet_id: "95714aa9b0824128b1b691f9ae389d68" candidate_uuid: "091d300fc5f9425cbf25b7641d1d3418" candidate_term: 1 candidate_status { last_received { term: 0 index: 0 } } ignore_live_leader: false dest_uuid: "0bbb99da625043fca24d2feec263dac8" is_pre_election: true
I20260709 13:14:55.273198  6165 raft_consensus.cc:2468] T 95714aa9b0824128b1b691f9ae389d68 P 0bbb99da625043fca24d2feec263dac8 [term 0 FOLLOWER]: Leader pre-election vote request: Granting yes vote for candidate 091d300fc5f9425cbf25b7641d1d3418 in term 0.
I20260709 13:14:55.273149  6240 tablet_service.cc:1917] Received RequestConsensusVote() RPC: tablet_id: "95714aa9b0824128b1b691f9ae389d68" candidate_uuid: "091d300fc5f9425cbf25b7641d1d3418" candidate_term: 1 candidate_status { last_received { term: 0 index: 0 } } ignore_live_leader: false dest_uuid: "21b8825619774cf0975d258b4bf3a59b" is_pre_election: true
I20260709 13:14:55.269100  5986 catalog_manager.cc:5697] T 119845ccb6104ee8b2e3de6770a3e005 P 0bbb99da625043fca24d2feec263dac8 reported cstate change: term changed from 0 to 1, leader changed from <none> to 0bbb99da625043fca24d2feec263dac8 (127.5.83.194). New cstate: current_term: 1 leader_uuid: "0bbb99da625043fca24d2feec263dac8" committed_config { opid_index: -1 OBSOLETE_local: false peers { permanent_uuid: "091d300fc5f9425cbf25b7641d1d3418" member_type: VOTER last_known_addr { host: "127.5.83.193" port: 38559 } health_report { overall_health: UNKNOWN } } peers { permanent_uuid: "21b8825619774cf0975d258b4bf3a59b" member_type: VOTER last_known_addr { host: "127.5.83.195" port: 46155 } health_report { overall_health: UNKNOWN } } peers { permanent_uuid: "0bbb99da625043fca24d2feec263dac8" member_type: VOTER last_known_addr { host: "127.5.83.194" port: 42563 } health_report { overall_health: HEALTHY } } }
I20260709 13:14:55.273959  6240 raft_consensus.cc:2468] T 95714aa9b0824128b1b691f9ae389d68 P 21b8825619774cf0975d258b4bf3a59b [term 0 FOLLOWER]: Leader pre-election vote request: Granting yes vote for candidate 091d300fc5f9425cbf25b7641d1d3418 in term 0.
I20260709 13:14:55.274816  6056 leader_election.cc:304] T 95714aa9b0824128b1b691f9ae389d68 P 091d300fc5f9425cbf25b7641d1d3418 [CANDIDATE]: Term 1 pre-election: Election decided. Result: candidate won. Election summary: received 2 responses out of 3 voters: 2 yes votes; 0 no votes. yes voters: 091d300fc5f9425cbf25b7641d1d3418, 0bbb99da625043fca24d2feec263dac8; no voters: 
I20260709 13:14:55.275610  6290 raft_consensus.cc:2804] T 95714aa9b0824128b1b691f9ae389d68 P 091d300fc5f9425cbf25b7641d1d3418 [term 0 FOLLOWER]: Leader pre-election won for term 1
I20260709 13:14:55.275676  6284 tablet_bootstrap.cc:492] T 7b263972becb40eba9bb7d8aebd5c7f1 P 091d300fc5f9425cbf25b7641d1d3418: No bootstrap required, opened a new log
I20260709 13:14:55.276008  6290 raft_consensus.cc:493] T 95714aa9b0824128b1b691f9ae389d68 P 091d300fc5f9425cbf25b7641d1d3418 [term 0 FOLLOWER]: Starting leader election (no leader contacted us within the election timeout)
I20260709 13:14:55.276250  6284 ts_tablet_manager.cc:1403] T 7b263972becb40eba9bb7d8aebd5c7f1 P 091d300fc5f9425cbf25b7641d1d3418: Time spent bootstrapping tablet: real 0.011s	user 0.009s	sys 0.001s
I20260709 13:14:55.276427  6290 raft_consensus.cc:3060] T 95714aa9b0824128b1b691f9ae389d68 P 091d300fc5f9425cbf25b7641d1d3418 [term 0 FOLLOWER]: Advancing to term 1
I20260709 13:14:55.277742  6286 tablet_bootstrap.cc:492] T 17a0f9b83e60496a8867cf92a3a38c0c P 0bbb99da625043fca24d2feec263dac8: No bootstrap required, opened a new log
I20260709 13:14:55.278282  6286 ts_tablet_manager.cc:1403] T 17a0f9b83e60496a8867cf92a3a38c0c P 0bbb99da625043fca24d2feec263dac8: Time spent bootstrapping tablet: real 0.033s	user 0.010s	sys 0.008s
I20260709 13:14:55.278955  6284 raft_consensus.cc:359] T 7b263972becb40eba9bb7d8aebd5c7f1 P 091d300fc5f9425cbf25b7641d1d3418 [term 0 FOLLOWER]: Replica starting. Triggering 0 pending ops. Active config: opid_index: -1 OBSOLETE_local: false peers { permanent_uuid: "091d300fc5f9425cbf25b7641d1d3418" member_type: VOTER last_known_addr { host: "127.5.83.193" port: 38559 } } peers { permanent_uuid: "0bbb99da625043fca24d2feec263dac8" member_type: VOTER last_known_addr { host: "127.5.83.194" port: 42563 } } peers { permanent_uuid: "21b8825619774cf0975d258b4bf3a59b" member_type: VOTER last_known_addr { host: "127.5.83.195" port: 46155 } }
I20260709 13:14:55.279610  6284 raft_consensus.cc:385] T 7b263972becb40eba9bb7d8aebd5c7f1 P 091d300fc5f9425cbf25b7641d1d3418 [term 0 FOLLOWER]: Consensus starting up: Expiring failure detector timer to make a prompt election more likely
I20260709 13:14:55.279912  6284 raft_consensus.cc:740] T 7b263972becb40eba9bb7d8aebd5c7f1 P 091d300fc5f9425cbf25b7641d1d3418 [term 0 FOLLOWER]: Becoming Follower/Learner. State: Replica: 091d300fc5f9425cbf25b7641d1d3418, State: Initialized, Role: FOLLOWER
I20260709 13:14:55.280550  6284 consensus_queue.cc:260] T 7b263972becb40eba9bb7d8aebd5c7f1 P 091d300fc5f9425cbf25b7641d1d3418 [NON_LEADER]: Queue going to NON_LEADER mode. State: All replicated index: 0, Majority replicated index: 0, Committed index: 0, Last appended: 0.0, Last appended by leader: 0, Current term: 0, Majority size: -1, State: 0, Mode: NON_LEADER, active raft config: opid_index: -1 OBSOLETE_local: false peers { permanent_uuid: "091d300fc5f9425cbf25b7641d1d3418" member_type: VOTER last_known_addr { host: "127.5.83.193" port: 38559 } } peers { permanent_uuid: "0bbb99da625043fca24d2feec263dac8" member_type: VOTER last_known_addr { host: "127.5.83.194" port: 42563 } } peers { permanent_uuid: "21b8825619774cf0975d258b4bf3a59b" member_type: VOTER last_known_addr { host: "127.5.83.195" port: 46155 } }
I20260709 13:14:55.280997  6286 raft_consensus.cc:359] T 17a0f9b83e60496a8867cf92a3a38c0c P 0bbb99da625043fca24d2feec263dac8 [term 0 FOLLOWER]: Replica starting. Triggering 0 pending ops. Active config: opid_index: -1 OBSOLETE_local: false peers { permanent_uuid: "091d300fc5f9425cbf25b7641d1d3418" member_type: VOTER last_known_addr { host: "127.5.83.193" port: 38559 } } peers { permanent_uuid: "0bbb99da625043fca24d2feec263dac8" member_type: VOTER last_known_addr { host: "127.5.83.194" port: 42563 } } peers { permanent_uuid: "21b8825619774cf0975d258b4bf3a59b" member_type: VOTER last_known_addr { host: "127.5.83.195" port: 46155 } }
I20260709 13:14:55.281744  6286 raft_consensus.cc:385] T 17a0f9b83e60496a8867cf92a3a38c0c P 0bbb99da625043fca24d2feec263dac8 [term 0 FOLLOWER]: Consensus starting up: Expiring failure detector timer to make a prompt election more likely
I20260709 13:14:55.282065  6286 raft_consensus.cc:740] T 17a0f9b83e60496a8867cf92a3a38c0c P 0bbb99da625043fca24d2feec263dac8 [term 0 FOLLOWER]: Becoming Follower/Learner. State: Replica: 0bbb99da625043fca24d2feec263dac8, State: Initialized, Role: FOLLOWER
I20260709 13:14:55.282842  6286 consensus_queue.cc:260] T 17a0f9b83e60496a8867cf92a3a38c0c P 0bbb99da625043fca24d2feec263dac8 [NON_LEADER]: Queue going to NON_LEADER mode. State: All replicated index: 0, Majority replicated index: 0, Committed index: 0, Last appended: 0.0, Last appended by leader: 0, Current term: 0, Majority size: -1, State: 0, Mode: NON_LEADER, active raft config: opid_index: -1 OBSOLETE_local: false peers { permanent_uuid: "091d300fc5f9425cbf25b7641d1d3418" member_type: VOTER last_known_addr { host: "127.5.83.193" port: 38559 } } peers { permanent_uuid: "0bbb99da625043fca24d2feec263dac8" member_type: VOTER last_known_addr { host: "127.5.83.194" port: 42563 } } peers { permanent_uuid: "21b8825619774cf0975d258b4bf3a59b" member_type: VOTER last_known_addr { host: "127.5.83.195" port: 46155 } }
I20260709 13:14:55.283516  6290 raft_consensus.cc:515] T 95714aa9b0824128b1b691f9ae389d68 P 091d300fc5f9425cbf25b7641d1d3418 [term 1 FOLLOWER]: Starting leader election with config: opid_index: -1 OBSOLETE_local: false peers { permanent_uuid: "091d300fc5f9425cbf25b7641d1d3418" member_type: VOTER last_known_addr { host: "127.5.83.193" port: 38559 } } peers { permanent_uuid: "0bbb99da625043fca24d2feec263dac8" member_type: VOTER last_known_addr { host: "127.5.83.194" port: 42563 } } peers { permanent_uuid: "21b8825619774cf0975d258b4bf3a59b" member_type: VOTER last_known_addr { host: "127.5.83.195" port: 46155 } }
I20260709 13:14:55.285265  6286 ts_tablet_manager.cc:1434] T 17a0f9b83e60496a8867cf92a3a38c0c P 0bbb99da625043fca24d2feec263dac8: Time spent starting tablet: real 0.007s	user 0.006s	sys 0.000s
I20260709 13:14:55.286242  6286 tablet_bootstrap.cc:492] T 84d84ee596c14d8087d807b7948136c8 P 0bbb99da625043fca24d2feec263dac8: Bootstrap starting.
I20260709 13:14:55.286576  6165 tablet_service.cc:1917] Received RequestConsensusVote() RPC: tablet_id: "95714aa9b0824128b1b691f9ae389d68" candidate_uuid: "091d300fc5f9425cbf25b7641d1d3418" candidate_term: 1 candidate_status { last_received { term: 0 index: 0 } } ignore_live_leader: false dest_uuid: "0bbb99da625043fca24d2feec263dac8"
I20260709 13:14:55.287091  6165 raft_consensus.cc:3060] T 95714aa9b0824128b1b691f9ae389d68 P 0bbb99da625043fca24d2feec263dac8 [term 0 FOLLOWER]: Advancing to term 1
I20260709 13:14:55.290081  6284 ts_tablet_manager.cc:1434] T 7b263972becb40eba9bb7d8aebd5c7f1 P 091d300fc5f9425cbf25b7641d1d3418: Time spent starting tablet: real 0.013s	user 0.004s	sys 0.008s
I20260709 13:14:55.292191  6286 tablet_bootstrap.cc:654] T 84d84ee596c14d8087d807b7948136c8 P 0bbb99da625043fca24d2feec263dac8: Neither blocks nor log segments found. Creating new log.
I20260709 13:14:55.293601  6165 raft_consensus.cc:2468] T 95714aa9b0824128b1b691f9ae389d68 P 0bbb99da625043fca24d2feec263dac8 [term 1 FOLLOWER]: Leader election vote request: Granting yes vote for candidate 091d300fc5f9425cbf25b7641d1d3418 in term 1.
I20260709 13:14:55.294122  6290 leader_election.cc:290] T 95714aa9b0824128b1b691f9ae389d68 P 091d300fc5f9425cbf25b7641d1d3418 [CANDIDATE]: Term 1 election: Requested vote from peers 0bbb99da625043fca24d2feec263dac8 (127.5.83.194:42563), 21b8825619774cf0975d258b4bf3a59b (127.5.83.195:46155)
I20260709 13:14:55.295514  6240 tablet_service.cc:1917] Received RequestConsensusVote() RPC: tablet_id: "95714aa9b0824128b1b691f9ae389d68" candidate_uuid: "091d300fc5f9425cbf25b7641d1d3418" candidate_term: 1 candidate_status { last_received { term: 0 index: 0 } } ignore_live_leader: false dest_uuid: "21b8825619774cf0975d258b4bf3a59b"
I20260709 13:14:55.296236  6240 raft_consensus.cc:3060] T 95714aa9b0824128b1b691f9ae389d68 P 21b8825619774cf0975d258b4bf3a59b [term 0 FOLLOWER]: Advancing to term 1
I20260709 13:14:55.301111  6056 leader_election.cc:304] T 95714aa9b0824128b1b691f9ae389d68 P 091d300fc5f9425cbf25b7641d1d3418 [CANDIDATE]: Term 1 election: Election decided. Result: candidate won. Election summary: received 2 responses out of 3 voters: 2 yes votes; 0 no votes. yes voters: 091d300fc5f9425cbf25b7641d1d3418, 0bbb99da625043fca24d2feec263dac8; no voters: 
I20260709 13:14:55.301985  6290 raft_consensus.cc:2804] T 95714aa9b0824128b1b691f9ae389d68 P 091d300fc5f9425cbf25b7641d1d3418 [term 1 FOLLOWER]: Leader election won for term 1
I20260709 13:14:55.302620  6290 raft_consensus.cc:697] T 95714aa9b0824128b1b691f9ae389d68 P 091d300fc5f9425cbf25b7641d1d3418 [term 1 LEADER]: Becoming Leader. State: Replica: 091d300fc5f9425cbf25b7641d1d3418, State: Running, Role: LEADER
I20260709 13:14:55.303434  6286 tablet_bootstrap.cc:492] T 84d84ee596c14d8087d807b7948136c8 P 0bbb99da625043fca24d2feec263dac8: No bootstrap required, opened a new log
I20260709 13:14:55.303422  6290 consensus_queue.cc:237] T 95714aa9b0824128b1b691f9ae389d68 P 091d300fc5f9425cbf25b7641d1d3418 [LEADER]: Queue going to LEADER mode. State: All replicated index: 0, Majority replicated index: 0, Committed index: 0, Last appended: 0.0, Last appended by leader: 0, Current term: 1, Majority size: 2, State: 0, Mode: LEADER, active raft config: opid_index: -1 OBSOLETE_local: false peers { permanent_uuid: "091d300fc5f9425cbf25b7641d1d3418" member_type: VOTER last_known_addr { host: "127.5.83.193" port: 38559 } } peers { permanent_uuid: "0bbb99da625043fca24d2feec263dac8" member_type: VOTER last_known_addr { host: "127.5.83.194" port: 42563 } } peers { permanent_uuid: "21b8825619774cf0975d258b4bf3a59b" member_type: VOTER last_known_addr { host: "127.5.83.195" port: 46155 } }
I20260709 13:14:55.303918  6331 raft_consensus.cc:493] T 7b263972becb40eba9bb7d8aebd5c7f1 P 091d300fc5f9425cbf25b7641d1d3418 [term 0 FOLLOWER]: Starting pre-election (no leader contacted us within the election timeout)
I20260709 13:14:55.304487  6331 raft_consensus.cc:515] T 7b263972becb40eba9bb7d8aebd5c7f1 P 091d300fc5f9425cbf25b7641d1d3418 [term 0 FOLLOWER]: Starting pre-election with config: opid_index: -1 OBSOLETE_local: false peers { permanent_uuid: "091d300fc5f9425cbf25b7641d1d3418" member_type: VOTER last_known_addr { host: "127.5.83.193" port: 38559 } } peers { permanent_uuid: "0bbb99da625043fca24d2feec263dac8" member_type: VOTER last_known_addr { host: "127.5.83.194" port: 42563 } } peers { permanent_uuid: "21b8825619774cf0975d258b4bf3a59b" member_type: VOTER last_known_addr { host: "127.5.83.195" port: 46155 } }
I20260709 13:14:55.305014  6240 raft_consensus.cc:2468] T 95714aa9b0824128b1b691f9ae389d68 P 21b8825619774cf0975d258b4bf3a59b [term 1 FOLLOWER]: Leader election vote request: Granting yes vote for candidate 091d300fc5f9425cbf25b7641d1d3418 in term 1.
I20260709 13:14:55.304054  6286 ts_tablet_manager.cc:1403] T 84d84ee596c14d8087d807b7948136c8 P 0bbb99da625043fca24d2feec263dac8: Time spent bootstrapping tablet: real 0.018s	user 0.016s	sys 0.000s
I20260709 13:14:55.306362  6331 leader_election.cc:290] T 7b263972becb40eba9bb7d8aebd5c7f1 P 091d300fc5f9425cbf25b7641d1d3418 [CANDIDATE]: Term 1 pre-election: Requested pre-vote from peers 0bbb99da625043fca24d2feec263dac8 (127.5.83.194:42563), 21b8825619774cf0975d258b4bf3a59b (127.5.83.195:46155)
I20260709 13:14:55.307569  6165 tablet_service.cc:1917] Received RequestConsensusVote() RPC: tablet_id: "7b263972becb40eba9bb7d8aebd5c7f1" candidate_uuid: "091d300fc5f9425cbf25b7641d1d3418" candidate_term: 1 candidate_status { last_received { term: 0 index: 0 } } ignore_live_leader: false dest_uuid: "0bbb99da625043fca24d2feec263dac8" is_pre_election: true
I20260709 13:14:55.307566  6240 tablet_service.cc:1917] Received RequestConsensusVote() RPC: tablet_id: "7b263972becb40eba9bb7d8aebd5c7f1" candidate_uuid: "091d300fc5f9425cbf25b7641d1d3418" candidate_term: 1 candidate_status { last_received { term: 0 index: 0 } } ignore_live_leader: false dest_uuid: "21b8825619774cf0975d258b4bf3a59b" is_pre_election: true
I20260709 13:14:55.308501  6240 raft_consensus.cc:2393] T 7b263972becb40eba9bb7d8aebd5c7f1 P 21b8825619774cf0975d258b4bf3a59b [term 1 FOLLOWER]: Leader pre-election vote request: Denying vote to candidate 091d300fc5f9425cbf25b7641d1d3418 in current term 1: Already voted for candidate 0bbb99da625043fca24d2feec263dac8 in this term.
I20260709 13:14:55.309638  6054 leader_election.cc:304] T 7b263972becb40eba9bb7d8aebd5c7f1 P 091d300fc5f9425cbf25b7641d1d3418 [CANDIDATE]: Term 1 pre-election: Election decided. Result: candidate lost. Election summary: received 3 responses out of 3 voters: 1 yes votes; 2 no votes. yes voters: 091d300fc5f9425cbf25b7641d1d3418; no voters: 0bbb99da625043fca24d2feec263dac8, 21b8825619774cf0975d258b4bf3a59b
I20260709 13:14:55.308174  6286 raft_consensus.cc:359] T 84d84ee596c14d8087d807b7948136c8 P 0bbb99da625043fca24d2feec263dac8 [term 0 FOLLOWER]: Replica starting. Triggering 0 pending ops. Active config: opid_index: -1 OBSOLETE_local: false peers { permanent_uuid: "091d300fc5f9425cbf25b7641d1d3418" member_type: VOTER last_known_addr { host: "127.5.83.193" port: 38559 } } peers { permanent_uuid: "0bbb99da625043fca24d2feec263dac8" member_type: VOTER last_known_addr { host: "127.5.83.194" port: 42563 } } peers { permanent_uuid: "21b8825619774cf0975d258b4bf3a59b" member_type: VOTER last_known_addr { host: "127.5.83.195" port: 46155 } }
I20260709 13:14:55.310443  6290 raft_consensus.cc:3060] T 7b263972becb40eba9bb7d8aebd5c7f1 P 091d300fc5f9425cbf25b7641d1d3418 [term 0 FOLLOWER]: Advancing to term 1
I20260709 13:14:55.311004  6286 raft_consensus.cc:385] T 84d84ee596c14d8087d807b7948136c8 P 0bbb99da625043fca24d2feec263dac8 [term 0 FOLLOWER]: Consensus starting up: Expiring failure detector timer to make a prompt election more likely
I20260709 13:14:55.311373  6286 raft_consensus.cc:740] T 84d84ee596c14d8087d807b7948136c8 P 0bbb99da625043fca24d2feec263dac8 [term 0 FOLLOWER]: Becoming Follower/Learner. State: Replica: 0bbb99da625043fca24d2feec263dac8, State: Initialized, Role: FOLLOWER
I20260709 13:14:55.312495  6286 consensus_queue.cc:260] T 84d84ee596c14d8087d807b7948136c8 P 0bbb99da625043fca24d2feec263dac8 [NON_LEADER]: Queue going to NON_LEADER mode. State: All replicated index: 0, Majority replicated index: 0, Committed index: 0, Last appended: 0.0, Last appended by leader: 0, Current term: 0, Majority size: -1, State: 0, Mode: NON_LEADER, active raft config: opid_index: -1 OBSOLETE_local: false peers { permanent_uuid: "091d300fc5f9425cbf25b7641d1d3418" member_type: VOTER last_known_addr { host: "127.5.83.193" port: 38559 } } peers { permanent_uuid: "0bbb99da625043fca24d2feec263dac8" member_type: VOTER last_known_addr { host: "127.5.83.194" port: 42563 } } peers { permanent_uuid: "21b8825619774cf0975d258b4bf3a59b" member_type: VOTER last_known_addr { host: "127.5.83.195" port: 46155 } }
I20260709 13:14:55.314484  6286 ts_tablet_manager.cc:1434] T 84d84ee596c14d8087d807b7948136c8 P 0bbb99da625043fca24d2feec263dac8: Time spent starting tablet: real 0.009s	user 0.006s	sys 0.000s
I20260709 13:14:55.314541  5987 catalog_manager.cc:5697] T 95714aa9b0824128b1b691f9ae389d68 P 091d300fc5f9425cbf25b7641d1d3418 reported cstate change: term changed from 0 to 1, leader changed from <none> to 091d300fc5f9425cbf25b7641d1d3418 (127.5.83.193). New cstate: current_term: 1 leader_uuid: "091d300fc5f9425cbf25b7641d1d3418" committed_config { opid_index: -1 OBSOLETE_local: false peers { permanent_uuid: "091d300fc5f9425cbf25b7641d1d3418" member_type: VOTER last_known_addr { host: "127.5.83.193" port: 38559 } health_report { overall_health: HEALTHY } } peers { permanent_uuid: "0bbb99da625043fca24d2feec263dac8" member_type: VOTER last_known_addr { host: "127.5.83.194" port: 42563 } health_report { overall_health: UNKNOWN } } peers { permanent_uuid: "21b8825619774cf0975d258b4bf3a59b" member_type: VOTER last_known_addr { host: "127.5.83.195" port: 46155 } health_report { overall_health: UNKNOWN } } }
I20260709 13:14:55.317225  6290 raft_consensus.cc:2749] T 7b263972becb40eba9bb7d8aebd5c7f1 P 091d300fc5f9425cbf25b7641d1d3418 [term 1 FOLLOWER]: Leader pre-election lost for term 1. Reason: could not achieve majority
I20260709 13:14:55.323061  6293 raft_consensus.cc:493] T 290a620d08ca482a9e086060e1419844 P 0bbb99da625043fca24d2feec263dac8 [term 0 FOLLOWER]: Starting pre-election (no leader contacted us within the election timeout)
I20260709 13:14:55.323515  6290 raft_consensus.cc:493] T 84d84ee596c14d8087d807b7948136c8 P 091d300fc5f9425cbf25b7641d1d3418 [term 0 FOLLOWER]: Starting pre-election (no leader contacted us within the election timeout)
I20260709 13:14:55.323561  6293 raft_consensus.cc:515] T 290a620d08ca482a9e086060e1419844 P 0bbb99da625043fca24d2feec263dac8 [term 0 FOLLOWER]: Starting pre-election with config: opid_index: -1 OBSOLETE_local: false peers { permanent_uuid: "091d300fc5f9425cbf25b7641d1d3418" member_type: VOTER last_known_addr { host: "127.5.83.193" port: 38559 } } peers { permanent_uuid: "0bbb99da625043fca24d2feec263dac8" member_type: VOTER last_known_addr { host: "127.5.83.194" port: 42563 } } peers { permanent_uuid: "21b8825619774cf0975d258b4bf3a59b" member_type: VOTER last_known_addr { host: "127.5.83.195" port: 46155 } }
I20260709 13:14:55.324129  6290 raft_consensus.cc:515] T 84d84ee596c14d8087d807b7948136c8 P 091d300fc5f9425cbf25b7641d1d3418 [term 0 FOLLOWER]: Starting pre-election with config: opid_index: -1 OBSOLETE_local: false peers { permanent_uuid: "091d300fc5f9425cbf25b7641d1d3418" member_type: VOTER last_known_addr { host: "127.5.83.193" port: 38559 } } peers { permanent_uuid: "0bbb99da625043fca24d2feec263dac8" member_type: VOTER last_known_addr { host: "127.5.83.194" port: 42563 } } peers { permanent_uuid: "21b8825619774cf0975d258b4bf3a59b" member_type: VOTER last_known_addr { host: "127.5.83.195" port: 46155 } }
I20260709 13:14:55.325933  6293 leader_election.cc:290] T 290a620d08ca482a9e086060e1419844 P 0bbb99da625043fca24d2feec263dac8 [CANDIDATE]: Term 1 pre-election: Requested pre-vote from peers 091d300fc5f9425cbf25b7641d1d3418 (127.5.83.193:38559), 21b8825619774cf0975d258b4bf3a59b (127.5.83.195:46155)
I20260709 13:14:55.326465  6091 tablet_service.cc:1917] Received RequestConsensusVote() RPC: tablet_id: "290a620d08ca482a9e086060e1419844" candidate_uuid: "0bbb99da625043fca24d2feec263dac8" candidate_term: 1 candidate_status { last_received { term: 0 index: 0 } } ignore_live_leader: false dest_uuid: "091d300fc5f9425cbf25b7641d1d3418" is_pre_election: true
I20260709 13:14:55.326659  6290 leader_election.cc:290] T 84d84ee596c14d8087d807b7948136c8 P 091d300fc5f9425cbf25b7641d1d3418 [CANDIDATE]: Term 1 pre-election: Requested pre-vote from peers 0bbb99da625043fca24d2feec263dac8 (127.5.83.194:42563), 21b8825619774cf0975d258b4bf3a59b (127.5.83.195:46155)
I20260709 13:14:55.327097  6091 raft_consensus.cc:2468] T 290a620d08ca482a9e086060e1419844 P 091d300fc5f9425cbf25b7641d1d3418 [term 0 FOLLOWER]: Leader pre-election vote request: Granting yes vote for candidate 0bbb99da625043fca24d2feec263dac8 in term 0.
I20260709 13:14:55.327402  6240 tablet_service.cc:1917] Received RequestConsensusVote() RPC: tablet_id: "290a620d08ca482a9e086060e1419844" candidate_uuid: "0bbb99da625043fca24d2feec263dac8" candidate_term: 1 candidate_status { last_received { term: 0 index: 0 } } ignore_live_leader: false dest_uuid: "21b8825619774cf0975d258b4bf3a59b" is_pre_election: true
I20260709 13:14:55.327953  6240 raft_consensus.cc:2468] T 290a620d08ca482a9e086060e1419844 P 21b8825619774cf0975d258b4bf3a59b [term 0 FOLLOWER]: Leader pre-election vote request: Granting yes vote for candidate 0bbb99da625043fca24d2feec263dac8 in term 0.
I20260709 13:14:55.328030  6239 tablet_service.cc:1917] Received RequestConsensusVote() RPC: tablet_id: "84d84ee596c14d8087d807b7948136c8" candidate_uuid: "091d300fc5f9425cbf25b7641d1d3418" candidate_term: 1 candidate_status { last_received { term: 0 index: 0 } } ignore_live_leader: false dest_uuid: "21b8825619774cf0975d258b4bf3a59b" is_pre_election: true
I20260709 13:14:55.328601  6239 raft_consensus.cc:2468] T 84d84ee596c14d8087d807b7948136c8 P 21b8825619774cf0975d258b4bf3a59b [term 0 FOLLOWER]: Leader pre-election vote request: Granting yes vote for candidate 091d300fc5f9425cbf25b7641d1d3418 in term 0.
I20260709 13:14:55.328995  6129 leader_election.cc:304] T 290a620d08ca482a9e086060e1419844 P 0bbb99da625043fca24d2feec263dac8 [CANDIDATE]: Term 1 pre-election: Election decided. Result: candidate won. Election summary: received 2 responses out of 3 voters: 2 yes votes; 0 no votes. yes voters: 0bbb99da625043fca24d2feec263dac8, 21b8825619774cf0975d258b4bf3a59b; no voters: 
I20260709 13:14:55.329815  6293 raft_consensus.cc:2804] T 290a620d08ca482a9e086060e1419844 P 0bbb99da625043fca24d2feec263dac8 [term 0 FOLLOWER]: Leader pre-election won for term 1
I20260709 13:14:55.330410  6293 raft_consensus.cc:493] T 290a620d08ca482a9e086060e1419844 P 0bbb99da625043fca24d2feec263dac8 [term 0 FOLLOWER]: Starting leader election (no leader contacted us within the election timeout)
