I20260709 13:15:05.736657 14038 raft_consensus.cc:740] T 5624c1cb9340411e951f0f7918fcc350 P 5042825717214c52a3417d25946c4309 [term 0 FOLLOWER]: Becoming Follower/Learner. State: Replica: 5042825717214c52a3417d25946c4309, State: Initialized, Role: FOLLOWER
I20260709 13:15:05.737357 14038 consensus_queue.cc:260] T 5624c1cb9340411e951f0f7918fcc350 P 5042825717214c52a3417d25946c4309 [NON_LEADER]: Queue going to NON_LEADER mode. State: All replicated index: 0, Majority replicated index: 0, Committed index: 0, Last appended: 0.0, Last appended by leader: 0, Current term: 0, Majority size: -1, State: 0, Mode: NON_LEADER, active raft config: opid_index: -1 OBSOLETE_local: false peers { permanent_uuid: "5042825717214c52a3417d25946c4309" member_type: VOTER last_known_addr { host: "127.12.114.1" port: 43375 } } peers { permanent_uuid: "61386ccb890a4fcfbafc5c7548cda335" member_type: VOTER last_known_addr { host: "127.12.114.2" port: 33857 } } peers { permanent_uuid: "31687285885b40cfb9cbb22e11121c0c" member_type: VOTER last_known_addr { host: "127.12.114.3" port: 38231 } }
I20260709 13:15:05.739519 14038 ts_tablet_manager.cc:1434] T 5624c1cb9340411e951f0f7918fcc350 P 5042825717214c52a3417d25946c4309: Time spent starting tablet: real 0.006s	user 0.004s	sys 0.000s
I20260709 13:15:05.740502 14038 tablet_bootstrap.cc:492] T 1b1d0663e0664d46a667f869568506bd P 5042825717214c52a3417d25946c4309: Bootstrap starting.
I20260709 13:15:05.740327 14063 raft_consensus.cc:493] T 924426b075574bfe9f64f6d069a323ab P 5042825717214c52a3417d25946c4309 [term 0 FOLLOWER]: Starting pre-election (no leader contacted us within the election timeout)
I20260709 13:15:05.742702 13921 tablet_service.cc:1917] Received RequestConsensusVote() RPC: tablet_id: "086be2776181422787a4e284fd40593f" candidate_uuid: "5042825717214c52a3417d25946c4309" candidate_term: 1 candidate_status { last_received { term: 0 index: 0 } } ignore_live_leader: false dest_uuid: "61386ccb890a4fcfbafc5c7548cda335"
I20260709 13:15:05.743304 13921 raft_consensus.cc:3060] T 086be2776181422787a4e284fd40593f P 61386ccb890a4fcfbafc5c7548cda335 [term 0 FOLLOWER]: Advancing to term 1
I20260709 13:15:05.743943 14040 tablet_bootstrap.cc:492] T cd8226a4e4464e69af37fdaeff8b9523 P 31687285885b40cfb9cbb22e11121c0c: No bootstrap required, opened a new log
I20260709 13:15:05.744395 14040 ts_tablet_manager.cc:1403] T cd8226a4e4464e69af37fdaeff8b9523 P 31687285885b40cfb9cbb22e11121c0c: Time spent bootstrapping tablet: real 0.164s	user 0.020s	sys 0.028s
I20260709 13:15:05.742692 14063 raft_consensus.cc:515] T 924426b075574bfe9f64f6d069a323ab P 5042825717214c52a3417d25946c4309 [term 0 FOLLOWER]: Starting pre-election with config: opid_index: -1 OBSOLETE_local: false peers { permanent_uuid: "5042825717214c52a3417d25946c4309" member_type: VOTER last_known_addr { host: "127.12.114.1" port: 43375 } } peers { permanent_uuid: "61386ccb890a4fcfbafc5c7548cda335" member_type: VOTER last_known_addr { host: "127.12.114.2" port: 33857 } } peers { permanent_uuid: "31687285885b40cfb9cbb22e11121c0c" member_type: VOTER last_known_addr { host: "127.12.114.3" port: 38231 } }
I20260709 13:15:05.742163 13924 raft_consensus.cc:2468] T 5a7f8000e69e48aeac8813ad615d1c7b P 61386ccb890a4fcfbafc5c7548cda335 [term 1 FOLLOWER]: Leader election vote request: Granting yes vote for candidate 5042825717214c52a3417d25946c4309 in term 1.
I20260709 13:15:05.749693 14063 leader_election.cc:290] T 924426b075574bfe9f64f6d069a323ab P 5042825717214c52a3417d25946c4309 [CANDIDATE]: Term 1 pre-election: Requested pre-vote from peers 61386ccb890a4fcfbafc5c7548cda335 (127.12.114.2:33857), 31687285885b40cfb9cbb22e11121c0c (127.12.114.3:38231)
I20260709 13:15:05.751643 13995 raft_consensus.cc:2468] T 086be2776181422787a4e284fd40593f P 31687285885b40cfb9cbb22e11121c0c [term 1 FOLLOWER]: Leader election vote request: Granting yes vote for candidate 5042825717214c52a3417d25946c4309 in term 1.
I20260709 13:15:05.753213 13921 raft_consensus.cc:2468] T 086be2776181422787a4e284fd40593f P 61386ccb890a4fcfbafc5c7548cda335 [term 1 FOLLOWER]: Leader election vote request: Granting yes vote for candidate 5042825717214c52a3417d25946c4309 in term 1.
I20260709 13:15:05.753707 14040 raft_consensus.cc:359] T cd8226a4e4464e69af37fdaeff8b9523 P 31687285885b40cfb9cbb22e11121c0c [term 0 FOLLOWER]: Replica starting. Triggering 0 pending ops. Active config: opid_index: -1 OBSOLETE_local: false peers { permanent_uuid: "5042825717214c52a3417d25946c4309" member_type: VOTER last_known_addr { host: "127.12.114.1" port: 43375 } } peers { permanent_uuid: "61386ccb890a4fcfbafc5c7548cda335" member_type: VOTER last_known_addr { host: "127.12.114.2" port: 33857 } } peers { permanent_uuid: "31687285885b40cfb9cbb22e11121c0c" member_type: VOTER last_known_addr { host: "127.12.114.3" port: 38231 } }
I20260709 13:15:05.754380 14040 raft_consensus.cc:385] T cd8226a4e4464e69af37fdaeff8b9523 P 31687285885b40cfb9cbb22e11121c0c [term 0 FOLLOWER]: Consensus starting up: Expiring failure detector timer to make a prompt election more likely
W20260709 13:15:05.740314 13812 leader_election.cc:343] T 5631e3bbdb1f416cbbbaf47f5d09e5e2 P 5042825717214c52a3417d25946c4309 [CANDIDATE]: Term 1 pre-election: Tablet error from VoteRequest() call to peer 61386ccb890a4fcfbafc5c7548cda335 (127.12.114.2:33857): Illegal state: must be running to vote when last-logged opid is not known
I20260709 13:15:05.754711 14040 raft_consensus.cc:740] T cd8226a4e4464e69af37fdaeff8b9523 P 31687285885b40cfb9cbb22e11121c0c [term 0 FOLLOWER]: Becoming Follower/Learner. State: Replica: 31687285885b40cfb9cbb22e11121c0c, State: Initialized, Role: FOLLOWER
W20260709 13:15:05.754894 13813 leader_election.cc:343] T 5631e3bbdb1f416cbbbaf47f5d09e5e2 P 5042825717214c52a3417d25946c4309 [CANDIDATE]: Term 1 pre-election: Tablet error from VoteRequest() call to peer 31687285885b40cfb9cbb22e11121c0c (127.12.114.3:38231): Illegal state: must be running to vote when last-logged opid is not known
I20260709 13:15:05.757118 13813 leader_election.cc:304] T 5631e3bbdb1f416cbbbaf47f5d09e5e2 P 5042825717214c52a3417d25946c4309 [CANDIDATE]: Term 1 pre-election: Election decided. Result: candidate lost. Election summary: received 3 responses out of 3 voters: 1 yes votes; 2 no votes. yes voters: 5042825717214c52a3417d25946c4309; no voters: 31687285885b40cfb9cbb22e11121c0c, 61386ccb890a4fcfbafc5c7548cda335
I20260709 13:15:05.758502 14094 consensus_queue.cc:1048] T fdd135df8d06454b9a63ef5e8cb7eccf P 31687285885b40cfb9cbb22e11121c0c [LEADER]: Connected to new peer: Peer: permanent_uuid: "5042825717214c52a3417d25946c4309" member_type: VOTER last_known_addr { host: "127.12.114.1" port: 43375 }, Status: LMP_MISMATCH, Last received: 0.0, Next index: 1, Last known committed idx: 0, Time since last communication: 0.001s
I20260709 13:15:05.758967 14063 raft_consensus.cc:2749] T 5631e3bbdb1f416cbbbaf47f5d09e5e2 P 5042825717214c52a3417d25946c4309 [term 0 FOLLOWER]: Leader pre-election lost for term 1. Reason: could not achieve majority
I20260709 13:15:05.760308 13996 tablet_service.cc:1917] Received RequestConsensusVote() RPC: tablet_id: "924426b075574bfe9f64f6d069a323ab" candidate_uuid: "5042825717214c52a3417d25946c4309" candidate_term: 1 candidate_status { last_received { term: 0 index: 0 } } ignore_live_leader: false dest_uuid: "31687285885b40cfb9cbb22e11121c0c" is_pre_election: true
I20260709 13:15:05.754386 14039 tablet_bootstrap.cc:492] T 548dd369ccbc40ca8b1867293f7c41cc P 61386ccb890a4fcfbafc5c7548cda335: No bootstrap required, opened a new log
I20260709 13:15:05.761370 14038 tablet_bootstrap.cc:654] T 1b1d0663e0664d46a667f869568506bd P 5042825717214c52a3417d25946c4309: Neither blocks nor log segments found. Creating new log.
I20260709 13:15:05.761569 14039 ts_tablet_manager.cc:1403] T 548dd369ccbc40ca8b1867293f7c41cc P 61386ccb890a4fcfbafc5c7548cda335: Time spent bootstrapping tablet: real 0.166s	user 0.013s	sys 0.013s
I20260709 13:15:05.758522 13813 leader_election.cc:304] T 086be2776181422787a4e284fd40593f P 5042825717214c52a3417d25946c4309 [CANDIDATE]: Term 1 election: Election decided. Result: candidate won. Election summary: received 2 responses out of 3 voters: 2 yes votes; 0 no votes. yes voters: 31687285885b40cfb9cbb22e11121c0c, 5042825717214c52a3417d25946c4309; no voters: 
I20260709 13:15:05.762327 13998 raft_consensus.cc:2468] T 5a7f8000e69e48aeac8813ad615d1c7b P 31687285885b40cfb9cbb22e11121c0c [term 1 FOLLOWER]: Leader election vote request: Granting yes vote for candidate 5042825717214c52a3417d25946c4309 in term 1.
I20260709 13:15:05.763106 14092 raft_consensus.cc:2804] T 086be2776181422787a4e284fd40593f P 5042825717214c52a3417d25946c4309 [term 1 FOLLOWER]: Leader election won for term 1
I20260709 13:15:05.763622 14092 raft_consensus.cc:697] T 086be2776181422787a4e284fd40593f P 5042825717214c52a3417d25946c4309 [term 1 LEADER]: Becoming Leader. State: Replica: 5042825717214c52a3417d25946c4309, State: Running, Role: LEADER
I20260709 13:15:05.764595 13812 leader_election.cc:304] T 5a7f8000e69e48aeac8813ad615d1c7b P 5042825717214c52a3417d25946c4309 [CANDIDATE]: Term 1 election: Election decided. Result: candidate won. Election summary: received 2 responses out of 3 voters: 2 yes votes; 0 no votes. yes voters: 5042825717214c52a3417d25946c4309, 61386ccb890a4fcfbafc5c7548cda335; no voters: 
I20260709 13:15:05.764457 14092 consensus_queue.cc:237] T 086be2776181422787a4e284fd40593f P 5042825717214c52a3417d25946c4309 [LEADER]: Queue going to LEADER mode. State: All replicated index: 0, Majority replicated index: 0, Committed index: 0, Last appended: 0.0, Last appended by leader: 0, Current term: 1, Majority size: 2, State: 0, Mode: LEADER, active raft config: opid_index: -1 OBSOLETE_local: false peers { permanent_uuid: "5042825717214c52a3417d25946c4309" member_type: VOTER last_known_addr { host: "127.12.114.1" port: 43375 } } peers { permanent_uuid: "61386ccb890a4fcfbafc5c7548cda335" member_type: VOTER last_known_addr { host: "127.12.114.2" port: 33857 } } peers { permanent_uuid: "31687285885b40cfb9cbb22e11121c0c" member_type: VOTER last_known_addr { host: "127.12.114.3" port: 38231 } }
I20260709 13:15:05.765515 14123 raft_consensus.cc:2804] T 5a7f8000e69e48aeac8813ad615d1c7b P 5042825717214c52a3417d25946c4309 [term 1 FOLLOWER]: Leader election won for term 1
I20260709 13:15:05.766096 14123 raft_consensus.cc:697] T 5a7f8000e69e48aeac8813ad615d1c7b P 5042825717214c52a3417d25946c4309 [term 1 LEADER]: Becoming Leader. State: Replica: 5042825717214c52a3417d25946c4309, State: Running, Role: LEADER
I20260709 13:15:05.746047 14125 leader_election.cc:290] T 086be2776181422787a4e284fd40593f P 5042825717214c52a3417d25946c4309 [CANDIDATE]: Term 1 election: Requested vote from peers 61386ccb890a4fcfbafc5c7548cda335 (127.12.114.2:33857), 31687285885b40cfb9cbb22e11121c0c (127.12.114.3:38231)
I20260709 13:15:05.767338 14125 raft_consensus.cc:493] T 5624c1cb9340411e951f0f7918fcc350 P 5042825717214c52a3417d25946c4309 [term 0 FOLLOWER]: Starting pre-election (no leader contacted us within the election timeout)
I20260709 13:15:05.767088 14123 consensus_queue.cc:237] T 5a7f8000e69e48aeac8813ad615d1c7b P 5042825717214c52a3417d25946c4309 [LEADER]: Queue going to LEADER mode. State: All replicated index: 0, Majority replicated index: 0, Committed index: 0, Last appended: 0.0, Last appended by leader: 0, Current term: 1, Majority size: 2, State: 0, Mode: LEADER, active raft config: opid_index: -1 OBSOLETE_local: false peers { permanent_uuid: "5042825717214c52a3417d25946c4309" member_type: VOTER last_known_addr { host: "127.12.114.1" port: 43375 } } peers { permanent_uuid: "61386ccb890a4fcfbafc5c7548cda335" member_type: VOTER last_known_addr { host: "127.12.114.2" port: 33857 } } peers { permanent_uuid: "31687285885b40cfb9cbb22e11121c0c" member_type: VOTER last_known_addr { host: "127.12.114.3" port: 38231 } }
I20260709 13:15:05.767793 14125 raft_consensus.cc:515] T 5624c1cb9340411e951f0f7918fcc350 P 5042825717214c52a3417d25946c4309 [term 0 FOLLOWER]: Starting pre-election with config: opid_index: -1 OBSOLETE_local: false peers { permanent_uuid: "5042825717214c52a3417d25946c4309" member_type: VOTER last_known_addr { host: "127.12.114.1" port: 43375 } } peers { permanent_uuid: "61386ccb890a4fcfbafc5c7548cda335" member_type: VOTER last_known_addr { host: "127.12.114.2" port: 33857 } } peers { permanent_uuid: "31687285885b40cfb9cbb22e11121c0c" member_type: VOTER last_known_addr { host: "127.12.114.3" port: 38231 } }
I20260709 13:15:05.769761 14125 leader_election.cc:290] T 5624c1cb9340411e951f0f7918fcc350 P 5042825717214c52a3417d25946c4309 [CANDIDATE]: Term 1 pre-election: Requested pre-vote from peers 61386ccb890a4fcfbafc5c7548cda335 (127.12.114.2:33857), 31687285885b40cfb9cbb22e11121c0c (127.12.114.3:38231)
W20260709 13:15:05.770373 13813 leader_election.cc:343] T 924426b075574bfe9f64f6d069a323ab P 5042825717214c52a3417d25946c4309 [CANDIDATE]: Term 1 pre-election: Tablet error from VoteRequest() call to peer 31687285885b40cfb9cbb22e11121c0c (127.12.114.3:38231): Illegal state: must be running to vote when last-logged opid is not known
I20260709 13:15:05.770591 13924 tablet_service.cc:1917] Received RequestConsensusVote() RPC: tablet_id: "924426b075574bfe9f64f6d069a323ab" candidate_uuid: "5042825717214c52a3417d25946c4309" candidate_term: 1 candidate_status { last_received { term: 0 index: 0 } } ignore_live_leader: false dest_uuid: "61386ccb890a4fcfbafc5c7548cda335" is_pre_election: true
I20260709 13:15:05.772008 13998 tablet_service.cc:1917] Received RequestConsensusVote() RPC: tablet_id: "5624c1cb9340411e951f0f7918fcc350" candidate_uuid: "5042825717214c52a3417d25946c4309" candidate_term: 1 candidate_status { last_received { term: 0 index: 0 } } ignore_live_leader: false dest_uuid: "31687285885b40cfb9cbb22e11121c0c" is_pre_election: true
I20260709 13:15:05.755535 14040 consensus_queue.cc:260] T cd8226a4e4464e69af37fdaeff8b9523 P 31687285885b40cfb9cbb22e11121c0c [NON_LEADER]: Queue going to NON_LEADER mode. State: All replicated index: 0, Majority replicated index: 0, Committed index: 0, Last appended: 0.0, Last appended by leader: 0, Current term: 0, Majority size: -1, State: 0, Mode: NON_LEADER, active raft config: opid_index: -1 OBSOLETE_local: false peers { permanent_uuid: "5042825717214c52a3417d25946c4309" member_type: VOTER last_known_addr { host: "127.12.114.1" port: 43375 } } peers { permanent_uuid: "61386ccb890a4fcfbafc5c7548cda335" member_type: VOTER last_known_addr { host: "127.12.114.2" port: 33857 } } peers { permanent_uuid: "31687285885b40cfb9cbb22e11121c0c" member_type: VOTER last_known_addr { host: "127.12.114.3" port: 38231 } }
I20260709 13:15:05.775104 13924 tablet_service.cc:1917] Received RequestConsensusVote() RPC: tablet_id: "5624c1cb9340411e951f0f7918fcc350" candidate_uuid: "5042825717214c52a3417d25946c4309" candidate_term: 1 candidate_status { last_received { term: 0 index: 0 } } ignore_live_leader: false dest_uuid: "61386ccb890a4fcfbafc5c7548cda335" is_pre_election: true
I20260709 13:15:05.776636 14040 ts_tablet_manager.cc:1434] T cd8226a4e4464e69af37fdaeff8b9523 P 31687285885b40cfb9cbb22e11121c0c: Time spent starting tablet: real 0.032s	user 0.008s	sys 0.001s
I20260709 13:15:05.777639 14040 tablet_bootstrap.cc:492] T 924426b075574bfe9f64f6d069a323ab P 31687285885b40cfb9cbb22e11121c0c: Bootstrap starting.
W20260709 13:15:05.777874 13813 leader_election.cc:343] T 5624c1cb9340411e951f0f7918fcc350 P 5042825717214c52a3417d25946c4309 [CANDIDATE]: Term 1 pre-election: Tablet error from VoteRequest() call to peer 31687285885b40cfb9cbb22e11121c0c (127.12.114.3:38231): Illegal state: must be running to vote when last-logged opid is not known
I20260709 13:15:05.780083 14039 raft_consensus.cc:359] T 548dd369ccbc40ca8b1867293f7c41cc P 61386ccb890a4fcfbafc5c7548cda335 [term 0 FOLLOWER]: Replica starting. Triggering 0 pending ops. Active config: opid_index: -1 OBSOLETE_local: false peers { permanent_uuid: "5042825717214c52a3417d25946c4309" member_type: VOTER last_known_addr { host: "127.12.114.1" port: 43375 } } peers { permanent_uuid: "61386ccb890a4fcfbafc5c7548cda335" member_type: VOTER last_known_addr { host: "127.12.114.2" port: 33857 } } peers { permanent_uuid: "31687285885b40cfb9cbb22e11121c0c" member_type: VOTER last_known_addr { host: "127.12.114.3" port: 38231 } }
I20260709 13:15:05.780752 14039 raft_consensus.cc:385] T 548dd369ccbc40ca8b1867293f7c41cc P 61386ccb890a4fcfbafc5c7548cda335 [term 0 FOLLOWER]: Consensus starting up: Expiring failure detector timer to make a prompt election more likely
I20260709 13:15:05.781013 14039 raft_consensus.cc:740] T 548dd369ccbc40ca8b1867293f7c41cc P 61386ccb890a4fcfbafc5c7548cda335 [term 0 FOLLOWER]: Becoming Follower/Learner. State: Replica: 61386ccb890a4fcfbafc5c7548cda335, State: Initialized, Role: FOLLOWER
W20260709 13:15:05.784655 13812 leader_election.cc:343] T 924426b075574bfe9f64f6d069a323ab P 5042825717214c52a3417d25946c4309 [CANDIDATE]: Term 1 pre-election: Tablet error from VoteRequest() call to peer 61386ccb890a4fcfbafc5c7548cda335 (127.12.114.2:33857): Illegal state: must be running to vote when last-logged opid is not known
I20260709 13:15:05.785106 13812 leader_election.cc:304] T 924426b075574bfe9f64f6d069a323ab P 5042825717214c52a3417d25946c4309 [CANDIDATE]: Term 1 pre-election: Election decided. Result: candidate lost. Election summary: received 3 responses out of 3 voters: 1 yes votes; 2 no votes. yes voters: 5042825717214c52a3417d25946c4309; no voters: 31687285885b40cfb9cbb22e11121c0c, 61386ccb890a4fcfbafc5c7548cda335
I20260709 13:15:05.785856 14092 raft_consensus.cc:2749] T 924426b075574bfe9f64f6d069a323ab P 5042825717214c52a3417d25946c4309 [term 0 FOLLOWER]: Leader pre-election lost for term 1. Reason: could not achieve majority
W20260709 13:15:05.786216 13812 leader_election.cc:343] T 5624c1cb9340411e951f0f7918fcc350 P 5042825717214c52a3417d25946c4309 [CANDIDATE]: Term 1 pre-election: Tablet error from VoteRequest() call to peer 61386ccb890a4fcfbafc5c7548cda335 (127.12.114.2:33857): Illegal state: must be running to vote when last-logged opid is not known
I20260709 13:15:05.786654 13812 leader_election.cc:304] T 5624c1cb9340411e951f0f7918fcc350 P 5042825717214c52a3417d25946c4309 [CANDIDATE]: Term 1 pre-election: Election decided. Result: candidate lost. Election summary: received 3 responses out of 3 voters: 1 yes votes; 2 no votes. yes voters: 5042825717214c52a3417d25946c4309; no voters: 31687285885b40cfb9cbb22e11121c0c, 61386ccb890a4fcfbafc5c7548cda335
I20260709 13:15:05.787648 14092 raft_consensus.cc:2749] T 5624c1cb9340411e951f0f7918fcc350 P 5042825717214c52a3417d25946c4309 [term 0 FOLLOWER]: Leader pre-election lost for term 1. Reason: could not achieve majority
I20260709 13:15:05.789254 14039 consensus_queue.cc:260] T 548dd369ccbc40ca8b1867293f7c41cc P 61386ccb890a4fcfbafc5c7548cda335 [NON_LEADER]: Queue going to NON_LEADER mode. State: All replicated index: 0, Majority replicated index: 0, Committed index: 0, Last appended: 0.0, Last appended by leader: 0, Current term: 0, Majority size: -1, State: 0, Mode: NON_LEADER, active raft config: opid_index: -1 OBSOLETE_local: false peers { permanent_uuid: "5042825717214c52a3417d25946c4309" member_type: VOTER last_known_addr { host: "127.12.114.1" port: 43375 } } peers { permanent_uuid: "61386ccb890a4fcfbafc5c7548cda335" member_type: VOTER last_known_addr { host: "127.12.114.2" port: 33857 } } peers { permanent_uuid: "31687285885b40cfb9cbb22e11121c0c" member_type: VOTER last_known_addr { host: "127.12.114.3" port: 38231 } }
I20260709 13:15:05.791400 14039 ts_tablet_manager.cc:1434] T 548dd369ccbc40ca8b1867293f7c41cc P 61386ccb890a4fcfbafc5c7548cda335: Time spent starting tablet: real 0.030s	user 0.002s	sys 0.003s
I20260709 13:15:05.792923 14040 tablet_bootstrap.cc:654] T 924426b075574bfe9f64f6d069a323ab P 31687285885b40cfb9cbb22e11121c0c: Neither blocks nor log segments found. Creating new log.
I20260709 13:15:05.795058 14039 tablet_bootstrap.cc:492] T cd8226a4e4464e69af37fdaeff8b9523 P 61386ccb890a4fcfbafc5c7548cda335: Bootstrap starting.
I20260709 13:15:05.796221 13746 catalog_manager.cc:5697] T 5a7f8000e69e48aeac8813ad615d1c7b P 5042825717214c52a3417d25946c4309 reported cstate change: term changed from 0 to 1, leader changed from <none> to 5042825717214c52a3417d25946c4309 (127.12.114.1). New cstate: current_term: 1 leader_uuid: "5042825717214c52a3417d25946c4309" committed_config { opid_index: -1 OBSOLETE_local: false peers { permanent_uuid: "5042825717214c52a3417d25946c4309" member_type: VOTER last_known_addr { host: "127.12.114.1" port: 43375 } health_report { overall_health: HEALTHY } } peers { permanent_uuid: "61386ccb890a4fcfbafc5c7548cda335" member_type: VOTER last_known_addr { host: "127.12.114.2" port: 33857 } health_report { overall_health: UNKNOWN } } peers { permanent_uuid: "31687285885b40cfb9cbb22e11121c0c" member_type: VOTER last_known_addr { host: "127.12.114.3" port: 38231 } health_report { overall_health: UNKNOWN } } }
I20260709 13:15:05.798735 13746 catalog_manager.cc:5697] T 086be2776181422787a4e284fd40593f P 5042825717214c52a3417d25946c4309 reported cstate change: term changed from 0 to 1, leader changed from <none> to 5042825717214c52a3417d25946c4309 (127.12.114.1). New cstate: current_term: 1 leader_uuid: "5042825717214c52a3417d25946c4309" committed_config { opid_index: -1 OBSOLETE_local: false peers { permanent_uuid: "5042825717214c52a3417d25946c4309" member_type: VOTER last_known_addr { host: "127.12.114.1" port: 43375 } health_report { overall_health: HEALTHY } } peers { permanent_uuid: "61386ccb890a4fcfbafc5c7548cda335" member_type: VOTER last_known_addr { host: "127.12.114.2" port: 33857 } health_report { overall_health: UNKNOWN } } peers { permanent_uuid: "31687285885b40cfb9cbb22e11121c0c" member_type: VOTER last_known_addr { host: "127.12.114.3" port: 38231 } health_report { overall_health: UNKNOWN } } }
I20260709 13:15:05.805193 14038 tablet_bootstrap.cc:492] T 1b1d0663e0664d46a667f869568506bd P 5042825717214c52a3417d25946c4309: No bootstrap required, opened a new log
I20260709 13:15:05.805668 14038 ts_tablet_manager.cc:1403] T 1b1d0663e0664d46a667f869568506bd P 5042825717214c52a3417d25946c4309: Time spent bootstrapping tablet: real 0.065s	user 0.010s	sys 0.000s
I20260709 13:15:05.805346 14092 consensus_queue.cc:1048] T 84cbdef918704a6ba464e22c4227b313 P 5042825717214c52a3417d25946c4309 [LEADER]: Connected to new peer: Peer: permanent_uuid: "31687285885b40cfb9cbb22e11121c0c" member_type: VOTER last_known_addr { host: "127.12.114.3" port: 38231 }, Status: LMP_MISMATCH, Last received: 0.0, Next index: 1, Last known committed idx: 0, Time since last communication: 0.001s
I20260709 13:15:05.808619 14038 raft_consensus.cc:359] T 1b1d0663e0664d46a667f869568506bd P 5042825717214c52a3417d25946c4309 [term 0 FOLLOWER]: Replica starting. Triggering 0 pending ops. Active config: opid_index: -1 OBSOLETE_local: false peers { permanent_uuid: "5042825717214c52a3417d25946c4309" member_type: VOTER last_known_addr { host: "127.12.114.1" port: 43375 } } peers { permanent_uuid: "61386ccb890a4fcfbafc5c7548cda335" member_type: VOTER last_known_addr { host: "127.12.114.2" port: 33857 } } peers { permanent_uuid: "31687285885b40cfb9cbb22e11121c0c" member_type: VOTER last_known_addr { host: "127.12.114.3" port: 38231 } }
I20260709 13:15:05.809674 14038 raft_consensus.cc:385] T 1b1d0663e0664d46a667f869568506bd P 5042825717214c52a3417d25946c4309 [term 0 FOLLOWER]: Consensus starting up: Expiring failure detector timer to make a prompt election more likely
I20260709 13:15:05.810923 14039 tablet_bootstrap.cc:654] T cd8226a4e4464e69af37fdaeff8b9523 P 61386ccb890a4fcfbafc5c7548cda335: Neither blocks nor log segments found. Creating new log.
I20260709 13:15:05.811025 14044 raft_consensus.cc:493] T 548dd369ccbc40ca8b1867293f7c41cc P 61386ccb890a4fcfbafc5c7548cda335 [term 0 FOLLOWER]: Starting pre-election (no leader contacted us within the election timeout)
I20260709 13:15:05.811712 14044 raft_consensus.cc:515] T 548dd369ccbc40ca8b1867293f7c41cc P 61386ccb890a4fcfbafc5c7548cda335 [term 0 FOLLOWER]: Starting pre-election with config: opid_index: -1 OBSOLETE_local: false peers { permanent_uuid: "5042825717214c52a3417d25946c4309" member_type: VOTER last_known_addr { host: "127.12.114.1" port: 43375 } } peers { permanent_uuid: "61386ccb890a4fcfbafc5c7548cda335" member_type: VOTER last_known_addr { host: "127.12.114.2" port: 33857 } } peers { permanent_uuid: "31687285885b40cfb9cbb22e11121c0c" member_type: VOTER last_known_addr { host: "127.12.114.3" port: 38231 } }
I20260709 13:15:05.815690 13996 tablet_service.cc:1917] Received RequestConsensusVote() RPC: tablet_id: "548dd369ccbc40ca8b1867293f7c41cc" candidate_uuid: "61386ccb890a4fcfbafc5c7548cda335" candidate_term: 1 candidate_status { last_received { term: 0 index: 0 } } ignore_live_leader: false dest_uuid: "31687285885b40cfb9cbb22e11121c0c" is_pre_election: true
I20260709 13:15:05.817250 13924 raft_consensus.cc:3060] T 84cbdef918704a6ba464e22c4227b313 P 61386ccb890a4fcfbafc5c7548cda335 [term 0 FOLLOWER]: Advancing to term 1
I20260709 13:15:05.817894 13849 tablet_service.cc:1917] Received RequestConsensusVote() RPC: tablet_id: "548dd369ccbc40ca8b1867293f7c41cc" candidate_uuid: "61386ccb890a4fcfbafc5c7548cda335" candidate_term: 1 candidate_status { last_received { term: 0 index: 0 } } ignore_live_leader: false dest_uuid: "5042825717214c52a3417d25946c4309" is_pre_election: true
I20260709 13:15:05.818750 13849 raft_consensus.cc:2468] T 548dd369ccbc40ca8b1867293f7c41cc P 5042825717214c52a3417d25946c4309 [term 0 FOLLOWER]: Leader pre-election vote request: Granting yes vote for candidate 61386ccb890a4fcfbafc5c7548cda335 in term 0.
I20260709 13:15:05.820277 14044 leader_election.cc:290] T 548dd369ccbc40ca8b1867293f7c41cc P 61386ccb890a4fcfbafc5c7548cda335 [CANDIDATE]: Term 1 pre-election: Requested pre-vote from peers 5042825717214c52a3417d25946c4309 (127.12.114.1:43375), 31687285885b40cfb9cbb22e11121c0c (127.12.114.3:38231)
W20260709 13:15:05.821247 13888 leader_election.cc:343] T 548dd369ccbc40ca8b1867293f7c41cc P 61386ccb890a4fcfbafc5c7548cda335 [CANDIDATE]: Term 1 pre-election: Tablet error from VoteRequest() call to peer 31687285885b40cfb9cbb22e11121c0c (127.12.114.3:38231): Illegal state: must be running to vote when last-logged opid is not known
I20260709 13:15:05.823081 13889 leader_election.cc:304] T 548dd369ccbc40ca8b1867293f7c41cc P 61386ccb890a4fcfbafc5c7548cda335 [CANDIDATE]: Term 1 pre-election: Election decided. Result: candidate won. Election summary: received 3 responses out of 3 voters: 2 yes votes; 1 no votes. yes voters: 5042825717214c52a3417d25946c4309, 61386ccb890a4fcfbafc5c7548cda335; no voters: 31687285885b40cfb9cbb22e11121c0c
I20260709 13:15:05.825610 14044 raft_consensus.cc:2804] T 548dd369ccbc40ca8b1867293f7c41cc P 61386ccb890a4fcfbafc5c7548cda335 [term 0 FOLLOWER]: Leader pre-election won for term 1
I20260709 13:15:05.825959 14044 raft_consensus.cc:493] T 548dd369ccbc40ca8b1867293f7c41cc P 61386ccb890a4fcfbafc5c7548cda335 [term 0 FOLLOWER]: Starting leader election (no leader contacted us within the election timeout)
I20260709 13:15:05.826316 14044 raft_consensus.cc:3060] T 548dd369ccbc40ca8b1867293f7c41cc P 61386ccb890a4fcfbafc5c7548cda335 [term 0 FOLLOWER]: Advancing to term 1
I20260709 13:15:05.826890 14092 consensus_queue.cc:1048] T dc071158d4ce4413af04b4fccc32137f P 5042825717214c52a3417d25946c4309 [LEADER]: Connected to new peer: Peer: permanent_uuid: "61386ccb890a4fcfbafc5c7548cda335" member_type: VOTER last_known_addr { host: "127.12.114.2" port: 33857 }, Status: LMP_MISMATCH, Last received: 0.0, Next index: 1, Last known committed idx: 0, Time since last communication: 0.000s
I20260709 13:15:05.829339 14092 consensus_queue.cc:1048] T 84cbdef918704a6ba464e22c4227b313 P 5042825717214c52a3417d25946c4309 [LEADER]: Connected to new peer: Peer: permanent_uuid: "61386ccb890a4fcfbafc5c7548cda335" member_type: VOTER last_known_addr { host: "127.12.114.2" port: 33857 }, Status: LMP_MISMATCH, Last received: 0.0, Next index: 1, Last known committed idx: 0, Time since last communication: 0.000s
I20260709 13:15:05.809971 14038 raft_consensus.cc:740] T 1b1d0663e0664d46a667f869568506bd P 5042825717214c52a3417d25946c4309 [term 0 FOLLOWER]: Becoming Follower/Learner. State: Replica: 5042825717214c52a3417d25946c4309, State: Initialized, Role: FOLLOWER
I20260709 13:15:05.832504 14038 consensus_queue.cc:260] T 1b1d0663e0664d46a667f869568506bd P 5042825717214c52a3417d25946c4309 [NON_LEADER]: Queue going to NON_LEADER mode. State: All replicated index: 0, Majority replicated index: 0, Committed index: 0, Last appended: 0.0, Last appended by leader: 0, Current term: 0, Majority size: -1, State: 0, Mode: NON_LEADER, active raft config: opid_index: -1 OBSOLETE_local: false peers { permanent_uuid: "5042825717214c52a3417d25946c4309" member_type: VOTER last_known_addr { host: "127.12.114.1" port: 43375 } } peers { permanent_uuid: "61386ccb890a4fcfbafc5c7548cda335" member_type: VOTER last_known_addr { host: "127.12.114.2" port: 33857 } } peers { permanent_uuid: "31687285885b40cfb9cbb22e11121c0c" member_type: VOTER last_known_addr { host: "127.12.114.3" port: 38231 } }
I20260709 13:15:05.843324 14038 ts_tablet_manager.cc:1434] T 1b1d0663e0664d46a667f869568506bd P 5042825717214c52a3417d25946c4309: Time spent starting tablet: real 0.037s	user 0.008s	sys 0.000s
I20260709 13:15:05.844538 14038 tablet_bootstrap.cc:492] T 3fb2dcf730ee48d7a7b7f71db9181f6c P 5042825717214c52a3417d25946c4309: Bootstrap starting.
I20260709 13:15:05.848626 14044 raft_consensus.cc:515] T 548dd369ccbc40ca8b1867293f7c41cc P 61386ccb890a4fcfbafc5c7548cda335 [term 1 FOLLOWER]: Starting leader election with config: opid_index: -1 OBSOLETE_local: false peers { permanent_uuid: "5042825717214c52a3417d25946c4309" member_type: VOTER last_known_addr { host: "127.12.114.1" port: 43375 } } peers { permanent_uuid: "61386ccb890a4fcfbafc5c7548cda335" member_type: VOTER last_known_addr { host: "127.12.114.2" port: 33857 } } peers { permanent_uuid: "31687285885b40cfb9cbb22e11121c0c" member_type: VOTER last_known_addr { host: "127.12.114.3" port: 38231 } }
I20260709 13:15:05.851871 13849 tablet_service.cc:1917] Received RequestConsensusVote() RPC: tablet_id: "548dd369ccbc40ca8b1867293f7c41cc" candidate_uuid: "61386ccb890a4fcfbafc5c7548cda335" candidate_term: 1 candidate_status { last_received { term: 0 index: 0 } } ignore_live_leader: false dest_uuid: "5042825717214c52a3417d25946c4309"
I20260709 13:15:05.853109 13849 raft_consensus.cc:3060] T 548dd369ccbc40ca8b1867293f7c41cc P 5042825717214c52a3417d25946c4309 [term 0 FOLLOWER]: Advancing to term 1
I20260709 13:15:05.855986 14090 raft_consensus.cc:493] T 1b1d0663e0664d46a667f869568506bd P 61386ccb890a4fcfbafc5c7548cda335 [term 0 FOLLOWER]: Starting pre-election (no leader contacted us within the election timeout)
I20260709 13:15:05.856911 14090 raft_consensus.cc:515] T 1b1d0663e0664d46a667f869568506bd P 61386ccb890a4fcfbafc5c7548cda335 [term 0 FOLLOWER]: Starting pre-election with config: opid_index: -1 OBSOLETE_local: false peers { permanent_uuid: "5042825717214c52a3417d25946c4309" member_type: VOTER last_known_addr { host: "127.12.114.1" port: 43375 } } peers { permanent_uuid: "61386ccb890a4fcfbafc5c7548cda335" member_type: VOTER last_known_addr { host: "127.12.114.2" port: 33857 } } peers { permanent_uuid: "31687285885b40cfb9cbb22e11121c0c" member_type: VOTER last_known_addr { host: "127.12.114.3" port: 38231 } }
I20260709 13:15:05.858978 14090 leader_election.cc:290] T 1b1d0663e0664d46a667f869568506bd P 61386ccb890a4fcfbafc5c7548cda335 [CANDIDATE]: Term 1 pre-election: Requested pre-vote from peers 5042825717214c52a3417d25946c4309 (127.12.114.1:43375), 31687285885b40cfb9cbb22e11121c0c (127.12.114.3:38231)
I20260709 13:15:05.862214 14040 tablet_bootstrap.cc:492] T 924426b075574bfe9f64f6d069a323ab P 31687285885b40cfb9cbb22e11121c0c: No bootstrap required, opened a new log
I20260709 13:15:05.861907 13848 tablet_service.cc:1917] Received RequestConsensusVote() RPC: tablet_id: "1b1d0663e0664d46a667f869568506bd" candidate_uuid: "61386ccb890a4fcfbafc5c7548cda335" candidate_term: 1 candidate_status { last_received { term: 0 index: 0 } } ignore_live_leader: false dest_uuid: "5042825717214c52a3417d25946c4309" is_pre_election: true
I20260709 13:15:05.862686 14040 ts_tablet_manager.cc:1403] T 924426b075574bfe9f64f6d069a323ab P 31687285885b40cfb9cbb22e11121c0c: Time spent bootstrapping tablet: real 0.085s	user 0.015s	sys 0.020s
I20260709 13:15:05.862818 13848 raft_consensus.cc:2468] T 1b1d0663e0664d46a667f869568506bd P 5042825717214c52a3417d25946c4309 [term 0 FOLLOWER]: Leader pre-election vote request: Granting yes vote for candidate 61386ccb890a4fcfbafc5c7548cda335 in term 0.
I20260709 13:15:05.869297 13889 leader_election.cc:304] T 1b1d0663e0664d46a667f869568506bd P 61386ccb890a4fcfbafc5c7548cda335 [CANDIDATE]: Term 1 pre-election: Election decided. Result: candidate won. Election summary: received 2 responses out of 3 voters: 2 yes votes; 0 no votes. yes voters: 5042825717214c52a3417d25946c4309, 61386ccb890a4fcfbafc5c7548cda335; no voters: 
I20260709 13:15:05.869537 13995 tablet_service.cc:1917] Received RequestConsensusVote() RPC: tablet_id: "1b1d0663e0664d46a667f869568506bd" candidate_uuid: "61386ccb890a4fcfbafc5c7548cda335" candidate_term: 1 candidate_status { last_received { term: 0 index: 0 } } ignore_live_leader: false dest_uuid: "31687285885b40cfb9cbb22e11121c0c" is_pre_election: true
I20260709 13:15:05.870455 14090 raft_consensus.cc:2804] T 1b1d0663e0664d46a667f869568506bd P 61386ccb890a4fcfbafc5c7548cda335 [term 0 FOLLOWER]: Leader pre-election won for term 1
I20260709 13:15:05.870958 14090 raft_consensus.cc:493] T 1b1d0663e0664d46a667f869568506bd P 61386ccb890a4fcfbafc5c7548cda335 [term 0 FOLLOWER]: Starting leader election (no leader contacted us within the election timeout)
I20260709 13:15:05.871382 14090 raft_consensus.cc:3060] T 1b1d0663e0664d46a667f869568506bd P 61386ccb890a4fcfbafc5c7548cda335 [term 0 FOLLOWER]: Advancing to term 1
W20260709 13:15:05.871796 13888 leader_election.cc:343] T 1b1d0663e0664d46a667f869568506bd P 61386ccb890a4fcfbafc5c7548cda335 [CANDIDATE]: Term 1 pre-election: Tablet error from VoteRequest() call to peer 31687285885b40cfb9cbb22e11121c0c (127.12.114.3:38231): Illegal state: must be running to vote when last-logged opid is not known
I20260709 13:15:05.873608 14125 consensus_queue.cc:1048] T dc071158d4ce4413af04b4fccc32137f P 5042825717214c52a3417d25946c4309 [LEADER]: Connected to new peer: Peer: permanent_uuid: "31687285885b40cfb9cbb22e11121c0c" member_type: VOTER last_known_addr { host: "127.12.114.3" port: 38231 }, Status: LMP_MISMATCH, Last received: 0.0, Next index: 1, Last known committed idx: 0, Time since last communication: 0.001s
I20260709 13:15:05.885425 13996 tablet_service.cc:1917] Received RequestConsensusVote() RPC: tablet_id: "548dd369ccbc40ca8b1867293f7c41cc" candidate_uuid: "61386ccb890a4fcfbafc5c7548cda335" candidate_term: 1 candidate_status { last_received { term: 0 index: 0 } } ignore_live_leader: false dest_uuid: "31687285885b40cfb9cbb22e11121c0c"
I20260709 13:15:05.886097 13849 raft_consensus.cc:2468] T 548dd369ccbc40ca8b1867293f7c41cc P 5042825717214c52a3417d25946c4309 [term 1 FOLLOWER]: Leader election vote request: Granting yes vote for candidate 61386ccb890a4fcfbafc5c7548cda335 in term 1.
W20260709 13:15:05.886842 13888 leader_election.cc:343] T 548dd369ccbc40ca8b1867293f7c41cc P 61386ccb890a4fcfbafc5c7548cda335 [CANDIDATE]: Term 1 election: Tablet error from VoteRequest() call to peer 31687285885b40cfb9cbb22e11121c0c (127.12.114.3:38231): Illegal state: must be running to vote when last-logged opid is not known
I20260709 13:15:05.887614 13889 leader_election.cc:304] T 548dd369ccbc40ca8b1867293f7c41cc P 61386ccb890a4fcfbafc5c7548cda335 [CANDIDATE]: Term 1 election: Election decided. Result: candidate won. Election summary: received 3 responses out of 3 voters: 2 yes votes; 1 no votes. yes voters: 5042825717214c52a3417d25946c4309, 61386ccb890a4fcfbafc5c7548cda335; no voters: 31687285885b40cfb9cbb22e11121c0c
I20260709 13:15:05.888841 14044 leader_election.cc:290] T 548dd369ccbc40ca8b1867293f7c41cc P 61386ccb890a4fcfbafc5c7548cda335 [CANDIDATE]: Term 1 election: Requested vote from peers 5042825717214c52a3417d25946c4309 (127.12.114.1:43375), 31687285885b40cfb9cbb22e11121c0c (127.12.114.3:38231)
I20260709 13:15:05.894795 14044 raft_consensus.cc:2804] T 548dd369ccbc40ca8b1867293f7c41cc P 61386ccb890a4fcfbafc5c7548cda335 [term 1 FOLLOWER]: Leader election won for term 1
I20260709 13:15:05.895413 14044 raft_consensus.cc:697] T 548dd369ccbc40ca8b1867293f7c41cc P 61386ccb890a4fcfbafc5c7548cda335 [term 1 LEADER]: Becoming Leader. State: Replica: 61386ccb890a4fcfbafc5c7548cda335, State: Running, Role: LEADER
I20260709 13:15:05.897234 14039 tablet_bootstrap.cc:492] T cd8226a4e4464e69af37fdaeff8b9523 P 61386ccb890a4fcfbafc5c7548cda335: No bootstrap required, opened a new log
I20260709 13:15:05.896762 14044 consensus_queue.cc:237] T 548dd369ccbc40ca8b1867293f7c41cc P 61386ccb890a4fcfbafc5c7548cda335 [LEADER]: Queue going to LEADER mode. State: All replicated index: 0, Majority replicated index: 0, Committed index: 0, Last appended: 0.0, Last appended by leader: 0, Current term: 1, Majority size: 2, State: 0, Mode: LEADER, active raft config: opid_index: -1 OBSOLETE_local: false peers { permanent_uuid: "5042825717214c52a3417d25946c4309" member_type: VOTER last_known_addr { host: "127.12.114.1" port: 43375 } } peers { permanent_uuid: "61386ccb890a4fcfbafc5c7548cda335" member_type: VOTER last_known_addr { host: "127.12.114.2" port: 33857 } } peers { permanent_uuid: "31687285885b40cfb9cbb22e11121c0c" member_type: VOTER last_known_addr { host: "127.12.114.3" port: 38231 } }
I20260709 13:15:05.897778 14039 ts_tablet_manager.cc:1403] T cd8226a4e4464e69af37fdaeff8b9523 P 61386ccb890a4fcfbafc5c7548cda335: Time spent bootstrapping tablet: real 0.103s	user 0.016s	sys 0.034s
I20260709 13:15:05.900265 14040 raft_consensus.cc:359] T 924426b075574bfe9f64f6d069a323ab P 31687285885b40cfb9cbb22e11121c0c [term 0 FOLLOWER]: Replica starting. Triggering 0 pending ops. Active config: opid_index: -1 OBSOLETE_local: false peers { permanent_uuid: "5042825717214c52a3417d25946c4309" member_type: VOTER last_known_addr { host: "127.12.114.1" port: 43375 } } peers { permanent_uuid: "61386ccb890a4fcfbafc5c7548cda335" member_type: VOTER last_known_addr { host: "127.12.114.2" port: 33857 } } peers { permanent_uuid: "31687285885b40cfb9cbb22e11121c0c" member_type: VOTER last_known_addr { host: "127.12.114.3" port: 38231 } }
I20260709 13:15:05.901250 14040 raft_consensus.cc:385] T 924426b075574bfe9f64f6d069a323ab P 31687285885b40cfb9cbb22e11121c0c [term 0 FOLLOWER]: Consensus starting up: Expiring failure detector timer to make a prompt election more likely
I20260709 13:15:05.901587 14040 raft_consensus.cc:740] T 924426b075574bfe9f64f6d069a323ab P 31687285885b40cfb9cbb22e11121c0c [term 0 FOLLOWER]: Becoming Follower/Learner. State: Replica: 31687285885b40cfb9cbb22e11121c0c, State: Initialized, Role: FOLLOWER
I20260709 13:15:05.902951 14038 tablet_bootstrap.cc:654] T 3fb2dcf730ee48d7a7b7f71db9181f6c P 5042825717214c52a3417d25946c4309: Neither blocks nor log segments found. Creating new log.
I20260709 13:15:05.909132 14040 consensus_queue.cc:260] T 924426b075574bfe9f64f6d069a323ab P 31687285885b40cfb9cbb22e11121c0c [NON_LEADER]: Queue going to NON_LEADER mode. State: All replicated index: 0, Majority replicated index: 0, Committed index: 0, Last appended: 0.0, Last appended by leader: 0, Current term: 0, Majority size: -1, State: 0, Mode: NON_LEADER, active raft config: opid_index: -1 OBSOLETE_local: false peers { permanent_uuid: "5042825717214c52a3417d25946c4309" member_type: VOTER last_known_addr { host: "127.12.114.1" port: 43375 } } peers { permanent_uuid: "61386ccb890a4fcfbafc5c7548cda335" member_type: VOTER last_known_addr { host: "127.12.114.2" port: 33857 } } peers { permanent_uuid: "31687285885b40cfb9cbb22e11121c0c" member_type: VOTER last_known_addr { host: "127.12.114.3" port: 38231 } }
I20260709 13:15:05.917313 14039 raft_consensus.cc:359] T cd8226a4e4464e69af37fdaeff8b9523 P 61386ccb890a4fcfbafc5c7548cda335 [term 0 FOLLOWER]: Replica starting. Triggering 0 pending ops. Active config: opid_index: -1 OBSOLETE_local: false peers { permanent_uuid: "5042825717214c52a3417d25946c4309" member_type: VOTER last_known_addr { host: "127.12.114.1" port: 43375 } } peers { permanent_uuid: "61386ccb890a4fcfbafc5c7548cda335" member_type: VOTER last_known_addr { host: "127.12.114.2" port: 33857 } } peers { permanent_uuid: "31687285885b40cfb9cbb22e11121c0c" member_type: VOTER last_known_addr { host: "127.12.114.3" port: 38231 } }
I20260709 13:15:05.918277 14039 raft_consensus.cc:385] T cd8226a4e4464e69af37fdaeff8b9523 P 61386ccb890a4fcfbafc5c7548cda335 [term 0 FOLLOWER]: Consensus starting up: Expiring failure detector timer to make a prompt election more likely
I20260709 13:15:05.918627 14039 raft_consensus.cc:740] T cd8226a4e4464e69af37fdaeff8b9523 P 61386ccb890a4fcfbafc5c7548cda335 [term 0 FOLLOWER]: Becoming Follower/Learner. State: Replica: 61386ccb890a4fcfbafc5c7548cda335, State: Initialized, Role: FOLLOWER
I20260709 13:15:05.919417 14039 consensus_queue.cc:260] T cd8226a4e4464e69af37fdaeff8b9523 P 61386ccb890a4fcfbafc5c7548cda335 [NON_LEADER]: Queue going to NON_LEADER mode. State: All replicated index: 0, Majority replicated index: 0, Committed index: 0, Last appended: 0.0, Last appended by leader: 0, Current term: 0, Majority size: -1, State: 0, Mode: NON_LEADER, active raft config: opid_index: -1 OBSOLETE_local: false peers { permanent_uuid: "5042825717214c52a3417d25946c4309" member_type: VOTER last_known_addr { host: "127.12.114.1" port: 43375 } } peers { permanent_uuid: "61386ccb890a4fcfbafc5c7548cda335" member_type: VOTER last_known_addr { host: "127.12.114.2" port: 33857 } } peers { permanent_uuid: "31687285885b40cfb9cbb22e11121c0c" member_type: VOTER last_known_addr { host: "127.12.114.3" port: 38231 } }
I20260709 13:15:05.928345 14039 ts_tablet_manager.cc:1434] T cd8226a4e4464e69af37fdaeff8b9523 P 61386ccb890a4fcfbafc5c7548cda335: Time spent starting tablet: real 0.030s	user 0.009s	sys 0.002s
I20260709 13:15:05.929545 14039 tablet_bootstrap.cc:492] T 924426b075574bfe9f64f6d069a323ab P 61386ccb890a4fcfbafc5c7548cda335: Bootstrap starting.
W20260709 13:15:05.950913 13889 outbound_call.cc:321] RPC callback for RPC call kudu.consensus.ConsensusService.RequestConsensusVote -> {remote=127.12.114.1:43375, user_credentials={real_user=slave}} blocked reactor thread for 63375.1us
I20260709 13:15:05.956414 14046 raft_consensus.cc:493] T cd8226a4e4464e69af37fdaeff8b9523 P 31687285885b40cfb9cbb22e11121c0c [term 0 FOLLOWER]: Starting pre-election (no leader contacted us within the election timeout)
I20260709 13:15:05.958477 14046 raft_consensus.cc:515] T cd8226a4e4464e69af37fdaeff8b9523 P 31687285885b40cfb9cbb22e11121c0c [term 0 FOLLOWER]: Starting pre-election with config: opid_index: -1 OBSOLETE_local: false peers { permanent_uuid: "5042825717214c52a3417d25946c4309" member_type: VOTER last_known_addr { host: "127.12.114.1" port: 43375 } } peers { permanent_uuid: "61386ccb890a4fcfbafc5c7548cda335" member_type: VOTER last_known_addr { host: "127.12.114.2" port: 33857 } } peers { permanent_uuid: "31687285885b40cfb9cbb22e11121c0c" member_type: VOTER last_known_addr { host: "127.12.114.3" port: 38231 } }
I20260709 13:15:05.965763 13923 tablet_service.cc:1917] Received RequestConsensusVote() RPC: tablet_id: "cd8226a4e4464e69af37fdaeff8b9523" candidate_uuid: "31687285885b40cfb9cbb22e11121c0c" candidate_term: 1 candidate_status { last_received { term: 0 index: 0 } } ignore_live_leader: false dest_uuid: "61386ccb890a4fcfbafc5c7548cda335" is_pre_election: true
I20260709 13:15:05.966454 13923 raft_consensus.cc:2468] T cd8226a4e4464e69af37fdaeff8b9523 P 61386ccb890a4fcfbafc5c7548cda335 [term 0 FOLLOWER]: Leader pre-election vote request: Granting yes vote for candidate 31687285885b40cfb9cbb22e11121c0c in term 0.
I20260709 13:15:05.966655 13849 tablet_service.cc:1917] Received RequestConsensusVote() RPC: tablet_id: "cd8226a4e4464e69af37fdaeff8b9523" candidate_uuid: "31687285885b40cfb9cbb22e11121c0c" candidate_term: 1 candidate_status { last_received { term: 0 index: 0 } } ignore_live_leader: false dest_uuid: "5042825717214c52a3417d25946c4309" is_pre_election: true
W20260709 13:15:05.968780 13963 leader_election.cc:343] T cd8226a4e4464e69af37fdaeff8b9523 P 31687285885b40cfb9cbb22e11121c0c [CANDIDATE]: Term 1 pre-election: Tablet error from VoteRequest() call to peer 5042825717214c52a3417d25946c4309 (127.12.114.1:43375): Illegal state: must be running to vote when last-logged opid is not known
I20260709 13:15:05.969424 14046 leader_election.cc:290] T cd8226a4e4464e69af37fdaeff8b9523 P 31687285885b40cfb9cbb22e11121c0c [CANDIDATE]: Term 1 pre-election: Requested pre-vote from peers 5042825717214c52a3417d25946c4309 (127.12.114.1:43375), 61386ccb890a4fcfbafc5c7548cda335 (127.12.114.2:33857)
I20260709 13:15:05.970234 14123 consensus_queue.cc:1048] T 348acb39b96d44c09f59746ad92013d6 P 5042825717214c52a3417d25946c4309 [LEADER]: Connected to new peer: Peer: permanent_uuid: "31687285885b40cfb9cbb22e11121c0c" member_type: VOTER last_known_addr { host: "127.12.114.3" port: 38231 }, Status: LMP_MISMATCH, Last received: 0.0, Next index: 1, Last known committed idx: 0, Time since last communication: 0.001s
I20260709 13:15:05.972031 13961 leader_election.cc:304] T cd8226a4e4464e69af37fdaeff8b9523 P 31687285885b40cfb9cbb22e11121c0c [CANDIDATE]: Term 1 pre-election: Election decided. Result: candidate won. Election summary: received 3 responses out of 3 voters: 2 yes votes; 1 no votes. yes voters: 31687285885b40cfb9cbb22e11121c0c, 61386ccb890a4fcfbafc5c7548cda335; no voters: 5042825717214c52a3417d25946c4309
I20260709 13:15:05.973593 14046 raft_consensus.cc:2804] T cd8226a4e4464e69af37fdaeff8b9523 P 31687285885b40cfb9cbb22e11121c0c [term 0 FOLLOWER]: Leader pre-election won for term 1
I20260709 13:15:05.975337 14046 raft_consensus.cc:493] T cd8226a4e4464e69af37fdaeff8b9523 P 31687285885b40cfb9cbb22e11121c0c [term 0 FOLLOWER]: Starting leader election (no leader contacted us within the election timeout)
I20260709 13:15:05.975883 14046 raft_consensus.cc:3060] T cd8226a4e4464e69af37fdaeff8b9523 P 31687285885b40cfb9cbb22e11121c0c [term 0 FOLLOWER]: Advancing to term 1
I20260709 13:15:05.977489 14090 raft_consensus.cc:515] T 1b1d0663e0664d46a667f869568506bd P 61386ccb890a4fcfbafc5c7548cda335 [term 1 FOLLOWER]: Starting leader election with config: opid_index: -1 OBSOLETE_local: false peers { permanent_uuid: "5042825717214c52a3417d25946c4309" member_type: VOTER last_known_addr { host: "127.12.114.1" port: 43375 } } peers { permanent_uuid: "61386ccb890a4fcfbafc5c7548cda335" member_type: VOTER last_known_addr { host: "127.12.114.2" port: 33857 } } peers { permanent_uuid: "31687285885b40cfb9cbb22e11121c0c" member_type: VOTER last_known_addr { host: "127.12.114.3" port: 38231 } }
I20260709 13:15:05.982744 14094 raft_consensus.cc:493] T 62632d1a417e489ba283fa3baa9e7468 P 31687285885b40cfb9cbb22e11121c0c [term 0 FOLLOWER]: Starting pre-election (no leader contacted us within the election timeout)
I20260709 13:15:05.983431 14094 raft_consensus.cc:515] T 62632d1a417e489ba283fa3baa9e7468 P 31687285885b40cfb9cbb22e11121c0c [term 0 FOLLOWER]: Starting pre-election with config: opid_index: -1 OBSOLETE_local: false peers { permanent_uuid: "5042825717214c52a3417d25946c4309" member_type: VOTER last_known_addr { host: "127.12.114.1" port: 43375 } } peers { permanent_uuid: "61386ccb890a4fcfbafc5c7548cda335" member_type: VOTER last_known_addr { host: "127.12.114.2" port: 33857 } } peers { permanent_uuid: "31687285885b40cfb9cbb22e11121c0c" member_type: VOTER last_known_addr { host: "127.12.114.3" port: 38231 } }
I20260709 13:15:05.986721 14094 leader_election.cc:290] T 62632d1a417e489ba283fa3baa9e7468 P 31687285885b40cfb9cbb22e11121c0c [CANDIDATE]: Term 1 pre-election: Requested pre-vote from peers 5042825717214c52a3417d25946c4309 (127.12.114.1:43375), 61386ccb890a4fcfbafc5c7548cda335 (127.12.114.2:33857)
I20260709 13:15:05.988623 14039 tablet_bootstrap.cc:654] T 924426b075574bfe9f64f6d069a323ab P 61386ccb890a4fcfbafc5c7548cda335: Neither blocks nor log segments found. Creating new log.
I20260709 13:15:05.988751 13849 tablet_service.cc:1917] Received RequestConsensusVote() RPC: tablet_id: "62632d1a417e489ba283fa3baa9e7468" candidate_uuid: "31687285885b40cfb9cbb22e11121c0c" candidate_term: 1 candidate_status { last_received { term: 0 index: 0 } } ignore_live_leader: false dest_uuid: "5042825717214c52a3417d25946c4309" is_pre_election: true
I20260709 13:15:05.991928 14044 consensus_queue.cc:1048] T 658e6c4b356c416898e71531ed6497c6 P 61386ccb890a4fcfbafc5c7548cda335 [LEADER]: Connected to new peer: Peer: permanent_uuid: "31687285885b40cfb9cbb22e11121c0c" member_type: VOTER last_known_addr { host: "127.12.114.3" port: 38231 }, Status: LMP_MISMATCH, Last received: 0.0, Next index: 1, Last known committed idx: 0, Time since last communication: 0.001s
I20260709 13:15:05.994197 13923 tablet_service.cc:1917] Received RequestConsensusVote() RPC: tablet_id: "62632d1a417e489ba283fa3baa9e7468" candidate_uuid: "31687285885b40cfb9cbb22e11121c0c" candidate_term: 1 candidate_status { last_received { term: 0 index: 0 } } ignore_live_leader: false dest_uuid: "61386ccb890a4fcfbafc5c7548cda335" is_pre_election: true
I20260709 13:15:05.994578 14040 ts_tablet_manager.cc:1434] T 924426b075574bfe9f64f6d069a323ab P 31687285885b40cfb9cbb22e11121c0c: Time spent starting tablet: real 0.132s	user 0.006s	sys 0.004s
I20260709 13:15:05.995509 14040 tablet_bootstrap.cc:492] T 5f8976f51db14f088dfa322ce30e3992 P 31687285885b40cfb9cbb22e11121c0c: Bootstrap starting.
