I20260709 13:15:06.595790 13310 leader_election.cc:304] T 5e841bfe2d3a4c698830041183a4c75c P bc9b2c4677754515961890ca1999a960 [CANDIDATE]: Term 1 election: Election decided. Result: candidate won. Election summary: received 3 responses out of 3 voters: 2 yes votes; 1 no votes. yes voters: 36702bc9b35d472c9b33986b5a2b0b6f, bc9b2c4677754515961890ca1999a960; no voters: 91c0c843c9434697b41fe1c662e56ef4
I20260709 13:15:06.596647 13568 raft_consensus.cc:2804] T 5e841bfe2d3a4c698830041183a4c75c P bc9b2c4677754515961890ca1999a960 [term 1 FOLLOWER]: Leader election won for term 1
I20260709 13:15:06.597308 13568 raft_consensus.cc:697] T 5e841bfe2d3a4c698830041183a4c75c P bc9b2c4677754515961890ca1999a960 [term 1 LEADER]: Becoming Leader. State: Replica: bc9b2c4677754515961890ca1999a960, State: Running, Role: LEADER
I20260709 13:15:06.598088 13568 consensus_queue.cc:237] T 5e841bfe2d3a4c698830041183a4c75c P bc9b2c4677754515961890ca1999a960 [LEADER]: Queue going to LEADER mode. State: All replicated index: 0, Majority replicated index: 0, Committed index: 0, Last appended: 0.0, Last appended by leader: 0, Current term: 1, Majority size: 2, State: 0, Mode: LEADER, active raft config: opid_index: -1 OBSOLETE_local: false peers { permanent_uuid: "bc9b2c4677754515961890ca1999a960" member_type: VOTER last_known_addr { host: "127.11.248.65" port: 33023 } } peers { permanent_uuid: "91c0c843c9434697b41fe1c662e56ef4" member_type: VOTER last_known_addr { host: "127.11.248.66" port: 44275 } } peers { permanent_uuid: "36702bc9b35d472c9b33986b5a2b0b6f" member_type: VOTER last_known_addr { host: "127.11.248.67" port: 43241 } }
I20260709 13:15:06.601394 13533 tablet_bootstrap.cc:492] T 974b83bedc0f4a73b7b15e1a7fab5151 P 91c0c843c9434697b41fe1c662e56ef4: No bootstrap required, opened a new log
I20260709 13:15:06.601929 13533 ts_tablet_manager.cc:1403] T 974b83bedc0f4a73b7b15e1a7fab5151 P 91c0c843c9434697b41fe1c662e56ef4: Time spent bootstrapping tablet: real 0.114s	user 0.046s	sys 0.051s
I20260709 13:15:06.604103 13533 raft_consensus.cc:359] T 974b83bedc0f4a73b7b15e1a7fab5151 P 91c0c843c9434697b41fe1c662e56ef4 [term 0 FOLLOWER]: Replica starting. Triggering 0 pending ops. Active config: opid_index: -1 OBSOLETE_local: false peers { permanent_uuid: "bc9b2c4677754515961890ca1999a960" member_type: VOTER last_known_addr { host: "127.11.248.65" port: 33023 } } peers { permanent_uuid: "91c0c843c9434697b41fe1c662e56ef4" member_type: VOTER last_known_addr { host: "127.11.248.66" port: 44275 } } peers { permanent_uuid: "36702bc9b35d472c9b33986b5a2b0b6f" member_type: VOTER last_known_addr { host: "127.11.248.67" port: 43241 } }
I20260709 13:15:06.604753 13533 raft_consensus.cc:385] T 974b83bedc0f4a73b7b15e1a7fab5151 P 91c0c843c9434697b41fe1c662e56ef4 [term 0 FOLLOWER]: Consensus starting up: Expiring failure detector timer to make a prompt election more likely
I20260709 13:15:06.605010 13533 raft_consensus.cc:740] T 974b83bedc0f4a73b7b15e1a7fab5151 P 91c0c843c9434697b41fe1c662e56ef4 [term 0 FOLLOWER]: Becoming Follower/Learner. State: Replica: 91c0c843c9434697b41fe1c662e56ef4, State: Initialized, Role: FOLLOWER
I20260709 13:15:06.605616 13533 consensus_queue.cc:260] T 974b83bedc0f4a73b7b15e1a7fab5151 P 91c0c843c9434697b41fe1c662e56ef4 [NON_LEADER]: Queue going to NON_LEADER mode. State: All replicated index: 0, Majority replicated index: 0, Committed index: 0, Last appended: 0.0, Last appended by leader: 0, Current term: 0, Majority size: -1, State: 0, Mode: NON_LEADER, active raft config: opid_index: -1 OBSOLETE_local: false peers { permanent_uuid: "bc9b2c4677754515961890ca1999a960" member_type: VOTER last_known_addr { host: "127.11.248.65" port: 33023 } } peers { permanent_uuid: "91c0c843c9434697b41fe1c662e56ef4" member_type: VOTER last_known_addr { host: "127.11.248.66" port: 44275 } } peers { permanent_uuid: "36702bc9b35d472c9b33986b5a2b0b6f" member_type: VOTER last_known_addr { host: "127.11.248.67" port: 43241 } }
I20260709 13:15:06.607815 13533 ts_tablet_manager.cc:1434] T 974b83bedc0f4a73b7b15e1a7fab5151 P 91c0c843c9434697b41fe1c662e56ef4: Time spent starting tablet: real 0.006s	user 0.005s	sys 0.000s
I20260709 13:15:06.608706 13533 tablet_bootstrap.cc:492] T 5e841bfe2d3a4c698830041183a4c75c P 91c0c843c9434697b41fe1c662e56ef4: Bootstrap starting.
I20260709 13:15:06.612989 13533 tablet_bootstrap.cc:654] T 5e841bfe2d3a4c698830041183a4c75c P 91c0c843c9434697b41fe1c662e56ef4: Neither blocks nor log segments found. Creating new log.
I20260709 13:15:06.622459 13568 raft_consensus.cc:493] T 55b2ff528756460aa4f803c61106b526 P bc9b2c4677754515961890ca1999a960 [term 0 FOLLOWER]: Starting pre-election (no leader contacted us within the election timeout)
I20260709 13:15:06.629769 13568 raft_consensus.cc:515] T 55b2ff528756460aa4f803c61106b526 P bc9b2c4677754515961890ca1999a960 [term 0 FOLLOWER]: Starting pre-election with config: opid_index: -1 OBSOLETE_local: false peers { permanent_uuid: "bc9b2c4677754515961890ca1999a960" member_type: VOTER last_known_addr { host: "127.11.248.65" port: 33023 } } peers { permanent_uuid: "91c0c843c9434697b41fe1c662e56ef4" member_type: VOTER last_known_addr { host: "127.11.248.66" port: 44275 } } peers { permanent_uuid: "36702bc9b35d472c9b33986b5a2b0b6f" member_type: VOTER last_known_addr { host: "127.11.248.67" port: 43241 } }
I20260709 13:15:06.633286 13417 tablet_service.cc:1917] Received RequestConsensusVote() RPC: tablet_id: "55b2ff528756460aa4f803c61106b526" candidate_uuid: "bc9b2c4677754515961890ca1999a960" candidate_term: 1 candidate_status { last_received { term: 0 index: 0 } } ignore_live_leader: false dest_uuid: "91c0c843c9434697b41fe1c662e56ef4" is_pre_election: true
I20260709 13:15:06.634043 13417 raft_consensus.cc:2468] T 55b2ff528756460aa4f803c61106b526 P 91c0c843c9434697b41fe1c662e56ef4 [term 0 FOLLOWER]: Leader pre-election vote request: Granting yes vote for candidate bc9b2c4677754515961890ca1999a960 in term 0.
I20260709 13:15:06.635489 13309 leader_election.cc:304] T 55b2ff528756460aa4f803c61106b526 P bc9b2c4677754515961890ca1999a960 [CANDIDATE]: Term 1 pre-election: Election decided. Result: candidate won. Election summary: received 2 responses out of 3 voters: 2 yes votes; 0 no votes. yes voters: 91c0c843c9434697b41fe1c662e56ef4, bc9b2c4677754515961890ca1999a960; no voters: 
I20260709 13:15:06.636339 13718 raft_consensus.cc:2804] T 55b2ff528756460aa4f803c61106b526 P bc9b2c4677754515961890ca1999a960 [term 0 FOLLOWER]: Leader pre-election won for term 1
I20260709 13:15:06.636693 13718 raft_consensus.cc:493] T 55b2ff528756460aa4f803c61106b526 P bc9b2c4677754515961890ca1999a960 [term 0 FOLLOWER]: Starting leader election (no leader contacted us within the election timeout)
I20260709 13:15:06.637036 13718 raft_consensus.cc:3060] T 55b2ff528756460aa4f803c61106b526 P bc9b2c4677754515961890ca1999a960 [term 0 FOLLOWER]: Advancing to term 1
I20260709 13:15:06.638957 13491 tablet_service.cc:1917] Received RequestConsensusVote() RPC: tablet_id: "55b2ff528756460aa4f803c61106b526" candidate_uuid: "bc9b2c4677754515961890ca1999a960" candidate_term: 1 candidate_status { last_received { term: 0 index: 0 } } ignore_live_leader: false dest_uuid: "36702bc9b35d472c9b33986b5a2b0b6f" is_pre_election: true
I20260709 13:15:06.642256 13344 tablet_service.cc:1917] Received RequestConsensusVote() RPC: tablet_id: "eda16add6fba42b784a6936b05592dbf" candidate_uuid: "91c0c843c9434697b41fe1c662e56ef4" candidate_term: 1 candidate_status { last_received { term: 0 index: 0 } } ignore_live_leader: false dest_uuid: "bc9b2c4677754515961890ca1999a960" is_pre_election: true
I20260709 13:15:06.631978 13568 leader_election.cc:290] T 55b2ff528756460aa4f803c61106b526 P bc9b2c4677754515961890ca1999a960 [CANDIDATE]: Term 1 pre-election: Requested pre-vote from peers 91c0c843c9434697b41fe1c662e56ef4 (127.11.248.66:44275), 36702bc9b35d472c9b33986b5a2b0b6f (127.11.248.67:43241)
I20260709 13:15:06.646616 13541 consensus_queue.cc:1048] T b2fce5afb54e48b5aea7e7f5a6b6ba2b P bc9b2c4677754515961890ca1999a960 [LEADER]: Connected to new peer: Peer: permanent_uuid: "36702bc9b35d472c9b33986b5a2b0b6f" member_type: VOTER last_known_addr { host: "127.11.248.67" port: 43241 }, Status: LMP_MISMATCH, Last received: 0.0, Next index: 1, Last known committed idx: 0, Time since last communication: 0.003s
I20260709 13:15:06.642817 13491 raft_consensus.cc:2468] T 55b2ff528756460aa4f803c61106b526 P 36702bc9b35d472c9b33986b5a2b0b6f [term 0 FOLLOWER]: Leader pre-election vote request: Granting yes vote for candidate bc9b2c4677754515961890ca1999a960 in term 0.
I20260709 13:15:06.644042 13344 raft_consensus.cc:2468] T eda16add6fba42b784a6936b05592dbf P bc9b2c4677754515961890ca1999a960 [term 0 FOLLOWER]: Leader pre-election vote request: Granting yes vote for candidate 91c0c843c9434697b41fe1c662e56ef4 in term 0.
I20260709 13:15:06.640789 13540 raft_consensus.cc:493] T 158f99edbfcb4d5db83ba4b589ed7a40 P 36702bc9b35d472c9b33986b5a2b0b6f [term 0 FOLLOWER]: Starting pre-election (no leader contacted us within the election timeout)
I20260709 13:15:06.651183 13540 raft_consensus.cc:515] T 158f99edbfcb4d5db83ba4b589ed7a40 P 36702bc9b35d472c9b33986b5a2b0b6f [term 0 FOLLOWER]: Starting pre-election with config: opid_index: -1 OBSOLETE_local: false peers { permanent_uuid: "bc9b2c4677754515961890ca1999a960" member_type: VOTER last_known_addr { host: "127.11.248.65" port: 33023 } } peers { permanent_uuid: "91c0c843c9434697b41fe1c662e56ef4" member_type: VOTER last_known_addr { host: "127.11.248.66" port: 44275 } } peers { permanent_uuid: "36702bc9b35d472c9b33986b5a2b0b6f" member_type: VOTER last_known_addr { host: "127.11.248.67" port: 43241 } }
I20260709 13:15:06.653128 13533 tablet_bootstrap.cc:492] T 5e841bfe2d3a4c698830041183a4c75c P 91c0c843c9434697b41fe1c662e56ef4: No bootstrap required, opened a new log
I20260709 13:15:06.653299 13540 leader_election.cc:290] T 158f99edbfcb4d5db83ba4b589ed7a40 P 36702bc9b35d472c9b33986b5a2b0b6f [CANDIDATE]: Term 1 pre-election: Requested pre-vote from peers bc9b2c4677754515961890ca1999a960 (127.11.248.65:33023), 91c0c843c9434697b41fe1c662e56ef4 (127.11.248.66:44275)
I20260709 13:15:06.653605 13533 ts_tablet_manager.cc:1403] T 5e841bfe2d3a4c698830041183a4c75c P 91c0c843c9434697b41fe1c662e56ef4: Time spent bootstrapping tablet: real 0.045s	user 0.007s	sys 0.001s
I20260709 13:15:06.653448 13491 tablet_service.cc:1917] Received RequestConsensusVote() RPC: tablet_id: "eda16add6fba42b784a6936b05592dbf" candidate_uuid: "91c0c843c9434697b41fe1c662e56ef4" candidate_term: 1 candidate_status { last_received { term: 0 index: 0 } } ignore_live_leader: false dest_uuid: "36702bc9b35d472c9b33986b5a2b0b6f" is_pre_election: true
I20260709 13:15:06.654909 13385 leader_election.cc:304] T eda16add6fba42b784a6936b05592dbf P 91c0c843c9434697b41fe1c662e56ef4 [CANDIDATE]: Term 1 pre-election: Election decided. Result: candidate won. Election summary: received 2 responses out of 3 voters: 2 yes votes; 0 no votes. yes voters: 91c0c843c9434697b41fe1c662e56ef4, bc9b2c4677754515961890ca1999a960; no voters: 
I20260709 13:15:06.656648 13344 tablet_service.cc:1917] Received RequestConsensusVote() RPC: tablet_id: "158f99edbfcb4d5db83ba4b589ed7a40" candidate_uuid: "36702bc9b35d472c9b33986b5a2b0b6f" candidate_term: 1 candidate_status { last_received { term: 0 index: 0 } } ignore_live_leader: false dest_uuid: "bc9b2c4677754515961890ca1999a960" is_pre_election: true
I20260709 13:15:06.657682 13621 raft_consensus.cc:2804] T eda16add6fba42b784a6936b05592dbf P 91c0c843c9434697b41fe1c662e56ef4 [term 0 FOLLOWER]: Leader pre-election won for term 1
I20260709 13:15:06.658064 13621 raft_consensus.cc:493] T eda16add6fba42b784a6936b05592dbf P 91c0c843c9434697b41fe1c662e56ef4 [term 0 FOLLOWER]: Starting leader election (no leader contacted us within the election timeout)
I20260709 13:15:06.658397 13621 raft_consensus.cc:3060] T eda16add6fba42b784a6936b05592dbf P 91c0c843c9434697b41fe1c662e56ef4 [term 0 FOLLOWER]: Advancing to term 1
I20260709 13:15:06.654067 13491 raft_consensus.cc:2468] T eda16add6fba42b784a6936b05592dbf P 36702bc9b35d472c9b33986b5a2b0b6f [term 0 FOLLOWER]: Leader pre-election vote request: Granting yes vote for candidate 91c0c843c9434697b41fe1c662e56ef4 in term 0.
I20260709 13:15:06.660748 13533 raft_consensus.cc:359] T 5e841bfe2d3a4c698830041183a4c75c P 91c0c843c9434697b41fe1c662e56ef4 [term 0 FOLLOWER]: Replica starting. Triggering 0 pending ops. Active config: opid_index: -1 OBSOLETE_local: false peers { permanent_uuid: "bc9b2c4677754515961890ca1999a960" member_type: VOTER last_known_addr { host: "127.11.248.65" port: 33023 } } peers { permanent_uuid: "91c0c843c9434697b41fe1c662e56ef4" member_type: VOTER last_known_addr { host: "127.11.248.66" port: 44275 } } peers { permanent_uuid: "36702bc9b35d472c9b33986b5a2b0b6f" member_type: VOTER last_known_addr { host: "127.11.248.67" port: 43241 } }
I20260709 13:15:06.661381 13533 raft_consensus.cc:385] T 5e841bfe2d3a4c698830041183a4c75c P 91c0c843c9434697b41fe1c662e56ef4 [term 0 FOLLOWER]: Consensus starting up: Expiring failure detector timer to make a prompt election more likely
I20260709 13:15:06.661625 13533 raft_consensus.cc:740] T 5e841bfe2d3a4c698830041183a4c75c P 91c0c843c9434697b41fe1c662e56ef4 [term 0 FOLLOWER]: Becoming Follower/Learner. State: Replica: 91c0c843c9434697b41fe1c662e56ef4, State: Initialized, Role: FOLLOWER
I20260709 13:15:06.662196 13533 consensus_queue.cc:260] T 5e841bfe2d3a4c698830041183a4c75c P 91c0c843c9434697b41fe1c662e56ef4 [NON_LEADER]: Queue going to NON_LEADER mode. State: All replicated index: 0, Majority replicated index: 0, Committed index: 0, Last appended: 0.0, Last appended by leader: 0, Current term: 0, Majority size: -1, State: 0, Mode: NON_LEADER, active raft config: opid_index: -1 OBSOLETE_local: false peers { permanent_uuid: "bc9b2c4677754515961890ca1999a960" member_type: VOTER last_known_addr { host: "127.11.248.65" port: 33023 } } peers { permanent_uuid: "91c0c843c9434697b41fe1c662e56ef4" member_type: VOTER last_known_addr { host: "127.11.248.66" port: 44275 } } peers { permanent_uuid: "36702bc9b35d472c9b33986b5a2b0b6f" member_type: VOTER last_known_addr { host: "127.11.248.67" port: 43241 } }
W20260709 13:15:06.658401 13459 leader_election.cc:343] T 158f99edbfcb4d5db83ba4b589ed7a40 P 36702bc9b35d472c9b33986b5a2b0b6f [CANDIDATE]: Term 1 pre-election: Tablet error from VoteRequest() call to peer bc9b2c4677754515961890ca1999a960 (127.11.248.65:33023): Illegal state: must be running to vote when last-logged opid is not known
I20260709 13:15:06.666841 13535 tablet_bootstrap.cc:654] T 5689ecb92c3843628fa4317a5202638f P bc9b2c4677754515961890ca1999a960: Neither blocks nor log segments found. Creating new log.
I20260709 13:15:06.666563 13621 raft_consensus.cc:515] T eda16add6fba42b784a6936b05592dbf P 91c0c843c9434697b41fe1c662e56ef4 [term 1 FOLLOWER]: Starting leader election with config: opid_index: -1 OBSOLETE_local: false peers { permanent_uuid: "bc9b2c4677754515961890ca1999a960" member_type: VOTER last_known_addr { host: "127.11.248.65" port: 33023 } } peers { permanent_uuid: "91c0c843c9434697b41fe1c662e56ef4" member_type: VOTER last_known_addr { host: "127.11.248.66" port: 44275 } } peers { permanent_uuid: "36702bc9b35d472c9b33986b5a2b0b6f" member_type: VOTER last_known_addr { host: "127.11.248.67" port: 43241 } }
I20260709 13:15:06.678903 13241 catalog_manager.cc:5697] T 5e841bfe2d3a4c698830041183a4c75c P bc9b2c4677754515961890ca1999a960 reported cstate change: term changed from 0 to 1, leader changed from <none> to bc9b2c4677754515961890ca1999a960 (127.11.248.65). New cstate: current_term: 1 leader_uuid: "bc9b2c4677754515961890ca1999a960" committed_config { opid_index: -1 OBSOLETE_local: false peers { permanent_uuid: "bc9b2c4677754515961890ca1999a960" member_type: VOTER last_known_addr { host: "127.11.248.65" port: 33023 } health_report { overall_health: HEALTHY } } peers { permanent_uuid: "91c0c843c9434697b41fe1c662e56ef4" member_type: VOTER last_known_addr { host: "127.11.248.66" port: 44275 } health_report { overall_health: UNKNOWN } } peers { permanent_uuid: "36702bc9b35d472c9b33986b5a2b0b6f" member_type: VOTER last_known_addr { host: "127.11.248.67" port: 43241 } health_report { overall_health: UNKNOWN } } }
I20260709 13:15:06.689673 13534 tablet_bootstrap.cc:492] T f7a065ab44a14bceb2c4182157f2d8b0 P 36702bc9b35d472c9b33986b5a2b0b6f: No bootstrap required, opened a new log
I20260709 13:15:06.690260 13534 ts_tablet_manager.cc:1403] T f7a065ab44a14bceb2c4182157f2d8b0 P 36702bc9b35d472c9b33986b5a2b0b6f: Time spent bootstrapping tablet: real 0.164s	user 0.040s	sys 0.059s
I20260709 13:15:06.693141 13533 ts_tablet_manager.cc:1434] T 5e841bfe2d3a4c698830041183a4c75c P 91c0c843c9434697b41fe1c662e56ef4: Time spent starting tablet: real 0.039s	user 0.005s	sys 0.001s
I20260709 13:15:06.695993 13533 tablet_bootstrap.cc:492] T e6ad6a0ec5f04cb29e88fb73bba4168a P 91c0c843c9434697b41fe1c662e56ef4: Bootstrap starting.
I20260709 13:15:06.706779 13534 raft_consensus.cc:359] T f7a065ab44a14bceb2c4182157f2d8b0 P 36702bc9b35d472c9b33986b5a2b0b6f [term 0 FOLLOWER]: Replica starting. Triggering 0 pending ops. Active config: opid_index: -1 OBSOLETE_local: false peers { permanent_uuid: "bc9b2c4677754515961890ca1999a960" member_type: VOTER last_known_addr { host: "127.11.248.65" port: 33023 } } peers { permanent_uuid: "91c0c843c9434697b41fe1c662e56ef4" member_type: VOTER last_known_addr { host: "127.11.248.66" port: 44275 } } peers { permanent_uuid: "36702bc9b35d472c9b33986b5a2b0b6f" member_type: VOTER last_known_addr { host: "127.11.248.67" port: 43241 } }
I20260709 13:15:06.707583 13534 raft_consensus.cc:385] T f7a065ab44a14bceb2c4182157f2d8b0 P 36702bc9b35d472c9b33986b5a2b0b6f [term 0 FOLLOWER]: Consensus starting up: Expiring failure detector timer to make a prompt election more likely
I20260709 13:15:06.707942 13534 raft_consensus.cc:740] T f7a065ab44a14bceb2c4182157f2d8b0 P 36702bc9b35d472c9b33986b5a2b0b6f [term 0 FOLLOWER]: Becoming Follower/Learner. State: Replica: 36702bc9b35d472c9b33986b5a2b0b6f, State: Initialized, Role: FOLLOWER
I20260709 13:15:06.682847 13718 raft_consensus.cc:515] T 55b2ff528756460aa4f803c61106b526 P bc9b2c4677754515961890ca1999a960 [term 1 FOLLOWER]: Starting leader election with config: opid_index: -1 OBSOLETE_local: false peers { permanent_uuid: "bc9b2c4677754515961890ca1999a960" member_type: VOTER last_known_addr { host: "127.11.248.65" port: 33023 } } peers { permanent_uuid: "91c0c843c9434697b41fe1c662e56ef4" member_type: VOTER last_known_addr { host: "127.11.248.66" port: 44275 } } peers { permanent_uuid: "36702bc9b35d472c9b33986b5a2b0b6f" member_type: VOTER last_known_addr { host: "127.11.248.67" port: 43241 } }
I20260709 13:15:06.739555 13489 tablet_service.cc:1917] Received RequestConsensusVote() RPC: tablet_id: "55b2ff528756460aa4f803c61106b526" candidate_uuid: "bc9b2c4677754515961890ca1999a960" candidate_term: 1 candidate_status { last_received { term: 0 index: 0 } } ignore_live_leader: false dest_uuid: "36702bc9b35d472c9b33986b5a2b0b6f"
I20260709 13:15:06.726251 13654 consensus_queue.cc:1048] T b2fce5afb54e48b5aea7e7f5a6b6ba2b P bc9b2c4677754515961890ca1999a960 [LEADER]: Connected to new peer: Peer: permanent_uuid: "91c0c843c9434697b41fe1c662e56ef4" member_type: VOTER last_known_addr { host: "127.11.248.66" port: 44275 }, Status: LMP_MISMATCH, Last received: 0.0, Next index: 1, Last known committed idx: 0, Time since last communication: 0.000s
I20260709 13:15:06.741266 13419 tablet_service.cc:1917] Received RequestConsensusVote() RPC: tablet_id: "55b2ff528756460aa4f803c61106b526" candidate_uuid: "bc9b2c4677754515961890ca1999a960" candidate_term: 1 candidate_status { last_received { term: 0 index: 0 } } ignore_live_leader: false dest_uuid: "91c0c843c9434697b41fe1c662e56ef4"
I20260709 13:15:06.719601 13344 raft_consensus.cc:3060] T 204f6e74d0b74ff8a7f2de30d06b25fe P bc9b2c4677754515961890ca1999a960 [term 0 FOLLOWER]: Advancing to term 1
I20260709 13:15:06.718710 13621 leader_election.cc:290] T eda16add6fba42b784a6936b05592dbf P 91c0c843c9434697b41fe1c662e56ef4 [CANDIDATE]: Term 1 election: Requested vote from peers bc9b2c4677754515961890ca1999a960 (127.11.248.65:33023), 36702bc9b35d472c9b33986b5a2b0b6f (127.11.248.67:43241)
I20260709 13:15:06.735666 13535 tablet_bootstrap.cc:492] T 5689ecb92c3843628fa4317a5202638f P bc9b2c4677754515961890ca1999a960: No bootstrap required, opened a new log
I20260709 13:15:06.751430 13535 ts_tablet_manager.cc:1403] T 5689ecb92c3843628fa4317a5202638f P bc9b2c4677754515961890ca1999a960: Time spent bootstrapping tablet: real 0.246s	user 0.019s	sys 0.016s
W20260709 13:15:06.747843 13385 outbound_call.cc:321] RPC callback for RPC call kudu.consensus.ConsensusService.UpdateConsensus -> {remote=127.11.248.67:43241, user_credentials={real_user=slave}} blocked reactor thread for 79517.4us
I20260709 13:15:06.716933 13534 consensus_queue.cc:260] T f7a065ab44a14bceb2c4182157f2d8b0 P 36702bc9b35d472c9b33986b5a2b0b6f [NON_LEADER]: Queue going to NON_LEADER mode. State: All replicated index: 0, Majority replicated index: 0, Committed index: 0, Last appended: 0.0, Last appended by leader: 0, Current term: 0, Majority size: -1, State: 0, Mode: NON_LEADER, active raft config: opid_index: -1 OBSOLETE_local: false peers { permanent_uuid: "bc9b2c4677754515961890ca1999a960" member_type: VOTER last_known_addr { host: "127.11.248.65" port: 33023 } } peers { permanent_uuid: "91c0c843c9434697b41fe1c662e56ef4" member_type: VOTER last_known_addr { host: "127.11.248.66" port: 44275 } } peers { permanent_uuid: "36702bc9b35d472c9b33986b5a2b0b6f" member_type: VOTER last_known_addr { host: "127.11.248.67" port: 43241 } }
I20260709 13:15:06.750147 13419 raft_consensus.cc:3060] T 55b2ff528756460aa4f803c61106b526 P 91c0c843c9434697b41fe1c662e56ef4 [term 0 FOLLOWER]: Advancing to term 1
I20260709 13:15:06.754468 13534 ts_tablet_manager.cc:1434] T f7a065ab44a14bceb2c4182157f2d8b0 P 36702bc9b35d472c9b33986b5a2b0b6f: Time spent starting tablet: real 0.064s	user 0.009s	sys 0.000s
I20260709 13:15:06.747728 13718 leader_election.cc:290] T 55b2ff528756460aa4f803c61106b526 P bc9b2c4677754515961890ca1999a960 [CANDIDATE]: Term 1 election: Requested vote from peers 91c0c843c9434697b41fe1c662e56ef4 (127.11.248.66:44275), 36702bc9b35d472c9b33986b5a2b0b6f (127.11.248.67:43241)
I20260709 13:15:06.755522 13342 tablet_service.cc:1917] Received RequestConsensusVote() RPC: tablet_id: "eda16add6fba42b784a6936b05592dbf" candidate_uuid: "91c0c843c9434697b41fe1c662e56ef4" candidate_term: 1 candidate_status { last_received { term: 0 index: 0 } } ignore_live_leader: false dest_uuid: "bc9b2c4677754515961890ca1999a960"
I20260709 13:15:06.756170 13342 raft_consensus.cc:3060] T eda16add6fba42b784a6936b05592dbf P bc9b2c4677754515961890ca1999a960 [term 0 FOLLOWER]: Advancing to term 1
I20260709 13:15:06.755597 13417 tablet_service.cc:1917] Received RequestConsensusVote() RPC: tablet_id: "158f99edbfcb4d5db83ba4b589ed7a40" candidate_uuid: "36702bc9b35d472c9b33986b5a2b0b6f" candidate_term: 1 candidate_status { last_received { term: 0 index: 0 } } ignore_live_leader: false dest_uuid: "91c0c843c9434697b41fe1c662e56ef4" is_pre_election: true
I20260709 13:15:06.758720 13492 tablet_service.cc:1917] Received RequestConsensusVote() RPC: tablet_id: "eda16add6fba42b784a6936b05592dbf" candidate_uuid: "91c0c843c9434697b41fe1c662e56ef4" candidate_term: 1 candidate_status { last_received { term: 0 index: 0 } } ignore_live_leader: false dest_uuid: "36702bc9b35d472c9b33986b5a2b0b6f"
I20260709 13:15:06.759294 13492 raft_consensus.cc:3060] T eda16add6fba42b784a6936b05592dbf P 36702bc9b35d472c9b33986b5a2b0b6f [term 0 FOLLOWER]: Advancing to term 1
W20260709 13:15:06.759863 13458 leader_election.cc:343] T 158f99edbfcb4d5db83ba4b589ed7a40 P 36702bc9b35d472c9b33986b5a2b0b6f [CANDIDATE]: Term 1 pre-election: Tablet error from VoteRequest() call to peer 91c0c843c9434697b41fe1c662e56ef4 (127.11.248.66:44275): Illegal state: must be running to vote when last-logged opid is not known
I20260709 13:15:06.760322 13458 leader_election.cc:304] T 158f99edbfcb4d5db83ba4b589ed7a40 P 36702bc9b35d472c9b33986b5a2b0b6f [CANDIDATE]: Term 1 pre-election: Election decided. Result: candidate lost. Election summary: received 3 responses out of 3 voters: 1 yes votes; 2 no votes. yes voters: 36702bc9b35d472c9b33986b5a2b0b6f; no voters: 91c0c843c9434697b41fe1c662e56ef4, bc9b2c4677754515961890ca1999a960
I20260709 13:15:06.761294 13756 raft_consensus.cc:2749] T 158f99edbfcb4d5db83ba4b589ed7a40 P 36702bc9b35d472c9b33986b5a2b0b6f [term 0 FOLLOWER]: Leader pre-election lost for term 1. Reason: could not achieve majority
I20260709 13:15:06.752904 13489 raft_consensus.cc:3060] T 55b2ff528756460aa4f803c61106b526 P 36702bc9b35d472c9b33986b5a2b0b6f [term 0 FOLLOWER]: Advancing to term 1
I20260709 13:15:06.765246 13756 consensus_queue.cc:1048] T 204f6e74d0b74ff8a7f2de30d06b25fe P 36702bc9b35d472c9b33986b5a2b0b6f [LEADER]: Connected to new peer: Peer: permanent_uuid: "bc9b2c4677754515961890ca1999a960" member_type: VOTER last_known_addr { host: "127.11.248.65" port: 33023 }, Status: LMP_MISMATCH, Last received: 0.0, Next index: 1, Last known committed idx: 0, Time since last communication: 0.001s
I20260709 13:15:06.766072 13342 raft_consensus.cc:2468] T eda16add6fba42b784a6936b05592dbf P bc9b2c4677754515961890ca1999a960 [term 1 FOLLOWER]: Leader election vote request: Granting yes vote for candidate 91c0c843c9434697b41fe1c662e56ef4 in term 1.
I20260709 13:15:06.768610 13489 raft_consensus.cc:2468] T 55b2ff528756460aa4f803c61106b526 P 36702bc9b35d472c9b33986b5a2b0b6f [term 1 FOLLOWER]: Leader election vote request: Granting yes vote for candidate bc9b2c4677754515961890ca1999a960 in term 1.
I20260709 13:15:06.768813 13385 leader_election.cc:304] T eda16add6fba42b784a6936b05592dbf P 91c0c843c9434697b41fe1c662e56ef4 [CANDIDATE]: Term 1 election: Election decided. Result: candidate won. Election summary: received 2 responses out of 3 voters: 2 yes votes; 0 no votes. yes voters: 91c0c843c9434697b41fe1c662e56ef4, bc9b2c4677754515961890ca1999a960; no voters: 
I20260709 13:15:06.770435 13310 leader_election.cc:304] T 55b2ff528756460aa4f803c61106b526 P bc9b2c4677754515961890ca1999a960 [CANDIDATE]: Term 1 election: Election decided. Result: candidate won. Election summary: received 2 responses out of 3 voters: 2 yes votes; 0 no votes. yes voters: 36702bc9b35d472c9b33986b5a2b0b6f, bc9b2c4677754515961890ca1999a960; no voters: 
I20260709 13:15:06.772284 13718 raft_consensus.cc:2804] T 55b2ff528756460aa4f803c61106b526 P bc9b2c4677754515961890ca1999a960 [term 1 FOLLOWER]: Leader election won for term 1
I20260709 13:15:06.775693 13533 tablet_bootstrap.cc:654] T e6ad6a0ec5f04cb29e88fb73bba4168a P 91c0c843c9434697b41fe1c662e56ef4: Neither blocks nor log segments found. Creating new log.
I20260709 13:15:06.775350 13535 raft_consensus.cc:359] T 5689ecb92c3843628fa4317a5202638f P bc9b2c4677754515961890ca1999a960 [term 0 FOLLOWER]: Replica starting. Triggering 0 pending ops. Active config: opid_index: -1 OBSOLETE_local: false peers { permanent_uuid: "bc9b2c4677754515961890ca1999a960" member_type: VOTER last_known_addr { host: "127.11.248.65" port: 33023 } } peers { permanent_uuid: "91c0c843c9434697b41fe1c662e56ef4" member_type: VOTER last_known_addr { host: "127.11.248.66" port: 44275 } } peers { permanent_uuid: "36702bc9b35d472c9b33986b5a2b0b6f" member_type: VOTER last_known_addr { host: "127.11.248.67" port: 43241 } }
I20260709 13:15:06.776645 13534 tablet_bootstrap.cc:492] T ac446c89d8bb4e1981fec91e770860f3 P 36702bc9b35d472c9b33986b5a2b0b6f: Bootstrap starting.
I20260709 13:15:06.776790 13535 raft_consensus.cc:385] T 5689ecb92c3843628fa4317a5202638f P bc9b2c4677754515961890ca1999a960 [term 0 FOLLOWER]: Consensus starting up: Expiring failure detector timer to make a prompt election more likely
I20260709 13:15:06.777184 13535 raft_consensus.cc:740] T 5689ecb92c3843628fa4317a5202638f P bc9b2c4677754515961890ca1999a960 [term 0 FOLLOWER]: Becoming Follower/Learner. State: Replica: bc9b2c4677754515961890ca1999a960, State: Initialized, Role: FOLLOWER
I20260709 13:15:06.776381 13599 raft_consensus.cc:2804] T eda16add6fba42b784a6936b05592dbf P 91c0c843c9434697b41fe1c662e56ef4 [term 1 FOLLOWER]: Leader election won for term 1
I20260709 13:15:06.778420 13599 raft_consensus.cc:697] T eda16add6fba42b784a6936b05592dbf P 91c0c843c9434697b41fe1c662e56ef4 [term 1 LEADER]: Becoming Leader. State: Replica: 91c0c843c9434697b41fe1c662e56ef4, State: Running, Role: LEADER
I20260709 13:15:06.778200 13535 consensus_queue.cc:260] T 5689ecb92c3843628fa4317a5202638f P bc9b2c4677754515961890ca1999a960 [NON_LEADER]: Queue going to NON_LEADER mode. State: All replicated index: 0, Majority replicated index: 0, Committed index: 0, Last appended: 0.0, Last appended by leader: 0, Current term: 0, Majority size: -1, State: 0, Mode: NON_LEADER, active raft config: opid_index: -1 OBSOLETE_local: false peers { permanent_uuid: "bc9b2c4677754515961890ca1999a960" member_type: VOTER last_known_addr { host: "127.11.248.65" port: 33023 } } peers { permanent_uuid: "91c0c843c9434697b41fe1c662e56ef4" member_type: VOTER last_known_addr { host: "127.11.248.66" port: 44275 } } peers { permanent_uuid: "36702bc9b35d472c9b33986b5a2b0b6f" member_type: VOTER last_known_addr { host: "127.11.248.67" port: 43241 } }
I20260709 13:15:06.779214 13599 consensus_queue.cc:237] T eda16add6fba42b784a6936b05592dbf P 91c0c843c9434697b41fe1c662e56ef4 [LEADER]: Queue going to LEADER mode. State: All replicated index: 0, Majority replicated index: 0, Committed index: 0, Last appended: 0.0, Last appended by leader: 0, Current term: 1, Majority size: 2, State: 0, Mode: LEADER, active raft config: opid_index: -1 OBSOLETE_local: false peers { permanent_uuid: "bc9b2c4677754515961890ca1999a960" member_type: VOTER last_known_addr { host: "127.11.248.65" port: 33023 } } peers { permanent_uuid: "91c0c843c9434697b41fe1c662e56ef4" member_type: VOTER last_known_addr { host: "127.11.248.66" port: 44275 } } peers { permanent_uuid: "36702bc9b35d472c9b33986b5a2b0b6f" member_type: VOTER last_known_addr { host: "127.11.248.67" port: 43241 } }
I20260709 13:15:06.780349 13535 ts_tablet_manager.cc:1434] T 5689ecb92c3843628fa4317a5202638f P bc9b2c4677754515961890ca1999a960: Time spent starting tablet: real 0.029s	user 0.005s	sys 0.002s
I20260709 13:15:06.781188 13535 tablet_bootstrap.cc:492] T 9158a4d0d05c4b94907ee0d92954aa3b P bc9b2c4677754515961890ca1999a960: Bootstrap starting.
I20260709 13:15:06.792227 13492 raft_consensus.cc:2468] T eda16add6fba42b784a6936b05592dbf P 36702bc9b35d472c9b33986b5a2b0b6f [term 1 FOLLOWER]: Leader election vote request: Granting yes vote for candidate 91c0c843c9434697b41fe1c662e56ef4 in term 1.
I20260709 13:15:06.772961 13718 raft_consensus.cc:697] T 55b2ff528756460aa4f803c61106b526 P bc9b2c4677754515961890ca1999a960 [term 1 LEADER]: Becoming Leader. State: Replica: bc9b2c4677754515961890ca1999a960, State: Running, Role: LEADER
I20260709 13:15:06.797498 13718 consensus_queue.cc:237] T 55b2ff528756460aa4f803c61106b526 P bc9b2c4677754515961890ca1999a960 [LEADER]: Queue going to LEADER mode. State: All replicated index: 0, Majority replicated index: 0, Committed index: 0, Last appended: 0.0, Last appended by leader: 0, Current term: 1, Majority size: 2, State: 0, Mode: LEADER, active raft config: opid_index: -1 OBSOLETE_local: false peers { permanent_uuid: "bc9b2c4677754515961890ca1999a960" member_type: VOTER last_known_addr { host: "127.11.248.65" port: 33023 } } peers { permanent_uuid: "91c0c843c9434697b41fe1c662e56ef4" member_type: VOTER last_known_addr { host: "127.11.248.66" port: 44275 } } peers { permanent_uuid: "36702bc9b35d472c9b33986b5a2b0b6f" member_type: VOTER last_known_addr { host: "127.11.248.67" port: 43241 } }
I20260709 13:15:06.798367 13419 raft_consensus.cc:2468] T 55b2ff528756460aa4f803c61106b526 P 91c0c843c9434697b41fe1c662e56ef4 [term 1 FOLLOWER]: Leader election vote request: Granting yes vote for candidate bc9b2c4677754515961890ca1999a960 in term 1.
I20260709 13:15:06.799017 13239 catalog_manager.cc:5697] T eda16add6fba42b784a6936b05592dbf P 91c0c843c9434697b41fe1c662e56ef4 reported cstate change: term changed from 0 to 1, leader changed from <none> to 91c0c843c9434697b41fe1c662e56ef4 (127.11.248.66). New cstate: current_term: 1 leader_uuid: "91c0c843c9434697b41fe1c662e56ef4" committed_config { opid_index: -1 OBSOLETE_local: false peers { permanent_uuid: "bc9b2c4677754515961890ca1999a960" member_type: VOTER last_known_addr { host: "127.11.248.65" port: 33023 } health_report { overall_health: UNKNOWN } } peers { permanent_uuid: "91c0c843c9434697b41fe1c662e56ef4" member_type: VOTER last_known_addr { host: "127.11.248.66" port: 44275 } health_report { overall_health: HEALTHY } } peers { permanent_uuid: "36702bc9b35d472c9b33986b5a2b0b6f" member_type: VOTER last_known_addr { host: "127.11.248.67" port: 43241 } health_report { overall_health: UNKNOWN } } }
I20260709 13:15:06.841797 13535 tablet_bootstrap.cc:654] T 9158a4d0d05c4b94907ee0d92954aa3b P bc9b2c4677754515961890ca1999a960: Neither blocks nor log segments found. Creating new log.
I20260709 13:15:06.848744 13690 consensus_queue.cc:1048] T 204f6e74d0b74ff8a7f2de30d06b25fe P 36702bc9b35d472c9b33986b5a2b0b6f [LEADER]: Connected to new peer: Peer: permanent_uuid: "91c0c843c9434697b41fe1c662e56ef4" member_type: VOTER last_known_addr { host: "127.11.248.66" port: 44275 }, Status: LMP_MISMATCH, Last received: 0.0, Next index: 1, Last known committed idx: 0, Time since last communication: 0.000s
I20260709 13:15:06.851643 13690 consensus_queue.cc:1048] T 974b83bedc0f4a73b7b15e1a7fab5151 P 36702bc9b35d472c9b33986b5a2b0b6f [LEADER]: Connected to new peer: Peer: permanent_uuid: "bc9b2c4677754515961890ca1999a960" member_type: VOTER last_known_addr { host: "127.11.248.65" port: 33023 }, Status: LMP_MISMATCH, Last received: 0.0, Next index: 1, Last known committed idx: 0, Time since last communication: 0.000s
I20260709 13:15:06.841069 13239 catalog_manager.cc:5697] T 55b2ff528756460aa4f803c61106b526 P bc9b2c4677754515961890ca1999a960 reported cstate change: term changed from 0 to 1, leader changed from <none> to bc9b2c4677754515961890ca1999a960 (127.11.248.65). New cstate: current_term: 1 leader_uuid: "bc9b2c4677754515961890ca1999a960" committed_config { opid_index: -1 OBSOLETE_local: false peers { permanent_uuid: "bc9b2c4677754515961890ca1999a960" member_type: VOTER last_known_addr { host: "127.11.248.65" port: 33023 } health_report { overall_health: HEALTHY } } peers { permanent_uuid: "91c0c843c9434697b41fe1c662e56ef4" member_type: VOTER last_known_addr { host: "127.11.248.66" port: 44275 } health_report { overall_health: UNKNOWN } } peers { permanent_uuid: "36702bc9b35d472c9b33986b5a2b0b6f" member_type: VOTER last_known_addr { host: "127.11.248.67" port: 43241 } health_report { overall_health: UNKNOWN } } }
I20260709 13:15:06.874912 13534 tablet_bootstrap.cc:654] T ac446c89d8bb4e1981fec91e770860f3 P 36702bc9b35d472c9b33986b5a2b0b6f: Neither blocks nor log segments found. Creating new log.
I20260709 13:15:06.883282 13601 consensus_queue.cc:1048] T 42a059412fa44bcc80f0fbf7ece1f4c7 P 91c0c843c9434697b41fe1c662e56ef4 [LEADER]: Connected to new peer: Peer: permanent_uuid: "36702bc9b35d472c9b33986b5a2b0b6f" member_type: VOTER last_known_addr { host: "127.11.248.67" port: 43241 }, Status: LMP_MISMATCH, Last received: 0.0, Next index: 1, Last known committed idx: 0, Time since last communication: 0.000s
I20260709 13:15:06.887506 13533 tablet_bootstrap.cc:492] T e6ad6a0ec5f04cb29e88fb73bba4168a P 91c0c843c9434697b41fe1c662e56ef4: No bootstrap required, opened a new log
I20260709 13:15:06.888037 13533 ts_tablet_manager.cc:1403] T e6ad6a0ec5f04cb29e88fb73bba4168a P 91c0c843c9434697b41fe1c662e56ef4: Time spent bootstrapping tablet: real 0.194s	user 0.010s	sys 0.009s
W20260709 13:15:06.894248 13309 consensus_peers.cc:597] T e6ad6a0ec5f04cb29e88fb73bba4168a P bc9b2c4677754515961890ca1999a960 -> Peer 91c0c843c9434697b41fe1c662e56ef4 (127.11.248.66:44275): Couldn't send request to peer 91c0c843c9434697b41fe1c662e56ef4. Error code: TABLET_NOT_RUNNING (12). Status: Illegal state: Tablet not RUNNING: BOOTSTRAPPING. This is attempt 1: this message will repeat every 5th retry.
I20260709 13:15:06.902360 13419 raft_consensus.cc:3060] T 974b83bedc0f4a73b7b15e1a7fab5151 P 91c0c843c9434697b41fe1c662e56ef4 [term 0 FOLLOWER]: Advancing to term 1
I20260709 13:15:06.908329 13534 tablet_bootstrap.cc:492] T ac446c89d8bb4e1981fec91e770860f3 P 36702bc9b35d472c9b33986b5a2b0b6f: No bootstrap required, opened a new log
I20260709 13:15:06.890974 13533 raft_consensus.cc:359] T e6ad6a0ec5f04cb29e88fb73bba4168a P 91c0c843c9434697b41fe1c662e56ef4 [term 0 FOLLOWER]: Replica starting. Triggering 0 pending ops. Active config: opid_index: -1 OBSOLETE_local: false peers { permanent_uuid: "bc9b2c4677754515961890ca1999a960" member_type: VOTER last_known_addr { host: "127.11.248.65" port: 33023 } } peers { permanent_uuid: "91c0c843c9434697b41fe1c662e56ef4" member_type: VOTER last_known_addr { host: "127.11.248.66" port: 44275 } } peers { permanent_uuid: "36702bc9b35d472c9b33986b5a2b0b6f" member_type: VOTER last_known_addr { host: "127.11.248.67" port: 43241 } }
I20260709 13:15:06.908806 13534 ts_tablet_manager.cc:1403] T ac446c89d8bb4e1981fec91e770860f3 P 36702bc9b35d472c9b33986b5a2b0b6f: Time spent bootstrapping tablet: real 0.132s	user 0.011s	sys 0.004s
I20260709 13:15:06.911381 13534 raft_consensus.cc:359] T ac446c89d8bb4e1981fec91e770860f3 P 36702bc9b35d472c9b33986b5a2b0b6f [term 0 FOLLOWER]: Replica starting. Triggering 0 pending ops. Active config: opid_index: -1 OBSOLETE_local: false peers { permanent_uuid: "bc9b2c4677754515961890ca1999a960" member_type: VOTER last_known_addr { host: "127.11.248.65" port: 33023 } } peers { permanent_uuid: "91c0c843c9434697b41fe1c662e56ef4" member_type: VOTER last_known_addr { host: "127.11.248.66" port: 44275 } } peers { permanent_uuid: "36702bc9b35d472c9b33986b5a2b0b6f" member_type: VOTER last_known_addr { host: "127.11.248.67" port: 43241 } }
I20260709 13:15:06.915356 13534 raft_consensus.cc:385] T ac446c89d8bb4e1981fec91e770860f3 P 36702bc9b35d472c9b33986b5a2b0b6f [term 0 FOLLOWER]: Consensus starting up: Expiring failure detector timer to make a prompt election more likely
I20260709 13:15:06.915643 13534 raft_consensus.cc:740] T ac446c89d8bb4e1981fec91e770860f3 P 36702bc9b35d472c9b33986b5a2b0b6f [term 0 FOLLOWER]: Becoming Follower/Learner. State: Replica: 36702bc9b35d472c9b33986b5a2b0b6f, State: Initialized, Role: FOLLOWER
I20260709 13:15:06.916270 13534 consensus_queue.cc:260] T ac446c89d8bb4e1981fec91e770860f3 P 36702bc9b35d472c9b33986b5a2b0b6f [NON_LEADER]: Queue going to NON_LEADER mode. State: All replicated index: 0, Majority replicated index: 0, Committed index: 0, Last appended: 0.0, Last appended by leader: 0, Current term: 0, Majority size: -1, State: 0, Mode: NON_LEADER, active raft config: opid_index: -1 OBSOLETE_local: false peers { permanent_uuid: "bc9b2c4677754515961890ca1999a960" member_type: VOTER last_known_addr { host: "127.11.248.65" port: 33023 } } peers { permanent_uuid: "91c0c843c9434697b41fe1c662e56ef4" member_type: VOTER last_known_addr { host: "127.11.248.66" port: 44275 } } peers { permanent_uuid: "36702bc9b35d472c9b33986b5a2b0b6f" member_type: VOTER last_known_addr { host: "127.11.248.67" port: 43241 } }
I20260709 13:15:06.918396 13534 ts_tablet_manager.cc:1434] T ac446c89d8bb4e1981fec91e770860f3 P 36702bc9b35d472c9b33986b5a2b0b6f: Time spent starting tablet: real 0.009s	user 0.005s	sys 0.000s
I20260709 13:15:06.919227 13534 tablet_bootstrap.cc:492] T fe246c1a4e134c5ba7659fccb3445c04 P 36702bc9b35d472c9b33986b5a2b0b6f: Bootstrap starting.
I20260709 13:15:06.908823 13533 raft_consensus.cc:385] T e6ad6a0ec5f04cb29e88fb73bba4168a P 91c0c843c9434697b41fe1c662e56ef4 [term 0 FOLLOWER]: Consensus starting up: Expiring failure detector timer to make a prompt election more likely
I20260709 13:15:06.921938 13533 raft_consensus.cc:740] T e6ad6a0ec5f04cb29e88fb73bba4168a P 91c0c843c9434697b41fe1c662e56ef4 [term 0 FOLLOWER]: Becoming Follower/Learner. State: Replica: 91c0c843c9434697b41fe1c662e56ef4, State: Initialized, Role: FOLLOWER
I20260709 13:15:06.922581 13533 consensus_queue.cc:260] T e6ad6a0ec5f04cb29e88fb73bba4168a P 91c0c843c9434697b41fe1c662e56ef4 [NON_LEADER]: Queue going to NON_LEADER mode. State: All replicated index: 0, Majority replicated index: 0, Committed index: 0, Last appended: 0.0, Last appended by leader: 0, Current term: 0, Majority size: -1, State: 0, Mode: NON_LEADER, active raft config: opid_index: -1 OBSOLETE_local: false peers { permanent_uuid: "bc9b2c4677754515961890ca1999a960" member_type: VOTER last_known_addr { host: "127.11.248.65" port: 33023 } } peers { permanent_uuid: "91c0c843c9434697b41fe1c662e56ef4" member_type: VOTER last_known_addr { host: "127.11.248.66" port: 44275 } } peers { permanent_uuid: "36702bc9b35d472c9b33986b5a2b0b6f" member_type: VOTER last_known_addr { host: "127.11.248.67" port: 43241 } }
I20260709 13:15:06.925104 13534 tablet_bootstrap.cc:654] T fe246c1a4e134c5ba7659fccb3445c04 P 36702bc9b35d472c9b33986b5a2b0b6f: Neither blocks nor log segments found. Creating new log.
I20260709 13:15:06.926348 13601 consensus_queue.cc:1048] T 42a059412fa44bcc80f0fbf7ece1f4c7 P 91c0c843c9434697b41fe1c662e56ef4 [LEADER]: Connected to new peer: Peer: permanent_uuid: "bc9b2c4677754515961890ca1999a960" member_type: VOTER last_known_addr { host: "127.11.248.65" port: 33023 }, Status: LMP_MISMATCH, Last received: 0.0, Next index: 1, Last known committed idx: 0, Time since last communication: 0.000s
I20260709 13:15:06.927152 13533 ts_tablet_manager.cc:1434] T e6ad6a0ec5f04cb29e88fb73bba4168a P 91c0c843c9434697b41fe1c662e56ef4: Time spent starting tablet: real 0.039s	user 0.004s	sys 0.001s
I20260709 13:15:06.931902 13533 tablet_bootstrap.cc:492] T 158f99edbfcb4d5db83ba4b589ed7a40 P 91c0c843c9434697b41fe1c662e56ef4: Bootstrap starting.
I20260709 13:15:06.934754 13540 consensus_queue.cc:1048] T 974b83bedc0f4a73b7b15e1a7fab5151 P 36702bc9b35d472c9b33986b5a2b0b6f [LEADER]: Connected to new peer: Peer: permanent_uuid: "91c0c843c9434697b41fe1c662e56ef4" member_type: VOTER last_known_addr { host: "127.11.248.66" port: 44275 }, Status: LMP_MISMATCH, Last received: 0.0, Next index: 1, Last known committed idx: 0, Time since last communication: 0.000s
I20260709 13:15:06.936676 13533 tablet_bootstrap.cc:654] T 158f99edbfcb4d5db83ba4b589ed7a40 P 91c0c843c9434697b41fe1c662e56ef4: Neither blocks nor log segments found. Creating new log.
I20260709 13:15:06.941898 13535 tablet_bootstrap.cc:492] T 9158a4d0d05c4b94907ee0d92954aa3b P bc9b2c4677754515961890ca1999a960: No bootstrap required, opened a new log
I20260709 13:15:06.942257 13535 ts_tablet_manager.cc:1403] T 9158a4d0d05c4b94907ee0d92954aa3b P bc9b2c4677754515961890ca1999a960: Time spent bootstrapping tablet: real 0.161s	user 0.008s	sys 0.018s
I20260709 13:15:06.943961 13535 raft_consensus.cc:359] T 9158a4d0d05c4b94907ee0d92954aa3b P bc9b2c4677754515961890ca1999a960 [term 0 FOLLOWER]: Replica starting. Triggering 0 pending ops. Active config: opid_index: -1 OBSOLETE_local: false peers { permanent_uuid: "bc9b2c4677754515961890ca1999a960" member_type: VOTER last_known_addr { host: "127.11.248.65" port: 33023 } } peers { permanent_uuid: "91c0c843c9434697b41fe1c662e56ef4" member_type: VOTER last_known_addr { host: "127.11.248.66" port: 44275 } } peers { permanent_uuid: "36702bc9b35d472c9b33986b5a2b0b6f" member_type: VOTER last_known_addr { host: "127.11.248.67" port: 43241 } }
I20260709 13:15:06.944576 13535 raft_consensus.cc:385] T 9158a4d0d05c4b94907ee0d92954aa3b P bc9b2c4677754515961890ca1999a960 [term 0 FOLLOWER]: Consensus starting up: Expiring failure detector timer to make a prompt election more likely
I20260709 13:15:06.944832 13535 raft_consensus.cc:740] T 9158a4d0d05c4b94907ee0d92954aa3b P bc9b2c4677754515961890ca1999a960 [term 0 FOLLOWER]: Becoming Follower/Learner. State: Replica: bc9b2c4677754515961890ca1999a960, State: Initialized, Role: FOLLOWER
I20260709 13:15:06.945513 13535 consensus_queue.cc:260] T 9158a4d0d05c4b94907ee0d92954aa3b P bc9b2c4677754515961890ca1999a960 [NON_LEADER]: Queue going to NON_LEADER mode. State: All replicated index: 0, Majority replicated index: 0, Committed index: 0, Last appended: 0.0, Last appended by leader: 0, Current term: 0, Majority size: -1, State: 0, Mode: NON_LEADER, active raft config: opid_index: -1 OBSOLETE_local: false peers { permanent_uuid: "bc9b2c4677754515961890ca1999a960" member_type: VOTER last_known_addr { host: "127.11.248.65" port: 33023 } } peers { permanent_uuid: "91c0c843c9434697b41fe1c662e56ef4" member_type: VOTER last_known_addr { host: "127.11.248.66" port: 44275 } } peers { permanent_uuid: "36702bc9b35d472c9b33986b5a2b0b6f" member_type: VOTER last_known_addr { host: "127.11.248.67" port: 43241 } }
I20260709 13:15:06.949637 13535 ts_tablet_manager.cc:1434] T 9158a4d0d05c4b94907ee0d92954aa3b P bc9b2c4677754515961890ca1999a960: Time spent starting tablet: real 0.007s	user 0.004s	sys 0.001s
I20260709 13:15:06.950557 13535 tablet_bootstrap.cc:492] T ac446c89d8bb4e1981fec91e770860f3 P bc9b2c4677754515961890ca1999a960: Bootstrap starting.
I20260709 13:15:06.954692 13533 tablet_bootstrap.cc:492] T 158f99edbfcb4d5db83ba4b589ed7a40 P 91c0c843c9434697b41fe1c662e56ef4: No bootstrap required, opened a new log
I20260709 13:15:06.955240 13533 ts_tablet_manager.cc:1403] T 158f99edbfcb4d5db83ba4b589ed7a40 P 91c0c843c9434697b41fe1c662e56ef4: Time spent bootstrapping tablet: real 0.024s	user 0.009s	sys 0.002s
I20260709 13:15:06.958453 13533 raft_consensus.cc:359] T 158f99edbfcb4d5db83ba4b589ed7a40 P 91c0c843c9434697b41fe1c662e56ef4 [term 0 FOLLOWER]: Replica starting. Triggering 0 pending ops. Active config: opid_index: -1 OBSOLETE_local: false peers { permanent_uuid: "bc9b2c4677754515961890ca1999a960" member_type: VOTER last_known_addr { host: "127.11.248.65" port: 33023 } } peers { permanent_uuid: "91c0c843c9434697b41fe1c662e56ef4" member_type: VOTER last_known_addr { host: "127.11.248.66" port: 44275 } } peers { permanent_uuid: "36702bc9b35d472c9b33986b5a2b0b6f" member_type: VOTER last_known_addr { host: "127.11.248.67" port: 43241 } }
I20260709 13:15:06.959666 13601 raft_consensus.cc:493] T 5e841bfe2d3a4c698830041183a4c75c P 91c0c843c9434697b41fe1c662e56ef4 [term 0 FOLLOWER]: Starting pre-election (no leader contacted us within the election timeout)
I20260709 13:15:06.960213 13601 raft_consensus.cc:515] T 5e841bfe2d3a4c698830041183a4c75c P 91c0c843c9434697b41fe1c662e56ef4 [term 0 FOLLOWER]: Starting pre-election with config: opid_index: -1 OBSOLETE_local: false peers { permanent_uuid: "bc9b2c4677754515961890ca1999a960" member_type: VOTER last_known_addr { host: "127.11.248.65" port: 33023 } } peers { permanent_uuid: "91c0c843c9434697b41fe1c662e56ef4" member_type: VOTER last_known_addr { host: "127.11.248.66" port: 44275 } } peers { permanent_uuid: "36702bc9b35d472c9b33986b5a2b0b6f" member_type: VOTER last_known_addr { host: "127.11.248.67" port: 43241 } }
I20260709 13:15:06.962163 13601 leader_election.cc:290] T 5e841bfe2d3a4c698830041183a4c75c P 91c0c843c9434697b41fe1c662e56ef4 [CANDIDATE]: Term 1 pre-election: Requested pre-vote from peers bc9b2c4677754515961890ca1999a960 (127.11.248.65:33023), 36702bc9b35d472c9b33986b5a2b0b6f (127.11.248.67:43241)
I20260709 13:15:06.963218 13540 raft_consensus.cc:493] T ac446c89d8bb4e1981fec91e770860f3 P 36702bc9b35d472c9b33986b5a2b0b6f [term 0 FOLLOWER]: Starting pre-election (no leader contacted us within the election timeout)
I20260709 13:15:06.963671 13540 raft_consensus.cc:515] T ac446c89d8bb4e1981fec91e770860f3 P 36702bc9b35d472c9b33986b5a2b0b6f [term 0 FOLLOWER]: Starting pre-election with config: opid_index: -1 OBSOLETE_local: false peers { permanent_uuid: "bc9b2c4677754515961890ca1999a960" member_type: VOTER last_known_addr { host: "127.11.248.65" port: 33023 } } peers { permanent_uuid: "91c0c843c9434697b41fe1c662e56ef4" member_type: VOTER last_known_addr { host: "127.11.248.66" port: 44275 } } peers { permanent_uuid: "36702bc9b35d472c9b33986b5a2b0b6f" member_type: VOTER last_known_addr { host: "127.11.248.67" port: 43241 } }
I20260709 13:15:06.965682 13540 leader_election.cc:290] T ac446c89d8bb4e1981fec91e770860f3 P 36702bc9b35d472c9b33986b5a2b0b6f [CANDIDATE]: Term 1 pre-election: Requested pre-vote from peers bc9b2c4677754515961890ca1999a960 (127.11.248.65:33023), 91c0c843c9434697b41fe1c662e56ef4 (127.11.248.66:44275)
I20260709 13:15:06.966251 13344 tablet_service.cc:1917] Received RequestConsensusVote() RPC: tablet_id: "ac446c89d8bb4e1981fec91e770860f3" candidate_uuid: "36702bc9b35d472c9b33986b5a2b0b6f" candidate_term: 1 candidate_status { last_received { term: 0 index: 0 } } ignore_live_leader: false dest_uuid: "bc9b2c4677754515961890ca1999a960" is_pre_election: true
I20260709 13:15:06.967829 13344 tablet_service.cc:1917] Received RequestConsensusVote() RPC: tablet_id: "5e841bfe2d3a4c698830041183a4c75c" candidate_uuid: "91c0c843c9434697b41fe1c662e56ef4" candidate_term: 1 candidate_status { last_received { term: 0 index: 0 } } ignore_live_leader: false dest_uuid: "bc9b2c4677754515961890ca1999a960" is_pre_election: true
I20260709 13:15:06.968451 13492 tablet_service.cc:1917] Received RequestConsensusVote() RPC: tablet_id: "5e841bfe2d3a4c698830041183a4c75c" candidate_uuid: "91c0c843c9434697b41fe1c662e56ef4" candidate_term: 1 candidate_status { last_received { term: 0 index: 0 } } ignore_live_leader: false dest_uuid: "36702bc9b35d472c9b33986b5a2b0b6f" is_pre_election: true
I20260709 13:15:06.969817 13492 raft_consensus.cc:2393] T 5e841bfe2d3a4c698830041183a4c75c P 36702bc9b35d472c9b33986b5a2b0b6f [term 1 FOLLOWER]: Leader pre-election vote request: Denying vote to candidate 91c0c843c9434697b41fe1c662e56ef4 in current term 1: Already voted for candidate bc9b2c4677754515961890ca1999a960 in this term.
