I20260709 12:58:29.629441  1758 raft_consensus.cc:740] T 60b2a966b93a490d95023cfa500003a2 P abe3ec33ba804dafbb2e88295b5ce047 [term 0 FOLLOWER]: Becoming Follower/Learner. State: Replica: abe3ec33ba804dafbb2e88295b5ce047, State: Initialized, Role: FOLLOWER
I20260709 12:58:29.630028  1758 consensus_queue.cc:260] T 60b2a966b93a490d95023cfa500003a2 P abe3ec33ba804dafbb2e88295b5ce047 [NON_LEADER]: Queue going to NON_LEADER mode. State: All replicated index: 0, Majority replicated index: 0, Committed index: 0, Last appended: 0.0, Last appended by leader: 0, Current term: 0, Majority size: -1, State: 0, Mode: NON_LEADER, active raft config: opid_index: -1 OBSOLETE_local: false peers { permanent_uuid: "2110081759f94bf5a59d08f777586847" member_type: VOTER last_known_addr { host: "127.0.107.193" port: 34493 } } peers { permanent_uuid: "abe3ec33ba804dafbb2e88295b5ce047" member_type: VOTER last_known_addr { host: "127.0.107.194" port: 46585 } } peers { permanent_uuid: "2ff82a9fa15e4d1e9fa3e28fc99652ba" member_type: VOTER last_known_addr { host: "127.0.107.195" port: 37211 } }
I20260709 12:58:29.631660  1758 ts_tablet_manager.cc:1434] T 60b2a966b93a490d95023cfa500003a2 P abe3ec33ba804dafbb2e88295b5ce047: Time spent starting tablet: real 0.006s	user 0.004s	sys 0.000s
I20260709 12:58:29.632512  1758 tablet_bootstrap.cc:492] T 6d09e517b36d48439c1b96f95b3f3d6c P abe3ec33ba804dafbb2e88295b5ce047: Bootstrap starting.
I20260709 12:58:29.637579  1758 tablet_bootstrap.cc:654] T 6d09e517b36d48439c1b96f95b3f3d6c P abe3ec33ba804dafbb2e88295b5ce047: Neither blocks nor log segments found. Creating new log.
I20260709 12:58:29.640264  1762 tablet_bootstrap.cc:492] T ee1b6883c3a34f519d92872628b71126 P 2110081759f94bf5a59d08f777586847: No bootstrap required, opened a new log
I20260709 12:58:29.640673  1762 ts_tablet_manager.cc:1403] T ee1b6883c3a34f519d92872628b71126 P 2110081759f94bf5a59d08f777586847: Time spent bootstrapping tablet: real 0.103s	user 0.008s	sys 0.002s
I20260709 12:58:29.643101  1762 raft_consensus.cc:359] T ee1b6883c3a34f519d92872628b71126 P 2110081759f94bf5a59d08f777586847 [term 0 FOLLOWER]: Replica starting. Triggering 0 pending ops. Active config: opid_index: -1 OBSOLETE_local: false peers { permanent_uuid: "2110081759f94bf5a59d08f777586847" member_type: VOTER last_known_addr { host: "127.0.107.193" port: 34493 } } peers { permanent_uuid: "abe3ec33ba804dafbb2e88295b5ce047" member_type: VOTER last_known_addr { host: "127.0.107.194" port: 46585 } } peers { permanent_uuid: "2ff82a9fa15e4d1e9fa3e28fc99652ba" member_type: VOTER last_known_addr { host: "127.0.107.195" port: 37211 } }
I20260709 12:58:29.643725  1762 raft_consensus.cc:385] T ee1b6883c3a34f519d92872628b71126 P 2110081759f94bf5a59d08f777586847 [term 0 FOLLOWER]: Consensus starting up: Expiring failure detector timer to make a prompt election more likely
I20260709 12:58:29.643981  1762 raft_consensus.cc:740] T ee1b6883c3a34f519d92872628b71126 P 2110081759f94bf5a59d08f777586847 [term 0 FOLLOWER]: Becoming Follower/Learner. State: Replica: 2110081759f94bf5a59d08f777586847, State: Initialized, Role: FOLLOWER
I20260709 12:58:29.644755  1762 consensus_queue.cc:260] T ee1b6883c3a34f519d92872628b71126 P 2110081759f94bf5a59d08f777586847 [NON_LEADER]: Queue going to NON_LEADER mode. State: All replicated index: 0, Majority replicated index: 0, Committed index: 0, Last appended: 0.0, Last appended by leader: 0, Current term: 0, Majority size: -1, State: 0, Mode: NON_LEADER, active raft config: opid_index: -1 OBSOLETE_local: false peers { permanent_uuid: "2110081759f94bf5a59d08f777586847" member_type: VOTER last_known_addr { host: "127.0.107.193" port: 34493 } } peers { permanent_uuid: "abe3ec33ba804dafbb2e88295b5ce047" member_type: VOTER last_known_addr { host: "127.0.107.194" port: 46585 } } peers { permanent_uuid: "2ff82a9fa15e4d1e9fa3e28fc99652ba" member_type: VOTER last_known_addr { host: "127.0.107.195" port: 37211 } }
I20260709 12:58:29.646886  1762 ts_tablet_manager.cc:1434] T ee1b6883c3a34f519d92872628b71126 P 2110081759f94bf5a59d08f777586847: Time spent starting tablet: real 0.006s	user 0.004s	sys 0.003s
I20260709 12:58:29.647768  1762 tablet_bootstrap.cc:492] T b717bb33f95c4acca20713070471c1b6 P 2110081759f94bf5a59d08f777586847: Bootstrap starting.
I20260709 12:58:29.659703  1568 raft_consensus.cc:3060] T ee1b6883c3a34f519d92872628b71126 P 2110081759f94bf5a59d08f777586847 [term 0 FOLLOWER]: Advancing to term 1
I20260709 12:58:29.659647  1907 consensus_queue.cc:1048] T b98296e4f82e45de8c71d3b3e62f2eb1 P 2ff82a9fa15e4d1e9fa3e28fc99652ba [LEADER]: Connected to new peer: Peer: permanent_uuid: "abe3ec33ba804dafbb2e88295b5ce047" member_type: VOTER last_known_addr { host: "127.0.107.194" port: 46585 }, Status: LMP_MISMATCH, Last received: 0.0, Next index: 1, Last known committed idx: 0, Time since last communication: 0.001s
I20260709 12:58:29.681008  1922 consensus_queue.cc:1048] T b717bb33f95c4acca20713070471c1b6 P abe3ec33ba804dafbb2e88295b5ce047 [LEADER]: Connected to new peer: Peer: permanent_uuid: "2ff82a9fa15e4d1e9fa3e28fc99652ba" member_type: VOTER last_known_addr { host: "127.0.107.195" port: 37211 }, Status: LMP_MISMATCH, Last received: 0.0, Next index: 1, Last known committed idx: 0, Time since last communication: 0.000s
I20260709 12:58:29.687006  1760 tablet_bootstrap.cc:492] T 60b2a966b93a490d95023cfa500003a2 P 2ff82a9fa15e4d1e9fa3e28fc99652ba: No bootstrap required, opened a new log
I20260709 12:58:29.691336  1760 ts_tablet_manager.cc:1403] T 60b2a966b93a490d95023cfa500003a2 P 2ff82a9fa15e4d1e9fa3e28fc99652ba: Time spent bootstrapping tablet: real 0.128s	user 0.041s	sys 0.035s
I20260709 12:58:29.698284  1762 tablet_bootstrap.cc:654] T b717bb33f95c4acca20713070471c1b6 P 2110081759f94bf5a59d08f777586847: Neither blocks nor log segments found. Creating new log.
I20260709 12:58:29.716346  1864 raft_consensus.cc:493] T 2250bbdaa75d4b7ebd3a4aca8d0ad0be P 2ff82a9fa15e4d1e9fa3e28fc99652ba [term 0 FOLLOWER]: Starting pre-election (no leader contacted us within the election timeout)
I20260709 12:58:29.716858  1864 raft_consensus.cc:515] T 2250bbdaa75d4b7ebd3a4aca8d0ad0be P 2ff82a9fa15e4d1e9fa3e28fc99652ba [term 0 FOLLOWER]: Starting pre-election with config: opid_index: -1 OBSOLETE_local: false peers { permanent_uuid: "2110081759f94bf5a59d08f777586847" member_type: VOTER last_known_addr { host: "127.0.107.193" port: 34493 } } peers { permanent_uuid: "abe3ec33ba804dafbb2e88295b5ce047" member_type: VOTER last_known_addr { host: "127.0.107.194" port: 46585 } } peers { permanent_uuid: "2ff82a9fa15e4d1e9fa3e28fc99652ba" member_type: VOTER last_known_addr { host: "127.0.107.195" port: 37211 } }
I20260709 12:58:29.719269  1864 leader_election.cc:290] T 2250bbdaa75d4b7ebd3a4aca8d0ad0be P 2ff82a9fa15e4d1e9fa3e28fc99652ba [CANDIDATE]: Term 1 pre-election: Requested pre-vote from peers 2110081759f94bf5a59d08f777586847 (127.0.107.193:34493), abe3ec33ba804dafbb2e88295b5ce047 (127.0.107.194:46585)
I20260709 12:58:29.720335  1642 tablet_service.cc:1917] Received RequestConsensusVote() RPC: tablet_id: "2250bbdaa75d4b7ebd3a4aca8d0ad0be" candidate_uuid: "2ff82a9fa15e4d1e9fa3e28fc99652ba" candidate_term: 1 candidate_status { last_received { term: 0 index: 0 } } ignore_live_leader: false dest_uuid: "abe3ec33ba804dafbb2e88295b5ce047" is_pre_election: true
I20260709 12:58:29.720292  1569 tablet_service.cc:1917] Received RequestConsensusVote() RPC: tablet_id: "2250bbdaa75d4b7ebd3a4aca8d0ad0be" candidate_uuid: "2ff82a9fa15e4d1e9fa3e28fc99652ba" candidate_term: 1 candidate_status { last_received { term: 0 index: 0 } } ignore_live_leader: false dest_uuid: "2110081759f94bf5a59d08f777586847" is_pre_election: true
W20260709 12:58:29.722306  1683 leader_election.cc:343] T 2250bbdaa75d4b7ebd3a4aca8d0ad0be P 2ff82a9fa15e4d1e9fa3e28fc99652ba [CANDIDATE]: Term 1 pre-election: Tablet error from VoteRequest() call to peer abe3ec33ba804dafbb2e88295b5ce047 (127.0.107.194:46585): Illegal state: must be running to vote when last-logged opid is not known
W20260709 12:58:29.724457  1685 leader_election.cc:343] T 2250bbdaa75d4b7ebd3a4aca8d0ad0be P 2ff82a9fa15e4d1e9fa3e28fc99652ba [CANDIDATE]: Term 1 pre-election: Tablet error from VoteRequest() call to peer 2110081759f94bf5a59d08f777586847 (127.0.107.193:34493): Illegal state: must be running to vote when last-logged opid is not known
I20260709 12:58:29.724860  1685 leader_election.cc:304] T 2250bbdaa75d4b7ebd3a4aca8d0ad0be P 2ff82a9fa15e4d1e9fa3e28fc99652ba [CANDIDATE]: Term 1 pre-election: Election decided. Result: candidate lost. Election summary: received 3 responses out of 3 voters: 1 yes votes; 2 no votes. yes voters: 2ff82a9fa15e4d1e9fa3e28fc99652ba; no voters: 2110081759f94bf5a59d08f777586847, abe3ec33ba804dafbb2e88295b5ce047
W20260709 12:58:29.730340  1611 consensus_peers.cc:597] T b717bb33f95c4acca20713070471c1b6 P abe3ec33ba804dafbb2e88295b5ce047 -> Peer 2110081759f94bf5a59d08f777586847 (127.0.107.193:34493): Couldn't send request to peer 2110081759f94bf5a59d08f777586847. Error code: TABLET_NOT_RUNNING (12). Status: Illegal state: Tablet not RUNNING: BOOTSTRAPPING. This is attempt 1: this message will repeat every 5th retry.
I20260709 12:58:29.730882  1864 raft_consensus.cc:2749] T 2250bbdaa75d4b7ebd3a4aca8d0ad0be P 2ff82a9fa15e4d1e9fa3e28fc99652ba [term 0 FOLLOWER]: Leader pre-election lost for term 1. Reason: could not achieve majority
I20260709 12:58:29.742290  1760 raft_consensus.cc:359] T 60b2a966b93a490d95023cfa500003a2 P 2ff82a9fa15e4d1e9fa3e28fc99652ba [term 0 FOLLOWER]: Replica starting. Triggering 0 pending ops. Active config: opid_index: -1 OBSOLETE_local: false peers { permanent_uuid: "2110081759f94bf5a59d08f777586847" member_type: VOTER last_known_addr { host: "127.0.107.193" port: 34493 } } peers { permanent_uuid: "abe3ec33ba804dafbb2e88295b5ce047" member_type: VOTER last_known_addr { host: "127.0.107.194" port: 46585 } } peers { permanent_uuid: "2ff82a9fa15e4d1e9fa3e28fc99652ba" member_type: VOTER last_known_addr { host: "127.0.107.195" port: 37211 } }
I20260709 12:58:29.743046  1760 raft_consensus.cc:385] T 60b2a966b93a490d95023cfa500003a2 P 2ff82a9fa15e4d1e9fa3e28fc99652ba [term 0 FOLLOWER]: Consensus starting up: Expiring failure detector timer to make a prompt election more likely
I20260709 12:58:29.743317  1760 raft_consensus.cc:740] T 60b2a966b93a490d95023cfa500003a2 P 2ff82a9fa15e4d1e9fa3e28fc99652ba [term 0 FOLLOWER]: Becoming Follower/Learner. State: Replica: 2ff82a9fa15e4d1e9fa3e28fc99652ba, State: Initialized, Role: FOLLOWER
I20260709 12:58:29.754681  1760 consensus_queue.cc:260] T 60b2a966b93a490d95023cfa500003a2 P 2ff82a9fa15e4d1e9fa3e28fc99652ba [NON_LEADER]: Queue going to NON_LEADER mode. State: All replicated index: 0, Majority replicated index: 0, Committed index: 0, Last appended: 0.0, Last appended by leader: 0, Current term: 0, Majority size: -1, State: 0, Mode: NON_LEADER, active raft config: opid_index: -1 OBSOLETE_local: false peers { permanent_uuid: "2110081759f94bf5a59d08f777586847" member_type: VOTER last_known_addr { host: "127.0.107.193" port: 34493 } } peers { permanent_uuid: "abe3ec33ba804dafbb2e88295b5ce047" member_type: VOTER last_known_addr { host: "127.0.107.194" port: 46585 } } peers { permanent_uuid: "2ff82a9fa15e4d1e9fa3e28fc99652ba" member_type: VOTER last_known_addr { host: "127.0.107.195" port: 37211 } }
I20260709 12:58:29.756891  1760 ts_tablet_manager.cc:1434] T 60b2a966b93a490d95023cfa500003a2 P 2ff82a9fa15e4d1e9fa3e28fc99652ba: Time spent starting tablet: real 0.065s	user 0.004s	sys 0.000s
I20260709 12:58:29.757741  1760 tablet_bootstrap.cc:492] T 3865aa32d56b45bc9ada9dd87ddad83f P 2ff82a9fa15e4d1e9fa3e28fc99652ba: Bootstrap starting.
I20260709 12:58:29.760807  1761 raft_consensus.cc:493] T 60b2a966b93a490d95023cfa500003a2 P abe3ec33ba804dafbb2e88295b5ce047 [term 0 FOLLOWER]: Starting pre-election (no leader contacted us within the election timeout)
I20260709 12:58:29.761296  1761 raft_consensus.cc:515] T 60b2a966b93a490d95023cfa500003a2 P abe3ec33ba804dafbb2e88295b5ce047 [term 0 FOLLOWER]: Starting pre-election with config: opid_index: -1 OBSOLETE_local: false peers { permanent_uuid: "2110081759f94bf5a59d08f777586847" member_type: VOTER last_known_addr { host: "127.0.107.193" port: 34493 } } peers { permanent_uuid: "abe3ec33ba804dafbb2e88295b5ce047" member_type: VOTER last_known_addr { host: "127.0.107.194" port: 46585 } } peers { permanent_uuid: "2ff82a9fa15e4d1e9fa3e28fc99652ba" member_type: VOTER last_known_addr { host: "127.0.107.195" port: 37211 } }
I20260709 12:58:29.763393  1761 leader_election.cc:290] T 60b2a966b93a490d95023cfa500003a2 P abe3ec33ba804dafbb2e88295b5ce047 [CANDIDATE]: Term 1 pre-election: Requested pre-vote from peers 2110081759f94bf5a59d08f777586847 (127.0.107.193:34493), 2ff82a9fa15e4d1e9fa3e28fc99652ba (127.0.107.195:37211)
I20260709 12:58:29.765262  1570 tablet_service.cc:1917] Received RequestConsensusVote() RPC: tablet_id: "60b2a966b93a490d95023cfa500003a2" candidate_uuid: "abe3ec33ba804dafbb2e88295b5ce047" candidate_term: 1 candidate_status { last_received { term: 0 index: 0 } } ignore_live_leader: false dest_uuid: "2110081759f94bf5a59d08f777586847" is_pre_election: true
I20260709 12:58:29.766418  1717 tablet_service.cc:1917] Received RequestConsensusVote() RPC: tablet_id: "60b2a966b93a490d95023cfa500003a2" candidate_uuid: "abe3ec33ba804dafbb2e88295b5ce047" candidate_term: 1 candidate_status { last_received { term: 0 index: 0 } } ignore_live_leader: false dest_uuid: "2ff82a9fa15e4d1e9fa3e28fc99652ba" is_pre_election: true
I20260709 12:58:29.767014  1717 raft_consensus.cc:2468] T 60b2a966b93a490d95023cfa500003a2 P 2ff82a9fa15e4d1e9fa3e28fc99652ba [term 0 FOLLOWER]: Leader pre-election vote request: Granting yes vote for candidate abe3ec33ba804dafbb2e88295b5ce047 in term 0.
W20260709 12:58:29.768545  1611 leader_election.cc:343] T 60b2a966b93a490d95023cfa500003a2 P abe3ec33ba804dafbb2e88295b5ce047 [CANDIDATE]: Term 1 pre-election: Tablet error from VoteRequest() call to peer 2110081759f94bf5a59d08f777586847 (127.0.107.193:34493): Illegal state: must be running to vote when last-logged opid is not known
I20260709 12:58:29.770474  1611 leader_election.cc:304] T 60b2a966b93a490d95023cfa500003a2 P abe3ec33ba804dafbb2e88295b5ce047 [CANDIDATE]: Term 1 pre-election: Election decided. Result: candidate won. Election summary: received 3 responses out of 3 voters: 2 yes votes; 1 no votes. yes voters: 2ff82a9fa15e4d1e9fa3e28fc99652ba, abe3ec33ba804dafbb2e88295b5ce047; no voters: 2110081759f94bf5a59d08f777586847
I20260709 12:58:29.773401  1920 raft_consensus.cc:2804] T 60b2a966b93a490d95023cfa500003a2 P abe3ec33ba804dafbb2e88295b5ce047 [term 0 FOLLOWER]: Leader pre-election won for term 1
I20260709 12:58:29.773775  1920 raft_consensus.cc:493] T 60b2a966b93a490d95023cfa500003a2 P abe3ec33ba804dafbb2e88295b5ce047 [term 0 FOLLOWER]: Starting leader election (no leader contacted us within the election timeout)
I20260709 12:58:29.774125  1920 raft_consensus.cc:3060] T 60b2a966b93a490d95023cfa500003a2 P abe3ec33ba804dafbb2e88295b5ce047 [term 0 FOLLOWER]: Advancing to term 1
I20260709 12:58:29.775576  1760 tablet_bootstrap.cc:654] T 3865aa32d56b45bc9ada9dd87ddad83f P 2ff82a9fa15e4d1e9fa3e28fc99652ba: Neither blocks nor log segments found. Creating new log.
I20260709 12:58:29.773878  1762 tablet_bootstrap.cc:492] T b717bb33f95c4acca20713070471c1b6 P 2110081759f94bf5a59d08f777586847: No bootstrap required, opened a new log
I20260709 12:58:29.776458  1762 ts_tablet_manager.cc:1403] T b717bb33f95c4acca20713070471c1b6 P 2110081759f94bf5a59d08f777586847: Time spent bootstrapping tablet: real 0.129s	user 0.014s	sys 0.024s
I20260709 12:58:29.783201  1758 tablet_bootstrap.cc:492] T 6d09e517b36d48439c1b96f95b3f3d6c P abe3ec33ba804dafbb2e88295b5ce047: No bootstrap required, opened a new log
I20260709 12:58:29.783592  1758 ts_tablet_manager.cc:1403] T 6d09e517b36d48439c1b96f95b3f3d6c P abe3ec33ba804dafbb2e88295b5ce047: Time spent bootstrapping tablet: real 0.151s	user 0.041s	sys 0.056s
I20260709 12:58:29.786149  1758 raft_consensus.cc:359] T 6d09e517b36d48439c1b96f95b3f3d6c P abe3ec33ba804dafbb2e88295b5ce047 [term 0 FOLLOWER]: Replica starting. Triggering 0 pending ops. Active config: opid_index: -1 OBSOLETE_local: false peers { permanent_uuid: "2110081759f94bf5a59d08f777586847" member_type: VOTER last_known_addr { host: "127.0.107.193" port: 34493 } } peers { permanent_uuid: "abe3ec33ba804dafbb2e88295b5ce047" member_type: VOTER last_known_addr { host: "127.0.107.194" port: 46585 } } peers { permanent_uuid: "2ff82a9fa15e4d1e9fa3e28fc99652ba" member_type: VOTER last_known_addr { host: "127.0.107.195" port: 37211 } }
I20260709 12:58:29.786798  1758 raft_consensus.cc:385] T 6d09e517b36d48439c1b96f95b3f3d6c P abe3ec33ba804dafbb2e88295b5ce047 [term 0 FOLLOWER]: Consensus starting up: Expiring failure detector timer to make a prompt election more likely
I20260709 12:58:29.787061  1758 raft_consensus.cc:740] T 6d09e517b36d48439c1b96f95b3f3d6c P abe3ec33ba804dafbb2e88295b5ce047 [term 0 FOLLOWER]: Becoming Follower/Learner. State: Replica: abe3ec33ba804dafbb2e88295b5ce047, State: Initialized, Role: FOLLOWER
I20260709 12:58:29.787398  1762 raft_consensus.cc:359] T b717bb33f95c4acca20713070471c1b6 P 2110081759f94bf5a59d08f777586847 [term 0 FOLLOWER]: Replica starting. Triggering 0 pending ops. Active config: opid_index: -1 OBSOLETE_local: false peers { permanent_uuid: "2110081759f94bf5a59d08f777586847" member_type: VOTER last_known_addr { host: "127.0.107.193" port: 34493 } } peers { permanent_uuid: "abe3ec33ba804dafbb2e88295b5ce047" member_type: VOTER last_known_addr { host: "127.0.107.194" port: 46585 } } peers { permanent_uuid: "2ff82a9fa15e4d1e9fa3e28fc99652ba" member_type: VOTER last_known_addr { host: "127.0.107.195" port: 37211 } }
I20260709 12:58:29.787925  1762 raft_consensus.cc:385] T b717bb33f95c4acca20713070471c1b6 P 2110081759f94bf5a59d08f777586847 [term 0 FOLLOWER]: Consensus starting up: Expiring failure detector timer to make a prompt election more likely
I20260709 12:58:29.787694  1758 consensus_queue.cc:260] T 6d09e517b36d48439c1b96f95b3f3d6c P abe3ec33ba804dafbb2e88295b5ce047 [NON_LEADER]: Queue going to NON_LEADER mode. State: All replicated index: 0, Majority replicated index: 0, Committed index: 0, Last appended: 0.0, Last appended by leader: 0, Current term: 0, Majority size: -1, State: 0, Mode: NON_LEADER, active raft config: opid_index: -1 OBSOLETE_local: false peers { permanent_uuid: "2110081759f94bf5a59d08f777586847" member_type: VOTER last_known_addr { host: "127.0.107.193" port: 34493 } } peers { permanent_uuid: "abe3ec33ba804dafbb2e88295b5ce047" member_type: VOTER last_known_addr { host: "127.0.107.194" port: 46585 } } peers { permanent_uuid: "2ff82a9fa15e4d1e9fa3e28fc99652ba" member_type: VOTER last_known_addr { host: "127.0.107.195" port: 37211 } }
I20260709 12:58:29.789513  1758 ts_tablet_manager.cc:1434] T 6d09e517b36d48439c1b96f95b3f3d6c P abe3ec33ba804dafbb2e88295b5ce047: Time spent starting tablet: real 0.006s	user 0.005s	sys 0.000s
I20260709 12:58:29.788144  1762 raft_consensus.cc:740] T b717bb33f95c4acca20713070471c1b6 P 2110081759f94bf5a59d08f777586847 [term 0 FOLLOWER]: Becoming Follower/Learner. State: Replica: 2110081759f94bf5a59d08f777586847, State: Initialized, Role: FOLLOWER
I20260709 12:58:29.790604  1760 tablet_bootstrap.cc:492] T 3865aa32d56b45bc9ada9dd87ddad83f P 2ff82a9fa15e4d1e9fa3e28fc99652ba: No bootstrap required, opened a new log
I20260709 12:58:29.790271  1762 consensus_queue.cc:260] T b717bb33f95c4acca20713070471c1b6 P 2110081759f94bf5a59d08f777586847 [NON_LEADER]: Queue going to NON_LEADER mode. State: All replicated index: 0, Majority replicated index: 0, Committed index: 0, Last appended: 0.0, Last appended by leader: 0, Current term: 0, Majority size: -1, State: 0, Mode: NON_LEADER, active raft config: opid_index: -1 OBSOLETE_local: false peers { permanent_uuid: "2110081759f94bf5a59d08f777586847" member_type: VOTER last_known_addr { host: "127.0.107.193" port: 34493 } } peers { permanent_uuid: "abe3ec33ba804dafbb2e88295b5ce047" member_type: VOTER last_known_addr { host: "127.0.107.194" port: 46585 } } peers { permanent_uuid: "2ff82a9fa15e4d1e9fa3e28fc99652ba" member_type: VOTER last_known_addr { host: "127.0.107.195" port: 37211 } }
I20260709 12:58:29.791047  1760 ts_tablet_manager.cc:1403] T 3865aa32d56b45bc9ada9dd87ddad83f P 2ff82a9fa15e4d1e9fa3e28fc99652ba: Time spent bootstrapping tablet: real 0.034s	user 0.006s	sys 0.005s
I20260709 12:58:29.793262  1758 tablet_bootstrap.cc:492] T 3865aa32d56b45bc9ada9dd87ddad83f P abe3ec33ba804dafbb2e88295b5ce047: Bootstrap starting.
I20260709 12:58:29.793430  1762 ts_tablet_manager.cc:1434] T b717bb33f95c4acca20713070471c1b6 P 2110081759f94bf5a59d08f777586847: Time spent starting tablet: real 0.017s	user 0.004s	sys 0.001s
I20260709 12:58:29.794772  1762 tablet_bootstrap.cc:492] T ba7a46a5453d4b0291127d6faf75c671 P 2110081759f94bf5a59d08f777586847: Bootstrap starting.
I20260709 12:58:29.801156  1762 tablet_bootstrap.cc:654] T ba7a46a5453d4b0291127d6faf75c671 P 2110081759f94bf5a59d08f777586847: Neither blocks nor log segments found. Creating new log.
I20260709 12:58:29.802465  1794 consensus_queue.cc:1048] T cfa9153912c443b1a48708d2699136a5 P 2110081759f94bf5a59d08f777586847 [LEADER]: Connected to new peer: Peer: permanent_uuid: "abe3ec33ba804dafbb2e88295b5ce047" member_type: VOTER last_known_addr { host: "127.0.107.194" port: 46585 }, Status: LMP_MISMATCH, Last received: 0.0, Next index: 1, Last known committed idx: 0, Time since last communication: 0.000s
I20260709 12:58:29.805667  1758 tablet_bootstrap.cc:654] T 3865aa32d56b45bc9ada9dd87ddad83f P abe3ec33ba804dafbb2e88295b5ce047: Neither blocks nor log segments found. Creating new log.
I20260709 12:58:29.816588  1758 tablet_bootstrap.cc:492] T 3865aa32d56b45bc9ada9dd87ddad83f P abe3ec33ba804dafbb2e88295b5ce047: No bootstrap required, opened a new log
I20260709 12:58:29.817058  1758 ts_tablet_manager.cc:1403] T 3865aa32d56b45bc9ada9dd87ddad83f P abe3ec33ba804dafbb2e88295b5ce047: Time spent bootstrapping tablet: real 0.024s	user 0.007s	sys 0.007s
I20260709 12:58:29.819730  1758 raft_consensus.cc:359] T 3865aa32d56b45bc9ada9dd87ddad83f P abe3ec33ba804dafbb2e88295b5ce047 [term 0 FOLLOWER]: Replica starting. Triggering 0 pending ops. Active config: opid_index: -1 OBSOLETE_local: false peers { permanent_uuid: "2110081759f94bf5a59d08f777586847" member_type: VOTER last_known_addr { host: "127.0.107.193" port: 34493 } } peers { permanent_uuid: "abe3ec33ba804dafbb2e88295b5ce047" member_type: VOTER last_known_addr { host: "127.0.107.194" port: 46585 } } peers { permanent_uuid: "2ff82a9fa15e4d1e9fa3e28fc99652ba" member_type: VOTER last_known_addr { host: "127.0.107.195" port: 37211 } }
I20260709 12:58:29.820374  1758 raft_consensus.cc:385] T 3865aa32d56b45bc9ada9dd87ddad83f P abe3ec33ba804dafbb2e88295b5ce047 [term 0 FOLLOWER]: Consensus starting up: Expiring failure detector timer to make a prompt election more likely
I20260709 12:58:29.820633  1758 raft_consensus.cc:740] T 3865aa32d56b45bc9ada9dd87ddad83f P abe3ec33ba804dafbb2e88295b5ce047 [term 0 FOLLOWER]: Becoming Follower/Learner. State: Replica: abe3ec33ba804dafbb2e88295b5ce047, State: Initialized, Role: FOLLOWER
I20260709 12:58:29.821245  1758 consensus_queue.cc:260] T 3865aa32d56b45bc9ada9dd87ddad83f P abe3ec33ba804dafbb2e88295b5ce047 [NON_LEADER]: Queue going to NON_LEADER mode. State: All replicated index: 0, Majority replicated index: 0, Committed index: 0, Last appended: 0.0, Last appended by leader: 0, Current term: 0, Majority size: -1, State: 0, Mode: NON_LEADER, active raft config: opid_index: -1 OBSOLETE_local: false peers { permanent_uuid: "2110081759f94bf5a59d08f777586847" member_type: VOTER last_known_addr { host: "127.0.107.193" port: 34493 } } peers { permanent_uuid: "abe3ec33ba804dafbb2e88295b5ce047" member_type: VOTER last_known_addr { host: "127.0.107.194" port: 46585 } } peers { permanent_uuid: "2ff82a9fa15e4d1e9fa3e28fc99652ba" member_type: VOTER last_known_addr { host: "127.0.107.195" port: 37211 } }
I20260709 12:58:29.822306  1760 raft_consensus.cc:359] T 3865aa32d56b45bc9ada9dd87ddad83f P 2ff82a9fa15e4d1e9fa3e28fc99652ba [term 0 FOLLOWER]: Replica starting. Triggering 0 pending ops. Active config: opid_index: -1 OBSOLETE_local: false peers { permanent_uuid: "2110081759f94bf5a59d08f777586847" member_type: VOTER last_known_addr { host: "127.0.107.193" port: 34493 } } peers { permanent_uuid: "abe3ec33ba804dafbb2e88295b5ce047" member_type: VOTER last_known_addr { host: "127.0.107.194" port: 46585 } } peers { permanent_uuid: "2ff82a9fa15e4d1e9fa3e28fc99652ba" member_type: VOTER last_known_addr { host: "127.0.107.195" port: 37211 } }
I20260709 12:58:29.822674  1758 ts_tablet_manager.cc:1434] T 3865aa32d56b45bc9ada9dd87ddad83f P abe3ec33ba804dafbb2e88295b5ce047: Time spent starting tablet: real 0.005s	user 0.007s	sys 0.000s
I20260709 12:58:29.823029  1760 raft_consensus.cc:385] T 3865aa32d56b45bc9ada9dd87ddad83f P 2ff82a9fa15e4d1e9fa3e28fc99652ba [term 0 FOLLOWER]: Consensus starting up: Expiring failure detector timer to make a prompt election more likely
I20260709 12:58:29.823342  1760 raft_consensus.cc:740] T 3865aa32d56b45bc9ada9dd87ddad83f P 2ff82a9fa15e4d1e9fa3e28fc99652ba [term 0 FOLLOWER]: Becoming Follower/Learner. State: Replica: 2ff82a9fa15e4d1e9fa3e28fc99652ba, State: Initialized, Role: FOLLOWER
I20260709 12:58:29.823740  1758 tablet_bootstrap.cc:492] T 2250bbdaa75d4b7ebd3a4aca8d0ad0be P abe3ec33ba804dafbb2e88295b5ce047: Bootstrap starting.
I20260709 12:58:29.824033  1760 consensus_queue.cc:260] T 3865aa32d56b45bc9ada9dd87ddad83f P 2ff82a9fa15e4d1e9fa3e28fc99652ba [NON_LEADER]: Queue going to NON_LEADER mode. State: All replicated index: 0, Majority replicated index: 0, Committed index: 0, Last appended: 0.0, Last appended by leader: 0, Current term: 0, Majority size: -1, State: 0, Mode: NON_LEADER, active raft config: opid_index: -1 OBSOLETE_local: false peers { permanent_uuid: "2110081759f94bf5a59d08f777586847" member_type: VOTER last_known_addr { host: "127.0.107.193" port: 34493 } } peers { permanent_uuid: "abe3ec33ba804dafbb2e88295b5ce047" member_type: VOTER last_known_addr { host: "127.0.107.194" port: 46585 } } peers { permanent_uuid: "2ff82a9fa15e4d1e9fa3e28fc99652ba" member_type: VOTER last_known_addr { host: "127.0.107.195" port: 37211 } }
I20260709 12:58:29.827915  1760 ts_tablet_manager.cc:1434] T 3865aa32d56b45bc9ada9dd87ddad83f P 2ff82a9fa15e4d1e9fa3e28fc99652ba: Time spent starting tablet: real 0.036s	user 0.005s	sys 0.000s
I20260709 12:58:29.828787  1760 tablet_bootstrap.cc:492] T 9f3861a87a8544dc88077968dd343e0b P 2ff82a9fa15e4d1e9fa3e28fc99652ba: Bootstrap starting.
I20260709 12:58:29.832971  1758 tablet_bootstrap.cc:654] T 2250bbdaa75d4b7ebd3a4aca8d0ad0be P abe3ec33ba804dafbb2e88295b5ce047: Neither blocks nor log segments found. Creating new log.
I20260709 12:58:29.838464  1794 consensus_queue.cc:1048] T cfa9153912c443b1a48708d2699136a5 P 2110081759f94bf5a59d08f777586847 [LEADER]: Connected to new peer: Peer: permanent_uuid: "2ff82a9fa15e4d1e9fa3e28fc99652ba" member_type: VOTER last_known_addr { host: "127.0.107.195" port: 37211 }, Status: LMP_MISMATCH, Last received: 0.0, Next index: 1, Last known committed idx: 0, Time since last communication: 0.000s
I20260709 12:58:29.833570  1762 tablet_bootstrap.cc:492] T ba7a46a5453d4b0291127d6faf75c671 P 2110081759f94bf5a59d08f777586847: No bootstrap required, opened a new log
I20260709 12:58:29.839738  1762 ts_tablet_manager.cc:1403] T ba7a46a5453d4b0291127d6faf75c671 P 2110081759f94bf5a59d08f777586847: Time spent bootstrapping tablet: real 0.045s	user 0.005s	sys 0.007s
I20260709 12:58:29.842263  1762 raft_consensus.cc:359] T ba7a46a5453d4b0291127d6faf75c671 P 2110081759f94bf5a59d08f777586847 [term 0 FOLLOWER]: Replica starting. Triggering 0 pending ops. Active config: opid_index: -1 OBSOLETE_local: false peers { permanent_uuid: "2110081759f94bf5a59d08f777586847" member_type: VOTER last_known_addr { host: "127.0.107.193" port: 34493 } } peers { permanent_uuid: "abe3ec33ba804dafbb2e88295b5ce047" member_type: VOTER last_known_addr { host: "127.0.107.194" port: 46585 } } peers { permanent_uuid: "2ff82a9fa15e4d1e9fa3e28fc99652ba" member_type: VOTER last_known_addr { host: "127.0.107.195" port: 37211 } }
I20260709 12:58:29.842885  1762 raft_consensus.cc:385] T ba7a46a5453d4b0291127d6faf75c671 P 2110081759f94bf5a59d08f777586847 [term 0 FOLLOWER]: Consensus starting up: Expiring failure detector timer to make a prompt election more likely
I20260709 12:58:29.843127  1762 raft_consensus.cc:740] T ba7a46a5453d4b0291127d6faf75c671 P 2110081759f94bf5a59d08f777586847 [term 0 FOLLOWER]: Becoming Follower/Learner. State: Replica: 2110081759f94bf5a59d08f777586847, State: Initialized, Role: FOLLOWER
I20260709 12:58:29.843271  1760 tablet_bootstrap.cc:654] T 9f3861a87a8544dc88077968dd343e0b P 2ff82a9fa15e4d1e9fa3e28fc99652ba: Neither blocks nor log segments found. Creating new log.
I20260709 12:58:29.843747  1762 consensus_queue.cc:260] T ba7a46a5453d4b0291127d6faf75c671 P 2110081759f94bf5a59d08f777586847 [NON_LEADER]: Queue going to NON_LEADER mode. State: All replicated index: 0, Majority replicated index: 0, Committed index: 0, Last appended: 0.0, Last appended by leader: 0, Current term: 0, Majority size: -1, State: 0, Mode: NON_LEADER, active raft config: opid_index: -1 OBSOLETE_local: false peers { permanent_uuid: "2110081759f94bf5a59d08f777586847" member_type: VOTER last_known_addr { host: "127.0.107.193" port: 34493 } } peers { permanent_uuid: "abe3ec33ba804dafbb2e88295b5ce047" member_type: VOTER last_known_addr { host: "127.0.107.194" port: 46585 } } peers { permanent_uuid: "2ff82a9fa15e4d1e9fa3e28fc99652ba" member_type: VOTER last_known_addr { host: "127.0.107.195" port: 37211 } }
I20260709 12:58:29.845723  1762 ts_tablet_manager.cc:1434] T ba7a46a5453d4b0291127d6faf75c671 P 2110081759f94bf5a59d08f777586847: Time spent starting tablet: real 0.006s	user 0.003s	sys 0.000s
I20260709 12:58:29.846603  1762 tablet_bootstrap.cc:492] T 2bf748e484fb4b799cfffbac6093d519 P 2110081759f94bf5a59d08f777586847: Bootstrap starting.
I20260709 12:58:29.852924  1762 tablet_bootstrap.cc:654] T 2bf748e484fb4b799cfffbac6093d519 P 2110081759f94bf5a59d08f777586847: Neither blocks nor log segments found. Creating new log.
I20260709 12:58:29.855515  1920 raft_consensus.cc:515] T 60b2a966b93a490d95023cfa500003a2 P abe3ec33ba804dafbb2e88295b5ce047 [term 1 FOLLOWER]: Starting leader election with config: opid_index: -1 OBSOLETE_local: false peers { permanent_uuid: "2110081759f94bf5a59d08f777586847" member_type: VOTER last_known_addr { host: "127.0.107.193" port: 34493 } } peers { permanent_uuid: "abe3ec33ba804dafbb2e88295b5ce047" member_type: VOTER last_known_addr { host: "127.0.107.194" port: 46585 } } peers { permanent_uuid: "2ff82a9fa15e4d1e9fa3e28fc99652ba" member_type: VOTER last_known_addr { host: "127.0.107.195" port: 37211 } }
I20260709 12:58:29.859954  1568 tablet_service.cc:1917] Received RequestConsensusVote() RPC: tablet_id: "60b2a966b93a490d95023cfa500003a2" candidate_uuid: "abe3ec33ba804dafbb2e88295b5ce047" candidate_term: 1 candidate_status { last_received { term: 0 index: 0 } } ignore_live_leader: false dest_uuid: "2110081759f94bf5a59d08f777586847"
W20260709 12:58:29.862721  1611 leader_election.cc:343] T 60b2a966b93a490d95023cfa500003a2 P abe3ec33ba804dafbb2e88295b5ce047 [CANDIDATE]: Term 1 election: Tablet error from VoteRequest() call to peer 2110081759f94bf5a59d08f777586847 (127.0.107.193:34493): Illegal state: must be running to vote when last-logged opid is not known
I20260709 12:58:29.857939  1920 leader_election.cc:290] T 60b2a966b93a490d95023cfa500003a2 P abe3ec33ba804dafbb2e88295b5ce047 [CANDIDATE]: Term 1 election: Requested vote from peers 2110081759f94bf5a59d08f777586847 (127.0.107.193:34493), 2ff82a9fa15e4d1e9fa3e28fc99652ba (127.0.107.195:37211)
I20260709 12:58:29.869266  1717 tablet_service.cc:1917] Received RequestConsensusVote() RPC: tablet_id: "60b2a966b93a490d95023cfa500003a2" candidate_uuid: "abe3ec33ba804dafbb2e88295b5ce047" candidate_term: 1 candidate_status { last_received { term: 0 index: 0 } } ignore_live_leader: false dest_uuid: "2ff82a9fa15e4d1e9fa3e28fc99652ba"
I20260709 12:58:29.869926  1717 raft_consensus.cc:3060] T 60b2a966b93a490d95023cfa500003a2 P 2ff82a9fa15e4d1e9fa3e28fc99652ba [term 0 FOLLOWER]: Advancing to term 1
I20260709 12:58:29.872176  1922 raft_consensus.cc:493] T 6d09e517b36d48439c1b96f95b3f3d6c P abe3ec33ba804dafbb2e88295b5ce047 [term 0 FOLLOWER]: Starting pre-election (no leader contacted us within the election timeout)
I20260709 12:58:29.872633  1922 raft_consensus.cc:515] T 6d09e517b36d48439c1b96f95b3f3d6c P abe3ec33ba804dafbb2e88295b5ce047 [term 0 FOLLOWER]: Starting pre-election with config: opid_index: -1 OBSOLETE_local: false peers { permanent_uuid: "2110081759f94bf5a59d08f777586847" member_type: VOTER last_known_addr { host: "127.0.107.193" port: 34493 } } peers { permanent_uuid: "abe3ec33ba804dafbb2e88295b5ce047" member_type: VOTER last_known_addr { host: "127.0.107.194" port: 46585 } } peers { permanent_uuid: "2ff82a9fa15e4d1e9fa3e28fc99652ba" member_type: VOTER last_known_addr { host: "127.0.107.195" port: 37211 } }
I20260709 12:58:29.874821  1922 leader_election.cc:290] T 6d09e517b36d48439c1b96f95b3f3d6c P abe3ec33ba804dafbb2e88295b5ce047 [CANDIDATE]: Term 1 pre-election: Requested pre-vote from peers 2110081759f94bf5a59d08f777586847 (127.0.107.193:34493), 2ff82a9fa15e4d1e9fa3e28fc99652ba (127.0.107.195:37211)
I20260709 12:58:29.876523  1719 tablet_service.cc:1917] Received RequestConsensusVote() RPC: tablet_id: "6d09e517b36d48439c1b96f95b3f3d6c" candidate_uuid: "abe3ec33ba804dafbb2e88295b5ce047" candidate_term: 1 candidate_status { last_received { term: 0 index: 0 } } ignore_live_leader: false dest_uuid: "2ff82a9fa15e4d1e9fa3e28fc99652ba" is_pre_election: true
I20260709 12:58:29.877120  1719 raft_consensus.cc:2468] T 6d09e517b36d48439c1b96f95b3f3d6c P 2ff82a9fa15e4d1e9fa3e28fc99652ba [term 0 FOLLOWER]: Leader pre-election vote request: Granting yes vote for candidate abe3ec33ba804dafbb2e88295b5ce047 in term 0.
I20260709 12:58:29.879110  1611 leader_election.cc:304] T 6d09e517b36d48439c1b96f95b3f3d6c P abe3ec33ba804dafbb2e88295b5ce047 [CANDIDATE]: Term 1 pre-election: Election decided. Result: candidate won. Election summary: received 2 responses out of 3 voters: 2 yes votes; 0 no votes. yes voters: 2ff82a9fa15e4d1e9fa3e28fc99652ba, abe3ec33ba804dafbb2e88295b5ce047; no voters: 
I20260709 12:58:29.880615  1761 raft_consensus.cc:2804] T 6d09e517b36d48439c1b96f95b3f3d6c P abe3ec33ba804dafbb2e88295b5ce047 [term 0 FOLLOWER]: Leader pre-election won for term 1
I20260709 12:58:29.880884  1761 raft_consensus.cc:493] T 6d09e517b36d48439c1b96f95b3f3d6c P abe3ec33ba804dafbb2e88295b5ce047 [term 0 FOLLOWER]: Starting leader election (no leader contacted us within the election timeout)
I20260709 12:58:29.881160  1761 raft_consensus.cc:3060] T 6d09e517b36d48439c1b96f95b3f3d6c P abe3ec33ba804dafbb2e88295b5ce047 [term 0 FOLLOWER]: Advancing to term 1
I20260709 12:58:29.887866  1568 tablet_service.cc:1917] Received RequestConsensusVote() RPC: tablet_id: "6d09e517b36d48439c1b96f95b3f3d6c" candidate_uuid: "abe3ec33ba804dafbb2e88295b5ce047" candidate_term: 1 candidate_status { last_received { term: 0 index: 0 } } ignore_live_leader: false dest_uuid: "2110081759f94bf5a59d08f777586847" is_pre_election: true
W20260709 12:58:29.889839  1611 leader_election.cc:343] T 6d09e517b36d48439c1b96f95b3f3d6c P abe3ec33ba804dafbb2e88295b5ce047 [CANDIDATE]: Term 1 pre-election: Tablet error from VoteRequest() call to peer 2110081759f94bf5a59d08f777586847 (127.0.107.193:34493): Illegal state: must be running to vote when last-logged opid is not known
I20260709 12:58:29.894426  1758 tablet_bootstrap.cc:492] T 2250bbdaa75d4b7ebd3a4aca8d0ad0be P abe3ec33ba804dafbb2e88295b5ce047: No bootstrap required, opened a new log
I20260709 12:58:29.894891  1758 ts_tablet_manager.cc:1403] T 2250bbdaa75d4b7ebd3a4aca8d0ad0be P abe3ec33ba804dafbb2e88295b5ce047: Time spent bootstrapping tablet: real 0.071s	user 0.025s	sys 0.011s
I20260709 12:58:29.895777  1762 tablet_bootstrap.cc:492] T 2bf748e484fb4b799cfffbac6093d519 P 2110081759f94bf5a59d08f777586847: No bootstrap required, opened a new log
I20260709 12:58:29.896183  1762 ts_tablet_manager.cc:1403] T 2bf748e484fb4b799cfffbac6093d519 P 2110081759f94bf5a59d08f777586847: Time spent bootstrapping tablet: real 0.050s	user 0.002s	sys 0.020s
I20260709 12:58:29.896366  1760 tablet_bootstrap.cc:492] T 9f3861a87a8544dc88077968dd343e0b P 2ff82a9fa15e4d1e9fa3e28fc99652ba: No bootstrap required, opened a new log
I20260709 12:58:29.896767  1760 ts_tablet_manager.cc:1403] T 9f3861a87a8544dc88077968dd343e0b P 2ff82a9fa15e4d1e9fa3e28fc99652ba: Time spent bootstrapping tablet: real 0.068s	user 0.013s	sys 0.010s
I20260709 12:58:29.897300  1758 raft_consensus.cc:359] T 2250bbdaa75d4b7ebd3a4aca8d0ad0be P abe3ec33ba804dafbb2e88295b5ce047 [term 0 FOLLOWER]: Replica starting. Triggering 0 pending ops. Active config: opid_index: -1 OBSOLETE_local: false peers { permanent_uuid: "2110081759f94bf5a59d08f777586847" member_type: VOTER last_known_addr { host: "127.0.107.193" port: 34493 } } peers { permanent_uuid: "abe3ec33ba804dafbb2e88295b5ce047" member_type: VOTER last_known_addr { host: "127.0.107.194" port: 46585 } } peers { permanent_uuid: "2ff82a9fa15e4d1e9fa3e28fc99652ba" member_type: VOTER last_known_addr { host: "127.0.107.195" port: 37211 } }
I20260709 12:58:29.897946  1758 raft_consensus.cc:385] T 2250bbdaa75d4b7ebd3a4aca8d0ad0be P abe3ec33ba804dafbb2e88295b5ce047 [term 0 FOLLOWER]: Consensus starting up: Expiring failure detector timer to make a prompt election more likely
I20260709 12:58:29.898228  1758 raft_consensus.cc:740] T 2250bbdaa75d4b7ebd3a4aca8d0ad0be P abe3ec33ba804dafbb2e88295b5ce047 [term 0 FOLLOWER]: Becoming Follower/Learner. State: Replica: abe3ec33ba804dafbb2e88295b5ce047, State: Initialized, Role: FOLLOWER
I20260709 12:58:29.898521  1762 raft_consensus.cc:359] T 2bf748e484fb4b799cfffbac6093d519 P 2110081759f94bf5a59d08f777586847 [term 0 FOLLOWER]: Replica starting. Triggering 0 pending ops. Active config: opid_index: -1 OBSOLETE_local: false peers { permanent_uuid: "2110081759f94bf5a59d08f777586847" member_type: VOTER last_known_addr { host: "127.0.107.193" port: 34493 } } peers { permanent_uuid: "abe3ec33ba804dafbb2e88295b5ce047" member_type: VOTER last_known_addr { host: "127.0.107.194" port: 46585 } } peers { permanent_uuid: "2ff82a9fa15e4d1e9fa3e28fc99652ba" member_type: VOTER last_known_addr { host: "127.0.107.195" port: 37211 } }
I20260709 12:58:29.899132  1762 raft_consensus.cc:385] T 2bf748e484fb4b799cfffbac6093d519 P 2110081759f94bf5a59d08f777586847 [term 0 FOLLOWER]: Consensus starting up: Expiring failure detector timer to make a prompt election more likely
I20260709 12:58:29.898826  1758 consensus_queue.cc:260] T 2250bbdaa75d4b7ebd3a4aca8d0ad0be P abe3ec33ba804dafbb2e88295b5ce047 [NON_LEADER]: Queue going to NON_LEADER mode. State: All replicated index: 0, Majority replicated index: 0, Committed index: 0, Last appended: 0.0, Last appended by leader: 0, Current term: 0, Majority size: -1, State: 0, Mode: NON_LEADER, active raft config: opid_index: -1 OBSOLETE_local: false peers { permanent_uuid: "2110081759f94bf5a59d08f777586847" member_type: VOTER last_known_addr { host: "127.0.107.193" port: 34493 } } peers { permanent_uuid: "abe3ec33ba804dafbb2e88295b5ce047" member_type: VOTER last_known_addr { host: "127.0.107.194" port: 46585 } } peers { permanent_uuid: "2ff82a9fa15e4d1e9fa3e28fc99652ba" member_type: VOTER last_known_addr { host: "127.0.107.195" port: 37211 } }
I20260709 12:58:29.899432  1762 raft_consensus.cc:740] T 2bf748e484fb4b799cfffbac6093d519 P 2110081759f94bf5a59d08f777586847 [term 0 FOLLOWER]: Becoming Follower/Learner. State: Replica: 2110081759f94bf5a59d08f777586847, State: Initialized, Role: FOLLOWER
I20260709 12:58:29.900035  1762 consensus_queue.cc:260] T 2bf748e484fb4b799cfffbac6093d519 P 2110081759f94bf5a59d08f777586847 [NON_LEADER]: Queue going to NON_LEADER mode. State: All replicated index: 0, Majority replicated index: 0, Committed index: 0, Last appended: 0.0, Last appended by leader: 0, Current term: 0, Majority size: -1, State: 0, Mode: NON_LEADER, active raft config: opid_index: -1 OBSOLETE_local: false peers { permanent_uuid: "2110081759f94bf5a59d08f777586847" member_type: VOTER last_known_addr { host: "127.0.107.193" port: 34493 } } peers { permanent_uuid: "abe3ec33ba804dafbb2e88295b5ce047" member_type: VOTER last_known_addr { host: "127.0.107.194" port: 46585 } } peers { permanent_uuid: "2ff82a9fa15e4d1e9fa3e28fc99652ba" member_type: VOTER last_known_addr { host: "127.0.107.195" port: 37211 } }
I20260709 12:58:29.901249  1758 ts_tablet_manager.cc:1434] T 2250bbdaa75d4b7ebd3a4aca8d0ad0be P abe3ec33ba804dafbb2e88295b5ce047: Time spent starting tablet: real 0.006s	user 0.005s	sys 0.000s
I20260709 12:58:29.899143  1760 raft_consensus.cc:359] T 9f3861a87a8544dc88077968dd343e0b P 2ff82a9fa15e4d1e9fa3e28fc99652ba [term 0 FOLLOWER]: Replica starting. Triggering 0 pending ops. Active config: opid_index: -1 OBSOLETE_local: false peers { permanent_uuid: "2110081759f94bf5a59d08f777586847" member_type: VOTER last_known_addr { host: "127.0.107.193" port: 34493 } } peers { permanent_uuid: "abe3ec33ba804dafbb2e88295b5ce047" member_type: VOTER last_known_addr { host: "127.0.107.194" port: 46585 } } peers { permanent_uuid: "2ff82a9fa15e4d1e9fa3e28fc99652ba" member_type: VOTER last_known_addr { host: "127.0.107.195" port: 37211 } }
I20260709 12:58:29.902501  1760 raft_consensus.cc:385] T 9f3861a87a8544dc88077968dd343e0b P 2ff82a9fa15e4d1e9fa3e28fc99652ba [term 0 FOLLOWER]: Consensus starting up: Expiring failure detector timer to make a prompt election more likely
I20260709 12:58:29.902751  1760 raft_consensus.cc:740] T 9f3861a87a8544dc88077968dd343e0b P 2ff82a9fa15e4d1e9fa3e28fc99652ba [term 0 FOLLOWER]: Becoming Follower/Learner. State: Replica: 2ff82a9fa15e4d1e9fa3e28fc99652ba, State: Initialized, Role: FOLLOWER
I20260709 12:58:29.903462  1758 tablet_bootstrap.cc:492] T 2bf748e484fb4b799cfffbac6093d519 P abe3ec33ba804dafbb2e88295b5ce047: Bootstrap starting.
I20260709 12:58:29.903414  1760 consensus_queue.cc:260] T 9f3861a87a8544dc88077968dd343e0b P 2ff82a9fa15e4d1e9fa3e28fc99652ba [NON_LEADER]: Queue going to NON_LEADER mode. State: All replicated index: 0, Majority replicated index: 0, Committed index: 0, Last appended: 0.0, Last appended by leader: 0, Current term: 0, Majority size: -1, State: 0, Mode: NON_LEADER, active raft config: opid_index: -1 OBSOLETE_local: false peers { permanent_uuid: "2110081759f94bf5a59d08f777586847" member_type: VOTER last_known_addr { host: "127.0.107.193" port: 34493 } } peers { permanent_uuid: "abe3ec33ba804dafbb2e88295b5ce047" member_type: VOTER last_known_addr { host: "127.0.107.194" port: 46585 } } peers { permanent_uuid: "2ff82a9fa15e4d1e9fa3e28fc99652ba" member_type: VOTER last_known_addr { host: "127.0.107.195" port: 37211 } }
I20260709 12:58:29.905344  1760 ts_tablet_manager.cc:1434] T 9f3861a87a8544dc88077968dd343e0b P 2ff82a9fa15e4d1e9fa3e28fc99652ba: Time spent starting tablet: real 0.008s	user 0.005s	sys 0.000s
I20260709 12:58:29.907083  1762 ts_tablet_manager.cc:1434] T 2bf748e484fb4b799cfffbac6093d519 P 2110081759f94bf5a59d08f777586847: Time spent starting tablet: real 0.011s	user 0.005s	sys 0.001s
I20260709 12:58:29.908097  1760 tablet_bootstrap.cc:492] T 2bf748e484fb4b799cfffbac6093d519 P 2ff82a9fa15e4d1e9fa3e28fc99652ba: Bootstrap starting.
I20260709 12:58:29.910315  1758 tablet_bootstrap.cc:654] T 2bf748e484fb4b799cfffbac6093d519 P abe3ec33ba804dafbb2e88295b5ce047: Neither blocks nor log segments found. Creating new log.
I20260709 12:58:29.912526  1762 tablet_bootstrap.cc:492] T 8f27aec44f4547a8962e8ae8a7aad63d P 2110081759f94bf5a59d08f777586847: Bootstrap starting.
I20260709 12:58:29.918730  1760 tablet_bootstrap.cc:654] T 2bf748e484fb4b799cfffbac6093d519 P 2ff82a9fa15e4d1e9fa3e28fc99652ba: Neither blocks nor log segments found. Creating new log.
I20260709 12:58:29.918875  1762 tablet_bootstrap.cc:654] T 8f27aec44f4547a8962e8ae8a7aad63d P 2110081759f94bf5a59d08f777586847: Neither blocks nor log segments found. Creating new log.
I20260709 12:58:29.931056  1758 tablet_bootstrap.cc:492] T 2bf748e484fb4b799cfffbac6093d519 P abe3ec33ba804dafbb2e88295b5ce047: No bootstrap required, opened a new log
I20260709 12:58:29.931564  1758 ts_tablet_manager.cc:1403] T 2bf748e484fb4b799cfffbac6093d519 P abe3ec33ba804dafbb2e88295b5ce047: Time spent bootstrapping tablet: real 0.028s	user 0.005s	sys 0.012s
I20260709 12:58:29.934229  1758 raft_consensus.cc:359] T 2bf748e484fb4b799cfffbac6093d519 P abe3ec33ba804dafbb2e88295b5ce047 [term 0 FOLLOWER]: Replica starting. Triggering 0 pending ops. Active config: opid_index: -1 OBSOLETE_local: false peers { permanent_uuid: "2110081759f94bf5a59d08f777586847" member_type: VOTER last_known_addr { host: "127.0.107.193" port: 34493 } } peers { permanent_uuid: "abe3ec33ba804dafbb2e88295b5ce047" member_type: VOTER last_known_addr { host: "127.0.107.194" port: 46585 } } peers { permanent_uuid: "2ff82a9fa15e4d1e9fa3e28fc99652ba" member_type: VOTER last_known_addr { host: "127.0.107.195" port: 37211 } }
I20260709 12:58:29.934957  1758 raft_consensus.cc:385] T 2bf748e484fb4b799cfffbac6093d519 P abe3ec33ba804dafbb2e88295b5ce047 [term 0 FOLLOWER]: Consensus starting up: Expiring failure detector timer to make a prompt election more likely
I20260709 12:58:29.935238  1758 raft_consensus.cc:740] T 2bf748e484fb4b799cfffbac6093d519 P abe3ec33ba804dafbb2e88295b5ce047 [term 0 FOLLOWER]: Becoming Follower/Learner. State: Replica: abe3ec33ba804dafbb2e88295b5ce047, State: Initialized, Role: FOLLOWER
I20260709 12:58:29.935951  1758 consensus_queue.cc:260] T 2bf748e484fb4b799cfffbac6093d519 P abe3ec33ba804dafbb2e88295b5ce047 [NON_LEADER]: Queue going to NON_LEADER mode. State: All replicated index: 0, Majority replicated index: 0, Committed index: 0, Last appended: 0.0, Last appended by leader: 0, Current term: 0, Majority size: -1, State: 0, Mode: NON_LEADER, active raft config: opid_index: -1 OBSOLETE_local: false peers { permanent_uuid: "2110081759f94bf5a59d08f777586847" member_type: VOTER last_known_addr { host: "127.0.107.193" port: 34493 } } peers { permanent_uuid: "abe3ec33ba804dafbb2e88295b5ce047" member_type: VOTER last_known_addr { host: "127.0.107.194" port: 46585 } } peers { permanent_uuid: "2ff82a9fa15e4d1e9fa3e28fc99652ba" member_type: VOTER last_known_addr { host: "127.0.107.195" port: 37211 } }
I20260709 12:58:29.939714  1760 tablet_bootstrap.cc:492] T 2bf748e484fb4b799cfffbac6093d519 P 2ff82a9fa15e4d1e9fa3e28fc99652ba: No bootstrap required, opened a new log
I20260709 12:58:29.940232  1760 ts_tablet_manager.cc:1403] T 2bf748e484fb4b799cfffbac6093d519 P 2ff82a9fa15e4d1e9fa3e28fc99652ba: Time spent bootstrapping tablet: real 0.032s	user 0.012s	sys 0.012s
I20260709 12:58:29.944773  1758 ts_tablet_manager.cc:1434] T 2bf748e484fb4b799cfffbac6093d519 P abe3ec33ba804dafbb2e88295b5ce047: Time spent starting tablet: real 0.013s	user 0.007s	sys 0.000s
I20260709 12:58:29.944999  1760 raft_consensus.cc:359] T 2bf748e484fb4b799cfffbac6093d519 P 2ff82a9fa15e4d1e9fa3e28fc99652ba [term 0 FOLLOWER]: Replica starting. Triggering 0 pending ops. Active config: opid_index: -1 OBSOLETE_local: false peers { permanent_uuid: "2110081759f94bf5a59d08f777586847" member_type: VOTER last_known_addr { host: "127.0.107.193" port: 34493 } } peers { permanent_uuid: "abe3ec33ba804dafbb2e88295b5ce047" member_type: VOTER last_known_addr { host: "127.0.107.194" port: 46585 } } peers { permanent_uuid: "2ff82a9fa15e4d1e9fa3e28fc99652ba" member_type: VOTER last_known_addr { host: "127.0.107.195" port: 37211 } }
I20260709 12:58:29.946923  1760 raft_consensus.cc:385] T 2bf748e484fb4b799cfffbac6093d519 P 2ff82a9fa15e4d1e9fa3e28fc99652ba [term 0 FOLLOWER]: Consensus starting up: Expiring failure detector timer to make a prompt election more likely
I20260709 12:58:29.947186  1760 raft_consensus.cc:740] T 2bf748e484fb4b799cfffbac6093d519 P 2ff82a9fa15e4d1e9fa3e28fc99652ba [term 0 FOLLOWER]: Becoming Follower/Learner. State: Replica: 2ff82a9fa15e4d1e9fa3e28fc99652ba, State: Initialized, Role: FOLLOWER
I20260709 12:58:29.945789  1758 tablet_bootstrap.cc:492] T 2cb18d661fc0401bb505018ccf3e6b87 P abe3ec33ba804dafbb2e88295b5ce047: Bootstrap starting.
I20260709 12:58:29.947816  1760 consensus_queue.cc:260] T 2bf748e484fb4b799cfffbac6093d519 P 2ff82a9fa15e4d1e9fa3e28fc99652ba [NON_LEADER]: Queue going to NON_LEADER mode. State: All replicated index: 0, Majority replicated index: 0, Committed index: 0, Last appended: 0.0, Last appended by leader: 0, Current term: 0, Majority size: -1, State: 0, Mode: NON_LEADER, active raft config: opid_index: -1 OBSOLETE_local: false peers { permanent_uuid: "2110081759f94bf5a59d08f777586847" member_type: VOTER last_known_addr { host: "127.0.107.193" port: 34493 } } peers { permanent_uuid: "abe3ec33ba804dafbb2e88295b5ce047" member_type: VOTER last_known_addr { host: "127.0.107.194" port: 46585 } } peers { permanent_uuid: "2ff82a9fa15e4d1e9fa3e28fc99652ba" member_type: VOTER last_known_addr { host: "127.0.107.195" port: 37211 } }
I20260709 12:58:29.949570  1760 ts_tablet_manager.cc:1434] T 2bf748e484fb4b799cfffbac6093d519 P 2ff82a9fa15e4d1e9fa3e28fc99652ba: Time spent starting tablet: real 0.009s	user 0.005s	sys 0.001s
I20260709 12:58:29.947329  1762 tablet_bootstrap.cc:492] T 8f27aec44f4547a8962e8ae8a7aad63d P 2110081759f94bf5a59d08f777586847: No bootstrap required, opened a new log
I20260709 12:58:29.950184  1762 ts_tablet_manager.cc:1403] T 8f27aec44f4547a8962e8ae8a7aad63d P 2110081759f94bf5a59d08f777586847: Time spent bootstrapping tablet: real 0.038s	user 0.016s	sys 0.012s
