I20260709 13:15:04.562187  8890 raft_consensus.cc:2468] T e977d4f0eae042d791275884164891a6 P a4d5336d9a8f475fb9879e9f04fc1c52 [term 1 FOLLOWER]: Leader election vote request: Granting yes vote for candidate ea65143eb08c4b3d8c9d54822f08a358 in term 1.
I20260709 13:15:04.563220  9138 leader_election.cc:290] T e977d4f0eae042d791275884164891a6 P ea65143eb08c4b3d8c9d54822f08a358 [CANDIDATE]: Term 1 election: Requested vote from peers 0dfba2b45f0647a7be5fc727339c3467 (127.7.125.65:40929), a4d5336d9a8f475fb9879e9f04fc1c52 (127.7.125.66:41055)
I20260709 13:15:04.563320  9006 ts_tablet_manager.cc:1434] T 0babd0cc537a4e6ba75ada7c1c45a884 P a4d5336d9a8f475fb9879e9f04fc1c52: Time spent starting tablet: real 0.013s	user 0.006s	sys 0.000s
I20260709 13:15:04.564462  9006 tablet_bootstrap.cc:492] T bdfd5eb8117a4a7c9a932006dcdb2c3e P a4d5336d9a8f475fb9879e9f04fc1c52: Bootstrap starting.
I20260709 13:15:04.564610  8813 raft_consensus.cc:3060] T f01077707bff47588d479a38376ee52d P 0dfba2b45f0647a7be5fc727339c3467 [term 0 FOLLOWER]: Advancing to term 1
I20260709 13:15:04.566568  9005 ts_tablet_manager.cc:1434] T d929f725c7db488fbb0f8658b77c5b52 P ea65143eb08c4b3d8c9d54822f08a358: Time spent starting tablet: real 0.021s	user 0.005s	sys 0.001s
I20260709 13:15:04.568742  8929 leader_election.cc:304] T e977d4f0eae042d791275884164891a6 P ea65143eb08c4b3d8c9d54822f08a358 [CANDIDATE]: Term 1 election: Election decided. Result: candidate won. Election summary: received 3 responses out of 3 voters: 2 yes votes; 1 no votes. yes voters: a4d5336d9a8f475fb9879e9f04fc1c52, ea65143eb08c4b3d8c9d54822f08a358; no voters: 0dfba2b45f0647a7be5fc727339c3467
I20260709 13:15:04.571070  9075 raft_consensus.cc:2804] T e977d4f0eae042d791275884164891a6 P ea65143eb08c4b3d8c9d54822f08a358 [term 1 FOLLOWER]: Leader election won for term 1
I20260709 13:15:04.571560  9075 raft_consensus.cc:697] T e977d4f0eae042d791275884164891a6 P ea65143eb08c4b3d8c9d54822f08a358 [term 1 LEADER]: Becoming Leader. State: Replica: ea65143eb08c4b3d8c9d54822f08a358, State: Running, Role: LEADER
I20260709 13:15:04.571920  9005 tablet_bootstrap.cc:492] T 06c565fb03814283af82d705ce8e7b19 P ea65143eb08c4b3d8c9d54822f08a358: Bootstrap starting.
I20260709 13:15:04.572329  9075 consensus_queue.cc:237] T e977d4f0eae042d791275884164891a6 P ea65143eb08c4b3d8c9d54822f08a358 [LEADER]: Queue going to LEADER mode. State: All replicated index: 0, Majority replicated index: 0, Committed index: 0, Last appended: 0.0, Last appended by leader: 0, Current term: 1, Majority size: 2, State: 0, Mode: LEADER, active raft config: opid_index: -1 OBSOLETE_local: false peers { permanent_uuid: "0dfba2b45f0647a7be5fc727339c3467" member_type: VOTER last_known_addr { host: "127.7.125.65" port: 40929 } } peers { permanent_uuid: "a4d5336d9a8f475fb9879e9f04fc1c52" member_type: VOTER last_known_addr { host: "127.7.125.66" port: 41055 } } peers { permanent_uuid: "ea65143eb08c4b3d8c9d54822f08a358" member_type: VOTER last_known_addr { host: "127.7.125.67" port: 41633 } }
I20260709 13:15:04.574900  9016 raft_consensus.cc:493] T d929f725c7db488fbb0f8658b77c5b52 P ea65143eb08c4b3d8c9d54822f08a358 [term 0 FOLLOWER]: Starting pre-election (no leader contacted us within the election timeout)
I20260709 13:15:04.575364  9016 raft_consensus.cc:515] T d929f725c7db488fbb0f8658b77c5b52 P ea65143eb08c4b3d8c9d54822f08a358 [term 0 FOLLOWER]: Starting pre-election with config: opid_index: -1 OBSOLETE_local: false peers { permanent_uuid: "0dfba2b45f0647a7be5fc727339c3467" member_type: VOTER last_known_addr { host: "127.7.125.65" port: 40929 } } peers { permanent_uuid: "a4d5336d9a8f475fb9879e9f04fc1c52" member_type: VOTER last_known_addr { host: "127.7.125.66" port: 41055 } } peers { permanent_uuid: "ea65143eb08c4b3d8c9d54822f08a358" member_type: VOTER last_known_addr { host: "127.7.125.67" port: 41633 } }
I20260709 13:15:04.578083  9004 tablet_bootstrap.cc:492] T ff90af1e8a214a68b44010e8a53d8901 P 0dfba2b45f0647a7be5fc727339c3467: No bootstrap required, opened a new log
I20260709 13:15:04.578557  9004 ts_tablet_manager.cc:1403] T ff90af1e8a214a68b44010e8a53d8901 P 0dfba2b45f0647a7be5fc727339c3467: Time spent bootstrapping tablet: real 0.104s	user 0.016s	sys 0.011s
I20260709 13:15:04.580698  8888 tablet_service.cc:1917] Received RequestConsensusVote() RPC: tablet_id: "d929f725c7db488fbb0f8658b77c5b52" candidate_uuid: "ea65143eb08c4b3d8c9d54822f08a358" candidate_term: 1 candidate_status { last_received { term: 0 index: 0 } } ignore_live_leader: false dest_uuid: "a4d5336d9a8f475fb9879e9f04fc1c52" is_pre_election: true
W20260709 13:15:04.582437  8929 leader_election.cc:343] T d929f725c7db488fbb0f8658b77c5b52 P ea65143eb08c4b3d8c9d54822f08a358 [CANDIDATE]: Term 1 pre-election: Tablet error from VoteRequest() call to peer a4d5336d9a8f475fb9879e9f04fc1c52 (127.7.125.66:41055): Illegal state: must be running to vote when last-logged opid is not known
I20260709 13:15:04.577522  9016 leader_election.cc:290] T d929f725c7db488fbb0f8658b77c5b52 P ea65143eb08c4b3d8c9d54822f08a358 [CANDIDATE]: Term 1 pre-election: Requested pre-vote from peers 0dfba2b45f0647a7be5fc727339c3467 (127.7.125.65:40929), a4d5336d9a8f475fb9879e9f04fc1c52 (127.7.125.66:41055)
I20260709 13:15:04.583943  9016 consensus_queue.cc:1048] T 6e8a9a2559964c42ab3bf7734a2bdf69 P ea65143eb08c4b3d8c9d54822f08a358 [LEADER]: Connected to new peer: Peer: permanent_uuid: "a4d5336d9a8f475fb9879e9f04fc1c52" member_type: VOTER last_known_addr { host: "127.7.125.66" port: 41055 }, Status: LMP_MISMATCH, Last received: 0.0, Next index: 1, Last known committed idx: 0, Time since last communication: 0.000s
I20260709 13:15:04.584134  8814 tablet_service.cc:1917] Received RequestConsensusVote() RPC: tablet_id: "d929f725c7db488fbb0f8658b77c5b52" candidate_uuid: "ea65143eb08c4b3d8c9d54822f08a358" candidate_term: 1 candidate_status { last_received { term: 0 index: 0 } } ignore_live_leader: false dest_uuid: "0dfba2b45f0647a7be5fc727339c3467" is_pre_election: true
W20260709 13:15:04.585637  8930 leader_election.cc:343] T d929f725c7db488fbb0f8658b77c5b52 P ea65143eb08c4b3d8c9d54822f08a358 [CANDIDATE]: Term 1 pre-election: Tablet error from VoteRequest() call to peer 0dfba2b45f0647a7be5fc727339c3467 (127.7.125.65:40929): Illegal state: must be running to vote when last-logged opid is not known
I20260709 13:15:04.586067  8930 leader_election.cc:304] T d929f725c7db488fbb0f8658b77c5b52 P ea65143eb08c4b3d8c9d54822f08a358 [CANDIDATE]: Term 1 pre-election: Election decided. Result: candidate lost. Election summary: received 3 responses out of 3 voters: 1 yes votes; 2 no votes. yes voters: ea65143eb08c4b3d8c9d54822f08a358; no voters: 0dfba2b45f0647a7be5fc727339c3467, a4d5336d9a8f475fb9879e9f04fc1c52
I20260709 13:15:04.587735  9016 raft_consensus.cc:2749] T d929f725c7db488fbb0f8658b77c5b52 P ea65143eb08c4b3d8c9d54822f08a358 [term 0 FOLLOWER]: Leader pre-election lost for term 1. Reason: could not achieve majority
I20260709 13:15:04.593554  9004 raft_consensus.cc:359] T ff90af1e8a214a68b44010e8a53d8901 P 0dfba2b45f0647a7be5fc727339c3467 [term 0 FOLLOWER]: Replica starting. Triggering 0 pending ops. Active config: opid_index: -1 OBSOLETE_local: false peers { permanent_uuid: "0dfba2b45f0647a7be5fc727339c3467" member_type: VOTER last_known_addr { host: "127.7.125.65" port: 40929 } } peers { permanent_uuid: "a4d5336d9a8f475fb9879e9f04fc1c52" member_type: VOTER last_known_addr { host: "127.7.125.66" port: 41055 } } peers { permanent_uuid: "ea65143eb08c4b3d8c9d54822f08a358" member_type: VOTER last_known_addr { host: "127.7.125.67" port: 41633 } }
I20260709 13:15:04.596500  9004 raft_consensus.cc:385] T ff90af1e8a214a68b44010e8a53d8901 P 0dfba2b45f0647a7be5fc727339c3467 [term 0 FOLLOWER]: Consensus starting up: Expiring failure detector timer to make a prompt election more likely
I20260709 13:15:04.596813  9005 tablet_bootstrap.cc:654] T 06c565fb03814283af82d705ce8e7b19 P ea65143eb08c4b3d8c9d54822f08a358: Neither blocks nor log segments found. Creating new log.
I20260709 13:15:04.599800  8711 catalog_manager.cc:5697] T e977d4f0eae042d791275884164891a6 P ea65143eb08c4b3d8c9d54822f08a358 reported cstate change: term changed from 0 to 1, leader changed from <none> to ea65143eb08c4b3d8c9d54822f08a358 (127.7.125.67). New cstate: current_term: 1 leader_uuid: "ea65143eb08c4b3d8c9d54822f08a358" committed_config { opid_index: -1 OBSOLETE_local: false peers { permanent_uuid: "0dfba2b45f0647a7be5fc727339c3467" member_type: VOTER last_known_addr { host: "127.7.125.65" port: 40929 } health_report { overall_health: UNKNOWN } } peers { permanent_uuid: "a4d5336d9a8f475fb9879e9f04fc1c52" member_type: VOTER last_known_addr { host: "127.7.125.66" port: 41055 } health_report { overall_health: UNKNOWN } } peers { permanent_uuid: "ea65143eb08c4b3d8c9d54822f08a358" member_type: VOTER last_known_addr { host: "127.7.125.67" port: 41633 } health_report { overall_health: HEALTHY } } }
I20260709 13:15:04.600908  9075 consensus_queue.cc:1048] T f01077707bff47588d479a38376ee52d P ea65143eb08c4b3d8c9d54822f08a358 [LEADER]: Connected to new peer: Peer: permanent_uuid: "0dfba2b45f0647a7be5fc727339c3467" member_type: VOTER last_known_addr { host: "127.7.125.65" port: 40929 }, Status: LMP_MISMATCH, Last received: 0.0, Next index: 1, Last known committed idx: 0, Time since last communication: 0.000s
I20260709 13:15:04.602169  9050 consensus_queue.cc:1048] T 6e8a9a2559964c42ab3bf7734a2bdf69 P ea65143eb08c4b3d8c9d54822f08a358 [LEADER]: Connected to new peer: Peer: permanent_uuid: "0dfba2b45f0647a7be5fc727339c3467" member_type: VOTER last_known_addr { host: "127.7.125.65" port: 40929 }, Status: LMP_MISMATCH, Last received: 0.0, Next index: 1, Last known committed idx: 0, Time since last communication: 0.000s
I20260709 13:15:04.596782  9004 raft_consensus.cc:740] T ff90af1e8a214a68b44010e8a53d8901 P 0dfba2b45f0647a7be5fc727339c3467 [term 0 FOLLOWER]: Becoming Follower/Learner. State: Replica: 0dfba2b45f0647a7be5fc727339c3467, State: Initialized, Role: FOLLOWER
I20260709 13:15:04.606101  9004 consensus_queue.cc:260] T ff90af1e8a214a68b44010e8a53d8901 P 0dfba2b45f0647a7be5fc727339c3467 [NON_LEADER]: Queue going to NON_LEADER mode. State: All replicated index: 0, Majority replicated index: 0, Committed index: 0, Last appended: 0.0, Last appended by leader: 0, Current term: 0, Majority size: -1, State: 0, Mode: NON_LEADER, active raft config: opid_index: -1 OBSOLETE_local: false peers { permanent_uuid: "0dfba2b45f0647a7be5fc727339c3467" member_type: VOTER last_known_addr { host: "127.7.125.65" port: 40929 } } peers { permanent_uuid: "a4d5336d9a8f475fb9879e9f04fc1c52" member_type: VOTER last_known_addr { host: "127.7.125.66" port: 41055 } } peers { permanent_uuid: "ea65143eb08c4b3d8c9d54822f08a358" member_type: VOTER last_known_addr { host: "127.7.125.67" port: 41633 } }
I20260709 13:15:04.608060  9004 ts_tablet_manager.cc:1434] T ff90af1e8a214a68b44010e8a53d8901 P 0dfba2b45f0647a7be5fc727339c3467: Time spent starting tablet: real 0.029s	user 0.007s	sys 0.000s
I20260709 13:15:04.608923  9004 tablet_bootstrap.cc:492] T bdfd5eb8117a4a7c9a932006dcdb2c3e P 0dfba2b45f0647a7be5fc727339c3467: Bootstrap starting.
I20260709 13:15:04.614272  9004 tablet_bootstrap.cc:654] T bdfd5eb8117a4a7c9a932006dcdb2c3e P 0dfba2b45f0647a7be5fc727339c3467: Neither blocks nor log segments found. Creating new log.
I20260709 13:15:04.614356  9010 raft_consensus.cc:493] T ff90af1e8a214a68b44010e8a53d8901 P 0dfba2b45f0647a7be5fc727339c3467 [term 0 FOLLOWER]: Starting pre-election (no leader contacted us within the election timeout)
I20260709 13:15:04.614926  9010 raft_consensus.cc:515] T ff90af1e8a214a68b44010e8a53d8901 P 0dfba2b45f0647a7be5fc727339c3467 [term 0 FOLLOWER]: Starting pre-election with config: opid_index: -1 OBSOLETE_local: false peers { permanent_uuid: "0dfba2b45f0647a7be5fc727339c3467" member_type: VOTER last_known_addr { host: "127.7.125.65" port: 40929 } } peers { permanent_uuid: "a4d5336d9a8f475fb9879e9f04fc1c52" member_type: VOTER last_known_addr { host: "127.7.125.66" port: 41055 } } peers { permanent_uuid: "ea65143eb08c4b3d8c9d54822f08a358" member_type: VOTER last_known_addr { host: "127.7.125.67" port: 41633 } }
I20260709 13:15:04.615641  9006 tablet_bootstrap.cc:654] T bdfd5eb8117a4a7c9a932006dcdb2c3e P a4d5336d9a8f475fb9879e9f04fc1c52: Neither blocks nor log segments found. Creating new log.
I20260709 13:15:04.617102  9010 leader_election.cc:290] T ff90af1e8a214a68b44010e8a53d8901 P 0dfba2b45f0647a7be5fc727339c3467 [CANDIDATE]: Term 1 pre-election: Requested pre-vote from peers a4d5336d9a8f475fb9879e9f04fc1c52 (127.7.125.66:41055), ea65143eb08c4b3d8c9d54822f08a358 (127.7.125.67:41633)
I20260709 13:15:04.619541  9150 raft_consensus.cc:493] T 0babd0cc537a4e6ba75ada7c1c45a884 P a4d5336d9a8f475fb9879e9f04fc1c52 [term 0 FOLLOWER]: Starting pre-election (no leader contacted us within the election timeout)
I20260709 13:15:04.619745  8961 tablet_service.cc:1917] Received RequestConsensusVote() RPC: tablet_id: "ff90af1e8a214a68b44010e8a53d8901" candidate_uuid: "0dfba2b45f0647a7be5fc727339c3467" candidate_term: 1 candidate_status { last_received { term: 0 index: 0 } } ignore_live_leader: false dest_uuid: "ea65143eb08c4b3d8c9d54822f08a358" is_pre_election: true
I20260709 13:15:04.620074  9150 raft_consensus.cc:515] T 0babd0cc537a4e6ba75ada7c1c45a884 P a4d5336d9a8f475fb9879e9f04fc1c52 [term 0 FOLLOWER]: Starting pre-election with config: opid_index: -1 OBSOLETE_local: false peers { permanent_uuid: "0dfba2b45f0647a7be5fc727339c3467" member_type: VOTER last_known_addr { host: "127.7.125.65" port: 40929 } } peers { permanent_uuid: "a4d5336d9a8f475fb9879e9f04fc1c52" member_type: VOTER last_known_addr { host: "127.7.125.66" port: 41055 } } peers { permanent_uuid: "ea65143eb08c4b3d8c9d54822f08a358" member_type: VOTER last_known_addr { host: "127.7.125.67" port: 41633 } }
I20260709 13:15:04.620512  8961 raft_consensus.cc:2468] T ff90af1e8a214a68b44010e8a53d8901 P ea65143eb08c4b3d8c9d54822f08a358 [term 0 FOLLOWER]: Leader pre-election vote request: Granting yes vote for candidate 0dfba2b45f0647a7be5fc727339c3467 in term 0.
I20260709 13:15:04.621798  8778 leader_election.cc:304] T ff90af1e8a214a68b44010e8a53d8901 P 0dfba2b45f0647a7be5fc727339c3467 [CANDIDATE]: Term 1 pre-election: Election decided. Result: candidate won. Election summary: received 2 responses out of 3 voters: 2 yes votes; 0 no votes. yes voters: 0dfba2b45f0647a7be5fc727339c3467, ea65143eb08c4b3d8c9d54822f08a358; no voters: 
I20260709 13:15:04.622331  9150 leader_election.cc:290] T 0babd0cc537a4e6ba75ada7c1c45a884 P a4d5336d9a8f475fb9879e9f04fc1c52 [CANDIDATE]: Term 1 pre-election: Requested pre-vote from peers 0dfba2b45f0647a7be5fc727339c3467 (127.7.125.65:40929), ea65143eb08c4b3d8c9d54822f08a358 (127.7.125.67:41633)
I20260709 13:15:04.622675  9010 raft_consensus.cc:2804] T ff90af1e8a214a68b44010e8a53d8901 P 0dfba2b45f0647a7be5fc727339c3467 [term 0 FOLLOWER]: Leader pre-election won for term 1
I20260709 13:15:04.623129  9010 raft_consensus.cc:493] T ff90af1e8a214a68b44010e8a53d8901 P 0dfba2b45f0647a7be5fc727339c3467 [term 0 FOLLOWER]: Starting leader election (no leader contacted us within the election timeout)
I20260709 13:15:04.624173  9010 raft_consensus.cc:3060] T ff90af1e8a214a68b44010e8a53d8901 P 0dfba2b45f0647a7be5fc727339c3467 [term 0 FOLLOWER]: Advancing to term 1
I20260709 13:15:04.624295  9006 tablet_bootstrap.cc:492] T bdfd5eb8117a4a7c9a932006dcdb2c3e P a4d5336d9a8f475fb9879e9f04fc1c52: No bootstrap required, opened a new log
I20260709 13:15:04.625490  9006 ts_tablet_manager.cc:1403] T bdfd5eb8117a4a7c9a932006dcdb2c3e P a4d5336d9a8f475fb9879e9f04fc1c52: Time spent bootstrapping tablet: real 0.061s	user 0.006s	sys 0.006s
I20260709 13:15:04.628177  9006 raft_consensus.cc:359] T bdfd5eb8117a4a7c9a932006dcdb2c3e P a4d5336d9a8f475fb9879e9f04fc1c52 [term 0 FOLLOWER]: Replica starting. Triggering 0 pending ops. Active config: opid_index: -1 OBSOLETE_local: false peers { permanent_uuid: "0dfba2b45f0647a7be5fc727339c3467" member_type: VOTER last_known_addr { host: "127.7.125.65" port: 40929 } } peers { permanent_uuid: "a4d5336d9a8f475fb9879e9f04fc1c52" member_type: VOTER last_known_addr { host: "127.7.125.66" port: 41055 } } peers { permanent_uuid: "ea65143eb08c4b3d8c9d54822f08a358" member_type: VOTER last_known_addr { host: "127.7.125.67" port: 41633 } }
I20260709 13:15:04.628856  9006 raft_consensus.cc:385] T bdfd5eb8117a4a7c9a932006dcdb2c3e P a4d5336d9a8f475fb9879e9f04fc1c52 [term 0 FOLLOWER]: Consensus starting up: Expiring failure detector timer to make a prompt election more likely
I20260709 13:15:04.628950  8961 tablet_service.cc:1917] Received RequestConsensusVote() RPC: tablet_id: "0babd0cc537a4e6ba75ada7c1c45a884" candidate_uuid: "a4d5336d9a8f475fb9879e9f04fc1c52" candidate_term: 1 candidate_status { last_received { term: 0 index: 0 } } ignore_live_leader: false dest_uuid: "ea65143eb08c4b3d8c9d54822f08a358" is_pre_election: true
I20260709 13:15:04.629386  8814 tablet_service.cc:1917] Received RequestConsensusVote() RPC: tablet_id: "0babd0cc537a4e6ba75ada7c1c45a884" candidate_uuid: "a4d5336d9a8f475fb9879e9f04fc1c52" candidate_term: 1 candidate_status { last_received { term: 0 index: 0 } } ignore_live_leader: false dest_uuid: "0dfba2b45f0647a7be5fc727339c3467" is_pre_election: true
I20260709 13:15:04.629632  8961 raft_consensus.cc:2468] T 0babd0cc537a4e6ba75ada7c1c45a884 P ea65143eb08c4b3d8c9d54822f08a358 [term 0 FOLLOWER]: Leader pre-election vote request: Granting yes vote for candidate a4d5336d9a8f475fb9879e9f04fc1c52 in term 0.
I20260709 13:15:04.631036  9005 tablet_bootstrap.cc:492] T 06c565fb03814283af82d705ce8e7b19 P ea65143eb08c4b3d8c9d54822f08a358: No bootstrap required, opened a new log
I20260709 13:15:04.630995  8853 leader_election.cc:304] T 0babd0cc537a4e6ba75ada7c1c45a884 P a4d5336d9a8f475fb9879e9f04fc1c52 [CANDIDATE]: Term 1 pre-election: Election decided. Result: candidate won. Election summary: received 2 responses out of 3 voters: 2 yes votes; 0 no votes. yes voters: a4d5336d9a8f475fb9879e9f04fc1c52, ea65143eb08c4b3d8c9d54822f08a358; no voters: 
I20260709 13:15:04.631601  9005 ts_tablet_manager.cc:1403] T 06c565fb03814283af82d705ce8e7b19 P ea65143eb08c4b3d8c9d54822f08a358: Time spent bootstrapping tablet: real 0.060s	user 0.008s	sys 0.006s
W20260709 13:15:04.632053  8856 leader_election.cc:343] T 0babd0cc537a4e6ba75ada7c1c45a884 P a4d5336d9a8f475fb9879e9f04fc1c52 [CANDIDATE]: Term 1 pre-election: Tablet error from VoteRequest() call to peer 0dfba2b45f0647a7be5fc727339c3467 (127.7.125.65:40929): Illegal state: must be running to vote when last-logged opid is not known
I20260709 13:15:04.633302  8890 tablet_service.cc:1917] Received RequestConsensusVote() RPC: tablet_id: "ff90af1e8a214a68b44010e8a53d8901" candidate_uuid: "0dfba2b45f0647a7be5fc727339c3467" candidate_term: 1 candidate_status { last_received { term: 0 index: 0 } } ignore_live_leader: false dest_uuid: "a4d5336d9a8f475fb9879e9f04fc1c52" is_pre_election: true
W20260709 13:15:04.634711  8780 leader_election.cc:343] T ff90af1e8a214a68b44010e8a53d8901 P 0dfba2b45f0647a7be5fc727339c3467 [CANDIDATE]: Term 1 pre-election: Tablet error from VoteRequest() call to peer a4d5336d9a8f475fb9879e9f04fc1c52 (127.7.125.66:41055): Illegal state: must be running to vote when last-logged opid is not known
I20260709 13:15:04.634842  9150 raft_consensus.cc:2804] T 0babd0cc537a4e6ba75ada7c1c45a884 P a4d5336d9a8f475fb9879e9f04fc1c52 [term 0 FOLLOWER]: Leader pre-election won for term 1
I20260709 13:15:04.635456  9150 raft_consensus.cc:493] T 0babd0cc537a4e6ba75ada7c1c45a884 P a4d5336d9a8f475fb9879e9f04fc1c52 [term 0 FOLLOWER]: Starting leader election (no leader contacted us within the election timeout)
I20260709 13:15:04.635911  9150 raft_consensus.cc:3060] T 0babd0cc537a4e6ba75ada7c1c45a884 P a4d5336d9a8f475fb9879e9f04fc1c52 [term 0 FOLLOWER]: Advancing to term 1
I20260709 13:15:04.634378  9005 raft_consensus.cc:359] T 06c565fb03814283af82d705ce8e7b19 P ea65143eb08c4b3d8c9d54822f08a358 [term 0 FOLLOWER]: Replica starting. Triggering 0 pending ops. Active config: opid_index: -1 OBSOLETE_local: false peers { permanent_uuid: "0dfba2b45f0647a7be5fc727339c3467" member_type: VOTER last_known_addr { host: "127.7.125.65" port: 40929 } } peers { permanent_uuid: "a4d5336d9a8f475fb9879e9f04fc1c52" member_type: VOTER last_known_addr { host: "127.7.125.66" port: 41055 } } peers { permanent_uuid: "ea65143eb08c4b3d8c9d54822f08a358" member_type: VOTER last_known_addr { host: "127.7.125.67" port: 41633 } }
I20260709 13:15:04.638003  9005 raft_consensus.cc:385] T 06c565fb03814283af82d705ce8e7b19 P ea65143eb08c4b3d8c9d54822f08a358 [term 0 FOLLOWER]: Consensus starting up: Expiring failure detector timer to make a prompt election more likely
I20260709 13:15:04.639041  9005 raft_consensus.cc:740] T 06c565fb03814283af82d705ce8e7b19 P ea65143eb08c4b3d8c9d54822f08a358 [term 0 FOLLOWER]: Becoming Follower/Learner. State: Replica: ea65143eb08c4b3d8c9d54822f08a358, State: Initialized, Role: FOLLOWER
I20260709 13:15:04.639714  9005 consensus_queue.cc:260] T 06c565fb03814283af82d705ce8e7b19 P ea65143eb08c4b3d8c9d54822f08a358 [NON_LEADER]: Queue going to NON_LEADER mode. State: All replicated index: 0, Majority replicated index: 0, Committed index: 0, Last appended: 0.0, Last appended by leader: 0, Current term: 0, Majority size: -1, State: 0, Mode: NON_LEADER, active raft config: opid_index: -1 OBSOLETE_local: false peers { permanent_uuid: "0dfba2b45f0647a7be5fc727339c3467" member_type: VOTER last_known_addr { host: "127.7.125.65" port: 40929 } } peers { permanent_uuid: "a4d5336d9a8f475fb9879e9f04fc1c52" member_type: VOTER last_known_addr { host: "127.7.125.66" port: 41055 } } peers { permanent_uuid: "ea65143eb08c4b3d8c9d54822f08a358" member_type: VOTER last_known_addr { host: "127.7.125.67" port: 41633 } }
I20260709 13:15:04.640522  9006 raft_consensus.cc:740] T bdfd5eb8117a4a7c9a932006dcdb2c3e P a4d5336d9a8f475fb9879e9f04fc1c52 [term 0 FOLLOWER]: Becoming Follower/Learner. State: Replica: a4d5336d9a8f475fb9879e9f04fc1c52, State: Initialized, Role: FOLLOWER
I20260709 13:15:04.642552  9005 ts_tablet_manager.cc:1434] T 06c565fb03814283af82d705ce8e7b19 P ea65143eb08c4b3d8c9d54822f08a358: Time spent starting tablet: real 0.011s	user 0.004s	sys 0.002s
I20260709 13:15:04.643399  9005 tablet_bootstrap.cc:492] T b27001bc75a849bd8aa8e51475b6382c P ea65143eb08c4b3d8c9d54822f08a358: Bootstrap starting.
I20260709 13:15:04.647109  9006 consensus_queue.cc:260] T bdfd5eb8117a4a7c9a932006dcdb2c3e P a4d5336d9a8f475fb9879e9f04fc1c52 [NON_LEADER]: Queue going to NON_LEADER mode. State: All replicated index: 0, Majority replicated index: 0, Committed index: 0, Last appended: 0.0, Last appended by leader: 0, Current term: 0, Majority size: -1, State: 0, Mode: NON_LEADER, active raft config: opid_index: -1 OBSOLETE_local: false peers { permanent_uuid: "0dfba2b45f0647a7be5fc727339c3467" member_type: VOTER last_known_addr { host: "127.7.125.65" port: 40929 } } peers { permanent_uuid: "a4d5336d9a8f475fb9879e9f04fc1c52" member_type: VOTER last_known_addr { host: "127.7.125.66" port: 41055 } } peers { permanent_uuid: "ea65143eb08c4b3d8c9d54822f08a358" member_type: VOTER last_known_addr { host: "127.7.125.67" port: 41633 } }
I20260709 13:15:04.654058  9006 ts_tablet_manager.cc:1434] T bdfd5eb8117a4a7c9a932006dcdb2c3e P a4d5336d9a8f475fb9879e9f04fc1c52: Time spent starting tablet: real 0.028s	user 0.004s	sys 0.003s
I20260709 13:15:04.655444  9006 tablet_bootstrap.cc:492] T ff90af1e8a214a68b44010e8a53d8901 P a4d5336d9a8f475fb9879e9f04fc1c52: Bootstrap starting.
I20260709 13:15:04.664099  9150 raft_consensus.cc:515] T 0babd0cc537a4e6ba75ada7c1c45a884 P a4d5336d9a8f475fb9879e9f04fc1c52 [term 1 FOLLOWER]: Starting leader election with config: opid_index: -1 OBSOLETE_local: false peers { permanent_uuid: "0dfba2b45f0647a7be5fc727339c3467" member_type: VOTER last_known_addr { host: "127.7.125.65" port: 40929 } } peers { permanent_uuid: "a4d5336d9a8f475fb9879e9f04fc1c52" member_type: VOTER last_known_addr { host: "127.7.125.66" port: 41055 } } peers { permanent_uuid: "ea65143eb08c4b3d8c9d54822f08a358" member_type: VOTER last_known_addr { host: "127.7.125.67" port: 41633 } }
I20260709 13:15:04.670011  9075 raft_consensus.cc:493] T 9c72b8d931f949f494a808a9827a4d61 P ea65143eb08c4b3d8c9d54822f08a358 [term 0 FOLLOWER]: Starting pre-election (no leader contacted us within the election timeout)
I20260709 13:15:04.671581  9075 raft_consensus.cc:515] T 9c72b8d931f949f494a808a9827a4d61 P ea65143eb08c4b3d8c9d54822f08a358 [term 0 FOLLOWER]: Starting pre-election with config: opid_index: -1 OBSOLETE_local: false peers { permanent_uuid: "0dfba2b45f0647a7be5fc727339c3467" member_type: VOTER last_known_addr { host: "127.7.125.65" port: 40929 } } peers { permanent_uuid: "a4d5336d9a8f475fb9879e9f04fc1c52" member_type: VOTER last_known_addr { host: "127.7.125.66" port: 41055 } } peers { permanent_uuid: "ea65143eb08c4b3d8c9d54822f08a358" member_type: VOTER last_known_addr { host: "127.7.125.67" port: 41633 } }
I20260709 13:15:04.673007  9005 tablet_bootstrap.cc:654] T b27001bc75a849bd8aa8e51475b6382c P ea65143eb08c4b3d8c9d54822f08a358: Neither blocks nor log segments found. Creating new log.
I20260709 13:15:04.673626  9075 leader_election.cc:290] T 9c72b8d931f949f494a808a9827a4d61 P ea65143eb08c4b3d8c9d54822f08a358 [CANDIDATE]: Term 1 pre-election: Requested pre-vote from peers 0dfba2b45f0647a7be5fc727339c3467 (127.7.125.65:40929), a4d5336d9a8f475fb9879e9f04fc1c52 (127.7.125.66:41055)
I20260709 13:15:04.671222  9010 raft_consensus.cc:515] T ff90af1e8a214a68b44010e8a53d8901 P 0dfba2b45f0647a7be5fc727339c3467 [term 1 FOLLOWER]: Starting leader election with config: opid_index: -1 OBSOLETE_local: false peers { permanent_uuid: "0dfba2b45f0647a7be5fc727339c3467" member_type: VOTER last_known_addr { host: "127.7.125.65" port: 40929 } } peers { permanent_uuid: "a4d5336d9a8f475fb9879e9f04fc1c52" member_type: VOTER last_known_addr { host: "127.7.125.66" port: 41055 } } peers { permanent_uuid: "ea65143eb08c4b3d8c9d54822f08a358" member_type: VOTER last_known_addr { host: "127.7.125.67" port: 41633 } }
I20260709 13:15:04.677023  8890 tablet_service.cc:1917] Received RequestConsensusVote() RPC: tablet_id: "9c72b8d931f949f494a808a9827a4d61" candidate_uuid: "ea65143eb08c4b3d8c9d54822f08a358" candidate_term: 1 candidate_status { last_received { term: 0 index: 0 } } ignore_live_leader: false dest_uuid: "a4d5336d9a8f475fb9879e9f04fc1c52" is_pre_election: true
I20260709 13:15:04.680291  8890 raft_consensus.cc:2468] T 9c72b8d931f949f494a808a9827a4d61 P a4d5336d9a8f475fb9879e9f04fc1c52 [term 0 FOLLOWER]: Leader pre-election vote request: Granting yes vote for candidate ea65143eb08c4b3d8c9d54822f08a358 in term 0.
I20260709 13:15:04.686703  8929 leader_election.cc:304] T 9c72b8d931f949f494a808a9827a4d61 P ea65143eb08c4b3d8c9d54822f08a358 [CANDIDATE]: Term 1 pre-election: Election decided. Result: candidate won. Election summary: received 2 responses out of 3 voters: 2 yes votes; 0 no votes. yes voters: a4d5336d9a8f475fb9879e9f04fc1c52, ea65143eb08c4b3d8c9d54822f08a358; no voters: 
I20260709 13:15:04.685139  8815 tablet_service.cc:1917] Received RequestConsensusVote() RPC: tablet_id: "9c72b8d931f949f494a808a9827a4d61" candidate_uuid: "ea65143eb08c4b3d8c9d54822f08a358" candidate_term: 1 candidate_status { last_received { term: 0 index: 0 } } ignore_live_leader: false dest_uuid: "0dfba2b45f0647a7be5fc727339c3467" is_pre_election: true
I20260709 13:15:04.688418  8815 raft_consensus.cc:2468] T 9c72b8d931f949f494a808a9827a4d61 P 0dfba2b45f0647a7be5fc727339c3467 [term 0 FOLLOWER]: Leader pre-election vote request: Granting yes vote for candidate ea65143eb08c4b3d8c9d54822f08a358 in term 0.
I20260709 13:15:04.688856  9006 tablet_bootstrap.cc:654] T ff90af1e8a214a68b44010e8a53d8901 P a4d5336d9a8f475fb9879e9f04fc1c52: Neither blocks nor log segments found. Creating new log.
I20260709 13:15:04.693976  8815 tablet_service.cc:1917] Received RequestConsensusVote() RPC: tablet_id: "0babd0cc537a4e6ba75ada7c1c45a884" candidate_uuid: "a4d5336d9a8f475fb9879e9f04fc1c52" candidate_term: 1 candidate_status { last_received { term: 0 index: 0 } } ignore_live_leader: false dest_uuid: "0dfba2b45f0647a7be5fc727339c3467"
W20260709 13:15:04.695720  8856 leader_election.cc:343] T 0babd0cc537a4e6ba75ada7c1c45a884 P a4d5336d9a8f475fb9879e9f04fc1c52 [CANDIDATE]: Term 1 election: Tablet error from VoteRequest() call to peer 0dfba2b45f0647a7be5fc727339c3467 (127.7.125.65:40929): Illegal state: must be running to vote when last-logged opid is not known
I20260709 13:15:04.695830  9010 leader_election.cc:290] T ff90af1e8a214a68b44010e8a53d8901 P 0dfba2b45f0647a7be5fc727339c3467 [CANDIDATE]: Term 1 election: Requested vote from peers a4d5336d9a8f475fb9879e9f04fc1c52 (127.7.125.66:41055), ea65143eb08c4b3d8c9d54822f08a358 (127.7.125.67:41633)
I20260709 13:15:04.690692  9138 raft_consensus.cc:2804] T 9c72b8d931f949f494a808a9827a4d61 P ea65143eb08c4b3d8c9d54822f08a358 [term 0 FOLLOWER]: Leader pre-election won for term 1
I20260709 13:15:04.696409  9138 raft_consensus.cc:493] T 9c72b8d931f949f494a808a9827a4d61 P ea65143eb08c4b3d8c9d54822f08a358 [term 0 FOLLOWER]: Starting leader election (no leader contacted us within the election timeout)
I20260709 13:15:04.696753  9138 raft_consensus.cc:3060] T 9c72b8d931f949f494a808a9827a4d61 P ea65143eb08c4b3d8c9d54822f08a358 [term 0 FOLLOWER]: Advancing to term 1
I20260709 13:15:04.697330  8890 tablet_service.cc:1917] Received RequestConsensusVote() RPC: tablet_id: "ff90af1e8a214a68b44010e8a53d8901" candidate_uuid: "0dfba2b45f0647a7be5fc727339c3467" candidate_term: 1 candidate_status { last_received { term: 0 index: 0 } } ignore_live_leader: false dest_uuid: "a4d5336d9a8f475fb9879e9f04fc1c52"
I20260709 13:15:04.698165  8962 tablet_service.cc:1917] Received RequestConsensusVote() RPC: tablet_id: "0babd0cc537a4e6ba75ada7c1c45a884" candidate_uuid: "a4d5336d9a8f475fb9879e9f04fc1c52" candidate_term: 1 candidate_status { last_received { term: 0 index: 0 } } ignore_live_leader: false dest_uuid: "ea65143eb08c4b3d8c9d54822f08a358"
W20260709 13:15:04.698716  8780 leader_election.cc:343] T ff90af1e8a214a68b44010e8a53d8901 P 0dfba2b45f0647a7be5fc727339c3467 [CANDIDATE]: Term 1 election: Tablet error from VoteRequest() call to peer a4d5336d9a8f475fb9879e9f04fc1c52 (127.7.125.66:41055): Illegal state: must be running to vote when last-logged opid is not known
I20260709 13:15:04.698879  9150 leader_election.cc:290] T 0babd0cc537a4e6ba75ada7c1c45a884 P a4d5336d9a8f475fb9879e9f04fc1c52 [CANDIDATE]: Term 1 election: Requested vote from peers 0dfba2b45f0647a7be5fc727339c3467 (127.7.125.65:40929), ea65143eb08c4b3d8c9d54822f08a358 (127.7.125.67:41633)
I20260709 13:15:04.698750  8962 raft_consensus.cc:3060] T 0babd0cc537a4e6ba75ada7c1c45a884 P ea65143eb08c4b3d8c9d54822f08a358 [term 0 FOLLOWER]: Advancing to term 1
I20260709 13:15:04.701649  9075 raft_consensus.cc:493] T 06c565fb03814283af82d705ce8e7b19 P ea65143eb08c4b3d8c9d54822f08a358 [term 0 FOLLOWER]: Starting pre-election (no leader contacted us within the election timeout)
I20260709 13:15:04.702112  9075 raft_consensus.cc:515] T 06c565fb03814283af82d705ce8e7b19 P ea65143eb08c4b3d8c9d54822f08a358 [term 0 FOLLOWER]: Starting pre-election with config: opid_index: -1 OBSOLETE_local: false peers { permanent_uuid: "0dfba2b45f0647a7be5fc727339c3467" member_type: VOTER last_known_addr { host: "127.7.125.65" port: 40929 } } peers { permanent_uuid: "a4d5336d9a8f475fb9879e9f04fc1c52" member_type: VOTER last_known_addr { host: "127.7.125.66" port: 41055 } } peers { permanent_uuid: "ea65143eb08c4b3d8c9d54822f08a358" member_type: VOTER last_known_addr { host: "127.7.125.67" port: 41633 } }
I20260709 13:15:04.710537  8890 tablet_service.cc:1917] Received RequestConsensusVote() RPC: tablet_id: "06c565fb03814283af82d705ce8e7b19" candidate_uuid: "ea65143eb08c4b3d8c9d54822f08a358" candidate_term: 1 candidate_status { last_received { term: 0 index: 0 } } ignore_live_leader: false dest_uuid: "a4d5336d9a8f475fb9879e9f04fc1c52" is_pre_election: true
I20260709 13:15:04.702663  9138 raft_consensus.cc:515] T 9c72b8d931f949f494a808a9827a4d61 P ea65143eb08c4b3d8c9d54822f08a358 [term 1 FOLLOWER]: Starting leader election with config: opid_index: -1 OBSOLETE_local: false peers { permanent_uuid: "0dfba2b45f0647a7be5fc727339c3467" member_type: VOTER last_known_addr { host: "127.7.125.65" port: 40929 } } peers { permanent_uuid: "a4d5336d9a8f475fb9879e9f04fc1c52" member_type: VOTER last_known_addr { host: "127.7.125.66" port: 41055 } } peers { permanent_uuid: "ea65143eb08c4b3d8c9d54822f08a358" member_type: VOTER last_known_addr { host: "127.7.125.67" port: 41633 } }
I20260709 13:15:04.711335  8890 raft_consensus.cc:2468] T 06c565fb03814283af82d705ce8e7b19 P a4d5336d9a8f475fb9879e9f04fc1c52 [term 0 FOLLOWER]: Leader pre-election vote request: Granting yes vote for candidate ea65143eb08c4b3d8c9d54822f08a358 in term 0.
I20260709 13:15:04.712868  9004 tablet_bootstrap.cc:492] T bdfd5eb8117a4a7c9a932006dcdb2c3e P 0dfba2b45f0647a7be5fc727339c3467: No bootstrap required, opened a new log
I20260709 13:15:04.713420  9004 ts_tablet_manager.cc:1403] T bdfd5eb8117a4a7c9a932006dcdb2c3e P 0dfba2b45f0647a7be5fc727339c3467: Time spent bootstrapping tablet: real 0.105s	user 0.019s	sys 0.010s
I20260709 13:15:04.708165  9075 leader_election.cc:290] T 06c565fb03814283af82d705ce8e7b19 P ea65143eb08c4b3d8c9d54822f08a358 [CANDIDATE]: Term 1 pre-election: Requested pre-vote from peers 0dfba2b45f0647a7be5fc727339c3467 (127.7.125.65:40929), a4d5336d9a8f475fb9879e9f04fc1c52 (127.7.125.66:41055)
I20260709 13:15:04.723887  8813 tablet_service.cc:1917] Received RequestConsensusVote() RPC: tablet_id: "06c565fb03814283af82d705ce8e7b19" candidate_uuid: "ea65143eb08c4b3d8c9d54822f08a358" candidate_term: 1 candidate_status { last_received { term: 0 index: 0 } } ignore_live_leader: false dest_uuid: "0dfba2b45f0647a7be5fc727339c3467" is_pre_election: true
I20260709 13:15:04.726890  8929 leader_election.cc:304] T 06c565fb03814283af82d705ce8e7b19 P ea65143eb08c4b3d8c9d54822f08a358 [CANDIDATE]: Term 1 pre-election: Election decided. Result: candidate won. Election summary: received 2 responses out of 3 voters: 2 yes votes; 0 no votes. yes voters: a4d5336d9a8f475fb9879e9f04fc1c52, ea65143eb08c4b3d8c9d54822f08a358; no voters: 
I20260709 13:15:04.719286  8961 tablet_service.cc:1917] Received RequestConsensusVote() RPC: tablet_id: "ff90af1e8a214a68b44010e8a53d8901" candidate_uuid: "0dfba2b45f0647a7be5fc727339c3467" candidate_term: 1 candidate_status { last_received { term: 0 index: 0 } } ignore_live_leader: false dest_uuid: "ea65143eb08c4b3d8c9d54822f08a358"
I20260709 13:15:04.727744  9075 raft_consensus.cc:2804] T 06c565fb03814283af82d705ce8e7b19 P ea65143eb08c4b3d8c9d54822f08a358 [term 0 FOLLOWER]: Leader pre-election won for term 1
I20260709 13:15:04.728119  9075 raft_consensus.cc:493] T 06c565fb03814283af82d705ce8e7b19 P ea65143eb08c4b3d8c9d54822f08a358 [term 0 FOLLOWER]: Starting leader election (no leader contacted us within the election timeout)
I20260709 13:15:04.728477  9075 raft_consensus.cc:3060] T 06c565fb03814283af82d705ce8e7b19 P ea65143eb08c4b3d8c9d54822f08a358 [term 0 FOLLOWER]: Advancing to term 1
I20260709 13:15:04.728135  8961 raft_consensus.cc:3060] T ff90af1e8a214a68b44010e8a53d8901 P ea65143eb08c4b3d8c9d54822f08a358 [term 0 FOLLOWER]: Advancing to term 1
I20260709 13:15:04.741112  9005 tablet_bootstrap.cc:492] T b27001bc75a849bd8aa8e51475b6382c P ea65143eb08c4b3d8c9d54822f08a358: No bootstrap required, opened a new log
I20260709 13:15:04.750228  9006 tablet_bootstrap.cc:492] T ff90af1e8a214a68b44010e8a53d8901 P a4d5336d9a8f475fb9879e9f04fc1c52: No bootstrap required, opened a new log
I20260709 13:15:04.742444  9138 leader_election.cc:290] T 9c72b8d931f949f494a808a9827a4d61 P ea65143eb08c4b3d8c9d54822f08a358 [CANDIDATE]: Term 1 election: Requested vote from peers 0dfba2b45f0647a7be5fc727339c3467 (127.7.125.65:40929), a4d5336d9a8f475fb9879e9f04fc1c52 (127.7.125.66:41055)
I20260709 13:15:04.744118  8961 raft_consensus.cc:2468] T ff90af1e8a214a68b44010e8a53d8901 P ea65143eb08c4b3d8c9d54822f08a358 [term 1 FOLLOWER]: Leader election vote request: Granting yes vote for candidate 0dfba2b45f0647a7be5fc727339c3467 in term 1.
I20260709 13:15:04.762158  9005 ts_tablet_manager.cc:1403] T b27001bc75a849bd8aa8e51475b6382c P ea65143eb08c4b3d8c9d54822f08a358: Time spent bootstrapping tablet: real 0.119s	user 0.016s	sys 0.027s
I20260709 13:15:04.744832  9004 raft_consensus.cc:359] T bdfd5eb8117a4a7c9a932006dcdb2c3e P 0dfba2b45f0647a7be5fc727339c3467 [term 0 FOLLOWER]: Replica starting. Triggering 0 pending ops. Active config: opid_index: -1 OBSOLETE_local: false peers { permanent_uuid: "0dfba2b45f0647a7be5fc727339c3467" member_type: VOTER last_known_addr { host: "127.7.125.65" port: 40929 } } peers { permanent_uuid: "a4d5336d9a8f475fb9879e9f04fc1c52" member_type: VOTER last_known_addr { host: "127.7.125.66" port: 41055 } } peers { permanent_uuid: "ea65143eb08c4b3d8c9d54822f08a358" member_type: VOTER last_known_addr { host: "127.7.125.67" port: 41633 } }
I20260709 13:15:04.762989  9006 ts_tablet_manager.cc:1403] T ff90af1e8a214a68b44010e8a53d8901 P a4d5336d9a8f475fb9879e9f04fc1c52: Time spent bootstrapping tablet: real 0.108s	user 0.011s	sys 0.008s
I20260709 13:15:04.737747  8962 raft_consensus.cc:2468] T 0babd0cc537a4e6ba75ada7c1c45a884 P ea65143eb08c4b3d8c9d54822f08a358 [term 1 FOLLOWER]: Leader election vote request: Granting yes vote for candidate a4d5336d9a8f475fb9879e9f04fc1c52 in term 1.
I20260709 13:15:04.743731  8890 tablet_service.cc:1917] Received RequestConsensusVote() RPC: tablet_id: "9c72b8d931f949f494a808a9827a4d61" candidate_uuid: "ea65143eb08c4b3d8c9d54822f08a358" candidate_term: 1 candidate_status { last_received { term: 0 index: 0 } } ignore_live_leader: false dest_uuid: "a4d5336d9a8f475fb9879e9f04fc1c52"
I20260709 13:15:04.742043  9075 raft_consensus.cc:515] T 06c565fb03814283af82d705ce8e7b19 P ea65143eb08c4b3d8c9d54822f08a358 [term 1 FOLLOWER]: Starting leader election with config: opid_index: -1 OBSOLETE_local: false peers { permanent_uuid: "0dfba2b45f0647a7be5fc727339c3467" member_type: VOTER last_known_addr { host: "127.7.125.65" port: 40929 } } peers { permanent_uuid: "a4d5336d9a8f475fb9879e9f04fc1c52" member_type: VOTER last_known_addr { host: "127.7.125.66" port: 41055 } } peers { permanent_uuid: "ea65143eb08c4b3d8c9d54822f08a358" member_type: VOTER last_known_addr { host: "127.7.125.67" port: 41633 } }
I20260709 13:15:04.737159  8813 tablet_service.cc:1917] Received RequestConsensusVote() RPC: tablet_id: "9c72b8d931f949f494a808a9827a4d61" candidate_uuid: "ea65143eb08c4b3d8c9d54822f08a358" candidate_term: 1 candidate_status { last_received { term: 0 index: 0 } } ignore_live_leader: false dest_uuid: "0dfba2b45f0647a7be5fc727339c3467"
I20260709 13:15:04.767158  8813 raft_consensus.cc:3060] T 9c72b8d931f949f494a808a9827a4d61 P 0dfba2b45f0647a7be5fc727339c3467 [term 0 FOLLOWER]: Advancing to term 1
W20260709 13:15:04.738124  8930 leader_election.cc:343] T 06c565fb03814283af82d705ce8e7b19 P ea65143eb08c4b3d8c9d54822f08a358 [CANDIDATE]: Term 1 pre-election: Tablet error from VoteRequest() call to peer 0dfba2b45f0647a7be5fc727339c3467 (127.7.125.65:40929): Illegal state: must be running to vote when last-logged opid is not known
I20260709 13:15:04.767664  9005 raft_consensus.cc:359] T b27001bc75a849bd8aa8e51475b6382c P ea65143eb08c4b3d8c9d54822f08a358 [term 0 FOLLOWER]: Replica starting. Triggering 0 pending ops. Active config: opid_index: -1 OBSOLETE_local: false peers { permanent_uuid: "0dfba2b45f0647a7be5fc727339c3467" member_type: VOTER last_known_addr { host: "127.7.125.65" port: 40929 } } peers { permanent_uuid: "a4d5336d9a8f475fb9879e9f04fc1c52" member_type: VOTER last_known_addr { host: "127.7.125.66" port: 41055 } } peers { permanent_uuid: "ea65143eb08c4b3d8c9d54822f08a358" member_type: VOTER last_known_addr { host: "127.7.125.67" port: 41633 } }
I20260709 13:15:04.767652  9006 raft_consensus.cc:359] T ff90af1e8a214a68b44010e8a53d8901 P a4d5336d9a8f475fb9879e9f04fc1c52 [term 0 FOLLOWER]: Replica starting. Triggering 0 pending ops. Active config: opid_index: -1 OBSOLETE_local: false peers { permanent_uuid: "0dfba2b45f0647a7be5fc727339c3467" member_type: VOTER last_known_addr { host: "127.7.125.65" port: 40929 } } peers { permanent_uuid: "a4d5336d9a8f475fb9879e9f04fc1c52" member_type: VOTER last_known_addr { host: "127.7.125.66" port: 41055 } } peers { permanent_uuid: "ea65143eb08c4b3d8c9d54822f08a358" member_type: VOTER last_known_addr { host: "127.7.125.67" port: 41633 } }
I20260709 13:15:04.766096  9150 consensus_queue.cc:1048] T b6c82a2ee1ee48ff9ebcf243e537699a P a4d5336d9a8f475fb9879e9f04fc1c52 [LEADER]: Connected to new peer: Peer: permanent_uuid: "ea65143eb08c4b3d8c9d54822f08a358" member_type: VOTER last_known_addr { host: "127.7.125.67" port: 41633 }, Status: LMP_MISMATCH, Last received: 0.0, Next index: 1, Last known committed idx: 0, Time since last communication: 0.000s
I20260709 13:15:04.768989  9006 raft_consensus.cc:385] T ff90af1e8a214a68b44010e8a53d8901 P a4d5336d9a8f475fb9879e9f04fc1c52 [term 0 FOLLOWER]: Consensus starting up: Expiring failure detector timer to make a prompt election more likely
I20260709 13:15:04.769264  9006 raft_consensus.cc:740] T ff90af1e8a214a68b44010e8a53d8901 P a4d5336d9a8f475fb9879e9f04fc1c52 [term 0 FOLLOWER]: Becoming Follower/Learner. State: Replica: a4d5336d9a8f475fb9879e9f04fc1c52, State: Initialized, Role: FOLLOWER
I20260709 13:15:04.765555  8853 leader_election.cc:304] T 0babd0cc537a4e6ba75ada7c1c45a884 P a4d5336d9a8f475fb9879e9f04fc1c52 [CANDIDATE]: Term 1 election: Election decided. Result: candidate won. Election summary: received 3 responses out of 3 voters: 2 yes votes; 1 no votes. yes voters: a4d5336d9a8f475fb9879e9f04fc1c52, ea65143eb08c4b3d8c9d54822f08a358; no voters: 0dfba2b45f0647a7be5fc727339c3467
I20260709 13:15:04.769411  8889 tablet_service.cc:1917] Received RequestConsensusVote() RPC: tablet_id: "06c565fb03814283af82d705ce8e7b19" candidate_uuid: "ea65143eb08c4b3d8c9d54822f08a358" candidate_term: 1 candidate_status { last_received { term: 0 index: 0 } } ignore_live_leader: false dest_uuid: "a4d5336d9a8f475fb9879e9f04fc1c52"
I20260709 13:15:04.770062  8889 raft_consensus.cc:3060] T 06c565fb03814283af82d705ce8e7b19 P a4d5336d9a8f475fb9879e9f04fc1c52 [term 0 FOLLOWER]: Advancing to term 1
I20260709 13:15:04.769886  9006 consensus_queue.cc:260] T ff90af1e8a214a68b44010e8a53d8901 P a4d5336d9a8f475fb9879e9f04fc1c52 [NON_LEADER]: Queue going to NON_LEADER mode. State: All replicated index: 0, Majority replicated index: 0, Committed index: 0, Last appended: 0.0, Last appended by leader: 0, Current term: 0, Majority size: -1, State: 0, Mode: NON_LEADER, active raft config: opid_index: -1 OBSOLETE_local: false peers { permanent_uuid: "0dfba2b45f0647a7be5fc727339c3467" member_type: VOTER last_known_addr { host: "127.7.125.65" port: 40929 } } peers { permanent_uuid: "a4d5336d9a8f475fb9879e9f04fc1c52" member_type: VOTER last_known_addr { host: "127.7.125.66" port: 41055 } } peers { permanent_uuid: "ea65143eb08c4b3d8c9d54822f08a358" member_type: VOTER last_known_addr { host: "127.7.125.67" port: 41633 } }
I20260709 13:15:04.770793  9014 raft_consensus.cc:2804] T 0babd0cc537a4e6ba75ada7c1c45a884 P a4d5336d9a8f475fb9879e9f04fc1c52 [term 1 FOLLOWER]: Leader election won for term 1
I20260709 13:15:04.770836  8814 tablet_service.cc:1917] Received RequestConsensusVote() RPC: tablet_id: "06c565fb03814283af82d705ce8e7b19" candidate_uuid: "ea65143eb08c4b3d8c9d54822f08a358" candidate_term: 1 candidate_status { last_received { term: 0 index: 0 } } ignore_live_leader: false dest_uuid: "0dfba2b45f0647a7be5fc727339c3467"
I20260709 13:15:04.775190  8778 leader_election.cc:304] T ff90af1e8a214a68b44010e8a53d8901 P 0dfba2b45f0647a7be5fc727339c3467 [CANDIDATE]: Term 1 election: Election decided. Result: candidate won. Election summary: received 3 responses out of 3 voters: 2 yes votes; 1 no votes. yes voters: 0dfba2b45f0647a7be5fc727339c3467, ea65143eb08c4b3d8c9d54822f08a358; no voters: a4d5336d9a8f475fb9879e9f04fc1c52
I20260709 13:15:04.764829  8890 raft_consensus.cc:3060] T 9c72b8d931f949f494a808a9827a4d61 P a4d5336d9a8f475fb9879e9f04fc1c52 [term 0 FOLLOWER]: Advancing to term 1
I20260709 13:15:04.768491  9005 raft_consensus.cc:385] T b27001bc75a849bd8aa8e51475b6382c P ea65143eb08c4b3d8c9d54822f08a358 [term 0 FOLLOWER]: Consensus starting up: Expiring failure detector timer to make a prompt election more likely
I20260709 13:15:04.768311  9004 raft_consensus.cc:385] T bdfd5eb8117a4a7c9a932006dcdb2c3e P 0dfba2b45f0647a7be5fc727339c3467 [term 0 FOLLOWER]: Consensus starting up: Expiring failure detector timer to make a prompt election more likely
I20260709 13:15:04.778355  9194 raft_consensus.cc:2804] T ff90af1e8a214a68b44010e8a53d8901 P 0dfba2b45f0647a7be5fc727339c3467 [term 1 FOLLOWER]: Leader election won for term 1
I20260709 13:15:04.778636  9006 ts_tablet_manager.cc:1434] T ff90af1e8a214a68b44010e8a53d8901 P a4d5336d9a8f475fb9879e9f04fc1c52: Time spent starting tablet: real 0.014s	user 0.005s	sys 0.000s
I20260709 13:15:04.778450  9004 raft_consensus.cc:740] T bdfd5eb8117a4a7c9a932006dcdb2c3e P 0dfba2b45f0647a7be5fc727339c3467 [term 0 FOLLOWER]: Becoming Follower/Learner. State: Replica: 0dfba2b45f0647a7be5fc727339c3467, State: Initialized, Role: FOLLOWER
I20260709 13:15:04.778999  9005 raft_consensus.cc:740] T b27001bc75a849bd8aa8e51475b6382c P ea65143eb08c4b3d8c9d54822f08a358 [term 0 FOLLOWER]: Becoming Follower/Learner. State: Replica: ea65143eb08c4b3d8c9d54822f08a358, State: Initialized, Role: FOLLOWER
I20260709 13:15:04.779469  9004 consensus_queue.cc:260] T bdfd5eb8117a4a7c9a932006dcdb2c3e P 0dfba2b45f0647a7be5fc727339c3467 [NON_LEADER]: Queue going to NON_LEADER mode. State: All replicated index: 0, Majority replicated index: 0, Committed index: 0, Last appended: 0.0, Last appended by leader: 0, Current term: 0, Majority size: -1, State: 0, Mode: NON_LEADER, active raft config: opid_index: -1 OBSOLETE_local: false peers { permanent_uuid: "0dfba2b45f0647a7be5fc727339c3467" member_type: VOTER last_known_addr { host: "127.7.125.65" port: 40929 } } peers { permanent_uuid: "a4d5336d9a8f475fb9879e9f04fc1c52" member_type: VOTER last_known_addr { host: "127.7.125.66" port: 41055 } } peers { permanent_uuid: "ea65143eb08c4b3d8c9d54822f08a358" member_type: VOTER last_known_addr { host: "127.7.125.67" port: 41633 } }
I20260709 13:15:04.779616  9005 consensus_queue.cc:260] T b27001bc75a849bd8aa8e51475b6382c P ea65143eb08c4b3d8c9d54822f08a358 [NON_LEADER]: Queue going to NON_LEADER mode. State: All replicated index: 0, Majority replicated index: 0, Committed index: 0, Last appended: 0.0, Last appended by leader: 0, Current term: 0, Majority size: -1, State: 0, Mode: NON_LEADER, active raft config: opid_index: -1 OBSOLETE_local: false peers { permanent_uuid: "0dfba2b45f0647a7be5fc727339c3467" member_type: VOTER last_known_addr { host: "127.7.125.65" port: 40929 } } peers { permanent_uuid: "a4d5336d9a8f475fb9879e9f04fc1c52" member_type: VOTER last_known_addr { host: "127.7.125.66" port: 41055 } } peers { permanent_uuid: "ea65143eb08c4b3d8c9d54822f08a358" member_type: VOTER last_known_addr { host: "127.7.125.67" port: 41633 } }
I20260709 13:15:04.780575  9194 raft_consensus.cc:697] T ff90af1e8a214a68b44010e8a53d8901 P 0dfba2b45f0647a7be5fc727339c3467 [term 1 LEADER]: Becoming Leader. State: Replica: 0dfba2b45f0647a7be5fc727339c3467, State: Running, Role: LEADER
I20260709 13:15:04.781383  9194 consensus_queue.cc:237] T ff90af1e8a214a68b44010e8a53d8901 P 0dfba2b45f0647a7be5fc727339c3467 [LEADER]: Queue going to LEADER mode. State: All replicated index: 0, Majority replicated index: 0, Committed index: 0, Last appended: 0.0, Last appended by leader: 0, Current term: 1, Majority size: 2, State: 0, Mode: LEADER, active raft config: opid_index: -1 OBSOLETE_local: false peers { permanent_uuid: "0dfba2b45f0647a7be5fc727339c3467" member_type: VOTER last_known_addr { host: "127.7.125.65" port: 40929 } } peers { permanent_uuid: "a4d5336d9a8f475fb9879e9f04fc1c52" member_type: VOTER last_known_addr { host: "127.7.125.66" port: 41055 } } peers { permanent_uuid: "ea65143eb08c4b3d8c9d54822f08a358" member_type: VOTER last_known_addr { host: "127.7.125.67" port: 41633 } }
I20260709 13:15:04.782482  9004 ts_tablet_manager.cc:1434] T bdfd5eb8117a4a7c9a932006dcdb2c3e P 0dfba2b45f0647a7be5fc727339c3467: Time spent starting tablet: real 0.069s	user 0.012s	sys 0.000s
W20260709 13:15:04.783066  8930 leader_election.cc:343] T 06c565fb03814283af82d705ce8e7b19 P ea65143eb08c4b3d8c9d54822f08a358 [CANDIDATE]: Term 1 election: Tablet error from VoteRequest() call to peer 0dfba2b45f0647a7be5fc727339c3467 (127.7.125.65:40929): Illegal state: must be running to vote when last-logged opid is not known
I20260709 13:15:04.783440  9004 tablet_bootstrap.cc:492] T e977d4f0eae042d791275884164891a6 P 0dfba2b45f0647a7be5fc727339c3467: Bootstrap starting.
I20260709 13:15:04.782569  8813 raft_consensus.cc:2468] T 9c72b8d931f949f494a808a9827a4d61 P 0dfba2b45f0647a7be5fc727339c3467 [term 1 FOLLOWER]: Leader election vote request: Granting yes vote for candidate ea65143eb08c4b3d8c9d54822f08a358 in term 1.
I20260709 13:15:04.785136  9005 ts_tablet_manager.cc:1434] T b27001bc75a849bd8aa8e51475b6382c P ea65143eb08c4b3d8c9d54822f08a358: Time spent starting tablet: real 0.021s	user 0.003s	sys 0.002s
I20260709 13:15:04.786885  9005 tablet_bootstrap.cc:492] T 8c99590cea304acb9bd78392d48cdcc3 P ea65143eb08c4b3d8c9d54822f08a358: Bootstrap starting.
