I20260709 13:14:36.192493  5384 consensus_queue.cc:237] T 6e62086b110e4931bc59c18b7953f7d7 P 483d8fadc68148d987a3ae8728cd8d7d [LEADER]: Queue going to LEADER mode. State: All replicated index: 0, Majority replicated index: 2, Committed index: 2, Last appended: 2.2, Last appended by leader: 2, Current term: 3, Majority size: 2, State: 0, Mode: LEADER, active raft config: opid_index: -1 OBSOLETE_local: false peers { permanent_uuid: "ceae78c6bde74fda87070cecbcbd40c9" member_type: VOTER last_known_addr { host: "127.4.216.193" port: 41537 } } peers { permanent_uuid: "483d8fadc68148d987a3ae8728cd8d7d" member_type: VOTER last_known_addr { host: "127.4.216.194" port: 46771 } } peers { permanent_uuid: "15528a28243749a28742e133e1af979f" member_type: VOTER last_known_addr { host: "127.4.216.195" port: 43563 } }
I20260709 13:14:36.197845  4991 catalog_manager.cc:5697] T 6e62086b110e4931bc59c18b7953f7d7 P 483d8fadc68148d987a3ae8728cd8d7d reported cstate change: term changed from 2 to 3, leader changed from 15528a28243749a28742e133e1af979f (127.4.216.195) to 483d8fadc68148d987a3ae8728cd8d7d (127.4.216.194). New cstate: current_term: 3 leader_uuid: "483d8fadc68148d987a3ae8728cd8d7d" committed_config { opid_index: -1 OBSOLETE_local: false peers { permanent_uuid: "ceae78c6bde74fda87070cecbcbd40c9" member_type: VOTER last_known_addr { host: "127.4.216.193" port: 41537 } health_report { overall_health: UNKNOWN } } peers { permanent_uuid: "483d8fadc68148d987a3ae8728cd8d7d" member_type: VOTER last_known_addr { host: "127.4.216.194" port: 46771 } health_report { overall_health: HEALTHY } } peers { permanent_uuid: "15528a28243749a28742e133e1af979f" member_type: VOTER last_known_addr { host: "127.4.216.195" port: 43563 } health_report { overall_health: UNKNOWN } } }
I20260709 13:14:36.421797  5098 raft_consensus.cc:1275] T 24a55ca3b3a545cca10f1c69583eed9b P ceae78c6bde74fda87070cecbcbd40c9 [term 4 FOLLOWER]: Refusing update from remote peer 483d8fadc68148d987a3ae8728cd8d7d: Log matching property violated. Preceding OpId in replica: term: 3 index: 3. Preceding OpId from leader: term: 4 index: 4. (index mismatch)
I20260709 13:14:36.421914  5247 raft_consensus.cc:1275] T 24a55ca3b3a545cca10f1c69583eed9b P 15528a28243749a28742e133e1af979f [term 4 FOLLOWER]: Refusing update from remote peer 483d8fadc68148d987a3ae8728cd8d7d: Log matching property violated. Preceding OpId in replica: term: 3 index: 3. Preceding OpId from leader: term: 4 index: 4. (index mismatch)
I20260709 13:14:36.422297  5246 raft_consensus.cc:1275] T cda4835cd6ad49109a29cc087a5f4341 P 15528a28243749a28742e133e1af979f [term 3 FOLLOWER]: Refusing update from remote peer 483d8fadc68148d987a3ae8728cd8d7d: Log matching property violated. Preceding OpId in replica: term: 2 index: 2. Preceding OpId from leader: term: 3 index: 3. (index mismatch)
I20260709 13:14:36.423141  5404 consensus_queue.cc:1048] T 24a55ca3b3a545cca10f1c69583eed9b P 483d8fadc68148d987a3ae8728cd8d7d [LEADER]: Connected to new peer: Peer: permanent_uuid: "15528a28243749a28742e133e1af979f" member_type: VOTER last_known_addr { host: "127.4.216.195" port: 43563 }, Status: LMP_MISMATCH, Last received: 0.0, Next index: 4, Last known committed idx: 3, Time since last communication: 0.000s
I20260709 13:14:36.423629  5384 consensus_queue.cc:1048] T cda4835cd6ad49109a29cc087a5f4341 P 483d8fadc68148d987a3ae8728cd8d7d [LEADER]: Connected to new peer: Peer: permanent_uuid: "15528a28243749a28742e133e1af979f" member_type: VOTER last_known_addr { host: "127.4.216.195" port: 43563 }, Status: LMP_MISMATCH, Last received: 0.0, Next index: 3, Last known committed idx: 2, Time since last communication: 0.000s
I20260709 13:14:36.424187  5412 consensus_queue.cc:1048] T 24a55ca3b3a545cca10f1c69583eed9b P 483d8fadc68148d987a3ae8728cd8d7d [LEADER]: Connected to new peer: Peer: permanent_uuid: "ceae78c6bde74fda87070cecbcbd40c9" member_type: VOTER last_known_addr { host: "127.4.216.193" port: 41537 }, Status: LMP_MISMATCH, Last received: 0.0, Next index: 4, Last known committed idx: 3, Time since last communication: 0.000s
I20260709 13:14:36.448969  5098 raft_consensus.cc:1275] T cda4835cd6ad49109a29cc087a5f4341 P ceae78c6bde74fda87070cecbcbd40c9 [term 3 FOLLOWER]: Refusing update from remote peer 483d8fadc68148d987a3ae8728cd8d7d: Log matching property violated. Preceding OpId in replica: term: 2 index: 2. Preceding OpId from leader: term: 3 index: 3. (index mismatch)
I20260709 13:14:36.453784  5404 consensus_queue.cc:1048] T cda4835cd6ad49109a29cc087a5f4341 P 483d8fadc68148d987a3ae8728cd8d7d [LEADER]: Connected to new peer: Peer: permanent_uuid: "ceae78c6bde74fda87070cecbcbd40c9" member_type: VOTER last_known_addr { host: "127.4.216.193" port: 41537 }, Status: LMP_MISMATCH, Last received: 0.0, Next index: 3, Last known committed idx: 2, Time since last communication: 0.000s
I20260709 13:14:36.505961  5098 raft_consensus.cc:1275] T d391af13c96c4d2fa1964bc753a3fd91 P ceae78c6bde74fda87070cecbcbd40c9 [term 3 FOLLOWER]: Refusing update from remote peer 483d8fadc68148d987a3ae8728cd8d7d: Log matching property violated. Preceding OpId in replica: term: 2 index: 2. Preceding OpId from leader: term: 3 index: 3. (index mismatch)
I20260709 13:14:36.506984  5404 consensus_queue.cc:1048] T d391af13c96c4d2fa1964bc753a3fd91 P 483d8fadc68148d987a3ae8728cd8d7d [LEADER]: Connected to new peer: Peer: permanent_uuid: "ceae78c6bde74fda87070cecbcbd40c9" member_type: VOTER last_known_addr { host: "127.4.216.193" port: 41537 }, Status: LMP_MISMATCH, Last received: 0.0, Next index: 3, Last known committed idx: 2, Time since last communication: 0.000s
I20260709 13:14:36.514995  5246 raft_consensus.cc:1275] T d391af13c96c4d2fa1964bc753a3fd91 P 15528a28243749a28742e133e1af979f [term 3 FOLLOWER]: Refusing update from remote peer 483d8fadc68148d987a3ae8728cd8d7d: Log matching property violated. Preceding OpId in replica: term: 2 index: 2. Preceding OpId from leader: term: 3 index: 3. (index mismatch)
I20260709 13:14:36.516433  5404 consensus_queue.cc:1048] T d391af13c96c4d2fa1964bc753a3fd91 P 483d8fadc68148d987a3ae8728cd8d7d [LEADER]: Connected to new peer: Peer: permanent_uuid: "15528a28243749a28742e133e1af979f" member_type: VOTER last_known_addr { host: "127.4.216.195" port: 43563 }, Status: LMP_MISMATCH, Last received: 0.0, Next index: 3, Last known committed idx: 2, Time since last communication: 0.000s
I20260709 13:14:36.594712  5098 raft_consensus.cc:1275] T 6e62086b110e4931bc59c18b7953f7d7 P ceae78c6bde74fda87070cecbcbd40c9 [term 3 FOLLOWER]: Refusing update from remote peer 483d8fadc68148d987a3ae8728cd8d7d: Log matching property violated. Preceding OpId in replica: term: 2 index: 2. Preceding OpId from leader: term: 3 index: 3. (index mismatch)
I20260709 13:14:36.595891  5404 consensus_queue.cc:1048] T 6e62086b110e4931bc59c18b7953f7d7 P 483d8fadc68148d987a3ae8728cd8d7d [LEADER]: Connected to new peer: Peer: permanent_uuid: "ceae78c6bde74fda87070cecbcbd40c9" member_type: VOTER last_known_addr { host: "127.4.216.193" port: 41537 }, Status: LMP_MISMATCH, Last received: 0.0, Next index: 3, Last known committed idx: 2, Time since last communication: 0.000s
I20260709 13:14:36.603643  5246 raft_consensus.cc:1275] T 6e62086b110e4931bc59c18b7953f7d7 P 15528a28243749a28742e133e1af979f [term 3 FOLLOWER]: Refusing update from remote peer 483d8fadc68148d987a3ae8728cd8d7d: Log matching property violated. Preceding OpId in replica: term: 2 index: 2. Preceding OpId from leader: term: 3 index: 3. (index mismatch)
I20260709 13:14:36.604960  5404 consensus_queue.cc:1048] T 6e62086b110e4931bc59c18b7953f7d7 P 483d8fadc68148d987a3ae8728cd8d7d [LEADER]: Connected to new peer: Peer: permanent_uuid: "15528a28243749a28742e133e1af979f" member_type: VOTER last_known_addr { host: "127.4.216.195" port: 43563 }, Status: LMP_MISMATCH, Last received: 0.0, Next index: 3, Last known committed idx: 2, Time since last communication: 0.000s
I20260709 13:14:36.647022  5098 raft_consensus.cc:1275] T 10e0a7aaaeba44aca741ef98751d30cd P ceae78c6bde74fda87070cecbcbd40c9 [term 3 FOLLOWER]: Refusing update from remote peer 483d8fadc68148d987a3ae8728cd8d7d: Log matching property violated. Preceding OpId in replica: term: 2 index: 2. Preceding OpId from leader: term: 3 index: 3. (index mismatch)
I20260709 13:14:36.648154  5404 consensus_queue.cc:1048] T 10e0a7aaaeba44aca741ef98751d30cd P 483d8fadc68148d987a3ae8728cd8d7d [LEADER]: Connected to new peer: Peer: permanent_uuid: "ceae78c6bde74fda87070cecbcbd40c9" member_type: VOTER last_known_addr { host: "127.4.216.193" port: 41537 }, Status: LMP_MISMATCH, Last received: 0.0, Next index: 3, Last known committed idx: 2, Time since last communication: 0.000s
I20260709 13:14:36.655462  5246 raft_consensus.cc:1275] T 10e0a7aaaeba44aca741ef98751d30cd P 15528a28243749a28742e133e1af979f [term 3 FOLLOWER]: Refusing update from remote peer 483d8fadc68148d987a3ae8728cd8d7d: Log matching property violated. Preceding OpId in replica: term: 2 index: 2. Preceding OpId from leader: term: 3 index: 3. (index mismatch)
I20260709 13:14:36.658473  5404 consensus_queue.cc:1048] T 10e0a7aaaeba44aca741ef98751d30cd P 483d8fadc68148d987a3ae8728cd8d7d [LEADER]: Connected to new peer: Peer: permanent_uuid: "15528a28243749a28742e133e1af979f" member_type: VOTER last_known_addr { host: "127.4.216.195" port: 43563 }, Status: LMP_MISMATCH, Last received: 0.0, Next index: 3, Last known committed idx: 2, Time since last communication: 0.000s
I20260709 13:14:38.799031  4963 auto_leader_rebalancer.cc:141] leader rebalance for table test-workload
I20260709 13:14:38.805843  5171 tablet_service.cc:2072] Received LeaderStepDown RPC: tablet_id: "24a55ca3b3a545cca10f1c69583eed9b"
dest_uuid: "483d8fadc68148d987a3ae8728cd8d7d"
mode: GRACEFUL
new_leader_uuid: "ceae78c6bde74fda87070cecbcbd40c9"
 from {username='slave'} at 127.0.0.1:55956
I20260709 13:14:38.806437  5171 raft_consensus.cc:606] T 24a55ca3b3a545cca10f1c69583eed9b P 483d8fadc68148d987a3ae8728cd8d7d [term 4 LEADER]: Received request to transfer leadership to TS ceae78c6bde74fda87070cecbcbd40c9
I20260709 13:14:38.808805  5171 tablet_service.cc:2072] Received LeaderStepDown RPC: tablet_id: "6e62086b110e4931bc59c18b7953f7d7"
dest_uuid: "483d8fadc68148d987a3ae8728cd8d7d"
mode: GRACEFUL
new_leader_uuid: "15528a28243749a28742e133e1af979f"
 from {username='slave'} at 127.0.0.1:55956
I20260709 13:14:38.809201  5171 raft_consensus.cc:606] T 6e62086b110e4931bc59c18b7953f7d7 P 483d8fadc68148d987a3ae8728cd8d7d [term 3 LEADER]: Received request to transfer leadership to TS 15528a28243749a28742e133e1af979f
I20260709 13:14:38.811117  5171 tablet_service.cc:2072] Received LeaderStepDown RPC: tablet_id: "7cfcdfef501a4fa3a1a100161d2316b1"
dest_uuid: "483d8fadc68148d987a3ae8728cd8d7d"
mode: GRACEFUL
new_leader_uuid: "ceae78c6bde74fda87070cecbcbd40c9"
 from {username='slave'} at 127.0.0.1:55956
I20260709 13:14:38.811480  5171 raft_consensus.cc:606] T 7cfcdfef501a4fa3a1a100161d2316b1 P 483d8fadc68148d987a3ae8728cd8d7d [term 2 LEADER]: Received request to transfer leadership to TS ceae78c6bde74fda87070cecbcbd40c9
I20260709 13:14:38.813427  5171 tablet_service.cc:2072] Received LeaderStepDown RPC: tablet_id: "95cffa5144d1426d83ae9460f5a9af2b"
dest_uuid: "483d8fadc68148d987a3ae8728cd8d7d"
mode: GRACEFUL
new_leader_uuid: "15528a28243749a28742e133e1af979f"
 from {username='slave'} at 127.0.0.1:55956
I20260709 13:14:38.813802  5171 raft_consensus.cc:606] T 95cffa5144d1426d83ae9460f5a9af2b P 483d8fadc68148d987a3ae8728cd8d7d [term 2 LEADER]: Received request to transfer leadership to TS 15528a28243749a28742e133e1af979f
I20260709 13:14:38.815639  5171 tablet_service.cc:2072] Received LeaderStepDown RPC: tablet_id: "cda4835cd6ad49109a29cc087a5f4341"
dest_uuid: "483d8fadc68148d987a3ae8728cd8d7d"
mode: GRACEFUL
new_leader_uuid: "ceae78c6bde74fda87070cecbcbd40c9"
 from {username='slave'} at 127.0.0.1:55956
I20260709 13:14:38.816009  5171 raft_consensus.cc:606] T cda4835cd6ad49109a29cc087a5f4341 P 483d8fadc68148d987a3ae8728cd8d7d [term 3 LEADER]: Received request to transfer leadership to TS ceae78c6bde74fda87070cecbcbd40c9
I20260709 13:14:38.816933  4963 auto_leader_rebalancer.cc:452] table: test-workload, leader rebalance finish, leader transfer count: 5
I20260709 13:14:38.817301  4963 auto_leader_rebalancer.cc:527] All tables' leader rebalancing finished this round
I20260709 13:14:38.938678  5427 raft_consensus.cc:993] T 7cfcdfef501a4fa3a1a100161d2316b1 P 483d8fadc68148d987a3ae8728cd8d7d: : Instructing follower ceae78c6bde74fda87070cecbcbd40c9 to start an election
I20260709 13:14:38.939250  5418 raft_consensus.cc:1081] T 7cfcdfef501a4fa3a1a100161d2316b1 P 483d8fadc68148d987a3ae8728cd8d7d [term 2 LEADER]: Signalling peer ceae78c6bde74fda87070cecbcbd40c9 to start an election
I20260709 13:14:38.940595  5098 tablet_service.cc:2044] Received Run Leader Election RPC: tablet_id: "7cfcdfef501a4fa3a1a100161d2316b1"
dest_uuid: "ceae78c6bde74fda87070cecbcbd40c9"
 from {username='slave'} at 127.0.0.1:40486
I20260709 13:14:38.940972  5098 raft_consensus.cc:493] T 7cfcdfef501a4fa3a1a100161d2316b1 P ceae78c6bde74fda87070cecbcbd40c9 [term 2 FOLLOWER]: Starting forced leader election (received explicit request)
I20260709 13:14:38.941293  5098 raft_consensus.cc:3060] T 7cfcdfef501a4fa3a1a100161d2316b1 P ceae78c6bde74fda87070cecbcbd40c9 [term 2 FOLLOWER]: Advancing to term 3
I20260709 13:14:38.946413  5098 raft_consensus.cc:515] T 7cfcdfef501a4fa3a1a100161d2316b1 P ceae78c6bde74fda87070cecbcbd40c9 [term 3 FOLLOWER]: Starting forced leader election with config: opid_index: -1 OBSOLETE_local: false peers { permanent_uuid: "ceae78c6bde74fda87070cecbcbd40c9" member_type: VOTER last_known_addr { host: "127.4.216.193" port: 41537 } } peers { permanent_uuid: "483d8fadc68148d987a3ae8728cd8d7d" member_type: VOTER last_known_addr { host: "127.4.216.194" port: 46771 } } peers { permanent_uuid: "15528a28243749a28742e133e1af979f" member_type: VOTER last_known_addr { host: "127.4.216.195" port: 43563 } }
I20260709 13:14:38.948500  5098 leader_election.cc:290] T 7cfcdfef501a4fa3a1a100161d2316b1 P ceae78c6bde74fda87070cecbcbd40c9 [CANDIDATE]: Term 3 election: Requested vote from peers 483d8fadc68148d987a3ae8728cd8d7d (127.4.216.194:46771), 15528a28243749a28742e133e1af979f (127.4.216.195:43563)
I20260709 13:14:38.949205  5171 tablet_service.cc:1917] Received RequestConsensusVote() RPC: tablet_id: "7cfcdfef501a4fa3a1a100161d2316b1" candidate_uuid: "ceae78c6bde74fda87070cecbcbd40c9" candidate_term: 3 candidate_status { last_received { term: 2 index: 2 } } ignore_live_leader: true dest_uuid: "483d8fadc68148d987a3ae8728cd8d7d"
I20260709 13:14:38.949805  5247 tablet_service.cc:1917] Received RequestConsensusVote() RPC: tablet_id: "7cfcdfef501a4fa3a1a100161d2316b1" candidate_uuid: "ceae78c6bde74fda87070cecbcbd40c9" candidate_term: 3 candidate_status { last_received { term: 2 index: 2 } } ignore_live_leader: true dest_uuid: "15528a28243749a28742e133e1af979f"
I20260709 13:14:38.949971  5171 raft_consensus.cc:3055] T 7cfcdfef501a4fa3a1a100161d2316b1 P 483d8fadc68148d987a3ae8728cd8d7d [term 2 LEADER]: Stepping down as leader of term 2
I20260709 13:14:38.950387  5247 raft_consensus.cc:3060] T 7cfcdfef501a4fa3a1a100161d2316b1 P 15528a28243749a28742e133e1af979f [term 2 FOLLOWER]: Advancing to term 3
I20260709 13:14:38.950384  5171 raft_consensus.cc:740] T 7cfcdfef501a4fa3a1a100161d2316b1 P 483d8fadc68148d987a3ae8728cd8d7d [term 2 LEADER]: Becoming Follower/Learner. State: Replica: 483d8fadc68148d987a3ae8728cd8d7d, State: Running, Role: LEADER
I20260709 13:14:38.951493  5171 consensus_queue.cc:260] T 7cfcdfef501a4fa3a1a100161d2316b1 P 483d8fadc68148d987a3ae8728cd8d7d [NON_LEADER]: Queue going to NON_LEADER mode. State: All replicated index: 0, Majority replicated index: 2, Committed index: 2, Last appended: 2.2, Last appended by leader: 2, Current term: 2, Majority size: -1, State: 0, Mode: NON_LEADER, active raft config: opid_index: -1 OBSOLETE_local: false peers { permanent_uuid: "ceae78c6bde74fda87070cecbcbd40c9" member_type: VOTER last_known_addr { host: "127.4.216.193" port: 41537 } } peers { permanent_uuid: "483d8fadc68148d987a3ae8728cd8d7d" member_type: VOTER last_known_addr { host: "127.4.216.194" port: 46771 } } peers { permanent_uuid: "15528a28243749a28742e133e1af979f" member_type: VOTER last_known_addr { host: "127.4.216.195" port: 43563 } }
I20260709 13:14:38.952668  5171 raft_consensus.cc:3060] T 7cfcdfef501a4fa3a1a100161d2316b1 P 483d8fadc68148d987a3ae8728cd8d7d [term 2 FOLLOWER]: Advancing to term 3
I20260709 13:14:38.955983  5247 raft_consensus.cc:2468] T 7cfcdfef501a4fa3a1a100161d2316b1 P 15528a28243749a28742e133e1af979f [term 3 FOLLOWER]: Leader election vote request: Granting yes vote for candidate ceae78c6bde74fda87070cecbcbd40c9 in term 3.
I20260709 13:14:38.957195  5061 leader_election.cc:304] T 7cfcdfef501a4fa3a1a100161d2316b1 P ceae78c6bde74fda87070cecbcbd40c9 [CANDIDATE]: Term 3 election: Election decided. Result: candidate won. Election summary: received 2 responses out of 3 voters: 2 yes votes; 0 no votes. yes voters: 15528a28243749a28742e133e1af979f, ceae78c6bde74fda87070cecbcbd40c9; no voters: 
I20260709 13:14:38.958426  5171 raft_consensus.cc:2468] T 7cfcdfef501a4fa3a1a100161d2316b1 P 483d8fadc68148d987a3ae8728cd8d7d [term 3 FOLLOWER]: Leader election vote request: Granting yes vote for candidate ceae78c6bde74fda87070cecbcbd40c9 in term 3.
I20260709 13:14:38.958631  5428 raft_consensus.cc:2804] T 7cfcdfef501a4fa3a1a100161d2316b1 P ceae78c6bde74fda87070cecbcbd40c9 [term 3 FOLLOWER]: Leader election won for term 3
I20260709 13:14:38.960012  5428 raft_consensus.cc:697] T 7cfcdfef501a4fa3a1a100161d2316b1 P ceae78c6bde74fda87070cecbcbd40c9 [term 3 LEADER]: Becoming Leader. State: Replica: ceae78c6bde74fda87070cecbcbd40c9, State: Running, Role: LEADER
I20260709 13:14:38.960835  5428 consensus_queue.cc:237] T 7cfcdfef501a4fa3a1a100161d2316b1 P ceae78c6bde74fda87070cecbcbd40c9 [LEADER]: Queue going to LEADER mode. State: All replicated index: 0, Majority replicated index: 2, Committed index: 2, Last appended: 2.2, Last appended by leader: 2, Current term: 3, Majority size: 2, State: 0, Mode: LEADER, active raft config: opid_index: -1 OBSOLETE_local: false peers { permanent_uuid: "ceae78c6bde74fda87070cecbcbd40c9" member_type: VOTER last_known_addr { host: "127.4.216.193" port: 41537 } } peers { permanent_uuid: "483d8fadc68148d987a3ae8728cd8d7d" member_type: VOTER last_known_addr { host: "127.4.216.194" port: 46771 } } peers { permanent_uuid: "15528a28243749a28742e133e1af979f" member_type: VOTER last_known_addr { host: "127.4.216.195" port: 43563 } }
I20260709 13:14:38.967010  4991 catalog_manager.cc:5697] T 7cfcdfef501a4fa3a1a100161d2316b1 P ceae78c6bde74fda87070cecbcbd40c9 reported cstate change: term changed from 2 to 3, leader changed from 483d8fadc68148d987a3ae8728cd8d7d (127.4.216.194) to ceae78c6bde74fda87070cecbcbd40c9 (127.4.216.193). New cstate: current_term: 3 leader_uuid: "ceae78c6bde74fda87070cecbcbd40c9" committed_config { opid_index: -1 OBSOLETE_local: false peers { permanent_uuid: "ceae78c6bde74fda87070cecbcbd40c9" member_type: VOTER last_known_addr { host: "127.4.216.193" port: 41537 } health_report { overall_health: HEALTHY } } peers { permanent_uuid: "483d8fadc68148d987a3ae8728cd8d7d" member_type: VOTER last_known_addr { host: "127.4.216.194" port: 46771 } health_report { overall_health: UNKNOWN } } peers { permanent_uuid: "15528a28243749a28742e133e1af979f" member_type: VOTER last_known_addr { host: "127.4.216.195" port: 43563 } health_report { overall_health: UNKNOWN } } }
I20260709 13:14:39.013217  5427 raft_consensus.cc:993] T 95cffa5144d1426d83ae9460f5a9af2b P 483d8fadc68148d987a3ae8728cd8d7d: : Instructing follower 15528a28243749a28742e133e1af979f to start an election
I20260709 13:14:39.013762  5418 raft_consensus.cc:1081] T 95cffa5144d1426d83ae9460f5a9af2b P 483d8fadc68148d987a3ae8728cd8d7d [term 2 LEADER]: Signalling peer 15528a28243749a28742e133e1af979f to start an election
I20260709 13:14:39.015173  5247 tablet_service.cc:2044] Received Run Leader Election RPC: tablet_id: "95cffa5144d1426d83ae9460f5a9af2b"
dest_uuid: "15528a28243749a28742e133e1af979f"
 from {username='slave'} at 127.0.0.1:36958
I20260709 13:14:39.015583  5247 raft_consensus.cc:493] T 95cffa5144d1426d83ae9460f5a9af2b P 15528a28243749a28742e133e1af979f [term 2 FOLLOWER]: Starting forced leader election (received explicit request)
I20260709 13:14:39.015853  5247 raft_consensus.cc:3060] T 95cffa5144d1426d83ae9460f5a9af2b P 15528a28243749a28742e133e1af979f [term 2 FOLLOWER]: Advancing to term 3
I20260709 13:14:39.019778  5247 raft_consensus.cc:515] T 95cffa5144d1426d83ae9460f5a9af2b P 15528a28243749a28742e133e1af979f [term 3 FOLLOWER]: Starting forced leader election with config: opid_index: -1 OBSOLETE_local: false peers { permanent_uuid: "ceae78c6bde74fda87070cecbcbd40c9" member_type: VOTER last_known_addr { host: "127.4.216.193" port: 41537 } } peers { permanent_uuid: "483d8fadc68148d987a3ae8728cd8d7d" member_type: VOTER last_known_addr { host: "127.4.216.194" port: 46771 } } peers { permanent_uuid: "15528a28243749a28742e133e1af979f" member_type: VOTER last_known_addr { host: "127.4.216.195" port: 43563 } }
I20260709 13:14:39.021620  5247 leader_election.cc:290] T 95cffa5144d1426d83ae9460f5a9af2b P 15528a28243749a28742e133e1af979f [CANDIDATE]: Term 3 election: Requested vote from peers ceae78c6bde74fda87070cecbcbd40c9 (127.4.216.193:41537), 483d8fadc68148d987a3ae8728cd8d7d (127.4.216.194:46771)
I20260709 13:14:39.022359  5098 tablet_service.cc:1917] Received RequestConsensusVote() RPC: tablet_id: "95cffa5144d1426d83ae9460f5a9af2b" candidate_uuid: "15528a28243749a28742e133e1af979f" candidate_term: 3 candidate_status { last_received { term: 2 index: 2 } } ignore_live_leader: true dest_uuid: "ceae78c6bde74fda87070cecbcbd40c9"
I20260709 13:14:39.022682  5171 tablet_service.cc:1917] Received RequestConsensusVote() RPC: tablet_id: "95cffa5144d1426d83ae9460f5a9af2b" candidate_uuid: "15528a28243749a28742e133e1af979f" candidate_term: 3 candidate_status { last_received { term: 2 index: 2 } } ignore_live_leader: true dest_uuid: "483d8fadc68148d987a3ae8728cd8d7d"
I20260709 13:14:39.022917  5098 raft_consensus.cc:3060] T 95cffa5144d1426d83ae9460f5a9af2b P ceae78c6bde74fda87070cecbcbd40c9 [term 2 FOLLOWER]: Advancing to term 3
I20260709 13:14:39.023191  5171 raft_consensus.cc:3055] T 95cffa5144d1426d83ae9460f5a9af2b P 483d8fadc68148d987a3ae8728cd8d7d [term 2 LEADER]: Stepping down as leader of term 2
I20260709 13:14:39.023481  5171 raft_consensus.cc:740] T 95cffa5144d1426d83ae9460f5a9af2b P 483d8fadc68148d987a3ae8728cd8d7d [term 2 LEADER]: Becoming Follower/Learner. State: Replica: 483d8fadc68148d987a3ae8728cd8d7d, State: Running, Role: LEADER
I20260709 13:14:39.024020  5171 consensus_queue.cc:260] T 95cffa5144d1426d83ae9460f5a9af2b P 483d8fadc68148d987a3ae8728cd8d7d [NON_LEADER]: Queue going to NON_LEADER mode. State: All replicated index: 0, Majority replicated index: 2, Committed index: 2, Last appended: 2.2, Last appended by leader: 2, Current term: 2, Majority size: -1, State: 0, Mode: NON_LEADER, active raft config: opid_index: -1 OBSOLETE_local: false peers { permanent_uuid: "ceae78c6bde74fda87070cecbcbd40c9" member_type: VOTER last_known_addr { host: "127.4.216.193" port: 41537 } } peers { permanent_uuid: "483d8fadc68148d987a3ae8728cd8d7d" member_type: VOTER last_known_addr { host: "127.4.216.194" port: 46771 } } peers { permanent_uuid: "15528a28243749a28742e133e1af979f" member_type: VOTER last_known_addr { host: "127.4.216.195" port: 43563 } }
I20260709 13:14:39.024786  5171 raft_consensus.cc:3060] T 95cffa5144d1426d83ae9460f5a9af2b P 483d8fadc68148d987a3ae8728cd8d7d [term 2 FOLLOWER]: Advancing to term 3
I20260709 13:14:39.027171  5098 raft_consensus.cc:2468] T 95cffa5144d1426d83ae9460f5a9af2b P ceae78c6bde74fda87070cecbcbd40c9 [term 3 FOLLOWER]: Leader election vote request: Granting yes vote for candidate 15528a28243749a28742e133e1af979f in term 3.
I20260709 13:14:39.028419  5210 leader_election.cc:304] T 95cffa5144d1426d83ae9460f5a9af2b P 15528a28243749a28742e133e1af979f [CANDIDATE]: Term 3 election: Election decided. Result: candidate won. Election summary: received 2 responses out of 3 voters: 2 yes votes; 0 no votes. yes voters: 15528a28243749a28742e133e1af979f, ceae78c6bde74fda87070cecbcbd40c9; no voters: 
I20260709 13:14:39.029245  5425 raft_consensus.cc:2804] T 95cffa5144d1426d83ae9460f5a9af2b P 15528a28243749a28742e133e1af979f [term 3 FOLLOWER]: Leader election won for term 3
I20260709 13:14:39.029249  5171 raft_consensus.cc:2468] T 95cffa5144d1426d83ae9460f5a9af2b P 483d8fadc68148d987a3ae8728cd8d7d [term 3 FOLLOWER]: Leader election vote request: Granting yes vote for candidate 15528a28243749a28742e133e1af979f in term 3.
I20260709 13:14:39.030634  5425 raft_consensus.cc:697] T 95cffa5144d1426d83ae9460f5a9af2b P 15528a28243749a28742e133e1af979f [term 3 LEADER]: Becoming Leader. State: Replica: 15528a28243749a28742e133e1af979f, State: Running, Role: LEADER
I20260709 13:14:39.031405  5425 consensus_queue.cc:237] T 95cffa5144d1426d83ae9460f5a9af2b P 15528a28243749a28742e133e1af979f [LEADER]: Queue going to LEADER mode. State: All replicated index: 0, Majority replicated index: 2, Committed index: 2, Last appended: 2.2, Last appended by leader: 2, Current term: 3, Majority size: 2, State: 0, Mode: LEADER, active raft config: opid_index: -1 OBSOLETE_local: false peers { permanent_uuid: "ceae78c6bde74fda87070cecbcbd40c9" member_type: VOTER last_known_addr { host: "127.4.216.193" port: 41537 } } peers { permanent_uuid: "483d8fadc68148d987a3ae8728cd8d7d" member_type: VOTER last_known_addr { host: "127.4.216.194" port: 46771 } } peers { permanent_uuid: "15528a28243749a28742e133e1af979f" member_type: VOTER last_known_addr { host: "127.4.216.195" port: 43563 } }
I20260709 13:14:39.038054  4991 catalog_manager.cc:5697] T 95cffa5144d1426d83ae9460f5a9af2b P 15528a28243749a28742e133e1af979f reported cstate change: term changed from 2 to 3, leader changed from 483d8fadc68148d987a3ae8728cd8d7d (127.4.216.194) to 15528a28243749a28742e133e1af979f (127.4.216.195). New cstate: current_term: 3 leader_uuid: "15528a28243749a28742e133e1af979f" committed_config { opid_index: -1 OBSOLETE_local: false peers { permanent_uuid: "ceae78c6bde74fda87070cecbcbd40c9" member_type: VOTER last_known_addr { host: "127.4.216.193" port: 41537 } health_report { overall_health: UNKNOWN } } peers { permanent_uuid: "483d8fadc68148d987a3ae8728cd8d7d" member_type: VOTER last_known_addr { host: "127.4.216.194" port: 46771 } health_report { overall_health: UNKNOWN } } peers { permanent_uuid: "15528a28243749a28742e133e1af979f" member_type: VOTER last_known_addr { host: "127.4.216.195" port: 43563 } health_report { overall_health: HEALTHY } } }
I20260709 13:14:39.145931  5427 raft_consensus.cc:993] T 24a55ca3b3a545cca10f1c69583eed9b P 483d8fadc68148d987a3ae8728cd8d7d: : Instructing follower ceae78c6bde74fda87070cecbcbd40c9 to start an election
I20260709 13:14:39.146423  5418 raft_consensus.cc:1081] T 24a55ca3b3a545cca10f1c69583eed9b P 483d8fadc68148d987a3ae8728cd8d7d [term 4 LEADER]: Signalling peer ceae78c6bde74fda87070cecbcbd40c9 to start an election
I20260709 13:14:39.147776  5098 tablet_service.cc:2044] Received Run Leader Election RPC: tablet_id: "24a55ca3b3a545cca10f1c69583eed9b"
dest_uuid: "ceae78c6bde74fda87070cecbcbd40c9"
 from {username='slave'} at 127.0.0.1:40486
I20260709 13:14:39.148214  5098 raft_consensus.cc:493] T 24a55ca3b3a545cca10f1c69583eed9b P ceae78c6bde74fda87070cecbcbd40c9 [term 4 FOLLOWER]: Starting forced leader election (received explicit request)
I20260709 13:14:39.148496  5098 raft_consensus.cc:3060] T 24a55ca3b3a545cca10f1c69583eed9b P ceae78c6bde74fda87070cecbcbd40c9 [term 4 FOLLOWER]: Advancing to term 5
I20260709 13:14:39.152452  5098 raft_consensus.cc:515] T 24a55ca3b3a545cca10f1c69583eed9b P ceae78c6bde74fda87070cecbcbd40c9 [term 5 FOLLOWER]: Starting forced leader election with config: opid_index: -1 OBSOLETE_local: false peers { permanent_uuid: "ceae78c6bde74fda87070cecbcbd40c9" member_type: VOTER last_known_addr { host: "127.4.216.193" port: 41537 } } peers { permanent_uuid: "483d8fadc68148d987a3ae8728cd8d7d" member_type: VOTER last_known_addr { host: "127.4.216.194" port: 46771 } } peers { permanent_uuid: "15528a28243749a28742e133e1af979f" member_type: VOTER last_known_addr { host: "127.4.216.195" port: 43563 } }
I20260709 13:14:39.154047  5098 leader_election.cc:290] T 24a55ca3b3a545cca10f1c69583eed9b P ceae78c6bde74fda87070cecbcbd40c9 [CANDIDATE]: Term 5 election: Requested vote from peers 483d8fadc68148d987a3ae8728cd8d7d (127.4.216.194:46771), 15528a28243749a28742e133e1af979f (127.4.216.195:43563)
I20260709 13:14:39.154633  5171 tablet_service.cc:1917] Received RequestConsensusVote() RPC: tablet_id: "24a55ca3b3a545cca10f1c69583eed9b" candidate_uuid: "ceae78c6bde74fda87070cecbcbd40c9" candidate_term: 5 candidate_status { last_received { term: 4 index: 4 } } ignore_live_leader: true dest_uuid: "483d8fadc68148d987a3ae8728cd8d7d"
I20260709 13:14:39.155027  5247 tablet_service.cc:1917] Received RequestConsensusVote() RPC: tablet_id: "24a55ca3b3a545cca10f1c69583eed9b" candidate_uuid: "ceae78c6bde74fda87070cecbcbd40c9" candidate_term: 5 candidate_status { last_received { term: 4 index: 4 } } ignore_live_leader: true dest_uuid: "15528a28243749a28742e133e1af979f"
I20260709 13:14:39.155129  5171 raft_consensus.cc:3055] T 24a55ca3b3a545cca10f1c69583eed9b P 483d8fadc68148d987a3ae8728cd8d7d [term 4 LEADER]: Stepping down as leader of term 4
I20260709 13:14:39.155479  5171 raft_consensus.cc:740] T 24a55ca3b3a545cca10f1c69583eed9b P 483d8fadc68148d987a3ae8728cd8d7d [term 4 LEADER]: Becoming Follower/Learner. State: Replica: 483d8fadc68148d987a3ae8728cd8d7d, State: Running, Role: LEADER
I20260709 13:14:39.155490  5247 raft_consensus.cc:3060] T 24a55ca3b3a545cca10f1c69583eed9b P 15528a28243749a28742e133e1af979f [term 4 FOLLOWER]: Advancing to term 5
I20260709 13:14:39.156190  5171 consensus_queue.cc:260] T 24a55ca3b3a545cca10f1c69583eed9b P 483d8fadc68148d987a3ae8728cd8d7d [NON_LEADER]: Queue going to NON_LEADER mode. State: All replicated index: 0, Majority replicated index: 4, Committed index: 4, Last appended: 4.4, Last appended by leader: 4, Current term: 4, Majority size: -1, State: 0, Mode: NON_LEADER, active raft config: opid_index: -1 OBSOLETE_local: false peers { permanent_uuid: "ceae78c6bde74fda87070cecbcbd40c9" member_type: VOTER last_known_addr { host: "127.4.216.193" port: 41537 } } peers { permanent_uuid: "483d8fadc68148d987a3ae8728cd8d7d" member_type: VOTER last_known_addr { host: "127.4.216.194" port: 46771 } } peers { permanent_uuid: "15528a28243749a28742e133e1af979f" member_type: VOTER last_known_addr { host: "127.4.216.195" port: 43563 } }
I20260709 13:14:39.157130  5171 raft_consensus.cc:3060] T 24a55ca3b3a545cca10f1c69583eed9b P 483d8fadc68148d987a3ae8728cd8d7d [term 4 FOLLOWER]: Advancing to term 5
I20260709 13:14:39.160681  5247 raft_consensus.cc:2468] T 24a55ca3b3a545cca10f1c69583eed9b P 15528a28243749a28742e133e1af979f [term 5 FOLLOWER]: Leader election vote request: Granting yes vote for candidate ceae78c6bde74fda87070cecbcbd40c9 in term 5.
I20260709 13:14:39.161643  5061 leader_election.cc:304] T 24a55ca3b3a545cca10f1c69583eed9b P ceae78c6bde74fda87070cecbcbd40c9 [CANDIDATE]: Term 5 election: Election decided. Result: candidate won. Election summary: received 2 responses out of 3 voters: 2 yes votes; 0 no votes. yes voters: 15528a28243749a28742e133e1af979f, ceae78c6bde74fda87070cecbcbd40c9; no voters: 
I20260709 13:14:39.162290  5428 raft_consensus.cc:2804] T 24a55ca3b3a545cca10f1c69583eed9b P ceae78c6bde74fda87070cecbcbd40c9 [term 5 FOLLOWER]: Leader election won for term 5
I20260709 13:14:39.162683  5428 raft_consensus.cc:697] T 24a55ca3b3a545cca10f1c69583eed9b P ceae78c6bde74fda87070cecbcbd40c9 [term 5 LEADER]: Becoming Leader. State: Replica: ceae78c6bde74fda87070cecbcbd40c9, State: Running, Role: LEADER
I20260709 13:14:39.162849  5171 raft_consensus.cc:2468] T 24a55ca3b3a545cca10f1c69583eed9b P 483d8fadc68148d987a3ae8728cd8d7d [term 5 FOLLOWER]: Leader election vote request: Granting yes vote for candidate ceae78c6bde74fda87070cecbcbd40c9 in term 5.
I20260709 13:14:39.163614  5428 consensus_queue.cc:237] T 24a55ca3b3a545cca10f1c69583eed9b P ceae78c6bde74fda87070cecbcbd40c9 [LEADER]: Queue going to LEADER mode. State: All replicated index: 0, Majority replicated index: 4, Committed index: 4, Last appended: 4.4, Last appended by leader: 4, Current term: 5, Majority size: 2, State: 0, Mode: LEADER, active raft config: opid_index: -1 OBSOLETE_local: false peers { permanent_uuid: "ceae78c6bde74fda87070cecbcbd40c9" member_type: VOTER last_known_addr { host: "127.4.216.193" port: 41537 } } peers { permanent_uuid: "483d8fadc68148d987a3ae8728cd8d7d" member_type: VOTER last_known_addr { host: "127.4.216.194" port: 46771 } } peers { permanent_uuid: "15528a28243749a28742e133e1af979f" member_type: VOTER last_known_addr { host: "127.4.216.195" port: 43563 } }
I20260709 13:14:39.170616  4991 catalog_manager.cc:5697] T 24a55ca3b3a545cca10f1c69583eed9b P ceae78c6bde74fda87070cecbcbd40c9 reported cstate change: term changed from 4 to 5, leader changed from 483d8fadc68148d987a3ae8728cd8d7d (127.4.216.194) to ceae78c6bde74fda87070cecbcbd40c9 (127.4.216.193). New cstate: current_term: 5 leader_uuid: "ceae78c6bde74fda87070cecbcbd40c9" committed_config { opid_index: -1 OBSOLETE_local: false peers { permanent_uuid: "ceae78c6bde74fda87070cecbcbd40c9" member_type: VOTER last_known_addr { host: "127.4.216.193" port: 41537 } health_report { overall_health: HEALTHY } } peers { permanent_uuid: "483d8fadc68148d987a3ae8728cd8d7d" member_type: VOTER last_known_addr { host: "127.4.216.194" port: 46771 } health_report { overall_health: UNKNOWN } } peers { permanent_uuid: "15528a28243749a28742e133e1af979f" member_type: VOTER last_known_addr { host: "127.4.216.195" port: 43563 } health_report { overall_health: UNKNOWN } } }
I20260709 13:14:39.180646  5427 raft_consensus.cc:993] T 6e62086b110e4931bc59c18b7953f7d7 P 483d8fadc68148d987a3ae8728cd8d7d: : Instructing follower 15528a28243749a28742e133e1af979f to start an election
I20260709 13:14:39.181133  5418 raft_consensus.cc:1081] T 6e62086b110e4931bc59c18b7953f7d7 P 483d8fadc68148d987a3ae8728cd8d7d [term 3 LEADER]: Signalling peer 15528a28243749a28742e133e1af979f to start an election
I20260709 13:14:39.182425  5247 tablet_service.cc:2044] Received Run Leader Election RPC: tablet_id: "6e62086b110e4931bc59c18b7953f7d7"
dest_uuid: "15528a28243749a28742e133e1af979f"
 from {username='slave'} at 127.0.0.1:36958
I20260709 13:14:39.182780  5247 raft_consensus.cc:493] T 6e62086b110e4931bc59c18b7953f7d7 P 15528a28243749a28742e133e1af979f [term 3 FOLLOWER]: Starting forced leader election (received explicit request)
I20260709 13:14:39.182986  5247 raft_consensus.cc:3060] T 6e62086b110e4931bc59c18b7953f7d7 P 15528a28243749a28742e133e1af979f [term 3 FOLLOWER]: Advancing to term 4
I20260709 13:14:39.186826  5247 raft_consensus.cc:515] T 6e62086b110e4931bc59c18b7953f7d7 P 15528a28243749a28742e133e1af979f [term 4 FOLLOWER]: Starting forced leader election with config: opid_index: -1 OBSOLETE_local: false peers { permanent_uuid: "ceae78c6bde74fda87070cecbcbd40c9" member_type: VOTER last_known_addr { host: "127.4.216.193" port: 41537 } } peers { permanent_uuid: "483d8fadc68148d987a3ae8728cd8d7d" member_type: VOTER last_known_addr { host: "127.4.216.194" port: 46771 } } peers { permanent_uuid: "15528a28243749a28742e133e1af979f" member_type: VOTER last_known_addr { host: "127.4.216.195" port: 43563 } }
I20260709 13:14:39.188107  5247 leader_election.cc:290] T 6e62086b110e4931bc59c18b7953f7d7 P 15528a28243749a28742e133e1af979f [CANDIDATE]: Term 4 election: Requested vote from peers ceae78c6bde74fda87070cecbcbd40c9 (127.4.216.193:41537), 483d8fadc68148d987a3ae8728cd8d7d (127.4.216.194:46771)
I20260709 13:14:39.188948  5097 tablet_service.cc:1917] Received RequestConsensusVote() RPC: tablet_id: "6e62086b110e4931bc59c18b7953f7d7" candidate_uuid: "15528a28243749a28742e133e1af979f" candidate_term: 4 candidate_status { last_received { term: 3 index: 3 } } ignore_live_leader: true dest_uuid: "ceae78c6bde74fda87070cecbcbd40c9"
I20260709 13:14:39.189067  5171 tablet_service.cc:1917] Received RequestConsensusVote() RPC: tablet_id: "6e62086b110e4931bc59c18b7953f7d7" candidate_uuid: "15528a28243749a28742e133e1af979f" candidate_term: 4 candidate_status { last_received { term: 3 index: 3 } } ignore_live_leader: true dest_uuid: "483d8fadc68148d987a3ae8728cd8d7d"
I20260709 13:14:39.189543  5171 raft_consensus.cc:3055] T 6e62086b110e4931bc59c18b7953f7d7 P 483d8fadc68148d987a3ae8728cd8d7d [term 3 LEADER]: Stepping down as leader of term 3
I20260709 13:14:39.189544  5097 raft_consensus.cc:3060] T 6e62086b110e4931bc59c18b7953f7d7 P ceae78c6bde74fda87070cecbcbd40c9 [term 3 FOLLOWER]: Advancing to term 4
I20260709 13:14:39.190044  5171 raft_consensus.cc:740] T 6e62086b110e4931bc59c18b7953f7d7 P 483d8fadc68148d987a3ae8728cd8d7d [term 3 LEADER]: Becoming Follower/Learner. State: Replica: 483d8fadc68148d987a3ae8728cd8d7d, State: Running, Role: LEADER
I20260709 13:14:39.190778  5171 consensus_queue.cc:260] T 6e62086b110e4931bc59c18b7953f7d7 P 483d8fadc68148d987a3ae8728cd8d7d [NON_LEADER]: Queue going to NON_LEADER mode. State: All replicated index: 0, Majority replicated index: 3, Committed index: 3, Last appended: 3.3, Last appended by leader: 3, Current term: 3, Majority size: -1, State: 0, Mode: NON_LEADER, active raft config: opid_index: -1 OBSOLETE_local: false peers { permanent_uuid: "ceae78c6bde74fda87070cecbcbd40c9" member_type: VOTER last_known_addr { host: "127.4.216.193" port: 41537 } } peers { permanent_uuid: "483d8fadc68148d987a3ae8728cd8d7d" member_type: VOTER last_known_addr { host: "127.4.216.194" port: 46771 } } peers { permanent_uuid: "15528a28243749a28742e133e1af979f" member_type: VOTER last_known_addr { host: "127.4.216.195" port: 43563 } }
I20260709 13:14:39.191836  5171 raft_consensus.cc:3060] T 6e62086b110e4931bc59c18b7953f7d7 P 483d8fadc68148d987a3ae8728cd8d7d [term 3 FOLLOWER]: Advancing to term 4
I20260709 13:14:39.196084  5097 raft_consensus.cc:2468] T 6e62086b110e4931bc59c18b7953f7d7 P ceae78c6bde74fda87070cecbcbd40c9 [term 4 FOLLOWER]: Leader election vote request: Granting yes vote for candidate 15528a28243749a28742e133e1af979f in term 4.
I20260709 13:14:39.197124  5210 leader_election.cc:304] T 6e62086b110e4931bc59c18b7953f7d7 P 15528a28243749a28742e133e1af979f [CANDIDATE]: Term 4 election: Election decided. Result: candidate won. Election summary: received 2 responses out of 3 voters: 2 yes votes; 0 no votes. yes voters: 15528a28243749a28742e133e1af979f, ceae78c6bde74fda87070cecbcbd40c9; no voters: 
I20260709 13:14:39.197518  5171 raft_consensus.cc:2468] T 6e62086b110e4931bc59c18b7953f7d7 P 483d8fadc68148d987a3ae8728cd8d7d [term 4 FOLLOWER]: Leader election vote request: Granting yes vote for candidate 15528a28243749a28742e133e1af979f in term 4.
I20260709 13:14:39.197834  5425 raft_consensus.cc:2804] T 6e62086b110e4931bc59c18b7953f7d7 P 15528a28243749a28742e133e1af979f [term 4 FOLLOWER]: Leader election won for term 4
I20260709 13:14:39.198287  5425 raft_consensus.cc:697] T 6e62086b110e4931bc59c18b7953f7d7 P 15528a28243749a28742e133e1af979f [term 4 LEADER]: Becoming Leader. State: Replica: 15528a28243749a28742e133e1af979f, State: Running, Role: LEADER
I20260709 13:14:39.199055  5425 consensus_queue.cc:237] T 6e62086b110e4931bc59c18b7953f7d7 P 15528a28243749a28742e133e1af979f [LEADER]: Queue going to LEADER mode. State: All replicated index: 0, Majority replicated index: 3, Committed index: 3, Last appended: 3.3, Last appended by leader: 3, Current term: 4, Majority size: 2, State: 0, Mode: LEADER, active raft config: opid_index: -1 OBSOLETE_local: false peers { permanent_uuid: "ceae78c6bde74fda87070cecbcbd40c9" member_type: VOTER last_known_addr { host: "127.4.216.193" port: 41537 } } peers { permanent_uuid: "483d8fadc68148d987a3ae8728cd8d7d" member_type: VOTER last_known_addr { host: "127.4.216.194" port: 46771 } } peers { permanent_uuid: "15528a28243749a28742e133e1af979f" member_type: VOTER last_known_addr { host: "127.4.216.195" port: 43563 } }
I20260709 13:14:39.204896  4991 catalog_manager.cc:5697] T 6e62086b110e4931bc59c18b7953f7d7 P 15528a28243749a28742e133e1af979f reported cstate change: term changed from 3 to 4, leader changed from 483d8fadc68148d987a3ae8728cd8d7d (127.4.216.194) to 15528a28243749a28742e133e1af979f (127.4.216.195). New cstate: current_term: 4 leader_uuid: "15528a28243749a28742e133e1af979f" committed_config { opid_index: -1 OBSOLETE_local: false peers { permanent_uuid: "ceae78c6bde74fda87070cecbcbd40c9" member_type: VOTER last_known_addr { host: "127.4.216.193" port: 41537 } health_report { overall_health: UNKNOWN } } peers { permanent_uuid: "483d8fadc68148d987a3ae8728cd8d7d" member_type: VOTER last_known_addr { host: "127.4.216.194" port: 46771 } health_report { overall_health: UNKNOWN } } peers { permanent_uuid: "15528a28243749a28742e133e1af979f" member_type: VOTER last_known_addr { host: "127.4.216.195" port: 43563 } health_report { overall_health: HEALTHY } } }
I20260709 13:14:39.354511  5427 raft_consensus.cc:993] T cda4835cd6ad49109a29cc087a5f4341 P 483d8fadc68148d987a3ae8728cd8d7d: : Instructing follower ceae78c6bde74fda87070cecbcbd40c9 to start an election
I20260709 13:14:39.354952  5418 raft_consensus.cc:1081] T cda4835cd6ad49109a29cc087a5f4341 P 483d8fadc68148d987a3ae8728cd8d7d [term 3 LEADER]: Signalling peer ceae78c6bde74fda87070cecbcbd40c9 to start an election
I20260709 13:14:39.356387  5097 tablet_service.cc:2044] Received Run Leader Election RPC: tablet_id: "cda4835cd6ad49109a29cc087a5f4341"
dest_uuid: "ceae78c6bde74fda87070cecbcbd40c9"
 from {username='slave'} at 127.0.0.1:40486
I20260709 13:14:39.356803  5097 raft_consensus.cc:493] T cda4835cd6ad49109a29cc087a5f4341 P ceae78c6bde74fda87070cecbcbd40c9 [term 3 FOLLOWER]: Starting forced leader election (received explicit request)
I20260709 13:14:39.357038  5097 raft_consensus.cc:3060] T cda4835cd6ad49109a29cc087a5f4341 P ceae78c6bde74fda87070cecbcbd40c9 [term 3 FOLLOWER]: Advancing to term 4
I20260709 13:14:39.361296  5097 raft_consensus.cc:515] T cda4835cd6ad49109a29cc087a5f4341 P ceae78c6bde74fda87070cecbcbd40c9 [term 4 FOLLOWER]: Starting forced leader election with config: opid_index: -1 OBSOLETE_local: false peers { permanent_uuid: "ceae78c6bde74fda87070cecbcbd40c9" member_type: VOTER last_known_addr { host: "127.4.216.193" port: 41537 } } peers { permanent_uuid: "483d8fadc68148d987a3ae8728cd8d7d" member_type: VOTER last_known_addr { host: "127.4.216.194" port: 46771 } } peers { permanent_uuid: "15528a28243749a28742e133e1af979f" member_type: VOTER last_known_addr { host: "127.4.216.195" port: 43563 } }
I20260709 13:14:39.362723  5097 leader_election.cc:290] T cda4835cd6ad49109a29cc087a5f4341 P ceae78c6bde74fda87070cecbcbd40c9 [CANDIDATE]: Term 4 election: Requested vote from peers 483d8fadc68148d987a3ae8728cd8d7d (127.4.216.194:46771), 15528a28243749a28742e133e1af979f (127.4.216.195:43563)
I20260709 13:14:39.363334  5171 tablet_service.cc:1917] Received RequestConsensusVote() RPC: tablet_id: "cda4835cd6ad49109a29cc087a5f4341" candidate_uuid: "ceae78c6bde74fda87070cecbcbd40c9" candidate_term: 4 candidate_status { last_received { term: 3 index: 3 } } ignore_live_leader: true dest_uuid: "483d8fadc68148d987a3ae8728cd8d7d"
I20260709 13:14:39.363610  5247 tablet_service.cc:1917] Received RequestConsensusVote() RPC: tablet_id: "cda4835cd6ad49109a29cc087a5f4341" candidate_uuid: "ceae78c6bde74fda87070cecbcbd40c9" candidate_term: 4 candidate_status { last_received { term: 3 index: 3 } } ignore_live_leader: true dest_uuid: "15528a28243749a28742e133e1af979f"
I20260709 13:14:39.363843  5171 raft_consensus.cc:3055] T cda4835cd6ad49109a29cc087a5f4341 P 483d8fadc68148d987a3ae8728cd8d7d [term 3 LEADER]: Stepping down as leader of term 3
I20260709 13:14:39.364094  5247 raft_consensus.cc:3060] T cda4835cd6ad49109a29cc087a5f4341 P 15528a28243749a28742e133e1af979f [term 3 FOLLOWER]: Advancing to term 4
I20260709 13:14:39.364249  5171 raft_consensus.cc:740] T cda4835cd6ad49109a29cc087a5f4341 P 483d8fadc68148d987a3ae8728cd8d7d [term 3 LEADER]: Becoming Follower/Learner. State: Replica: 483d8fadc68148d987a3ae8728cd8d7d, State: Running, Role: LEADER
I20260709 13:14:39.364984  5171 consensus_queue.cc:260] T cda4835cd6ad49109a29cc087a5f4341 P 483d8fadc68148d987a3ae8728cd8d7d [NON_LEADER]: Queue going to NON_LEADER mode. State: All replicated index: 0, Majority replicated index: 3, Committed index: 3, Last appended: 3.3, Last appended by leader: 3, Current term: 3, Majority size: -1, State: 0, Mode: NON_LEADER, active raft config: opid_index: -1 OBSOLETE_local: false peers { permanent_uuid: "ceae78c6bde74fda87070cecbcbd40c9" member_type: VOTER last_known_addr { host: "127.4.216.193" port: 41537 } } peers { permanent_uuid: "483d8fadc68148d987a3ae8728cd8d7d" member_type: VOTER last_known_addr { host: "127.4.216.194" port: 46771 } } peers { permanent_uuid: "15528a28243749a28742e133e1af979f" member_type: VOTER last_known_addr { host: "127.4.216.195" port: 43563 } }
I20260709 13:14:39.366003  5171 raft_consensus.cc:3060] T cda4835cd6ad49109a29cc087a5f4341 P 483d8fadc68148d987a3ae8728cd8d7d [term 3 FOLLOWER]: Advancing to term 4
I20260709 13:14:39.369670  5247 raft_consensus.cc:2468] T cda4835cd6ad49109a29cc087a5f4341 P 15528a28243749a28742e133e1af979f [term 4 FOLLOWER]: Leader election vote request: Granting yes vote for candidate ceae78c6bde74fda87070cecbcbd40c9 in term 4.
I20260709 13:14:39.370555  5061 leader_election.cc:304] T cda4835cd6ad49109a29cc087a5f4341 P ceae78c6bde74fda87070cecbcbd40c9 [CANDIDATE]: Term 4 election: Election decided. Result: candidate won. Election summary: received 2 responses out of 3 voters: 2 yes votes; 0 no votes. yes voters: 15528a28243749a28742e133e1af979f, ceae78c6bde74fda87070cecbcbd40c9; no voters: 
I20260709 13:14:39.371145  5428 raft_consensus.cc:2804] T cda4835cd6ad49109a29cc087a5f4341 P ceae78c6bde74fda87070cecbcbd40c9 [term 4 FOLLOWER]: Leader election won for term 4
I20260709 13:14:39.371214  5171 raft_consensus.cc:2468] T cda4835cd6ad49109a29cc087a5f4341 P 483d8fadc68148d987a3ae8728cd8d7d [term 4 FOLLOWER]: Leader election vote request: Granting yes vote for candidate ceae78c6bde74fda87070cecbcbd40c9 in term 4.
I20260709 13:14:39.371659  5428 raft_consensus.cc:697] T cda4835cd6ad49109a29cc087a5f4341 P ceae78c6bde74fda87070cecbcbd40c9 [term 4 LEADER]: Becoming Leader. State: Replica: ceae78c6bde74fda87070cecbcbd40c9, State: Running, Role: LEADER
I20260709 13:14:39.372541  5428 consensus_queue.cc:237] T cda4835cd6ad49109a29cc087a5f4341 P ceae78c6bde74fda87070cecbcbd40c9 [LEADER]: Queue going to LEADER mode. State: All replicated index: 0, Majority replicated index: 3, Committed index: 3, Last appended: 3.3, Last appended by leader: 3, Current term: 4, Majority size: 2, State: 0, Mode: LEADER, active raft config: opid_index: -1 OBSOLETE_local: false peers { permanent_uuid: "ceae78c6bde74fda87070cecbcbd40c9" member_type: VOTER last_known_addr { host: "127.4.216.193" port: 41537 } } peers { permanent_uuid: "483d8fadc68148d987a3ae8728cd8d7d" member_type: VOTER last_known_addr { host: "127.4.216.194" port: 46771 } } peers { permanent_uuid: "15528a28243749a28742e133e1af979f" member_type: VOTER last_known_addr { host: "127.4.216.195" port: 43563 } }
I20260709 13:14:39.378899  4991 catalog_manager.cc:5697] T cda4835cd6ad49109a29cc087a5f4341 P ceae78c6bde74fda87070cecbcbd40c9 reported cstate change: term changed from 3 to 4, leader changed from 483d8fadc68148d987a3ae8728cd8d7d (127.4.216.194) to ceae78c6bde74fda87070cecbcbd40c9 (127.4.216.193). New cstate: current_term: 4 leader_uuid: "ceae78c6bde74fda87070cecbcbd40c9" committed_config { opid_index: -1 OBSOLETE_local: false peers { permanent_uuid: "ceae78c6bde74fda87070cecbcbd40c9" member_type: VOTER last_known_addr { host: "127.4.216.193" port: 41537 } health_report { overall_health: HEALTHY } } peers { permanent_uuid: "483d8fadc68148d987a3ae8728cd8d7d" member_type: VOTER last_known_addr { host: "127.4.216.194" port: 46771 } health_report { overall_health: UNKNOWN } } peers { permanent_uuid: "15528a28243749a28742e133e1af979f" member_type: VOTER last_known_addr { host: "127.4.216.195" port: 43563 } health_report { overall_health: UNKNOWN } } }
I20260709 13:14:39.448614  5247 raft_consensus.cc:1275] T 7cfcdfef501a4fa3a1a100161d2316b1 P 15528a28243749a28742e133e1af979f [term 3 FOLLOWER]: Refusing update from remote peer ceae78c6bde74fda87070cecbcbd40c9: Log matching property violated. Preceding OpId in replica: term: 2 index: 2. Preceding OpId from leader: term: 3 index: 3. (index mismatch)
I20260709 13:14:39.449821  5428 consensus_queue.cc:1048] T 7cfcdfef501a4fa3a1a100161d2316b1 P ceae78c6bde74fda87070cecbcbd40c9 [LEADER]: Connected to new peer: Peer: permanent_uuid: "15528a28243749a28742e133e1af979f" member_type: VOTER last_known_addr { host: "127.4.216.195" port: 43563 }, Status: LMP_MISMATCH, Last received: 0.0, Next index: 3, Last known committed idx: 2, Time since last communication: 0.000s
I20260709 13:14:39.459527  5171 raft_consensus.cc:1275] T 7cfcdfef501a4fa3a1a100161d2316b1 P 483d8fadc68148d987a3ae8728cd8d7d [term 3 FOLLOWER]: Refusing update from remote peer ceae78c6bde74fda87070cecbcbd40c9: Log matching property violated. Preceding OpId in replica: term: 2 index: 2. Preceding OpId from leader: term: 3 index: 3. (index mismatch)
