I20260709 13:14:53.789384  6131 tablet_service.cc:1917] Received RequestConsensusVote() RPC: tablet_id: "bbf82281630d49d0a6f2f256f1cf167d" candidate_uuid: "7e8b3cb2ece3458c9a0fe0eacfc47b1b" candidate_term: 1 candidate_status { last_received { term: 0 index: 0 } } ignore_live_leader: false dest_uuid: "38f9fa2e1d1c442aa7e21bcacff9e866" is_pre_election: true
W20260709 13:14:53.793483  6021 leader_election.cc:343] T bbf82281630d49d0a6f2f256f1cf167d P 7e8b3cb2ece3458c9a0fe0eacfc47b1b [CANDIDATE]: Term 1 pre-election: Tablet error from VoteRequest() call to peer 38f9fa2e1d1c442aa7e21bcacff9e866 (127.4.216.194:43807): Illegal state: must be running to vote when last-logged opid is not known
I20260709 13:14:53.794173  6326 raft_consensus.cc:2804] T fae2b570dbfb46d4b230c2ec73d6f5c0 P 7e8b3cb2ece3458c9a0fe0eacfc47b1b [term 0 FOLLOWER]: Leader pre-election won for term 1
I20260709 13:14:53.794672  6326 raft_consensus.cc:493] T fae2b570dbfb46d4b230c2ec73d6f5c0 P 7e8b3cb2ece3458c9a0fe0eacfc47b1b [term 0 FOLLOWER]: Starting leader election (no leader contacted us within the election timeout)
I20260709 13:14:53.795032  6326 raft_consensus.cc:3060] T fae2b570dbfb46d4b230c2ec73d6f5c0 P 7e8b3cb2ece3458c9a0fe0eacfc47b1b [term 0 FOLLOWER]: Advancing to term 1
I20260709 13:14:53.796159  6248 tablet_bootstrap.cc:492] T f592ad29b1114428978749f671d07c93 P 7e8b3cb2ece3458c9a0fe0eacfc47b1b: No bootstrap required, opened a new log
I20260709 13:14:53.796736  6248 ts_tablet_manager.cc:1403] T f592ad29b1114428978749f671d07c93 P 7e8b3cb2ece3458c9a0fe0eacfc47b1b: Time spent bootstrapping tablet: real 0.188s	user 0.013s	sys 0.004s
I20260709 13:14:53.796536  6247 raft_consensus.cc:359] T f592ad29b1114428978749f671d07c93 P 38f9fa2e1d1c442aa7e21bcacff9e866 [term 0 FOLLOWER]: Replica starting. Triggering 0 pending ops. Active config: opid_index: -1 OBSOLETE_local: false peers { permanent_uuid: "7e8b3cb2ece3458c9a0fe0eacfc47b1b" member_type: VOTER last_known_addr { host: "127.4.216.193" port: 32925 } } peers { permanent_uuid: "38f9fa2e1d1c442aa7e21bcacff9e866" member_type: VOTER last_known_addr { host: "127.4.216.194" port: 43807 } } peers { permanent_uuid: "a24d66f61a60433d969f48acf7443203" member_type: VOTER last_known_addr { host: "127.4.216.195" port: 43505 } }
I20260709 13:14:53.797260  6247 raft_consensus.cc:385] T f592ad29b1114428978749f671d07c93 P 38f9fa2e1d1c442aa7e21bcacff9e866 [term 0 FOLLOWER]: Consensus starting up: Expiring failure detector timer to make a prompt election more likely
I20260709 13:14:53.797536  6247 raft_consensus.cc:740] T f592ad29b1114428978749f671d07c93 P 38f9fa2e1d1c442aa7e21bcacff9e866 [term 0 FOLLOWER]: Becoming Follower/Learner. State: Replica: 38f9fa2e1d1c442aa7e21bcacff9e866, State: Initialized, Role: FOLLOWER
I20260709 13:14:53.798159  6247 consensus_queue.cc:260] T f592ad29b1114428978749f671d07c93 P 38f9fa2e1d1c442aa7e21bcacff9e866 [NON_LEADER]: Queue going to NON_LEADER mode. State: All replicated index: 0, Majority replicated index: 0, Committed index: 0, Last appended: 0.0, Last appended by leader: 0, Current term: 0, Majority size: -1, State: 0, Mode: NON_LEADER, active raft config: opid_index: -1 OBSOLETE_local: false peers { permanent_uuid: "7e8b3cb2ece3458c9a0fe0eacfc47b1b" member_type: VOTER last_known_addr { host: "127.4.216.193" port: 32925 } } peers { permanent_uuid: "38f9fa2e1d1c442aa7e21bcacff9e866" member_type: VOTER last_known_addr { host: "127.4.216.194" port: 43807 } } peers { permanent_uuid: "a24d66f61a60433d969f48acf7443203" member_type: VOTER last_known_addr { host: "127.4.216.195" port: 43505 } }
I20260709 13:14:53.803900  6326 raft_consensus.cc:515] T fae2b570dbfb46d4b230c2ec73d6f5c0 P 7e8b3cb2ece3458c9a0fe0eacfc47b1b [term 1 FOLLOWER]: Starting leader election with config: opid_index: -1 OBSOLETE_local: false peers { permanent_uuid: "7e8b3cb2ece3458c9a0fe0eacfc47b1b" member_type: VOTER last_known_addr { host: "127.4.216.193" port: 32925 } } peers { permanent_uuid: "38f9fa2e1d1c442aa7e21bcacff9e866" member_type: VOTER last_known_addr { host: "127.4.216.194" port: 43807 } } peers { permanent_uuid: "a24d66f61a60433d969f48acf7443203" member_type: VOTER last_known_addr { host: "127.4.216.195" port: 43505 } }
I20260709 13:14:53.804708  6247 ts_tablet_manager.cc:1434] T f592ad29b1114428978749f671d07c93 P 38f9fa2e1d1c442aa7e21bcacff9e866: Time spent starting tablet: real 0.032s	user 0.003s	sys 0.004s
W20260709 13:14:53.805903  6096 consensus_peers.cc:597] T b4884d66eb674997add034771f32b6a6 P 38f9fa2e1d1c442aa7e21bcacff9e866 -> Peer 7e8b3cb2ece3458c9a0fe0eacfc47b1b (127.4.216.193:32925): Couldn't send request to peer 7e8b3cb2ece3458c9a0fe0eacfc47b1b. Error code: TABLET_NOT_RUNNING (12). Status: Illegal state: Tablet not RUNNING: INITIALIZED. This is attempt 1: this message will repeat every 5th retry.
I20260709 13:14:53.809933  6206 tablet_service.cc:1917] Received RequestConsensusVote() RPC: tablet_id: "d026a2c7b6fd4f4d9960a0d8ff573094" candidate_uuid: "7e8b3cb2ece3458c9a0fe0eacfc47b1b" candidate_term: 1 candidate_status { last_received { term: 0 index: 0 } } ignore_live_leader: false dest_uuid: "a24d66f61a60433d969f48acf7443203" is_pre_election: true
I20260709 13:14:53.811259  6247 tablet_bootstrap.cc:492] T bbf82281630d49d0a6f2f256f1cf167d P 38f9fa2e1d1c442aa7e21bcacff9e866: Bootstrap starting.
I20260709 13:14:53.811847  6250 tablet_bootstrap.cc:492] T f7d5f94237c1410e899f0e99da39e81b P a24d66f61a60433d969f48acf7443203: No bootstrap required, opened a new log
I20260709 13:14:53.812311  6250 ts_tablet_manager.cc:1403] T f7d5f94237c1410e899f0e99da39e81b P a24d66f61a60433d969f48acf7443203: Time spent bootstrapping tablet: real 0.284s	user 0.008s	sys 0.012s
I20260709 13:14:53.814849  6250 raft_consensus.cc:359] T f7d5f94237c1410e899f0e99da39e81b P a24d66f61a60433d969f48acf7443203 [term 0 FOLLOWER]: Replica starting. Triggering 0 pending ops. Active config: opid_index: -1 OBSOLETE_local: false peers { permanent_uuid: "7e8b3cb2ece3458c9a0fe0eacfc47b1b" member_type: VOTER last_known_addr { host: "127.4.216.193" port: 32925 } } peers { permanent_uuid: "38f9fa2e1d1c442aa7e21bcacff9e866" member_type: VOTER last_known_addr { host: "127.4.216.194" port: 43807 } } peers { permanent_uuid: "a24d66f61a60433d969f48acf7443203" member_type: VOTER last_known_addr { host: "127.4.216.195" port: 43505 } }
I20260709 13:14:53.817538  6247 tablet_bootstrap.cc:654] T bbf82281630d49d0a6f2f256f1cf167d P 38f9fa2e1d1c442aa7e21bcacff9e866: Neither blocks nor log segments found. Creating new log.
I20260709 13:14:53.817601  6132 tablet_service.cc:1917] Received RequestConsensusVote() RPC: tablet_id: "fae2b570dbfb46d4b230c2ec73d6f5c0" candidate_uuid: "7e8b3cb2ece3458c9a0fe0eacfc47b1b" candidate_term: 1 candidate_status { last_received { term: 0 index: 0 } } ignore_live_leader: false dest_uuid: "38f9fa2e1d1c442aa7e21bcacff9e866"
I20260709 13:14:53.818336  6132 raft_consensus.cc:3060] T fae2b570dbfb46d4b230c2ec73d6f5c0 P 38f9fa2e1d1c442aa7e21bcacff9e866 [term 0 FOLLOWER]: Advancing to term 1
W20260709 13:14:53.823077  6097 consensus_peers.cc:597] T f693167d1a1f4832bbb14af4af46a69e P 38f9fa2e1d1c442aa7e21bcacff9e866 -> Peer a24d66f61a60433d969f48acf7443203 (127.4.216.195:43505): Couldn't send request to peer a24d66f61a60433d969f48acf7443203. Error code: TABLET_NOT_RUNNING (12). Status: Illegal state: Tablet not RUNNING: INITIALIZED. This is attempt 1: this message will repeat every 5th retry.
I20260709 13:14:53.823961  6272 consensus_queue.cc:1048] T b4884d66eb674997add034771f32b6a6 P 38f9fa2e1d1c442aa7e21bcacff9e866 [LEADER]: Connected to new peer: Peer: permanent_uuid: "a24d66f61a60433d969f48acf7443203" member_type: VOTER last_known_addr { host: "127.4.216.195" port: 43505 }, Status: LMP_MISMATCH, Last received: 0.0, Next index: 1, Last known committed idx: 0, Time since last communication: 0.000s
I20260709 13:14:53.824513  6250 raft_consensus.cc:385] T f7d5f94237c1410e899f0e99da39e81b P a24d66f61a60433d969f48acf7443203 [term 0 FOLLOWER]: Consensus starting up: Expiring failure detector timer to make a prompt election more likely
I20260709 13:14:53.825419  6205 tablet_service.cc:1917] Received RequestConsensusVote() RPC: tablet_id: "fae2b570dbfb46d4b230c2ec73d6f5c0" candidate_uuid: "7e8b3cb2ece3458c9a0fe0eacfc47b1b" candidate_term: 1 candidate_status { last_received { term: 0 index: 0 } } ignore_live_leader: false dest_uuid: "a24d66f61a60433d969f48acf7443203" is_pre_election: true
I20260709 13:14:53.828858  6250 raft_consensus.cc:740] T f7d5f94237c1410e899f0e99da39e81b P a24d66f61a60433d969f48acf7443203 [term 0 FOLLOWER]: Becoming Follower/Learner. State: Replica: a24d66f61a60433d969f48acf7443203, State: Initialized, Role: FOLLOWER
W20260709 13:14:53.832887  6022 leader_election.cc:343] T d026a2c7b6fd4f4d9960a0d8ff573094 P 7e8b3cb2ece3458c9a0fe0eacfc47b1b [CANDIDATE]: Term 1 pre-election: Tablet error from VoteRequest() call to peer a24d66f61a60433d969f48acf7443203 (127.4.216.195:43505): Illegal state: must be running to vote when last-logged opid is not known
I20260709 13:14:53.833463  6022 leader_election.cc:304] T d026a2c7b6fd4f4d9960a0d8ff573094 P 7e8b3cb2ece3458c9a0fe0eacfc47b1b [CANDIDATE]: Term 1 pre-election: Election decided. Result: candidate lost. Election summary: received 3 responses out of 3 voters: 1 yes votes; 2 no votes. yes voters: 7e8b3cb2ece3458c9a0fe0eacfc47b1b; no voters: 38f9fa2e1d1c442aa7e21bcacff9e866, a24d66f61a60433d969f48acf7443203
I20260709 13:14:53.834769  6323 raft_consensus.cc:2749] T d026a2c7b6fd4f4d9960a0d8ff573094 P 7e8b3cb2ece3458c9a0fe0eacfc47b1b [term 0 FOLLOWER]: Leader pre-election lost for term 1. Reason: could not achieve majority
W20260709 13:14:53.836197  6022 leader_election.cc:343] T fae2b570dbfb46d4b230c2ec73d6f5c0 P 7e8b3cb2ece3458c9a0fe0eacfc47b1b [CANDIDATE]: Term 1 pre-election: Tablet error from VoteRequest() call to peer a24d66f61a60433d969f48acf7443203 (127.4.216.195:43505): Illegal state: must be running to vote when last-logged opid is not known
I20260709 13:14:53.837414  6250 consensus_queue.cc:260] T f7d5f94237c1410e899f0e99da39e81b P a24d66f61a60433d969f48acf7443203 [NON_LEADER]: Queue going to NON_LEADER mode. State: All replicated index: 0, Majority replicated index: 0, Committed index: 0, Last appended: 0.0, Last appended by leader: 0, Current term: 0, Majority size: -1, State: 0, Mode: NON_LEADER, active raft config: opid_index: -1 OBSOLETE_local: false peers { permanent_uuid: "7e8b3cb2ece3458c9a0fe0eacfc47b1b" member_type: VOTER last_known_addr { host: "127.4.216.193" port: 32925 } } peers { permanent_uuid: "38f9fa2e1d1c442aa7e21bcacff9e866" member_type: VOTER last_known_addr { host: "127.4.216.194" port: 43807 } } peers { permanent_uuid: "a24d66f61a60433d969f48acf7443203" member_type: VOTER last_known_addr { host: "127.4.216.195" port: 43505 } }
I20260709 13:14:53.830225  6204 tablet_service.cc:1917] Received RequestConsensusVote() RPC: tablet_id: "bbf82281630d49d0a6f2f256f1cf167d" candidate_uuid: "7e8b3cb2ece3458c9a0fe0eacfc47b1b" candidate_term: 1 candidate_status { last_received { term: 0 index: 0 } } ignore_live_leader: false dest_uuid: "a24d66f61a60433d969f48acf7443203" is_pre_election: true
I20260709 13:14:53.831665  6326 leader_election.cc:290] T fae2b570dbfb46d4b230c2ec73d6f5c0 P 7e8b3cb2ece3458c9a0fe0eacfc47b1b [CANDIDATE]: Term 1 election: Requested vote from peers 38f9fa2e1d1c442aa7e21bcacff9e866 (127.4.216.194:43807), a24d66f61a60433d969f48acf7443203 (127.4.216.195:43505)
I20260709 13:14:53.827615  6132 raft_consensus.cc:2468] T fae2b570dbfb46d4b230c2ec73d6f5c0 P 38f9fa2e1d1c442aa7e21bcacff9e866 [term 1 FOLLOWER]: Leader election vote request: Granting yes vote for candidate 7e8b3cb2ece3458c9a0fe0eacfc47b1b in term 1.
I20260709 13:14:53.841125  6021 leader_election.cc:304] T fae2b570dbfb46d4b230c2ec73d6f5c0 P 7e8b3cb2ece3458c9a0fe0eacfc47b1b [CANDIDATE]: Term 1 election: Election decided. Result: candidate won. Election summary: received 2 responses out of 3 voters: 2 yes votes; 0 no votes. yes voters: 38f9fa2e1d1c442aa7e21bcacff9e866, 7e8b3cb2ece3458c9a0fe0eacfc47b1b; no voters: 
I20260709 13:14:53.842212  6326 raft_consensus.cc:2804] T fae2b570dbfb46d4b230c2ec73d6f5c0 P 7e8b3cb2ece3458c9a0fe0eacfc47b1b [term 1 FOLLOWER]: Leader election won for term 1
I20260709 13:14:53.843024  6326 raft_consensus.cc:697] T fae2b570dbfb46d4b230c2ec73d6f5c0 P 7e8b3cb2ece3458c9a0fe0eacfc47b1b [term 1 LEADER]: Becoming Leader. State: Replica: 7e8b3cb2ece3458c9a0fe0eacfc47b1b, State: Running, Role: LEADER
I20260709 13:14:53.843847  6205 tablet_service.cc:1917] Received RequestConsensusVote() RPC: tablet_id: "fae2b570dbfb46d4b230c2ec73d6f5c0" candidate_uuid: "7e8b3cb2ece3458c9a0fe0eacfc47b1b" candidate_term: 1 candidate_status { last_received { term: 0 index: 0 } } ignore_live_leader: false dest_uuid: "a24d66f61a60433d969f48acf7443203"
I20260709 13:14:53.825309  6248 raft_consensus.cc:359] T f592ad29b1114428978749f671d07c93 P 7e8b3cb2ece3458c9a0fe0eacfc47b1b [term 0 FOLLOWER]: Replica starting. Triggering 0 pending ops. Active config: opid_index: -1 OBSOLETE_local: false peers { permanent_uuid: "7e8b3cb2ece3458c9a0fe0eacfc47b1b" member_type: VOTER last_known_addr { host: "127.4.216.193" port: 32925 } } peers { permanent_uuid: "38f9fa2e1d1c442aa7e21bcacff9e866" member_type: VOTER last_known_addr { host: "127.4.216.194" port: 43807 } } peers { permanent_uuid: "a24d66f61a60433d969f48acf7443203" member_type: VOTER last_known_addr { host: "127.4.216.195" port: 43505 } }
W20260709 13:14:53.846805  6022 leader_election.cc:343] T bbf82281630d49d0a6f2f256f1cf167d P 7e8b3cb2ece3458c9a0fe0eacfc47b1b [CANDIDATE]: Term 1 pre-election: Tablet error from VoteRequest() call to peer a24d66f61a60433d969f48acf7443203 (127.4.216.195:43505): Illegal state: must be running to vote when last-logged opid is not known
I20260709 13:14:53.849392  6022 leader_election.cc:304] T bbf82281630d49d0a6f2f256f1cf167d P 7e8b3cb2ece3458c9a0fe0eacfc47b1b [CANDIDATE]: Term 1 pre-election: Election decided. Result: candidate lost. Election summary: received 3 responses out of 3 voters: 1 yes votes; 2 no votes. yes voters: 7e8b3cb2ece3458c9a0fe0eacfc47b1b; no voters: 38f9fa2e1d1c442aa7e21bcacff9e866, a24d66f61a60433d969f48acf7443203
I20260709 13:14:53.850654  6257 raft_consensus.cc:2749] T bbf82281630d49d0a6f2f256f1cf167d P 7e8b3cb2ece3458c9a0fe0eacfc47b1b [term 0 FOLLOWER]: Leader pre-election lost for term 1. Reason: could not achieve majority
I20260709 13:14:53.850653  6248 raft_consensus.cc:385] T f592ad29b1114428978749f671d07c93 P 7e8b3cb2ece3458c9a0fe0eacfc47b1b [term 0 FOLLOWER]: Consensus starting up: Expiring failure detector timer to make a prompt election more likely
I20260709 13:14:53.853415  6248 raft_consensus.cc:740] T f592ad29b1114428978749f671d07c93 P 7e8b3cb2ece3458c9a0fe0eacfc47b1b [term 0 FOLLOWER]: Becoming Follower/Learner. State: Replica: 7e8b3cb2ece3458c9a0fe0eacfc47b1b, State: Initialized, Role: FOLLOWER
W20260709 13:14:53.854334  6022 leader_election.cc:343] T fae2b570dbfb46d4b230c2ec73d6f5c0 P 7e8b3cb2ece3458c9a0fe0eacfc47b1b [CANDIDATE]: Term 1 election: Tablet error from VoteRequest() call to peer a24d66f61a60433d969f48acf7443203 (127.4.216.195:43505): Illegal state: must be running to vote when last-logged opid is not known
I20260709 13:14:53.856257  6248 consensus_queue.cc:260] T f592ad29b1114428978749f671d07c93 P 7e8b3cb2ece3458c9a0fe0eacfc47b1b [NON_LEADER]: Queue going to NON_LEADER mode. State: All replicated index: 0, Majority replicated index: 0, Committed index: 0, Last appended: 0.0, Last appended by leader: 0, Current term: 0, Majority size: -1, State: 0, Mode: NON_LEADER, active raft config: opid_index: -1 OBSOLETE_local: false peers { permanent_uuid: "7e8b3cb2ece3458c9a0fe0eacfc47b1b" member_type: VOTER last_known_addr { host: "127.4.216.193" port: 32925 } } peers { permanent_uuid: "38f9fa2e1d1c442aa7e21bcacff9e866" member_type: VOTER last_known_addr { host: "127.4.216.194" port: 43807 } } peers { permanent_uuid: "a24d66f61a60433d969f48acf7443203" member_type: VOTER last_known_addr { host: "127.4.216.195" port: 43505 } }
I20260709 13:14:53.852463  6326 consensus_queue.cc:237] T fae2b570dbfb46d4b230c2ec73d6f5c0 P 7e8b3cb2ece3458c9a0fe0eacfc47b1b [LEADER]: Queue going to LEADER mode. State: All replicated index: 0, Majority replicated index: 0, Committed index: 0, Last appended: 0.0, Last appended by leader: 0, Current term: 1, Majority size: 2, State: 0, Mode: LEADER, active raft config: opid_index: -1 OBSOLETE_local: false peers { permanent_uuid: "7e8b3cb2ece3458c9a0fe0eacfc47b1b" member_type: VOTER last_known_addr { host: "127.4.216.193" port: 32925 } } peers { permanent_uuid: "38f9fa2e1d1c442aa7e21bcacff9e866" member_type: VOTER last_known_addr { host: "127.4.216.194" port: 43807 } } peers { permanent_uuid: "a24d66f61a60433d969f48acf7443203" member_type: VOTER last_known_addr { host: "127.4.216.195" port: 43505 } }
I20260709 13:14:53.846138  6250 ts_tablet_manager.cc:1434] T f7d5f94237c1410e899f0e99da39e81b P a24d66f61a60433d969f48acf7443203: Time spent starting tablet: real 0.034s	user 0.006s	sys 0.000s
I20260709 13:14:53.860353  6250 tablet_bootstrap.cc:492] T f693167d1a1f4832bbb14af4af46a69e P a24d66f61a60433d969f48acf7443203: Bootstrap starting.
I20260709 13:14:53.865296  6247 tablet_bootstrap.cc:492] T bbf82281630d49d0a6f2f256f1cf167d P 38f9fa2e1d1c442aa7e21bcacff9e866: No bootstrap required, opened a new log
I20260709 13:14:53.866227  6247 ts_tablet_manager.cc:1403] T bbf82281630d49d0a6f2f256f1cf167d P 38f9fa2e1d1c442aa7e21bcacff9e866: Time spent bootstrapping tablet: real 0.055s	user 0.007s	sys 0.016s
I20260709 13:14:53.862579  6248 ts_tablet_manager.cc:1434] T f592ad29b1114428978749f671d07c93 P 7e8b3cb2ece3458c9a0fe0eacfc47b1b: Time spent starting tablet: real 0.065s	user 0.006s	sys 0.000s
I20260709 13:14:53.858938  5954 catalog_manager.cc:5697] T f7d5f94237c1410e899f0e99da39e81b P 38f9fa2e1d1c442aa7e21bcacff9e866 reported cstate change: term changed from 0 to 1, leader changed from <none> to 38f9fa2e1d1c442aa7e21bcacff9e866 (127.4.216.194). New cstate: current_term: 1 leader_uuid: "38f9fa2e1d1c442aa7e21bcacff9e866" committed_config { opid_index: -1 OBSOLETE_local: false peers { permanent_uuid: "7e8b3cb2ece3458c9a0fe0eacfc47b1b" member_type: VOTER last_known_addr { host: "127.4.216.193" port: 32925 } health_report { overall_health: UNKNOWN } } peers { permanent_uuid: "38f9fa2e1d1c442aa7e21bcacff9e866" member_type: VOTER last_known_addr { host: "127.4.216.194" port: 43807 } health_report { overall_health: HEALTHY } } peers { permanent_uuid: "a24d66f61a60433d969f48acf7443203" member_type: VOTER last_known_addr { host: "127.4.216.195" port: 43505 } health_report { overall_health: UNKNOWN } } }
I20260709 13:14:53.869061  6248 tablet_bootstrap.cc:492] T dc3e555b5dd943edbd449e6401e8f75d P 7e8b3cb2ece3458c9a0fe0eacfc47b1b: Bootstrap starting.
I20260709 13:14:53.868813  6247 raft_consensus.cc:359] T bbf82281630d49d0a6f2f256f1cf167d P 38f9fa2e1d1c442aa7e21bcacff9e866 [term 0 FOLLOWER]: Replica starting. Triggering 0 pending ops. Active config: opid_index: -1 OBSOLETE_local: false peers { permanent_uuid: "7e8b3cb2ece3458c9a0fe0eacfc47b1b" member_type: VOTER last_known_addr { host: "127.4.216.193" port: 32925 } } peers { permanent_uuid: "38f9fa2e1d1c442aa7e21bcacff9e866" member_type: VOTER last_known_addr { host: "127.4.216.194" port: 43807 } } peers { permanent_uuid: "a24d66f61a60433d969f48acf7443203" member_type: VOTER last_known_addr { host: "127.4.216.195" port: 43505 } }
I20260709 13:14:53.871009  6250 tablet_bootstrap.cc:654] T f693167d1a1f4832bbb14af4af46a69e P a24d66f61a60433d969f48acf7443203: Neither blocks nor log segments found. Creating new log.
I20260709 13:14:53.875212  6248 tablet_bootstrap.cc:654] T dc3e555b5dd943edbd449e6401e8f75d P 7e8b3cb2ece3458c9a0fe0eacfc47b1b: Neither blocks nor log segments found. Creating new log.
W20260709 13:14:53.877828  6004 auto_rebalancer.cc:288] Could not retrieve cluster info: Service unavailable: Tablet not running
I20260709 13:14:53.884882  5955 catalog_manager.cc:5697] T fae2b570dbfb46d4b230c2ec73d6f5c0 P 7e8b3cb2ece3458c9a0fe0eacfc47b1b reported cstate change: term changed from 0 to 1, leader changed from <none> to 7e8b3cb2ece3458c9a0fe0eacfc47b1b (127.4.216.193). New cstate: current_term: 1 leader_uuid: "7e8b3cb2ece3458c9a0fe0eacfc47b1b" committed_config { opid_index: -1 OBSOLETE_local: false peers { permanent_uuid: "7e8b3cb2ece3458c9a0fe0eacfc47b1b" member_type: VOTER last_known_addr { host: "127.4.216.193" port: 32925 } health_report { overall_health: HEALTHY } } peers { permanent_uuid: "38f9fa2e1d1c442aa7e21bcacff9e866" member_type: VOTER last_known_addr { host: "127.4.216.194" port: 43807 } health_report { overall_health: UNKNOWN } } peers { permanent_uuid: "a24d66f61a60433d969f48acf7443203" member_type: VOTER last_known_addr { host: "127.4.216.195" port: 43505 } health_report { overall_health: UNKNOWN } } }
I20260709 13:14:53.887580  6247 raft_consensus.cc:385] T bbf82281630d49d0a6f2f256f1cf167d P 38f9fa2e1d1c442aa7e21bcacff9e866 [term 0 FOLLOWER]: Consensus starting up: Expiring failure detector timer to make a prompt election more likely
I20260709 13:14:53.887694  6326 consensus_queue.cc:1048] T be7e96b62b1d44b19b762f2408e950c5 P 7e8b3cb2ece3458c9a0fe0eacfc47b1b [LEADER]: Connected to new peer: Peer: permanent_uuid: "a24d66f61a60433d969f48acf7443203" member_type: VOTER last_known_addr { host: "127.4.216.195" port: 43505 }, Status: LMP_MISMATCH, Last received: 0.0, Next index: 1, Last known committed idx: 0, Time since last communication: 0.000s
I20260709 13:14:53.887930  6247 raft_consensus.cc:740] T bbf82281630d49d0a6f2f256f1cf167d P 38f9fa2e1d1c442aa7e21bcacff9e866 [term 0 FOLLOWER]: Becoming Follower/Learner. State: Replica: 38f9fa2e1d1c442aa7e21bcacff9e866, State: Initialized, Role: FOLLOWER
I20260709 13:14:53.891163  6250 tablet_bootstrap.cc:492] T f693167d1a1f4832bbb14af4af46a69e P a24d66f61a60433d969f48acf7443203: No bootstrap required, opened a new log
I20260709 13:14:53.891911  6250 ts_tablet_manager.cc:1403] T f693167d1a1f4832bbb14af4af46a69e P a24d66f61a60433d969f48acf7443203: Time spent bootstrapping tablet: real 0.032s	user 0.017s	sys 0.005s
I20260709 13:14:53.898197  6248 tablet_bootstrap.cc:492] T dc3e555b5dd943edbd449e6401e8f75d P 7e8b3cb2ece3458c9a0fe0eacfc47b1b: No bootstrap required, opened a new log
I20260709 13:14:53.898679  6248 ts_tablet_manager.cc:1403] T dc3e555b5dd943edbd449e6401e8f75d P 7e8b3cb2ece3458c9a0fe0eacfc47b1b: Time spent bootstrapping tablet: real 0.030s	user 0.008s	sys 0.010s
I20260709 13:14:53.899816  6292 consensus_queue.cc:1048] T f693167d1a1f4832bbb14af4af46a69e P 38f9fa2e1d1c442aa7e21bcacff9e866 [LEADER]: Connected to new peer: Peer: permanent_uuid: "7e8b3cb2ece3458c9a0fe0eacfc47b1b" member_type: VOTER last_known_addr { host: "127.4.216.193" port: 32925 }, Status: LMP_MISMATCH, Last received: 0.0, Next index: 1, Last known committed idx: 0, Time since last communication: 0.000s
I20260709 13:14:53.895232  6247 consensus_queue.cc:260] T bbf82281630d49d0a6f2f256f1cf167d P 38f9fa2e1d1c442aa7e21bcacff9e866 [NON_LEADER]: Queue going to NON_LEADER mode. State: All replicated index: 0, Majority replicated index: 0, Committed index: 0, Last appended: 0.0, Last appended by leader: 0, Current term: 0, Majority size: -1, State: 0, Mode: NON_LEADER, active raft config: opid_index: -1 OBSOLETE_local: false peers { permanent_uuid: "7e8b3cb2ece3458c9a0fe0eacfc47b1b" member_type: VOTER last_known_addr { host: "127.4.216.193" port: 32925 } } peers { permanent_uuid: "38f9fa2e1d1c442aa7e21bcacff9e866" member_type: VOTER last_known_addr { host: "127.4.216.194" port: 43807 } } peers { permanent_uuid: "a24d66f61a60433d969f48acf7443203" member_type: VOTER last_known_addr { host: "127.4.216.195" port: 43505 } }
I20260709 13:14:53.903384  6247 ts_tablet_manager.cc:1434] T bbf82281630d49d0a6f2f256f1cf167d P 38f9fa2e1d1c442aa7e21bcacff9e866: Time spent starting tablet: real 0.037s	user 0.006s	sys 0.001s
I20260709 13:14:53.903038  6250 raft_consensus.cc:359] T f693167d1a1f4832bbb14af4af46a69e P a24d66f61a60433d969f48acf7443203 [term 0 FOLLOWER]: Replica starting. Triggering 0 pending ops. Active config: opid_index: -1 OBSOLETE_local: false peers { permanent_uuid: "7e8b3cb2ece3458c9a0fe0eacfc47b1b" member_type: VOTER last_known_addr { host: "127.4.216.193" port: 32925 } } peers { permanent_uuid: "38f9fa2e1d1c442aa7e21bcacff9e866" member_type: VOTER last_known_addr { host: "127.4.216.194" port: 43807 } } peers { permanent_uuid: "a24d66f61a60433d969f48acf7443203" member_type: VOTER last_known_addr { host: "127.4.216.195" port: 43505 } }
I20260709 13:14:53.904222  6250 raft_consensus.cc:385] T f693167d1a1f4832bbb14af4af46a69e P a24d66f61a60433d969f48acf7443203 [term 0 FOLLOWER]: Consensus starting up: Expiring failure detector timer to make a prompt election more likely
I20260709 13:14:53.904529  6250 raft_consensus.cc:740] T f693167d1a1f4832bbb14af4af46a69e P a24d66f61a60433d969f48acf7443203 [term 0 FOLLOWER]: Becoming Follower/Learner. State: Replica: a24d66f61a60433d969f48acf7443203, State: Initialized, Role: FOLLOWER
I20260709 13:14:53.905283  6250 consensus_queue.cc:260] T f693167d1a1f4832bbb14af4af46a69e P a24d66f61a60433d969f48acf7443203 [NON_LEADER]: Queue going to NON_LEADER mode. State: All replicated index: 0, Majority replicated index: 0, Committed index: 0, Last appended: 0.0, Last appended by leader: 0, Current term: 0, Majority size: -1, State: 0, Mode: NON_LEADER, active raft config: opid_index: -1 OBSOLETE_local: false peers { permanent_uuid: "7e8b3cb2ece3458c9a0fe0eacfc47b1b" member_type: VOTER last_known_addr { host: "127.4.216.193" port: 32925 } } peers { permanent_uuid: "38f9fa2e1d1c442aa7e21bcacff9e866" member_type: VOTER last_known_addr { host: "127.4.216.194" port: 43807 } } peers { permanent_uuid: "a24d66f61a60433d969f48acf7443203" member_type: VOTER last_known_addr { host: "127.4.216.195" port: 43505 } }
I20260709 13:14:53.907392  6250 ts_tablet_manager.cc:1434] T f693167d1a1f4832bbb14af4af46a69e P a24d66f61a60433d969f48acf7443203: Time spent starting tablet: real 0.015s	user 0.003s	sys 0.003s
I20260709 13:14:53.908269  6250 tablet_bootstrap.cc:492] T d026a2c7b6fd4f4d9960a0d8ff573094 P a24d66f61a60433d969f48acf7443203: Bootstrap starting.
I20260709 13:14:53.910763  6247 tablet_bootstrap.cc:492] T d026a2c7b6fd4f4d9960a0d8ff573094 P 38f9fa2e1d1c442aa7e21bcacff9e866: Bootstrap starting.
I20260709 13:14:53.914371  6248 raft_consensus.cc:359] T dc3e555b5dd943edbd449e6401e8f75d P 7e8b3cb2ece3458c9a0fe0eacfc47b1b [term 0 FOLLOWER]: Replica starting. Triggering 0 pending ops. Active config: opid_index: -1 OBSOLETE_local: false peers { permanent_uuid: "7e8b3cb2ece3458c9a0fe0eacfc47b1b" member_type: VOTER last_known_addr { host: "127.4.216.193" port: 32925 } } peers { permanent_uuid: "38f9fa2e1d1c442aa7e21bcacff9e866" member_type: VOTER last_known_addr { host: "127.4.216.194" port: 43807 } } peers { permanent_uuid: "a24d66f61a60433d969f48acf7443203" member_type: VOTER last_known_addr { host: "127.4.216.195" port: 43505 } }
I20260709 13:14:53.915042  6248 raft_consensus.cc:385] T dc3e555b5dd943edbd449e6401e8f75d P 7e8b3cb2ece3458c9a0fe0eacfc47b1b [term 0 FOLLOWER]: Consensus starting up: Expiring failure detector timer to make a prompt election more likely
I20260709 13:14:53.915309  6248 raft_consensus.cc:740] T dc3e555b5dd943edbd449e6401e8f75d P 7e8b3cb2ece3458c9a0fe0eacfc47b1b [term 0 FOLLOWER]: Becoming Follower/Learner. State: Replica: 7e8b3cb2ece3458c9a0fe0eacfc47b1b, State: Initialized, Role: FOLLOWER
I20260709 13:14:53.915920  6248 consensus_queue.cc:260] T dc3e555b5dd943edbd449e6401e8f75d P 7e8b3cb2ece3458c9a0fe0eacfc47b1b [NON_LEADER]: Queue going to NON_LEADER mode. State: All replicated index: 0, Majority replicated index: 0, Committed index: 0, Last appended: 0.0, Last appended by leader: 0, Current term: 0, Majority size: -1, State: 0, Mode: NON_LEADER, active raft config: opid_index: -1 OBSOLETE_local: false peers { permanent_uuid: "7e8b3cb2ece3458c9a0fe0eacfc47b1b" member_type: VOTER last_known_addr { host: "127.4.216.193" port: 32925 } } peers { permanent_uuid: "38f9fa2e1d1c442aa7e21bcacff9e866" member_type: VOTER last_known_addr { host: "127.4.216.194" port: 43807 } } peers { permanent_uuid: "a24d66f61a60433d969f48acf7443203" member_type: VOTER last_known_addr { host: "127.4.216.195" port: 43505 } }
W20260709 13:14:53.916917  6021 consensus_peers.cc:597] T be7e96b62b1d44b19b762f2408e950c5 P 7e8b3cb2ece3458c9a0fe0eacfc47b1b -> Peer 38f9fa2e1d1c442aa7e21bcacff9e866 (127.4.216.194:43807): Couldn't send request to peer 38f9fa2e1d1c442aa7e21bcacff9e866. Error code: TABLET_NOT_RUNNING (12). Status: Illegal state: Tablet not RUNNING: INITIALIZED. This is attempt 1: this message will repeat every 5th retry.
I20260709 13:14:53.918177  6248 ts_tablet_manager.cc:1434] T dc3e555b5dd943edbd449e6401e8f75d P 7e8b3cb2ece3458c9a0fe0eacfc47b1b: Time spent starting tablet: real 0.019s	user 0.004s	sys 0.001s
I20260709 13:14:53.919050  6248 tablet_bootstrap.cc:492] T b4884d66eb674997add034771f32b6a6 P 7e8b3cb2ece3458c9a0fe0eacfc47b1b: Bootstrap starting.
I20260709 13:14:53.922011  6250 tablet_bootstrap.cc:654] T d026a2c7b6fd4f4d9960a0d8ff573094 P a24d66f61a60433d969f48acf7443203: Neither blocks nor log segments found. Creating new log.
I20260709 13:14:53.924718  6248 tablet_bootstrap.cc:654] T b4884d66eb674997add034771f32b6a6 P 7e8b3cb2ece3458c9a0fe0eacfc47b1b: Neither blocks nor log segments found. Creating new log.
I20260709 13:14:53.925261  6247 tablet_bootstrap.cc:654] T d026a2c7b6fd4f4d9960a0d8ff573094 P 38f9fa2e1d1c442aa7e21bcacff9e866: Neither blocks nor log segments found. Creating new log.
I20260709 13:14:53.973675  6247 tablet_bootstrap.cc:492] T d026a2c7b6fd4f4d9960a0d8ff573094 P 38f9fa2e1d1c442aa7e21bcacff9e866: No bootstrap required, opened a new log
I20260709 13:14:53.974128  6247 ts_tablet_manager.cc:1403] T d026a2c7b6fd4f4d9960a0d8ff573094 P 38f9fa2e1d1c442aa7e21bcacff9e866: Time spent bootstrapping tablet: real 0.064s	user 0.021s	sys 0.032s
I20260709 13:14:53.974720  6250 tablet_bootstrap.cc:492] T d026a2c7b6fd4f4d9960a0d8ff573094 P a24d66f61a60433d969f48acf7443203: No bootstrap required, opened a new log
I20260709 13:14:53.975116  6250 ts_tablet_manager.cc:1403] T d026a2c7b6fd4f4d9960a0d8ff573094 P a24d66f61a60433d969f48acf7443203: Time spent bootstrapping tablet: real 0.067s	user 0.020s	sys 0.032s
I20260709 13:14:53.975317  6248 tablet_bootstrap.cc:492] T b4884d66eb674997add034771f32b6a6 P 7e8b3cb2ece3458c9a0fe0eacfc47b1b: No bootstrap required, opened a new log
I20260709 13:14:53.975721  6248 ts_tablet_manager.cc:1403] T b4884d66eb674997add034771f32b6a6 P 7e8b3cb2ece3458c9a0fe0eacfc47b1b: Time spent bootstrapping tablet: real 0.057s	user 0.008s	sys 0.018s
I20260709 13:14:53.976691  6247 raft_consensus.cc:359] T d026a2c7b6fd4f4d9960a0d8ff573094 P 38f9fa2e1d1c442aa7e21bcacff9e866 [term 0 FOLLOWER]: Replica starting. Triggering 0 pending ops. Active config: opid_index: -1 OBSOLETE_local: false peers { permanent_uuid: "7e8b3cb2ece3458c9a0fe0eacfc47b1b" member_type: VOTER last_known_addr { host: "127.4.216.193" port: 32925 } } peers { permanent_uuid: "38f9fa2e1d1c442aa7e21bcacff9e866" member_type: VOTER last_known_addr { host: "127.4.216.194" port: 43807 } } peers { permanent_uuid: "a24d66f61a60433d969f48acf7443203" member_type: VOTER last_known_addr { host: "127.4.216.195" port: 43505 } }
I20260709 13:14:53.976971  6250 raft_consensus.cc:359] T d026a2c7b6fd4f4d9960a0d8ff573094 P a24d66f61a60433d969f48acf7443203 [term 0 FOLLOWER]: Replica starting. Triggering 0 pending ops. Active config: opid_index: -1 OBSOLETE_local: false peers { permanent_uuid: "7e8b3cb2ece3458c9a0fe0eacfc47b1b" member_type: VOTER last_known_addr { host: "127.4.216.193" port: 32925 } } peers { permanent_uuid: "38f9fa2e1d1c442aa7e21bcacff9e866" member_type: VOTER last_known_addr { host: "127.4.216.194" port: 43807 } } peers { permanent_uuid: "a24d66f61a60433d969f48acf7443203" member_type: VOTER last_known_addr { host: "127.4.216.195" port: 43505 } }
I20260709 13:14:53.977367  6247 raft_consensus.cc:385] T d026a2c7b6fd4f4d9960a0d8ff573094 P 38f9fa2e1d1c442aa7e21bcacff9e866 [term 0 FOLLOWER]: Consensus starting up: Expiring failure detector timer to make a prompt election more likely
I20260709 13:14:53.977654  6250 raft_consensus.cc:385] T d026a2c7b6fd4f4d9960a0d8ff573094 P a24d66f61a60433d969f48acf7443203 [term 0 FOLLOWER]: Consensus starting up: Expiring failure detector timer to make a prompt election more likely
I20260709 13:14:53.977686  6247 raft_consensus.cc:740] T d026a2c7b6fd4f4d9960a0d8ff573094 P 38f9fa2e1d1c442aa7e21bcacff9e866 [term 0 FOLLOWER]: Becoming Follower/Learner. State: Replica: 38f9fa2e1d1c442aa7e21bcacff9e866, State: Initialized, Role: FOLLOWER
I20260709 13:14:53.978055  6250 raft_consensus.cc:740] T d026a2c7b6fd4f4d9960a0d8ff573094 P a24d66f61a60433d969f48acf7443203 [term 0 FOLLOWER]: Becoming Follower/Learner. State: Replica: a24d66f61a60433d969f48acf7443203, State: Initialized, Role: FOLLOWER
I20260709 13:14:53.978220  6248 raft_consensus.cc:359] T b4884d66eb674997add034771f32b6a6 P 7e8b3cb2ece3458c9a0fe0eacfc47b1b [term 0 FOLLOWER]: Replica starting. Triggering 0 pending ops. Active config: opid_index: -1 OBSOLETE_local: false peers { permanent_uuid: "7e8b3cb2ece3458c9a0fe0eacfc47b1b" member_type: VOTER last_known_addr { host: "127.4.216.193" port: 32925 } } peers { permanent_uuid: "38f9fa2e1d1c442aa7e21bcacff9e866" member_type: VOTER last_known_addr { host: "127.4.216.194" port: 43807 } } peers { permanent_uuid: "a24d66f61a60433d969f48acf7443203" member_type: VOTER last_known_addr { host: "127.4.216.195" port: 43505 } }
I20260709 13:14:53.978976  6248 raft_consensus.cc:385] T b4884d66eb674997add034771f32b6a6 P 7e8b3cb2ece3458c9a0fe0eacfc47b1b [term 0 FOLLOWER]: Consensus starting up: Expiring failure detector timer to make a prompt election more likely
I20260709 13:14:53.979017  6247 consensus_queue.cc:260] T d026a2c7b6fd4f4d9960a0d8ff573094 P 38f9fa2e1d1c442aa7e21bcacff9e866 [NON_LEADER]: Queue going to NON_LEADER mode. State: All replicated index: 0, Majority replicated index: 0, Committed index: 0, Last appended: 0.0, Last appended by leader: 0, Current term: 0, Majority size: -1, State: 0, Mode: NON_LEADER, active raft config: opid_index: -1 OBSOLETE_local: false peers { permanent_uuid: "7e8b3cb2ece3458c9a0fe0eacfc47b1b" member_type: VOTER last_known_addr { host: "127.4.216.193" port: 32925 } } peers { permanent_uuid: "38f9fa2e1d1c442aa7e21bcacff9e866" member_type: VOTER last_known_addr { host: "127.4.216.194" port: 43807 } } peers { permanent_uuid: "a24d66f61a60433d969f48acf7443203" member_type: VOTER last_known_addr { host: "127.4.216.195" port: 43505 } }
I20260709 13:14:53.979430  6248 raft_consensus.cc:740] T b4884d66eb674997add034771f32b6a6 P 7e8b3cb2ece3458c9a0fe0eacfc47b1b [term 0 FOLLOWER]: Becoming Follower/Learner. State: Replica: 7e8b3cb2ece3458c9a0fe0eacfc47b1b, State: Initialized, Role: FOLLOWER
I20260709 13:14:53.978951  6250 consensus_queue.cc:260] T d026a2c7b6fd4f4d9960a0d8ff573094 P a24d66f61a60433d969f48acf7443203 [NON_LEADER]: Queue going to NON_LEADER mode. State: All replicated index: 0, Majority replicated index: 0, Committed index: 0, Last appended: 0.0, Last appended by leader: 0, Current term: 0, Majority size: -1, State: 0, Mode: NON_LEADER, active raft config: opid_index: -1 OBSOLETE_local: false peers { permanent_uuid: "7e8b3cb2ece3458c9a0fe0eacfc47b1b" member_type: VOTER last_known_addr { host: "127.4.216.193" port: 32925 } } peers { permanent_uuid: "38f9fa2e1d1c442aa7e21bcacff9e866" member_type: VOTER last_known_addr { host: "127.4.216.194" port: 43807 } } peers { permanent_uuid: "a24d66f61a60433d969f48acf7443203" member_type: VOTER last_known_addr { host: "127.4.216.195" port: 43505 } }
I20260709 13:14:53.980175  6248 consensus_queue.cc:260] T b4884d66eb674997add034771f32b6a6 P 7e8b3cb2ece3458c9a0fe0eacfc47b1b [NON_LEADER]: Queue going to NON_LEADER mode. State: All replicated index: 0, Majority replicated index: 0, Committed index: 0, Last appended: 0.0, Last appended by leader: 0, Current term: 0, Majority size: -1, State: 0, Mode: NON_LEADER, active raft config: opid_index: -1 OBSOLETE_local: false peers { permanent_uuid: "7e8b3cb2ece3458c9a0fe0eacfc47b1b" member_type: VOTER last_known_addr { host: "127.4.216.193" port: 32925 } } peers { permanent_uuid: "38f9fa2e1d1c442aa7e21bcacff9e866" member_type: VOTER last_known_addr { host: "127.4.216.194" port: 43807 } } peers { permanent_uuid: "a24d66f61a60433d969f48acf7443203" member_type: VOTER last_known_addr { host: "127.4.216.195" port: 43505 } }
I20260709 13:14:53.981485  6250 ts_tablet_manager.cc:1434] T d026a2c7b6fd4f4d9960a0d8ff573094 P a24d66f61a60433d969f48acf7443203: Time spent starting tablet: real 0.006s	user 0.006s	sys 0.001s
I20260709 13:14:53.982095  6248 ts_tablet_manager.cc:1434] T b4884d66eb674997add034771f32b6a6 P 7e8b3cb2ece3458c9a0fe0eacfc47b1b: Time spent starting tablet: real 0.006s	user 0.007s	sys 0.000s
I20260709 13:14:53.982353  6250 tablet_bootstrap.cc:492] T bbf82281630d49d0a6f2f256f1cf167d P a24d66f61a60433d969f48acf7443203: Bootstrap starting.
I20260709 13:14:53.982957  6248 tablet_bootstrap.cc:492] T fadd85e63757400096309908a531da4e P 7e8b3cb2ece3458c9a0fe0eacfc47b1b: Bootstrap starting.
I20260709 13:14:53.988001  6250 tablet_bootstrap.cc:654] T bbf82281630d49d0a6f2f256f1cf167d P a24d66f61a60433d969f48acf7443203: Neither blocks nor log segments found. Creating new log.
I20260709 13:14:53.988797  6248 tablet_bootstrap.cc:654] T fadd85e63757400096309908a531da4e P 7e8b3cb2ece3458c9a0fe0eacfc47b1b: Neither blocks nor log segments found. Creating new log.
I20260709 13:14:53.989478  6247 ts_tablet_manager.cc:1434] T d026a2c7b6fd4f4d9960a0d8ff573094 P 38f9fa2e1d1c442aa7e21bcacff9e866: Time spent starting tablet: real 0.015s	user 0.007s	sys 0.000s
I20260709 13:14:53.990466  6247 tablet_bootstrap.cc:492] T be7e96b62b1d44b19b762f2408e950c5 P 38f9fa2e1d1c442aa7e21bcacff9e866: Bootstrap starting.
I20260709 13:14:53.997712  6247 tablet_bootstrap.cc:654] T be7e96b62b1d44b19b762f2408e950c5 P 38f9fa2e1d1c442aa7e21bcacff9e866: Neither blocks nor log segments found. Creating new log.
I20260709 13:14:54.006816  6247 tablet_bootstrap.cc:492] T be7e96b62b1d44b19b762f2408e950c5 P 38f9fa2e1d1c442aa7e21bcacff9e866: No bootstrap required, opened a new log
I20260709 13:14:54.007252  6247 ts_tablet_manager.cc:1403] T be7e96b62b1d44b19b762f2408e950c5 P 38f9fa2e1d1c442aa7e21bcacff9e866: Time spent bootstrapping tablet: real 0.017s	user 0.010s	sys 0.004s
I20260709 13:14:54.009509  6247 raft_consensus.cc:359] T be7e96b62b1d44b19b762f2408e950c5 P 38f9fa2e1d1c442aa7e21bcacff9e866 [term 0 FOLLOWER]: Replica starting. Triggering 0 pending ops. Active config: opid_index: -1 OBSOLETE_local: false peers { permanent_uuid: "7e8b3cb2ece3458c9a0fe0eacfc47b1b" member_type: VOTER last_known_addr { host: "127.4.216.193" port: 32925 } } peers { permanent_uuid: "38f9fa2e1d1c442aa7e21bcacff9e866" member_type: VOTER last_known_addr { host: "127.4.216.194" port: 43807 } } peers { permanent_uuid: "a24d66f61a60433d969f48acf7443203" member_type: VOTER last_known_addr { host: "127.4.216.195" port: 43505 } }
I20260709 13:14:54.010172  6247 raft_consensus.cc:385] T be7e96b62b1d44b19b762f2408e950c5 P 38f9fa2e1d1c442aa7e21bcacff9e866 [term 0 FOLLOWER]: Consensus starting up: Expiring failure detector timer to make a prompt election more likely
I20260709 13:14:54.010419  6247 raft_consensus.cc:740] T be7e96b62b1d44b19b762f2408e950c5 P 38f9fa2e1d1c442aa7e21bcacff9e866 [term 0 FOLLOWER]: Becoming Follower/Learner. State: Replica: 38f9fa2e1d1c442aa7e21bcacff9e866, State: Initialized, Role: FOLLOWER
I20260709 13:14:54.011000  6248 tablet_bootstrap.cc:492] T fadd85e63757400096309908a531da4e P 7e8b3cb2ece3458c9a0fe0eacfc47b1b: No bootstrap required, opened a new log
I20260709 13:14:54.011471  6248 ts_tablet_manager.cc:1403] T fadd85e63757400096309908a531da4e P 7e8b3cb2ece3458c9a0fe0eacfc47b1b: Time spent bootstrapping tablet: real 0.029s	user 0.013s	sys 0.004s
I20260709 13:14:54.011132  6247 consensus_queue.cc:260] T be7e96b62b1d44b19b762f2408e950c5 P 38f9fa2e1d1c442aa7e21bcacff9e866 [NON_LEADER]: Queue going to NON_LEADER mode. State: All replicated index: 0, Majority replicated index: 0, Committed index: 0, Last appended: 0.0, Last appended by leader: 0, Current term: 0, Majority size: -1, State: 0, Mode: NON_LEADER, active raft config: opid_index: -1 OBSOLETE_local: false peers { permanent_uuid: "7e8b3cb2ece3458c9a0fe0eacfc47b1b" member_type: VOTER last_known_addr { host: "127.4.216.193" port: 32925 } } peers { permanent_uuid: "38f9fa2e1d1c442aa7e21bcacff9e866" member_type: VOTER last_known_addr { host: "127.4.216.194" port: 43807 } } peers { permanent_uuid: "a24d66f61a60433d969f48acf7443203" member_type: VOTER last_known_addr { host: "127.4.216.195" port: 43505 } }
I20260709 13:14:54.014051  6248 raft_consensus.cc:359] T fadd85e63757400096309908a531da4e P 7e8b3cb2ece3458c9a0fe0eacfc47b1b [term 0 FOLLOWER]: Replica starting. Triggering 0 pending ops. Active config: opid_index: -1 OBSOLETE_local: false peers { permanent_uuid: "7e8b3cb2ece3458c9a0fe0eacfc47b1b" member_type: VOTER last_known_addr { host: "127.4.216.193" port: 32925 } } peers { permanent_uuid: "38f9fa2e1d1c442aa7e21bcacff9e866" member_type: VOTER last_known_addr { host: "127.4.216.194" port: 43807 } } peers { permanent_uuid: "a24d66f61a60433d969f48acf7443203" member_type: VOTER last_known_addr { host: "127.4.216.195" port: 43505 } }
I20260709 13:14:54.015746  6248 raft_consensus.cc:385] T fadd85e63757400096309908a531da4e P 7e8b3cb2ece3458c9a0fe0eacfc47b1b [term 0 FOLLOWER]: Consensus starting up: Expiring failure detector timer to make a prompt election more likely
I20260709 13:14:54.016008  6248 raft_consensus.cc:740] T fadd85e63757400096309908a531da4e P 7e8b3cb2ece3458c9a0fe0eacfc47b1b [term 0 FOLLOWER]: Becoming Follower/Learner. State: Replica: 7e8b3cb2ece3458c9a0fe0eacfc47b1b, State: Initialized, Role: FOLLOWER
I20260709 13:14:54.016300  6247 ts_tablet_manager.cc:1434] T be7e96b62b1d44b19b762f2408e950c5 P 38f9fa2e1d1c442aa7e21bcacff9e866: Time spent starting tablet: real 0.009s	user 0.006s	sys 0.001s
I20260709 13:14:54.016695  6248 consensus_queue.cc:260] T fadd85e63757400096309908a531da4e P 7e8b3cb2ece3458c9a0fe0eacfc47b1b [NON_LEADER]: Queue going to NON_LEADER mode. State: All replicated index: 0, Majority replicated index: 0, Committed index: 0, Last appended: 0.0, Last appended by leader: 0, Current term: 0, Majority size: -1, State: 0, Mode: NON_LEADER, active raft config: opid_index: -1 OBSOLETE_local: false peers { permanent_uuid: "7e8b3cb2ece3458c9a0fe0eacfc47b1b" member_type: VOTER last_known_addr { host: "127.4.216.193" port: 32925 } } peers { permanent_uuid: "38f9fa2e1d1c442aa7e21bcacff9e866" member_type: VOTER last_known_addr { host: "127.4.216.194" port: 43807 } } peers { permanent_uuid: "a24d66f61a60433d969f48acf7443203" member_type: VOTER last_known_addr { host: "127.4.216.195" port: 43505 } }
I20260709 13:14:54.017204  6247 tablet_bootstrap.cc:492] T fadd85e63757400096309908a531da4e P 38f9fa2e1d1c442aa7e21bcacff9e866: Bootstrap starting.
I20260709 13:14:54.019639  6248 ts_tablet_manager.cc:1434] T fadd85e63757400096309908a531da4e P 7e8b3cb2ece3458c9a0fe0eacfc47b1b: Time spent starting tablet: real 0.008s	user 0.008s	sys 0.000s
I20260709 13:14:54.024049  6247 tablet_bootstrap.cc:654] T fadd85e63757400096309908a531da4e P 38f9fa2e1d1c442aa7e21bcacff9e866: Neither blocks nor log segments found. Creating new log.
I20260709 13:14:54.029063  6321 raft_consensus.cc:493] T b4884d66eb674997add034771f32b6a6 P 7e8b3cb2ece3458c9a0fe0eacfc47b1b [term 0 FOLLOWER]: Starting pre-election (no leader contacted us within the election timeout)
I20260709 13:14:54.029781  6321 raft_consensus.cc:515] T b4884d66eb674997add034771f32b6a6 P 7e8b3cb2ece3458c9a0fe0eacfc47b1b [term 0 FOLLOWER]: Starting pre-election with config: opid_index: -1 OBSOLETE_local: false peers { permanent_uuid: "7e8b3cb2ece3458c9a0fe0eacfc47b1b" member_type: VOTER last_known_addr { host: "127.4.216.193" port: 32925 } } peers { permanent_uuid: "38f9fa2e1d1c442aa7e21bcacff9e866" member_type: VOTER last_known_addr { host: "127.4.216.194" port: 43807 } } peers { permanent_uuid: "a24d66f61a60433d969f48acf7443203" member_type: VOTER last_known_addr { host: "127.4.216.195" port: 43505 } }
I20260709 13:14:54.030750  6248 tablet_bootstrap.cc:492] T bc6d9c17ad3a46efb4184af34e799a3a P 7e8b3cb2ece3458c9a0fe0eacfc47b1b: Bootstrap starting.
I20260709 13:14:54.031251  6252 raft_consensus.cc:493] T d026a2c7b6fd4f4d9960a0d8ff573094 P 38f9fa2e1d1c442aa7e21bcacff9e866 [term 0 FOLLOWER]: Starting pre-election (no leader contacted us within the election timeout)
I20260709 13:14:54.031679  6252 raft_consensus.cc:515] T d026a2c7b6fd4f4d9960a0d8ff573094 P 38f9fa2e1d1c442aa7e21bcacff9e866 [term 0 FOLLOWER]: Starting pre-election with config: opid_index: -1 OBSOLETE_local: false peers { permanent_uuid: "7e8b3cb2ece3458c9a0fe0eacfc47b1b" member_type: VOTER last_known_addr { host: "127.4.216.193" port: 32925 } } peers { permanent_uuid: "38f9fa2e1d1c442aa7e21bcacff9e866" member_type: VOTER last_known_addr { host: "127.4.216.194" port: 43807 } } peers { permanent_uuid: "a24d66f61a60433d969f48acf7443203" member_type: VOTER last_known_addr { host: "127.4.216.195" port: 43505 } }
I20260709 13:14:54.032610  6321 leader_election.cc:290] T b4884d66eb674997add034771f32b6a6 P 7e8b3cb2ece3458c9a0fe0eacfc47b1b [CANDIDATE]: Term 1 pre-election: Requested pre-vote from peers 38f9fa2e1d1c442aa7e21bcacff9e866 (127.4.216.194:43807), a24d66f61a60433d969f48acf7443203 (127.4.216.195:43505)
I20260709 13:14:54.033615  6252 leader_election.cc:290] T d026a2c7b6fd4f4d9960a0d8ff573094 P 38f9fa2e1d1c442aa7e21bcacff9e866 [CANDIDATE]: Term 1 pre-election: Requested pre-vote from peers 7e8b3cb2ece3458c9a0fe0eacfc47b1b (127.4.216.193:32925), a24d66f61a60433d969f48acf7443203 (127.4.216.195:43505)
I20260709 13:14:54.035228  6206 tablet_service.cc:1917] Received RequestConsensusVote() RPC: tablet_id: "b4884d66eb674997add034771f32b6a6" candidate_uuid: "7e8b3cb2ece3458c9a0fe0eacfc47b1b" candidate_term: 1 candidate_status { last_received { term: 0 index: 0 } } ignore_live_leader: false dest_uuid: "a24d66f61a60433d969f48acf7443203" is_pre_election: true
I20260709 13:14:54.036423  6057 tablet_service.cc:1917] Received RequestConsensusVote() RPC: tablet_id: "d026a2c7b6fd4f4d9960a0d8ff573094" candidate_uuid: "38f9fa2e1d1c442aa7e21bcacff9e866" candidate_term: 1 candidate_status { last_received { term: 0 index: 0 } } ignore_live_leader: false dest_uuid: "7e8b3cb2ece3458c9a0fe0eacfc47b1b" is_pre_election: true
I20260709 13:14:54.036772  6248 tablet_bootstrap.cc:654] T bc6d9c17ad3a46efb4184af34e799a3a P 7e8b3cb2ece3458c9a0fe0eacfc47b1b: Neither blocks nor log segments found. Creating new log.
I20260709 13:14:54.037066  6057 raft_consensus.cc:2468] T d026a2c7b6fd4f4d9960a0d8ff573094 P 7e8b3cb2ece3458c9a0fe0eacfc47b1b [term 0 FOLLOWER]: Leader pre-election vote request: Granting yes vote for candidate 38f9fa2e1d1c442aa7e21bcacff9e866 in term 0.
I20260709 13:14:54.039202  6096 leader_election.cc:304] T d026a2c7b6fd4f4d9960a0d8ff573094 P 38f9fa2e1d1c442aa7e21bcacff9e866 [CANDIDATE]: Term 1 pre-election: Election decided. Result: candidate won. Election summary: received 2 responses out of 3 voters: 2 yes votes; 0 no votes. yes voters: 38f9fa2e1d1c442aa7e21bcacff9e866, 7e8b3cb2ece3458c9a0fe0eacfc47b1b; no voters: 
I20260709 13:14:54.039901  6206 tablet_service.cc:1917] Received RequestConsensusVote() RPC: tablet_id: "d026a2c7b6fd4f4d9960a0d8ff573094" candidate_uuid: "38f9fa2e1d1c442aa7e21bcacff9e866" candidate_term: 1 candidate_status { last_received { term: 0 index: 0 } } ignore_live_leader: false dest_uuid: "a24d66f61a60433d969f48acf7443203" is_pre_election: true
I20260709 13:14:54.040813  6206 raft_consensus.cc:2468] T d026a2c7b6fd4f4d9960a0d8ff573094 P a24d66f61a60433d969f48acf7443203 [term 0 FOLLOWER]: Leader pre-election vote request: Granting yes vote for candidate 38f9fa2e1d1c442aa7e21bcacff9e866 in term 0.
I20260709 13:14:54.041325  6302 raft_consensus.cc:2804] T d026a2c7b6fd4f4d9960a0d8ff573094 P 38f9fa2e1d1c442aa7e21bcacff9e866 [term 0 FOLLOWER]: Leader pre-election won for term 1
I20260709 13:14:54.041841  6302 raft_consensus.cc:493] T d026a2c7b6fd4f4d9960a0d8ff573094 P 38f9fa2e1d1c442aa7e21bcacff9e866 [term 0 FOLLOWER]: Starting leader election (no leader contacted us within the election timeout)
I20260709 13:14:54.042255  6302 raft_consensus.cc:3060] T d026a2c7b6fd4f4d9960a0d8ff573094 P 38f9fa2e1d1c442aa7e21bcacff9e866 [term 0 FOLLOWER]: Advancing to term 1
I20260709 13:14:54.039139  6132 tablet_service.cc:1917] Received RequestConsensusVote() RPC: tablet_id: "b4884d66eb674997add034771f32b6a6" candidate_uuid: "7e8b3cb2ece3458c9a0fe0eacfc47b1b" candidate_term: 1 candidate_status { last_received { term: 0 index: 0 } } ignore_live_leader: false dest_uuid: "38f9fa2e1d1c442aa7e21bcacff9e866" is_pre_election: true
I20260709 13:14:54.045929  6022 leader_election.cc:304] T b4884d66eb674997add034771f32b6a6 P 7e8b3cb2ece3458c9a0fe0eacfc47b1b [CANDIDATE]: Term 1 pre-election: Election decided. Result: candidate lost. Election summary: received 3 responses out of 3 voters: 1 yes votes; 2 no votes. yes voters: 7e8b3cb2ece3458c9a0fe0eacfc47b1b; no voters: 38f9fa2e1d1c442aa7e21bcacff9e866, a24d66f61a60433d969f48acf7443203
I20260709 13:14:54.048309  6321 raft_consensus.cc:2749] T b4884d66eb674997add034771f32b6a6 P 7e8b3cb2ece3458c9a0fe0eacfc47b1b [term 0 FOLLOWER]: Leader pre-election lost for term 1. Reason: could not achieve majority
