I20260709 13:14:44.171494  6233 raft_consensus.cc:1275] T 6db1b26db5d64561bdd34c1d257fd088 P 1659e6c1bfd446cf9f5c6391cf99eba3 [term 3 FOLLOWER]: Refusing update from remote peer 45e736f803594895ad1a13c20eeb57f3: Log matching property violated. Preceding OpId in replica: term: 2 index: 2. Preceding OpId from leader: term: 3 index: 3. (index mismatch)
I20260709 13:14:44.172966  6399 consensus_queue.cc:1048] T 6db1b26db5d64561bdd34c1d257fd088 P 45e736f803594895ad1a13c20eeb57f3 [LEADER]: Connected to new peer: Peer: permanent_uuid: "1659e6c1bfd446cf9f5c6391cf99eba3" member_type: VOTER last_known_addr { host: "127.5.85.195" port: 44297 }, Status: LMP_MISMATCH, Last received: 0.0, Next index: 3, Last known committed idx: 2, Time since last communication: 0.000s
I20260709 13:14:44.177155  6233 raft_consensus.cc:1275] T 60c8dc2fb9db410c9f3c87a4a26ad831 P 1659e6c1bfd446cf9f5c6391cf99eba3 [term 3 FOLLOWER]: Refusing update from remote peer 45e736f803594895ad1a13c20eeb57f3: Log matching property violated. Preceding OpId in replica: term: 2 index: 2. Preceding OpId from leader: term: 3 index: 3. (index mismatch)
I20260709 13:14:44.179100  6383 consensus_queue.cc:1048] T 60c8dc2fb9db410c9f3c87a4a26ad831 P 45e736f803594895ad1a13c20eeb57f3 [LEADER]: Connected to new peer: Peer: permanent_uuid: "1659e6c1bfd446cf9f5c6391cf99eba3" member_type: VOTER last_known_addr { host: "127.5.85.195" port: 44297 }, Status: LMP_MISMATCH, Last received: 0.0, Next index: 3, Last known committed idx: 2, Time since last communication: 0.001s
I20260709 13:14:44.182559  6403 raft_consensus.cc:993] T bde4d8e6691a4d24ad8317c0049353c4 P 5e0a9a217caa4fffb9bf6b4865939d95: : Instructing follower 45e736f803594895ad1a13c20eeb57f3 to start an election
I20260709 13:14:44.182968  6403 raft_consensus.cc:1081] T bde4d8e6691a4d24ad8317c0049353c4 P 5e0a9a217caa4fffb9bf6b4865939d95 [term 2 LEADER]: Signalling peer 45e736f803594895ad1a13c20eeb57f3 to start an election
I20260709 13:14:44.184818  6085 tablet_service.cc:2044] Received Run Leader Election RPC: tablet_id: "bde4d8e6691a4d24ad8317c0049353c4"
dest_uuid: "45e736f803594895ad1a13c20eeb57f3"
 from {username='slave'} at 127.0.0.1:42782
I20260709 13:14:44.185360  6085 raft_consensus.cc:493] T bde4d8e6691a4d24ad8317c0049353c4 P 45e736f803594895ad1a13c20eeb57f3 [term 2 FOLLOWER]: Starting forced leader election (received explicit request)
I20260709 13:14:44.185730  6085 raft_consensus.cc:3060] T bde4d8e6691a4d24ad8317c0049353c4 P 45e736f803594895ad1a13c20eeb57f3 [term 2 FOLLOWER]: Advancing to term 3
I20260709 13:14:44.198896  6156 raft_consensus.cc:1275] T 6db1b26db5d64561bdd34c1d257fd088 P 5e0a9a217caa4fffb9bf6b4865939d95 [term 3 FOLLOWER]: Refusing update from remote peer 45e736f803594895ad1a13c20eeb57f3: Log matching property violated. Preceding OpId in replica: term: 2 index: 2. Preceding OpId from leader: term: 3 index: 3. (index mismatch)
I20260709 13:14:44.204744  6399 consensus_queue.cc:1048] T 6db1b26db5d64561bdd34c1d257fd088 P 45e736f803594895ad1a13c20eeb57f3 [LEADER]: Connected to new peer: Peer: permanent_uuid: "5e0a9a217caa4fffb9bf6b4865939d95" member_type: VOTER last_known_addr { host: "127.5.85.194" port: 40703 }, Status: LMP_MISMATCH, Last received: 0.0, Next index: 3, Last known committed idx: 2, Time since last communication: 0.000s
I20260709 13:14:44.195892  6085 raft_consensus.cc:515] T bde4d8e6691a4d24ad8317c0049353c4 P 45e736f803594895ad1a13c20eeb57f3 [term 3 FOLLOWER]: Starting forced leader election with config: opid_index: -1 OBSOLETE_local: false peers { permanent_uuid: "45e736f803594895ad1a13c20eeb57f3" member_type: VOTER last_known_addr { host: "127.5.85.193" port: 36367 } } peers { permanent_uuid: "5e0a9a217caa4fffb9bf6b4865939d95" member_type: VOTER last_known_addr { host: "127.5.85.194" port: 40703 } } peers { permanent_uuid: "1659e6c1bfd446cf9f5c6391cf99eba3" member_type: VOTER last_known_addr { host: "127.5.85.195" port: 44297 } }
I20260709 13:14:44.207370  6085 leader_election.cc:290] T bde4d8e6691a4d24ad8317c0049353c4 P 45e736f803594895ad1a13c20eeb57f3 [CANDIDATE]: Term 3 election: Requested vote from peers 5e0a9a217caa4fffb9bf6b4865939d95 (127.5.85.194:40703), 1659e6c1bfd446cf9f5c6391cf99eba3 (127.5.85.195:44297)
I20260709 13:14:44.209323  6232 tablet_service.cc:1917] Received RequestConsensusVote() RPC: tablet_id: "bde4d8e6691a4d24ad8317c0049353c4" candidate_uuid: "45e736f803594895ad1a13c20eeb57f3" candidate_term: 3 candidate_status { last_received { term: 2 index: 2 } } ignore_live_leader: true dest_uuid: "1659e6c1bfd446cf9f5c6391cf99eba3"
I20260709 13:14:44.209909  6232 raft_consensus.cc:3060] T bde4d8e6691a4d24ad8317c0049353c4 P 1659e6c1bfd446cf9f5c6391cf99eba3 [term 2 FOLLOWER]: Advancing to term 3
I20260709 13:14:44.211508  6234 raft_consensus.cc:1275] T 667f542b59fd483d9aaac4966173d1bc P 1659e6c1bfd446cf9f5c6391cf99eba3 [term 3 FOLLOWER]: Refusing update from remote peer 45e736f803594895ad1a13c20eeb57f3: Log matching property violated. Preceding OpId in replica: term: 2 index: 2. Preceding OpId from leader: term: 3 index: 3. (index mismatch)
I20260709 13:14:44.212011  6156 tablet_service.cc:1917] Received RequestConsensusVote() RPC: tablet_id: "bde4d8e6691a4d24ad8317c0049353c4" candidate_uuid: "45e736f803594895ad1a13c20eeb57f3" candidate_term: 3 candidate_status { last_received { term: 2 index: 2 } } ignore_live_leader: true dest_uuid: "5e0a9a217caa4fffb9bf6b4865939d95"
I20260709 13:14:44.212581  6156 raft_consensus.cc:3055] T bde4d8e6691a4d24ad8317c0049353c4 P 5e0a9a217caa4fffb9bf6b4865939d95 [term 2 LEADER]: Stepping down as leader of term 2
I20260709 13:14:44.212895  6156 raft_consensus.cc:740] T bde4d8e6691a4d24ad8317c0049353c4 P 5e0a9a217caa4fffb9bf6b4865939d95 [term 2 LEADER]: Becoming Follower/Learner. State: Replica: 5e0a9a217caa4fffb9bf6b4865939d95, State: Running, Role: LEADER
I20260709 13:14:44.213703  6156 consensus_queue.cc:260] T bde4d8e6691a4d24ad8317c0049353c4 P 5e0a9a217caa4fffb9bf6b4865939d95 [NON_LEADER]: Queue going to NON_LEADER mode. State: All replicated index: 0, Majority replicated index: 2, Committed index: 2, Last appended: 2.2, Last appended by leader: 2, Current term: 2, Majority size: -1, State: 0, Mode: NON_LEADER, active raft config: opid_index: -1 OBSOLETE_local: false peers { permanent_uuid: "45e736f803594895ad1a13c20eeb57f3" member_type: VOTER last_known_addr { host: "127.5.85.193" port: 36367 } } peers { permanent_uuid: "5e0a9a217caa4fffb9bf6b4865939d95" member_type: VOTER last_known_addr { host: "127.5.85.194" port: 40703 } } peers { permanent_uuid: "1659e6c1bfd446cf9f5c6391cf99eba3" member_type: VOTER last_known_addr { host: "127.5.85.195" port: 44297 } }
I20260709 13:14:44.214977  6156 raft_consensus.cc:3060] T bde4d8e6691a4d24ad8317c0049353c4 P 5e0a9a217caa4fffb9bf6b4865939d95 [term 2 FOLLOWER]: Advancing to term 3
I20260709 13:14:44.216661  6232 raft_consensus.cc:2468] T bde4d8e6691a4d24ad8317c0049353c4 P 1659e6c1bfd446cf9f5c6391cf99eba3 [term 3 FOLLOWER]: Leader election vote request: Granting yes vote for candidate 45e736f803594895ad1a13c20eeb57f3 in term 3.
I20260709 13:14:44.218096  6383 consensus_queue.cc:1048] T 667f542b59fd483d9aaac4966173d1bc P 45e736f803594895ad1a13c20eeb57f3 [LEADER]: Connected to new peer: Peer: permanent_uuid: "1659e6c1bfd446cf9f5c6391cf99eba3" member_type: VOTER last_known_addr { host: "127.5.85.195" port: 44297 }, Status: LMP_MISMATCH, Last received: 0.0, Next index: 3, Last known committed idx: 2, Time since last communication: 0.000s
I20260709 13:14:44.218114  6048 leader_election.cc:304] T bde4d8e6691a4d24ad8317c0049353c4 P 45e736f803594895ad1a13c20eeb57f3 [CANDIDATE]: Term 3 election: Election decided. Result: candidate won. Election summary: received 2 responses out of 3 voters: 2 yes votes; 0 no votes. yes voters: 1659e6c1bfd446cf9f5c6391cf99eba3, 45e736f803594895ad1a13c20eeb57f3; no voters: 
I20260709 13:14:44.220659  6383 raft_consensus.cc:2804] T bde4d8e6691a4d24ad8317c0049353c4 P 45e736f803594895ad1a13c20eeb57f3 [term 3 FOLLOWER]: Leader election won for term 3
I20260709 13:14:44.221391  6383 raft_consensus.cc:697] T bde4d8e6691a4d24ad8317c0049353c4 P 45e736f803594895ad1a13c20eeb57f3 [term 3 LEADER]: Becoming Leader. State: Replica: 45e736f803594895ad1a13c20eeb57f3, State: Running, Role: LEADER
I20260709 13:14:44.223548  6156 raft_consensus.cc:2468] T bde4d8e6691a4d24ad8317c0049353c4 P 5e0a9a217caa4fffb9bf6b4865939d95 [term 3 FOLLOWER]: Leader election vote request: Granting yes vote for candidate 45e736f803594895ad1a13c20eeb57f3 in term 3.
I20260709 13:14:44.222318  6383 consensus_queue.cc:237] T bde4d8e6691a4d24ad8317c0049353c4 P 45e736f803594895ad1a13c20eeb57f3 [LEADER]: Queue going to LEADER mode. State: All replicated index: 0, Majority replicated index: 2, Committed index: 2, Last appended: 2.2, Last appended by leader: 2, Current term: 3, Majority size: 2, State: 0, Mode: LEADER, active raft config: opid_index: -1 OBSOLETE_local: false peers { permanent_uuid: "45e736f803594895ad1a13c20eeb57f3" member_type: VOTER last_known_addr { host: "127.5.85.193" port: 36367 } } peers { permanent_uuid: "5e0a9a217caa4fffb9bf6b4865939d95" member_type: VOTER last_known_addr { host: "127.5.85.194" port: 40703 } } peers { permanent_uuid: "1659e6c1bfd446cf9f5c6391cf99eba3" member_type: VOTER last_known_addr { host: "127.5.85.195" port: 44297 } }
I20260709 13:14:44.231189  6156 raft_consensus.cc:1275] T 667f542b59fd483d9aaac4966173d1bc P 5e0a9a217caa4fffb9bf6b4865939d95 [term 3 FOLLOWER]: Refusing update from remote peer 45e736f803594895ad1a13c20eeb57f3: Log matching property violated. Preceding OpId in replica: term: 2 index: 2. Preceding OpId from leader: term: 3 index: 3. (index mismatch)
I20260709 13:14:44.233305  6406 consensus_queue.cc:1048] T 667f542b59fd483d9aaac4966173d1bc P 45e736f803594895ad1a13c20eeb57f3 [LEADER]: Connected to new peer: Peer: permanent_uuid: "5e0a9a217caa4fffb9bf6b4865939d95" member_type: VOTER last_known_addr { host: "127.5.85.194" port: 40703 }, Status: LMP_MISMATCH, Last received: 0.0, Next index: 3, Last known committed idx: 2, Time since last communication: 0.001s
I20260709 13:14:44.246932  5981 catalog_manager.cc:5697] T bde4d8e6691a4d24ad8317c0049353c4 P 45e736f803594895ad1a13c20eeb57f3 reported cstate change: term changed from 2 to 3, leader changed from 5e0a9a217caa4fffb9bf6b4865939d95 (127.5.85.194) to 45e736f803594895ad1a13c20eeb57f3 (127.5.85.193). New cstate: current_term: 3 leader_uuid: "45e736f803594895ad1a13c20eeb57f3" committed_config { opid_index: -1 OBSOLETE_local: false peers { permanent_uuid: "45e736f803594895ad1a13c20eeb57f3" member_type: VOTER last_known_addr { host: "127.5.85.193" port: 36367 } health_report { overall_health: HEALTHY } } peers { permanent_uuid: "5e0a9a217caa4fffb9bf6b4865939d95" member_type: VOTER last_known_addr { host: "127.5.85.194" port: 40703 } health_report { overall_health: UNKNOWN } } peers { permanent_uuid: "1659e6c1bfd446cf9f5c6391cf99eba3" member_type: VOTER last_known_addr { host: "127.5.85.195" port: 44297 } health_report { overall_health: UNKNOWN } } }
I20260709 13:14:44.639925  6159 raft_consensus.cc:1275] T 1069311543514a429a2ec943d435a0e4 P 5e0a9a217caa4fffb9bf6b4865939d95 [term 3 FOLLOWER]: Refusing update from remote peer 45e736f803594895ad1a13c20eeb57f3: Log matching property violated. Preceding OpId in replica: term: 2 index: 2. Preceding OpId from leader: term: 3 index: 3. (index mismatch)
I20260709 13:14:44.641734  6399 consensus_queue.cc:1048] T 1069311543514a429a2ec943d435a0e4 P 45e736f803594895ad1a13c20eeb57f3 [LEADER]: Connected to new peer: Peer: permanent_uuid: "5e0a9a217caa4fffb9bf6b4865939d95" member_type: VOTER last_known_addr { host: "127.5.85.194" port: 40703 }, Status: LMP_MISMATCH, Last received: 0.0, Next index: 3, Last known committed idx: 2, Time since last communication: 0.001s
I20260709 13:14:44.645618  6232 raft_consensus.cc:1275] T 1069311543514a429a2ec943d435a0e4 P 1659e6c1bfd446cf9f5c6391cf99eba3 [term 3 FOLLOWER]: Refusing update from remote peer 45e736f803594895ad1a13c20eeb57f3: Log matching property violated. Preceding OpId in replica: term: 2 index: 2. Preceding OpId from leader: term: 3 index: 3. (index mismatch)
I20260709 13:14:44.647562  6399 consensus_queue.cc:1048] T 1069311543514a429a2ec943d435a0e4 P 45e736f803594895ad1a13c20eeb57f3 [LEADER]: Connected to new peer: Peer: permanent_uuid: "1659e6c1bfd446cf9f5c6391cf99eba3" member_type: VOTER last_known_addr { host: "127.5.85.195" port: 44297 }, Status: LMP_MISMATCH, Last received: 0.0, Next index: 3, Last known committed idx: 2, Time since last communication: 0.000s
I20260709 13:14:44.793431  6159 raft_consensus.cc:1275] T bde4d8e6691a4d24ad8317c0049353c4 P 5e0a9a217caa4fffb9bf6b4865939d95 [term 3 FOLLOWER]: Refusing update from remote peer 45e736f803594895ad1a13c20eeb57f3: Log matching property violated. Preceding OpId in replica: term: 2 index: 2. Preceding OpId from leader: term: 3 index: 3. (index mismatch)
I20260709 13:14:44.794553  6399 consensus_queue.cc:1048] T bde4d8e6691a4d24ad8317c0049353c4 P 45e736f803594895ad1a13c20eeb57f3 [LEADER]: Connected to new peer: Peer: permanent_uuid: "5e0a9a217caa4fffb9bf6b4865939d95" member_type: VOTER last_known_addr { host: "127.5.85.194" port: 40703 }, Status: LMP_MISMATCH, Last received: 0.0, Next index: 3, Last known committed idx: 2, Time since last communication: 0.000s
I20260709 13:14:44.805617  6234 raft_consensus.cc:1275] T bde4d8e6691a4d24ad8317c0049353c4 P 1659e6c1bfd446cf9f5c6391cf99eba3 [term 3 FOLLOWER]: Refusing update from remote peer 45e736f803594895ad1a13c20eeb57f3: Log matching property violated. Preceding OpId in replica: term: 2 index: 2. Preceding OpId from leader: term: 3 index: 3. (index mismatch)
I20260709 13:14:44.819096  6406 consensus_queue.cc:1048] T bde4d8e6691a4d24ad8317c0049353c4 P 45e736f803594895ad1a13c20eeb57f3 [LEADER]: Connected to new peer: Peer: permanent_uuid: "1659e6c1bfd446cf9f5c6391cf99eba3" member_type: VOTER last_known_addr { host: "127.5.85.195" port: 44297 }, Status: LMP_MISMATCH, Last received: 0.0, Next index: 3, Last known committed idx: 2, Time since last communication: 0.001s
I20260709 13:14:46.679751  5463 auto_leader_rebalancer.cc:141] leader rebalance for table test-workload
I20260709 13:14:46.687423  6085 tablet_service.cc:2072] Received LeaderStepDown RPC: tablet_id: "58d9df49d5294d25a2f2146f4401ae9f"
dest_uuid: "45e736f803594895ad1a13c20eeb57f3"
mode: GRACEFUL
new_leader_uuid: "1659e6c1bfd446cf9f5c6391cf99eba3"
 from {username='slave'} at 127.0.0.1:42804
I20260709 13:14:46.688086  6085 raft_consensus.cc:606] T 58d9df49d5294d25a2f2146f4401ae9f P 45e736f803594895ad1a13c20eeb57f3 [term 2 LEADER]: Received request to transfer leadership to TS 1659e6c1bfd446cf9f5c6391cf99eba3
I20260709 13:14:46.690595  6085 tablet_service.cc:2072] Received LeaderStepDown RPC: tablet_id: "5b23f2d74cbe47c3b2ce31a378f1bc63"
dest_uuid: "45e736f803594895ad1a13c20eeb57f3"
mode: GRACEFUL
new_leader_uuid: "5e0a9a217caa4fffb9bf6b4865939d95"
 from {username='slave'} at 127.0.0.1:42804
I20260709 13:14:46.691076  6085 raft_consensus.cc:606] T 5b23f2d74cbe47c3b2ce31a378f1bc63 P 45e736f803594895ad1a13c20eeb57f3 [term 2 LEADER]: Received request to transfer leadership to TS 5e0a9a217caa4fffb9bf6b4865939d95
I20260709 13:14:46.693637  6085 tablet_service.cc:2072] Received LeaderStepDown RPC: tablet_id: "667f542b59fd483d9aaac4966173d1bc"
dest_uuid: "45e736f803594895ad1a13c20eeb57f3"
mode: GRACEFUL
new_leader_uuid: "1659e6c1bfd446cf9f5c6391cf99eba3"
 from {username='slave'} at 127.0.0.1:42804
I20260709 13:14:46.694169  6085 raft_consensus.cc:606] T 667f542b59fd483d9aaac4966173d1bc P 45e736f803594895ad1a13c20eeb57f3 [term 3 LEADER]: Received request to transfer leadership to TS 1659e6c1bfd446cf9f5c6391cf99eba3
I20260709 13:14:46.696946  6085 tablet_service.cc:2072] Received LeaderStepDown RPC: tablet_id: "bde4d8e6691a4d24ad8317c0049353c4"
dest_uuid: "45e736f803594895ad1a13c20eeb57f3"
mode: GRACEFUL
new_leader_uuid: "5e0a9a217caa4fffb9bf6b4865939d95"
 from {username='slave'} at 127.0.0.1:42804
I20260709 13:14:46.697456  6085 raft_consensus.cc:606] T bde4d8e6691a4d24ad8317c0049353c4 P 45e736f803594895ad1a13c20eeb57f3 [term 3 LEADER]: Received request to transfer leadership to TS 5e0a9a217caa4fffb9bf6b4865939d95
I20260709 13:14:46.698491  5463 auto_leader_rebalancer.cc:452] table: test-workload, leader rebalance finish, leader transfer count: 4
I20260709 13:14:46.699301  5463 auto_leader_rebalancer.cc:527] All tables' leader rebalancing finished this round
I20260709 13:14:46.743453  6406 raft_consensus.cc:993] T bde4d8e6691a4d24ad8317c0049353c4 P 45e736f803594895ad1a13c20eeb57f3: : Instructing follower 5e0a9a217caa4fffb9bf6b4865939d95 to start an election
I20260709 13:14:46.744043  6424 raft_consensus.cc:1081] T bde4d8e6691a4d24ad8317c0049353c4 P 45e736f803594895ad1a13c20eeb57f3 [term 3 LEADER]: Signalling peer 5e0a9a217caa4fffb9bf6b4865939d95 to start an election
I20260709 13:14:46.745350  6159 tablet_service.cc:2044] Received Run Leader Election RPC: tablet_id: "bde4d8e6691a4d24ad8317c0049353c4"
dest_uuid: "5e0a9a217caa4fffb9bf6b4865939d95"
 from {username='slave'} at 127.0.0.1:59092
I20260709 13:14:46.745864  6159 raft_consensus.cc:493] T bde4d8e6691a4d24ad8317c0049353c4 P 5e0a9a217caa4fffb9bf6b4865939d95 [term 3 FOLLOWER]: Starting forced leader election (received explicit request)
I20260709 13:14:46.746155  6159 raft_consensus.cc:3060] T bde4d8e6691a4d24ad8317c0049353c4 P 5e0a9a217caa4fffb9bf6b4865939d95 [term 3 FOLLOWER]: Advancing to term 4
I20260709 13:14:46.750947  6159 raft_consensus.cc:515] T bde4d8e6691a4d24ad8317c0049353c4 P 5e0a9a217caa4fffb9bf6b4865939d95 [term 4 FOLLOWER]: Starting forced leader election with config: opid_index: -1 OBSOLETE_local: false peers { permanent_uuid: "45e736f803594895ad1a13c20eeb57f3" member_type: VOTER last_known_addr { host: "127.5.85.193" port: 36367 } } peers { permanent_uuid: "5e0a9a217caa4fffb9bf6b4865939d95" member_type: VOTER last_known_addr { host: "127.5.85.194" port: 40703 } } peers { permanent_uuid: "1659e6c1bfd446cf9f5c6391cf99eba3" member_type: VOTER last_known_addr { host: "127.5.85.195" port: 44297 } }
I20260709 13:14:46.752365  6159 leader_election.cc:290] T bde4d8e6691a4d24ad8317c0049353c4 P 5e0a9a217caa4fffb9bf6b4865939d95 [CANDIDATE]: Term 4 election: Requested vote from peers 45e736f803594895ad1a13c20eeb57f3 (127.5.85.193:36367), 1659e6c1bfd446cf9f5c6391cf99eba3 (127.5.85.195:44297)
I20260709 13:14:46.753377  6085 tablet_service.cc:1917] Received RequestConsensusVote() RPC: tablet_id: "bde4d8e6691a4d24ad8317c0049353c4" candidate_uuid: "5e0a9a217caa4fffb9bf6b4865939d95" candidate_term: 4 candidate_status { last_received { term: 3 index: 3 } } ignore_live_leader: true dest_uuid: "45e736f803594895ad1a13c20eeb57f3"
I20260709 13:14:46.753638  6234 tablet_service.cc:1917] Received RequestConsensusVote() RPC: tablet_id: "bde4d8e6691a4d24ad8317c0049353c4" candidate_uuid: "5e0a9a217caa4fffb9bf6b4865939d95" candidate_term: 4 candidate_status { last_received { term: 3 index: 3 } } ignore_live_leader: true dest_uuid: "1659e6c1bfd446cf9f5c6391cf99eba3"
I20260709 13:14:46.754047  6085 raft_consensus.cc:3055] T bde4d8e6691a4d24ad8317c0049353c4 P 45e736f803594895ad1a13c20eeb57f3 [term 3 LEADER]: Stepping down as leader of term 3
I20260709 13:14:46.754112  6234 raft_consensus.cc:3060] T bde4d8e6691a4d24ad8317c0049353c4 P 1659e6c1bfd446cf9f5c6391cf99eba3 [term 3 FOLLOWER]: Advancing to term 4
I20260709 13:14:46.754493  6085 raft_consensus.cc:740] T bde4d8e6691a4d24ad8317c0049353c4 P 45e736f803594895ad1a13c20eeb57f3 [term 3 LEADER]: Becoming Follower/Learner. State: Replica: 45e736f803594895ad1a13c20eeb57f3, State: Running, Role: LEADER
I20260709 13:14:46.755419  6085 consensus_queue.cc:260] T bde4d8e6691a4d24ad8317c0049353c4 P 45e736f803594895ad1a13c20eeb57f3 [NON_LEADER]: Queue going to NON_LEADER mode. State: All replicated index: 0, Majority replicated index: 3, Committed index: 3, Last appended: 3.3, Last appended by leader: 3, Current term: 3, Majority size: -1, State: 0, Mode: NON_LEADER, active raft config: opid_index: -1 OBSOLETE_local: false peers { permanent_uuid: "45e736f803594895ad1a13c20eeb57f3" member_type: VOTER last_known_addr { host: "127.5.85.193" port: 36367 } } peers { permanent_uuid: "5e0a9a217caa4fffb9bf6b4865939d95" member_type: VOTER last_known_addr { host: "127.5.85.194" port: 40703 } } peers { permanent_uuid: "1659e6c1bfd446cf9f5c6391cf99eba3" member_type: VOTER last_known_addr { host: "127.5.85.195" port: 44297 } }
I20260709 13:14:46.756785  6085 raft_consensus.cc:3060] T bde4d8e6691a4d24ad8317c0049353c4 P 45e736f803594895ad1a13c20eeb57f3 [term 3 FOLLOWER]: Advancing to term 4
I20260709 13:14:46.761262  6234 raft_consensus.cc:2468] T bde4d8e6691a4d24ad8317c0049353c4 P 1659e6c1bfd446cf9f5c6391cf99eba3 [term 4 FOLLOWER]: Leader election vote request: Granting yes vote for candidate 5e0a9a217caa4fffb9bf6b4865939d95 in term 4.
I20260709 13:14:46.762609  6123 leader_election.cc:304] T bde4d8e6691a4d24ad8317c0049353c4 P 5e0a9a217caa4fffb9bf6b4865939d95 [CANDIDATE]: Term 4 election: Election decided. Result: candidate won. Election summary: received 2 responses out of 3 voters: 2 yes votes; 0 no votes. yes voters: 1659e6c1bfd446cf9f5c6391cf99eba3, 5e0a9a217caa4fffb9bf6b4865939d95; no voters: 
I20260709 13:14:46.763633  6379 raft_consensus.cc:2804] T bde4d8e6691a4d24ad8317c0049353c4 P 5e0a9a217caa4fffb9bf6b4865939d95 [term 4 FOLLOWER]: Leader election won for term 4
I20260709 13:14:46.763708  6085 raft_consensus.cc:2468] T bde4d8e6691a4d24ad8317c0049353c4 P 45e736f803594895ad1a13c20eeb57f3 [term 4 FOLLOWER]: Leader election vote request: Granting yes vote for candidate 5e0a9a217caa4fffb9bf6b4865939d95 in term 4.
I20260709 13:14:46.764634  6379 raft_consensus.cc:697] T bde4d8e6691a4d24ad8317c0049353c4 P 5e0a9a217caa4fffb9bf6b4865939d95 [term 4 LEADER]: Becoming Leader. State: Replica: 5e0a9a217caa4fffb9bf6b4865939d95, State: Running, Role: LEADER
I20260709 13:14:46.765529  6379 consensus_queue.cc:237] T bde4d8e6691a4d24ad8317c0049353c4 P 5e0a9a217caa4fffb9bf6b4865939d95 [LEADER]: Queue going to LEADER mode. State: All replicated index: 0, Majority replicated index: 3, Committed index: 3, Last appended: 3.3, Last appended by leader: 3, Current term: 4, Majority size: 2, State: 0, Mode: LEADER, active raft config: opid_index: -1 OBSOLETE_local: false peers { permanent_uuid: "45e736f803594895ad1a13c20eeb57f3" member_type: VOTER last_known_addr { host: "127.5.85.193" port: 36367 } } peers { permanent_uuid: "5e0a9a217caa4fffb9bf6b4865939d95" member_type: VOTER last_known_addr { host: "127.5.85.194" port: 40703 } } peers { permanent_uuid: "1659e6c1bfd446cf9f5c6391cf99eba3" member_type: VOTER last_known_addr { host: "127.5.85.195" port: 44297 } }
I20260709 13:14:46.771526  5980 catalog_manager.cc:5697] T bde4d8e6691a4d24ad8317c0049353c4 P 5e0a9a217caa4fffb9bf6b4865939d95 reported cstate change: term changed from 3 to 4, leader changed from 45e736f803594895ad1a13c20eeb57f3 (127.5.85.193) to 5e0a9a217caa4fffb9bf6b4865939d95 (127.5.85.194). New cstate: current_term: 4 leader_uuid: "5e0a9a217caa4fffb9bf6b4865939d95" committed_config { opid_index: -1 OBSOLETE_local: false peers { permanent_uuid: "45e736f803594895ad1a13c20eeb57f3" member_type: VOTER last_known_addr { host: "127.5.85.193" port: 36367 } health_report { overall_health: UNKNOWN } } peers { permanent_uuid: "5e0a9a217caa4fffb9bf6b4865939d95" member_type: VOTER last_known_addr { host: "127.5.85.194" port: 40703 } health_report { overall_health: HEALTHY } } peers { permanent_uuid: "1659e6c1bfd446cf9f5c6391cf99eba3" member_type: VOTER last_known_addr { host: "127.5.85.195" port: 44297 } health_report { overall_health: UNKNOWN } } }
I20260709 13:14:46.897207  6406 raft_consensus.cc:993] T 58d9df49d5294d25a2f2146f4401ae9f P 45e736f803594895ad1a13c20eeb57f3: : Instructing follower 1659e6c1bfd446cf9f5c6391cf99eba3 to start an election
I20260709 13:14:46.897675  6424 raft_consensus.cc:1081] T 58d9df49d5294d25a2f2146f4401ae9f P 45e736f803594895ad1a13c20eeb57f3 [term 2 LEADER]: Signalling peer 1659e6c1bfd446cf9f5c6391cf99eba3 to start an election
I20260709 13:14:46.899107  6234 tablet_service.cc:2044] Received Run Leader Election RPC: tablet_id: "58d9df49d5294d25a2f2146f4401ae9f"
dest_uuid: "1659e6c1bfd446cf9f5c6391cf99eba3"
 from {username='slave'} at 127.0.0.1:41920
I20260709 13:14:46.899554  6234 raft_consensus.cc:493] T 58d9df49d5294d25a2f2146f4401ae9f P 1659e6c1bfd446cf9f5c6391cf99eba3 [term 2 FOLLOWER]: Starting forced leader election (received explicit request)
I20260709 13:14:46.899835  6234 raft_consensus.cc:3060] T 58d9df49d5294d25a2f2146f4401ae9f P 1659e6c1bfd446cf9f5c6391cf99eba3 [term 2 FOLLOWER]: Advancing to term 3
I20260709 13:14:46.904053  6234 raft_consensus.cc:515] T 58d9df49d5294d25a2f2146f4401ae9f P 1659e6c1bfd446cf9f5c6391cf99eba3 [term 3 FOLLOWER]: Starting forced leader election with config: opid_index: -1 OBSOLETE_local: false peers { permanent_uuid: "1659e6c1bfd446cf9f5c6391cf99eba3" member_type: VOTER last_known_addr { host: "127.5.85.195" port: 44297 } } peers { permanent_uuid: "5e0a9a217caa4fffb9bf6b4865939d95" member_type: VOTER last_known_addr { host: "127.5.85.194" port: 40703 } } peers { permanent_uuid: "45e736f803594895ad1a13c20eeb57f3" member_type: VOTER last_known_addr { host: "127.5.85.193" port: 36367 } }
I20260709 13:14:46.905792  6234 leader_election.cc:290] T 58d9df49d5294d25a2f2146f4401ae9f P 1659e6c1bfd446cf9f5c6391cf99eba3 [CANDIDATE]: Term 3 election: Requested vote from peers 5e0a9a217caa4fffb9bf6b4865939d95 (127.5.85.194:40703), 45e736f803594895ad1a13c20eeb57f3 (127.5.85.193:36367)
I20260709 13:14:46.906437  6159 tablet_service.cc:1917] Received RequestConsensusVote() RPC: tablet_id: "58d9df49d5294d25a2f2146f4401ae9f" candidate_uuid: "1659e6c1bfd446cf9f5c6391cf99eba3" candidate_term: 3 candidate_status { last_received { term: 2 index: 2 } } ignore_live_leader: true dest_uuid: "5e0a9a217caa4fffb9bf6b4865939d95"
I20260709 13:14:46.906957  6159 raft_consensus.cc:3060] T 58d9df49d5294d25a2f2146f4401ae9f P 5e0a9a217caa4fffb9bf6b4865939d95 [term 2 FOLLOWER]: Advancing to term 3
I20260709 13:14:46.907097  6085 tablet_service.cc:1917] Received RequestConsensusVote() RPC: tablet_id: "58d9df49d5294d25a2f2146f4401ae9f" candidate_uuid: "1659e6c1bfd446cf9f5c6391cf99eba3" candidate_term: 3 candidate_status { last_received { term: 2 index: 2 } } ignore_live_leader: true dest_uuid: "45e736f803594895ad1a13c20eeb57f3"
I20260709 13:14:46.907778  6085 raft_consensus.cc:3055] T 58d9df49d5294d25a2f2146f4401ae9f P 45e736f803594895ad1a13c20eeb57f3 [term 2 LEADER]: Stepping down as leader of term 2
I20260709 13:14:46.907994  6085 raft_consensus.cc:740] T 58d9df49d5294d25a2f2146f4401ae9f P 45e736f803594895ad1a13c20eeb57f3 [term 2 LEADER]: Becoming Follower/Learner. State: Replica: 45e736f803594895ad1a13c20eeb57f3, State: Running, Role: LEADER
I20260709 13:14:46.908686  6085 consensus_queue.cc:260] T 58d9df49d5294d25a2f2146f4401ae9f P 45e736f803594895ad1a13c20eeb57f3 [NON_LEADER]: Queue going to NON_LEADER mode. State: All replicated index: 0, Majority replicated index: 2, Committed index: 2, Last appended: 2.2, Last appended by leader: 2, Current term: 2, Majority size: -1, State: 0, Mode: NON_LEADER, active raft config: opid_index: -1 OBSOLETE_local: false peers { permanent_uuid: "1659e6c1bfd446cf9f5c6391cf99eba3" member_type: VOTER last_known_addr { host: "127.5.85.195" port: 44297 } } peers { permanent_uuid: "5e0a9a217caa4fffb9bf6b4865939d95" member_type: VOTER last_known_addr { host: "127.5.85.194" port: 40703 } } peers { permanent_uuid: "45e736f803594895ad1a13c20eeb57f3" member_type: VOTER last_known_addr { host: "127.5.85.193" port: 36367 } }
I20260709 13:14:46.909643  6085 raft_consensus.cc:3060] T 58d9df49d5294d25a2f2146f4401ae9f P 45e736f803594895ad1a13c20eeb57f3 [term 2 FOLLOWER]: Advancing to term 3
I20260709 13:14:46.911736  6159 raft_consensus.cc:2468] T 58d9df49d5294d25a2f2146f4401ae9f P 5e0a9a217caa4fffb9bf6b4865939d95 [term 3 FOLLOWER]: Leader election vote request: Granting yes vote for candidate 1659e6c1bfd446cf9f5c6391cf99eba3 in term 3.
I20260709 13:14:46.912853  6198 leader_election.cc:304] T 58d9df49d5294d25a2f2146f4401ae9f P 1659e6c1bfd446cf9f5c6391cf99eba3 [CANDIDATE]: Term 3 election: Election decided. Result: candidate won. Election summary: received 2 responses out of 3 voters: 2 yes votes; 0 no votes. yes voters: 1659e6c1bfd446cf9f5c6391cf99eba3, 5e0a9a217caa4fffb9bf6b4865939d95; no voters: 
I20260709 13:14:46.913684  6343 raft_consensus.cc:2804] T 58d9df49d5294d25a2f2146f4401ae9f P 1659e6c1bfd446cf9f5c6391cf99eba3 [term 3 FOLLOWER]: Leader election won for term 3
I20260709 13:14:46.914193  6085 raft_consensus.cc:2468] T 58d9df49d5294d25a2f2146f4401ae9f P 45e736f803594895ad1a13c20eeb57f3 [term 3 FOLLOWER]: Leader election vote request: Granting yes vote for candidate 1659e6c1bfd446cf9f5c6391cf99eba3 in term 3.
I20260709 13:14:46.914947  6343 raft_consensus.cc:697] T 58d9df49d5294d25a2f2146f4401ae9f P 1659e6c1bfd446cf9f5c6391cf99eba3 [term 3 LEADER]: Becoming Leader. State: Replica: 1659e6c1bfd446cf9f5c6391cf99eba3, State: Running, Role: LEADER
I20260709 13:14:46.915788  6343 consensus_queue.cc:237] T 58d9df49d5294d25a2f2146f4401ae9f P 1659e6c1bfd446cf9f5c6391cf99eba3 [LEADER]: Queue going to LEADER mode. State: All replicated index: 0, Majority replicated index: 2, Committed index: 2, Last appended: 2.2, Last appended by leader: 2, Current term: 3, Majority size: 2, State: 0, Mode: LEADER, active raft config: opid_index: -1 OBSOLETE_local: false peers { permanent_uuid: "1659e6c1bfd446cf9f5c6391cf99eba3" member_type: VOTER last_known_addr { host: "127.5.85.195" port: 44297 } } peers { permanent_uuid: "5e0a9a217caa4fffb9bf6b4865939d95" member_type: VOTER last_known_addr { host: "127.5.85.194" port: 40703 } } peers { permanent_uuid: "45e736f803594895ad1a13c20eeb57f3" member_type: VOTER last_known_addr { host: "127.5.85.193" port: 36367 } }
I20260709 13:14:46.922513  5980 catalog_manager.cc:5697] T 58d9df49d5294d25a2f2146f4401ae9f P 1659e6c1bfd446cf9f5c6391cf99eba3 reported cstate change: term changed from 2 to 3, leader changed from 45e736f803594895ad1a13c20eeb57f3 (127.5.85.193) to 1659e6c1bfd446cf9f5c6391cf99eba3 (127.5.85.195). New cstate: current_term: 3 leader_uuid: "1659e6c1bfd446cf9f5c6391cf99eba3" committed_config { opid_index: -1 OBSOLETE_local: false peers { permanent_uuid: "1659e6c1bfd446cf9f5c6391cf99eba3" member_type: VOTER last_known_addr { host: "127.5.85.195" port: 44297 } health_report { overall_health: HEALTHY } } peers { permanent_uuid: "5e0a9a217caa4fffb9bf6b4865939d95" member_type: VOTER last_known_addr { host: "127.5.85.194" port: 40703 } health_report { overall_health: UNKNOWN } } peers { permanent_uuid: "45e736f803594895ad1a13c20eeb57f3" member_type: VOTER last_known_addr { host: "127.5.85.193" port: 36367 } health_report { overall_health: UNKNOWN } } }
I20260709 13:14:47.004868  6424 raft_consensus.cc:993] T 667f542b59fd483d9aaac4966173d1bc P 45e736f803594895ad1a13c20eeb57f3: : Instructing follower 1659e6c1bfd446cf9f5c6391cf99eba3 to start an election
I20260709 13:14:47.005378  6433 raft_consensus.cc:1081] T 667f542b59fd483d9aaac4966173d1bc P 45e736f803594895ad1a13c20eeb57f3 [term 3 LEADER]: Signalling peer 1659e6c1bfd446cf9f5c6391cf99eba3 to start an election
I20260709 13:14:47.006938  6232 tablet_service.cc:2044] Received Run Leader Election RPC: tablet_id: "667f542b59fd483d9aaac4966173d1bc"
dest_uuid: "1659e6c1bfd446cf9f5c6391cf99eba3"
 from {username='slave'} at 127.0.0.1:41920
I20260709 13:14:47.007355  6232 raft_consensus.cc:493] T 667f542b59fd483d9aaac4966173d1bc P 1659e6c1bfd446cf9f5c6391cf99eba3 [term 3 FOLLOWER]: Starting forced leader election (received explicit request)
I20260709 13:14:47.007596  6232 raft_consensus.cc:3060] T 667f542b59fd483d9aaac4966173d1bc P 1659e6c1bfd446cf9f5c6391cf99eba3 [term 3 FOLLOWER]: Advancing to term 4
I20260709 13:14:47.012269  6232 raft_consensus.cc:515] T 667f542b59fd483d9aaac4966173d1bc P 1659e6c1bfd446cf9f5c6391cf99eba3 [term 4 FOLLOWER]: Starting forced leader election with config: opid_index: -1 OBSOLETE_local: false peers { permanent_uuid: "45e736f803594895ad1a13c20eeb57f3" member_type: VOTER last_known_addr { host: "127.5.85.193" port: 36367 } } peers { permanent_uuid: "5e0a9a217caa4fffb9bf6b4865939d95" member_type: VOTER last_known_addr { host: "127.5.85.194" port: 40703 } } peers { permanent_uuid: "1659e6c1bfd446cf9f5c6391cf99eba3" member_type: VOTER last_known_addr { host: "127.5.85.195" port: 44297 } }
I20260709 13:14:47.013857  6232 leader_election.cc:290] T 667f542b59fd483d9aaac4966173d1bc P 1659e6c1bfd446cf9f5c6391cf99eba3 [CANDIDATE]: Term 4 election: Requested vote from peers 45e736f803594895ad1a13c20eeb57f3 (127.5.85.193:36367), 5e0a9a217caa4fffb9bf6b4865939d95 (127.5.85.194:40703)
I20260709 13:14:47.014729  6085 tablet_service.cc:1917] Received RequestConsensusVote() RPC: tablet_id: "667f542b59fd483d9aaac4966173d1bc" candidate_uuid: "1659e6c1bfd446cf9f5c6391cf99eba3" candidate_term: 4 candidate_status { last_received { term: 3 index: 3 } } ignore_live_leader: true dest_uuid: "45e736f803594895ad1a13c20eeb57f3"
I20260709 13:14:47.014797  6159 tablet_service.cc:1917] Received RequestConsensusVote() RPC: tablet_id: "667f542b59fd483d9aaac4966173d1bc" candidate_uuid: "1659e6c1bfd446cf9f5c6391cf99eba3" candidate_term: 4 candidate_status { last_received { term: 3 index: 3 } } ignore_live_leader: true dest_uuid: "5e0a9a217caa4fffb9bf6b4865939d95"
I20260709 13:14:47.015372  6085 raft_consensus.cc:3055] T 667f542b59fd483d9aaac4966173d1bc P 45e736f803594895ad1a13c20eeb57f3 [term 3 LEADER]: Stepping down as leader of term 3
I20260709 13:14:47.015374  6159 raft_consensus.cc:3060] T 667f542b59fd483d9aaac4966173d1bc P 5e0a9a217caa4fffb9bf6b4865939d95 [term 3 FOLLOWER]: Advancing to term 4
I20260709 13:14:47.015867  6085 raft_consensus.cc:740] T 667f542b59fd483d9aaac4966173d1bc P 45e736f803594895ad1a13c20eeb57f3 [term 3 LEADER]: Becoming Follower/Learner. State: Replica: 45e736f803594895ad1a13c20eeb57f3, State: Running, Role: LEADER
I20260709 13:14:47.016677  6085 consensus_queue.cc:260] T 667f542b59fd483d9aaac4966173d1bc P 45e736f803594895ad1a13c20eeb57f3 [NON_LEADER]: Queue going to NON_LEADER mode. State: All replicated index: 0, Majority replicated index: 3, Committed index: 3, Last appended: 3.3, Last appended by leader: 3, Current term: 3, Majority size: -1, State: 0, Mode: NON_LEADER, active raft config: opid_index: -1 OBSOLETE_local: false peers { permanent_uuid: "45e736f803594895ad1a13c20eeb57f3" member_type: VOTER last_known_addr { host: "127.5.85.193" port: 36367 } } peers { permanent_uuid: "5e0a9a217caa4fffb9bf6b4865939d95" member_type: VOTER last_known_addr { host: "127.5.85.194" port: 40703 } } peers { permanent_uuid: "1659e6c1bfd446cf9f5c6391cf99eba3" member_type: VOTER last_known_addr { host: "127.5.85.195" port: 44297 } }
I20260709 13:14:47.017874  6085 raft_consensus.cc:3060] T 667f542b59fd483d9aaac4966173d1bc P 45e736f803594895ad1a13c20eeb57f3 [term 3 FOLLOWER]: Advancing to term 4
I20260709 13:14:47.021533  6433 raft_consensus.cc:993] T 5b23f2d74cbe47c3b2ce31a378f1bc63 P 45e736f803594895ad1a13c20eeb57f3: : Instructing follower 5e0a9a217caa4fffb9bf6b4865939d95 to start an election
I20260709 13:14:47.021863  6159 raft_consensus.cc:2468] T 667f542b59fd483d9aaac4966173d1bc P 5e0a9a217caa4fffb9bf6b4865939d95 [term 4 FOLLOWER]: Leader election vote request: Granting yes vote for candidate 1659e6c1bfd446cf9f5c6391cf99eba3 in term 4.
I20260709 13:14:47.022043  6424 raft_consensus.cc:1081] T 5b23f2d74cbe47c3b2ce31a378f1bc63 P 45e736f803594895ad1a13c20eeb57f3 [term 2 LEADER]: Signalling peer 5e0a9a217caa4fffb9bf6b4865939d95 to start an election
I20260709 13:14:47.022886  6198 leader_election.cc:304] T 667f542b59fd483d9aaac4966173d1bc P 1659e6c1bfd446cf9f5c6391cf99eba3 [CANDIDATE]: Term 4 election: Election decided. Result: candidate won. Election summary: received 2 responses out of 3 voters: 2 yes votes; 0 no votes. yes voters: 1659e6c1bfd446cf9f5c6391cf99eba3, 5e0a9a217caa4fffb9bf6b4865939d95; no voters: 
I20260709 13:14:47.023674  6343 raft_consensus.cc:2804] T 667f542b59fd483d9aaac4966173d1bc P 1659e6c1bfd446cf9f5c6391cf99eba3 [term 4 FOLLOWER]: Leader election won for term 4
I20260709 13:14:47.023609  6159 tablet_service.cc:2044] Received Run Leader Election RPC: tablet_id: "5b23f2d74cbe47c3b2ce31a378f1bc63"
dest_uuid: "5e0a9a217caa4fffb9bf6b4865939d95"
 from {username='slave'} at 127.0.0.1:59092
I20260709 13:14:47.024200  6343 raft_consensus.cc:697] T 667f542b59fd483d9aaac4966173d1bc P 1659e6c1bfd446cf9f5c6391cf99eba3 [term 4 LEADER]: Becoming Leader. State: Replica: 1659e6c1bfd446cf9f5c6391cf99eba3, State: Running, Role: LEADER
I20260709 13:14:47.024274  6159 raft_consensus.cc:493] T 5b23f2d74cbe47c3b2ce31a378f1bc63 P 5e0a9a217caa4fffb9bf6b4865939d95 [term 2 FOLLOWER]: Starting forced leader election (received explicit request)
I20260709 13:14:47.024700  6159 raft_consensus.cc:3060] T 5b23f2d74cbe47c3b2ce31a378f1bc63 P 5e0a9a217caa4fffb9bf6b4865939d95 [term 2 FOLLOWER]: Advancing to term 3
I20260709 13:14:47.024956  6085 raft_consensus.cc:2468] T 667f542b59fd483d9aaac4966173d1bc P 45e736f803594895ad1a13c20eeb57f3 [term 4 FOLLOWER]: Leader election vote request: Granting yes vote for candidate 1659e6c1bfd446cf9f5c6391cf99eba3 in term 4.
I20260709 13:14:47.025197  6343 consensus_queue.cc:237] T 667f542b59fd483d9aaac4966173d1bc P 1659e6c1bfd446cf9f5c6391cf99eba3 [LEADER]: Queue going to LEADER mode. State: All replicated index: 0, Majority replicated index: 3, Committed index: 3, Last appended: 3.3, Last appended by leader: 3, Current term: 4, Majority size: 2, State: 0, Mode: LEADER, active raft config: opid_index: -1 OBSOLETE_local: false peers { permanent_uuid: "45e736f803594895ad1a13c20eeb57f3" member_type: VOTER last_known_addr { host: "127.5.85.193" port: 36367 } } peers { permanent_uuid: "5e0a9a217caa4fffb9bf6b4865939d95" member_type: VOTER last_known_addr { host: "127.5.85.194" port: 40703 } } peers { permanent_uuid: "1659e6c1bfd446cf9f5c6391cf99eba3" member_type: VOTER last_known_addr { host: "127.5.85.195" port: 44297 } }
I20260709 13:14:47.030429  6159 raft_consensus.cc:515] T 5b23f2d74cbe47c3b2ce31a378f1bc63 P 5e0a9a217caa4fffb9bf6b4865939d95 [term 3 FOLLOWER]: Starting forced leader election with config: opid_index: -1 OBSOLETE_local: false peers { permanent_uuid: "45e736f803594895ad1a13c20eeb57f3" member_type: VOTER last_known_addr { host: "127.5.85.193" port: 36367 } } peers { permanent_uuid: "5e0a9a217caa4fffb9bf6b4865939d95" member_type: VOTER last_known_addr { host: "127.5.85.194" port: 40703 } } peers { permanent_uuid: "1659e6c1bfd446cf9f5c6391cf99eba3" member_type: VOTER last_known_addr { host: "127.5.85.195" port: 44297 } }
I20260709 13:14:47.032094  6159 leader_election.cc:290] T 5b23f2d74cbe47c3b2ce31a378f1bc63 P 5e0a9a217caa4fffb9bf6b4865939d95 [CANDIDATE]: Term 3 election: Requested vote from peers 45e736f803594895ad1a13c20eeb57f3 (127.5.85.193:36367), 1659e6c1bfd446cf9f5c6391cf99eba3 (127.5.85.195:44297)
I20260709 13:14:47.033008  6085 tablet_service.cc:1917] Received RequestConsensusVote() RPC: tablet_id: "5b23f2d74cbe47c3b2ce31a378f1bc63" candidate_uuid: "5e0a9a217caa4fffb9bf6b4865939d95" candidate_term: 3 candidate_status { last_received { term: 2 index: 2 } } ignore_live_leader: true dest_uuid: "45e736f803594895ad1a13c20eeb57f3"
I20260709 13:14:47.033141  6232 tablet_service.cc:1917] Received RequestConsensusVote() RPC: tablet_id: "5b23f2d74cbe47c3b2ce31a378f1bc63" candidate_uuid: "5e0a9a217caa4fffb9bf6b4865939d95" candidate_term: 3 candidate_status { last_received { term: 2 index: 2 } } ignore_live_leader: true dest_uuid: "1659e6c1bfd446cf9f5c6391cf99eba3"
I20260709 13:14:47.033252  5980 catalog_manager.cc:5697] T 667f542b59fd483d9aaac4966173d1bc P 1659e6c1bfd446cf9f5c6391cf99eba3 reported cstate change: term changed from 3 to 4, leader changed from 45e736f803594895ad1a13c20eeb57f3 (127.5.85.193) to 1659e6c1bfd446cf9f5c6391cf99eba3 (127.5.85.195). New cstate: current_term: 4 leader_uuid: "1659e6c1bfd446cf9f5c6391cf99eba3" committed_config { opid_index: -1 OBSOLETE_local: false peers { permanent_uuid: "45e736f803594895ad1a13c20eeb57f3" member_type: VOTER last_known_addr { host: "127.5.85.193" port: 36367 } health_report { overall_health: UNKNOWN } } peers { permanent_uuid: "5e0a9a217caa4fffb9bf6b4865939d95" member_type: VOTER last_known_addr { host: "127.5.85.194" port: 40703 } health_report { overall_health: UNKNOWN } } peers { permanent_uuid: "1659e6c1bfd446cf9f5c6391cf99eba3" member_type: VOTER last_known_addr { host: "127.5.85.195" port: 44297 } health_report { overall_health: HEALTHY } } }
I20260709 13:14:47.033725  6232 raft_consensus.cc:3060] T 5b23f2d74cbe47c3b2ce31a378f1bc63 P 1659e6c1bfd446cf9f5c6391cf99eba3 [term 2 FOLLOWER]: Advancing to term 3
I20260709 13:14:47.033725  6085 raft_consensus.cc:3055] T 5b23f2d74cbe47c3b2ce31a378f1bc63 P 45e736f803594895ad1a13c20eeb57f3 [term 2 LEADER]: Stepping down as leader of term 2
I20260709 13:14:47.034287  6085 raft_consensus.cc:740] T 5b23f2d74cbe47c3b2ce31a378f1bc63 P 45e736f803594895ad1a13c20eeb57f3 [term 2 LEADER]: Becoming Follower/Learner. State: Replica: 45e736f803594895ad1a13c20eeb57f3, State: Running, Role: LEADER
I20260709 13:14:47.035250  6085 consensus_queue.cc:260] T 5b23f2d74cbe47c3b2ce31a378f1bc63 P 45e736f803594895ad1a13c20eeb57f3 [NON_LEADER]: Queue going to NON_LEADER mode. State: All replicated index: 0, Majority replicated index: 2, Committed index: 2, Last appended: 2.2, Last appended by leader: 2, Current term: 2, Majority size: -1, State: 0, Mode: NON_LEADER, active raft config: opid_index: -1 OBSOLETE_local: false peers { permanent_uuid: "45e736f803594895ad1a13c20eeb57f3" member_type: VOTER last_known_addr { host: "127.5.85.193" port: 36367 } } peers { permanent_uuid: "5e0a9a217caa4fffb9bf6b4865939d95" member_type: VOTER last_known_addr { host: "127.5.85.194" port: 40703 } } peers { permanent_uuid: "1659e6c1bfd446cf9f5c6391cf99eba3" member_type: VOTER last_known_addr { host: "127.5.85.195" port: 44297 } }
I20260709 13:14:47.036536  6085 raft_consensus.cc:3060] T 5b23f2d74cbe47c3b2ce31a378f1bc63 P 45e736f803594895ad1a13c20eeb57f3 [term 2 FOLLOWER]: Advancing to term 3
I20260709 13:14:47.040771  6232 raft_consensus.cc:2468] T 5b23f2d74cbe47c3b2ce31a378f1bc63 P 1659e6c1bfd446cf9f5c6391cf99eba3 [term 3 FOLLOWER]: Leader election vote request: Granting yes vote for candidate 5e0a9a217caa4fffb9bf6b4865939d95 in term 3.
I20260709 13:14:47.041864  6123 leader_election.cc:304] T 5b23f2d74cbe47c3b2ce31a378f1bc63 P 5e0a9a217caa4fffb9bf6b4865939d95 [CANDIDATE]: Term 3 election: Election decided. Result: candidate won. Election summary: received 2 responses out of 3 voters: 2 yes votes; 0 no votes. yes voters: 1659e6c1bfd446cf9f5c6391cf99eba3, 5e0a9a217caa4fffb9bf6b4865939d95; no voters: 
I20260709 13:14:47.042654  6379 raft_consensus.cc:2804] T 5b23f2d74cbe47c3b2ce31a378f1bc63 P 5e0a9a217caa4fffb9bf6b4865939d95 [term 3 FOLLOWER]: Leader election won for term 3
I20260709 13:14:47.043232  6379 raft_consensus.cc:697] T 5b23f2d74cbe47c3b2ce31a378f1bc63 P 5e0a9a217caa4fffb9bf6b4865939d95 [term 3 LEADER]: Becoming Leader. State: Replica: 5e0a9a217caa4fffb9bf6b4865939d95, State: Running, Role: LEADER
I20260709 13:14:47.043260  6085 raft_consensus.cc:2468] T 5b23f2d74cbe47c3b2ce31a378f1bc63 P 45e736f803594895ad1a13c20eeb57f3 [term 3 FOLLOWER]: Leader election vote request: Granting yes vote for candidate 5e0a9a217caa4fffb9bf6b4865939d95 in term 3.
I20260709 13:14:47.044186  6379 consensus_queue.cc:237] T 5b23f2d74cbe47c3b2ce31a378f1bc63 P 5e0a9a217caa4fffb9bf6b4865939d95 [LEADER]: Queue going to LEADER mode. State: All replicated index: 0, Majority replicated index: 2, Committed index: 2, Last appended: 2.2, Last appended by leader: 2, Current term: 3, Majority size: 2, State: 0, Mode: LEADER, active raft config: opid_index: -1 OBSOLETE_local: false peers { permanent_uuid: "45e736f803594895ad1a13c20eeb57f3" member_type: VOTER last_known_addr { host: "127.5.85.193" port: 36367 } } peers { permanent_uuid: "5e0a9a217caa4fffb9bf6b4865939d95" member_type: VOTER last_known_addr { host: "127.5.85.194" port: 40703 } } peers { permanent_uuid: "1659e6c1bfd446cf9f5c6391cf99eba3" member_type: VOTER last_known_addr { host: "127.5.85.195" port: 44297 } }
I20260709 13:14:47.051595  5980 catalog_manager.cc:5697] T 5b23f2d74cbe47c3b2ce31a378f1bc63 P 5e0a9a217caa4fffb9bf6b4865939d95 reported cstate change: term changed from 2 to 3, leader changed from 45e736f803594895ad1a13c20eeb57f3 (127.5.85.193) to 5e0a9a217caa4fffb9bf6b4865939d95 (127.5.85.194). New cstate: current_term: 3 leader_uuid: "5e0a9a217caa4fffb9bf6b4865939d95" committed_config { opid_index: -1 OBSOLETE_local: false peers { permanent_uuid: "45e736f803594895ad1a13c20eeb57f3" member_type: VOTER last_known_addr { host: "127.5.85.193" port: 36367 } health_report { overall_health: UNKNOWN } } peers { permanent_uuid: "5e0a9a217caa4fffb9bf6b4865939d95" member_type: VOTER last_known_addr { host: "127.5.85.194" port: 40703 } health_report { overall_health: HEALTHY } } peers { permanent_uuid: "1659e6c1bfd446cf9f5c6391cf99eba3" member_type: VOTER last_known_addr { host: "127.5.85.195" port: 44297 } health_report { overall_health: UNKNOWN } } }
I20260709 13:14:47.181535  6232 raft_consensus.cc:1275] T bde4d8e6691a4d24ad8317c0049353c4 P 1659e6c1bfd446cf9f5c6391cf99eba3 [term 4 FOLLOWER]: Refusing update from remote peer 5e0a9a217caa4fffb9bf6b4865939d95: Log matching property violated. Preceding OpId in replica: term: 3 index: 3. Preceding OpId from leader: term: 4 index: 4. (index mismatch)
I20260709 13:14:47.183254  6379 consensus_queue.cc:1048] T bde4d8e6691a4d24ad8317c0049353c4 P 5e0a9a217caa4fffb9bf6b4865939d95 [LEADER]: Connected to new peer: Peer: permanent_uuid: "1659e6c1bfd446cf9f5c6391cf99eba3" member_type: VOTER last_known_addr { host: "127.5.85.195" port: 44297 }, Status: LMP_MISMATCH, Last received: 0.0, Next index: 4, Last known committed idx: 3, Time since last communication: 0.000s
I20260709 13:14:47.204140  6085 raft_consensus.cc:1275] T bde4d8e6691a4d24ad8317c0049353c4 P 45e736f803594895ad1a13c20eeb57f3 [term 4 FOLLOWER]: Refusing update from remote peer 5e0a9a217caa4fffb9bf6b4865939d95: Log matching property violated. Preceding OpId in replica: term: 3 index: 3. Preceding OpId from leader: term: 4 index: 4. (index mismatch)
I20260709 13:14:47.205618  6439 consensus_queue.cc:1048] T bde4d8e6691a4d24ad8317c0049353c4 P 5e0a9a217caa4fffb9bf6b4865939d95 [LEADER]: Connected to new peer: Peer: permanent_uuid: "45e736f803594895ad1a13c20eeb57f3" member_type: VOTER last_known_addr { host: "127.5.85.193" port: 36367 }, Status: LMP_MISMATCH, Last received: 0.0, Next index: 4, Last known committed idx: 3, Time since last communication: 0.001s
I20260709 13:14:47.330466  6159 raft_consensus.cc:1275] T 58d9df49d5294d25a2f2146f4401ae9f P 5e0a9a217caa4fffb9bf6b4865939d95 [term 3 FOLLOWER]: Refusing update from remote peer 1659e6c1bfd446cf9f5c6391cf99eba3: Log matching property violated. Preceding OpId in replica: term: 2 index: 2. Preceding OpId from leader: term: 3 index: 3. (index mismatch)
I20260709 13:14:47.331709  6343 consensus_queue.cc:1048] T 58d9df49d5294d25a2f2146f4401ae9f P 1659e6c1bfd446cf9f5c6391cf99eba3 [LEADER]: Connected to new peer: Peer: permanent_uuid: "5e0a9a217caa4fffb9bf6b4865939d95" member_type: VOTER last_known_addr { host: "127.5.85.194" port: 40703 }, Status: LMP_MISMATCH, Last received: 0.0, Next index: 3, Last known committed idx: 2, Time since last communication: 0.000s
I20260709 13:14:47.340346  6085 raft_consensus.cc:1275] T 58d9df49d5294d25a2f2146f4401ae9f P 45e736f803594895ad1a13c20eeb57f3 [term 3 FOLLOWER]: Refusing update from remote peer 1659e6c1bfd446cf9f5c6391cf99eba3: Log matching property violated. Preceding OpId in replica: term: 2 index: 2. Preceding OpId from leader: term: 3 index: 3. (index mismatch)
I20260709 13:14:47.342072  6431 consensus_queue.cc:1048] T 58d9df49d5294d25a2f2146f4401ae9f P 1659e6c1bfd446cf9f5c6391cf99eba3 [LEADER]: Connected to new peer: Peer: permanent_uuid: "45e736f803594895ad1a13c20eeb57f3" member_type: VOTER last_known_addr { host: "127.5.85.193" port: 36367 }, Status: LMP_MISMATCH, Last received: 0.0, Next index: 3, Last known committed idx: 2, Time since last communication: 0.000s
I20260709 13:14:47.422883  6085 raft_consensus.cc:1275] T 5b23f2d74cbe47c3b2ce31a378f1bc63 P 45e736f803594895ad1a13c20eeb57f3 [term 3 FOLLOWER]: Refusing update from remote peer 5e0a9a217caa4fffb9bf6b4865939d95: Log matching property violated. Preceding OpId in replica: term: 2 index: 2. Preceding OpId from leader: term: 3 index: 3. (index mismatch)
I20260709 13:14:47.424002  6439 consensus_queue.cc:1048] T 5b23f2d74cbe47c3b2ce31a378f1bc63 P 5e0a9a217caa4fffb9bf6b4865939d95 [LEADER]: Connected to new peer: Peer: permanent_uuid: "45e736f803594895ad1a13c20eeb57f3" member_type: VOTER last_known_addr { host: "127.5.85.193" port: 36367 }, Status: LMP_MISMATCH, Last received: 0.0, Next index: 3, Last known committed idx: 2, Time since last communication: 0.000s
I20260709 13:14:47.432586  6232 raft_consensus.cc:1275] T 5b23f2d74cbe47c3b2ce31a378f1bc63 P 1659e6c1bfd446cf9f5c6391cf99eba3 [term 3 FOLLOWER]: Refusing update from remote peer 5e0a9a217caa4fffb9bf6b4865939d95: Log matching property violated. Preceding OpId in replica: term: 2 index: 2. Preceding OpId from leader: term: 3 index: 3. (index mismatch)
