[==========] Running 8 tests from 2 test suites.
[----------] Global test environment set-up.
[----------] 6 tests from LeaderRebalancerTest
[ RUN      ] LeaderRebalancerTest.FunctionalTestForDivided
WARNING: Logging before InitGoogleLogging() is written to STDERR
I20260709 13:14:23.787107  3349 internal_mini_cluster.cc:156] Creating distributed mini masters. Addrs: 127.3.69.126:44977
I20260709 13:14:23.788631  3349 env_posix.cc:2285] Not raising this process' open files per process limit of 1048576; it is already as high as it can go
I20260709 13:14:23.789623  3349 file_cache.cc:504] Constructed file cache file cache with capacity 419430
W20260709 13:14:23.810523  3358 instance_detector.cc:116] could not retrieve OpenStack instance metadata: Network error: curl error: HTTP response code said error: The requested URL returned error: 404
W20260709 13:14:23.810844  3355 instance_detector.cc:116] could not retrieve AWS instance metadata: Network error: curl error: HTTP response code said error: The requested URL returned error: 404
W20260709 13:14:23.810854  3356 instance_detector.cc:116] could not retrieve Azure instance metadata: Network error: curl error: HTTP response code said error: The requested URL returned error: 404
I20260709 13:14:23.815922  3349 server_base.cc:1061] running on GCE node
I20260709 13:14:24.918983  3349 hybrid_clock.cc:584] initializing the hybrid clock with 'system_unsync' time source
W20260709 13:14:24.919219  3349 system_unsync_time.cc:38] NTP support is disabled. Clock error bounds will not be accurate. This configuration is not suitable for distributed clusters.
I20260709 13:14:24.919373  3349 hybrid_clock.cc:648] HybridClock initialized: now 1783602864919355 us; error 0 us; skew 500 ppm
I20260709 13:14:24.920172  3349 server_base.cc:861] Flag tcmalloc_max_total_thread_cache_bytes is not working since tcmalloc is not enabled.
I20260709 13:14:24.925386  3349 webserver.cc:533] Webserver started at http://127.3.69.126:44103/ using document root <none> and password file <none>
I20260709 13:14:24.926362  3349 fs_manager.cc:362] Metadata directory not provided
I20260709 13:14:24.926571  3349 fs_manager.cc:368] Using write-ahead log directory (fs_wal_dir) as metadata directory
I20260709 13:14:24.926964  3349 server_base.cc:909] This appears to be a new deployment of Kudu; creating new FS layout
I20260709 13:14:24.932662  3349 fs_manager.cc:1068] Generated new instance metadata in path /tmp/dist-test-taskWxMqeM/test-tmp/auto_leader_rebalancer-test.0.LeaderRebalancerTest.FunctionalTestForDivided.1783602863623836-3349-0/minicluster-data/master-0-root/instance:
uuid: "1fc69a25589945bf81ad5c2d5303b8a3"
format_stamp: "Formatted at 2026-07-09 13:14:24 on dist-test-slave-8kx8"
I20260709 13:14:24.940228  3349 fs_manager.cc:696] Time spent creating directory manager: real 0.007s	user 0.007s	sys 0.000s
I20260709 13:14:24.945354  3364 log_block_manager.cc:4127] Time spent loading block containers with low live blocks: real 0.000s	user 0.000s	sys 0.000s
I20260709 13:14:24.946537  3349 fs_manager.cc:730] Time spent opening block manager: real 0.004s	user 0.005s	sys 0.000s
I20260709 13:14:24.946883  3349 fs_manager.cc:647] Opened local filesystem: /tmp/dist-test-taskWxMqeM/test-tmp/auto_leader_rebalancer-test.0.LeaderRebalancerTest.FunctionalTestForDivided.1783602863623836-3349-0/minicluster-data/master-0-root
uuid: "1fc69a25589945bf81ad5c2d5303b8a3"
format_stamp: "Formatted at 2026-07-09 13:14:24 on dist-test-slave-8kx8"
I20260709 13:14:24.947217  3349 fs_report.cc:389] FS layout report
--------------------
wal directory: /tmp/dist-test-taskWxMqeM/test-tmp/auto_leader_rebalancer-test.0.LeaderRebalancerTest.FunctionalTestForDivided.1783602863623836-3349-0/minicluster-data/master-0-root
metadata directory: /tmp/dist-test-taskWxMqeM/test-tmp/auto_leader_rebalancer-test.0.LeaderRebalancerTest.FunctionalTestForDivided.1783602863623836-3349-0/minicluster-data/master-0-root
1 data directories: /tmp/dist-test-taskWxMqeM/test-tmp/auto_leader_rebalancer-test.0.LeaderRebalancerTest.FunctionalTestForDivided.1783602863623836-3349-0/minicluster-data/master-0-root/data
Total live blocks: 0
Total live bytes: 0
Total live bytes (after alignment): 0
Total number of LBM containers: 0 (0 full)
Did not check for missing blocks
Did not check for orphaned blocks
Total full LBM containers with extra space: 0 (0 repaired)
Total full LBM container extra space in bytes: 0 (0 repaired)
Total incomplete LBM containers: 0 (0 repaired)
Total LBM partial records: 0 (0 repaired)
Total corrupted LBM metadata records in RocksDB: 0 (0 repaired)
I20260709 13:14:25.004144  3349 rpc_server.cc:225] running with OpenSSL 1.1.1  11 Sep 2018
I20260709 13:14:25.005681  3349 env_posix.cc:2285] Not raising this process' running threads per effective uid limit of 18446744073709551615; it is already as high as it can go
I20260709 13:14:25.006109  3349 kserver.cc:163] Server-wide thread pool size limit: 3276
I20260709 13:14:25.077267  3349 rpc_server.cc:307] RPC server started. Bound to: 127.3.69.126:44977
I20260709 13:14:25.077355  3415 acceptor_pool.cc:272] collecting diagnostics on the listening RPC socket 127.3.69.126:44977 every 8 connection(s)
I20260709 13:14:25.085106  3416 data_dirs.cc:400] Could only allocate 1 dirs of requested 3 for tablet 00000000000000000000000000000000. 1 dirs total, 0 dirs full, 0 dirs failed
I20260709 13:14:25.106326  3416 tablet_bootstrap.cc:492] T 00000000000000000000000000000000 P 1fc69a25589945bf81ad5c2d5303b8a3: Bootstrap starting.
I20260709 13:14:25.112087  3416 tablet_bootstrap.cc:654] T 00000000000000000000000000000000 P 1fc69a25589945bf81ad5c2d5303b8a3: Neither blocks nor log segments found. Creating new log.
I20260709 13:14:25.113910  3416 log.cc:826] T 00000000000000000000000000000000 P 1fc69a25589945bf81ad5c2d5303b8a3: Log is configured to *not* fsync() on all Append() calls
I20260709 13:14:25.118481  3416 tablet_bootstrap.cc:492] T 00000000000000000000000000000000 P 1fc69a25589945bf81ad5c2d5303b8a3: No bootstrap required, opened a new log
I20260709 13:14:25.139551  3416 raft_consensus.cc:359] T 00000000000000000000000000000000 P 1fc69a25589945bf81ad5c2d5303b8a3 [term 0 FOLLOWER]: Replica starting. Triggering 0 pending ops. Active config: opid_index: -1 OBSOLETE_local: true peers { permanent_uuid: "1fc69a25589945bf81ad5c2d5303b8a3" member_type: VOTER }
I20260709 13:14:25.140175  3416 raft_consensus.cc:385] T 00000000000000000000000000000000 P 1fc69a25589945bf81ad5c2d5303b8a3 [term 0 FOLLOWER]: Consensus starting up: Expiring failure detector timer to make a prompt election more likely
I20260709 13:14:25.140414  3416 raft_consensus.cc:740] T 00000000000000000000000000000000 P 1fc69a25589945bf81ad5c2d5303b8a3 [term 0 FOLLOWER]: Becoming Follower/Learner. State: Replica: 1fc69a25589945bf81ad5c2d5303b8a3, State: Initialized, Role: FOLLOWER
I20260709 13:14:25.141364  3416 consensus_queue.cc:260] T 00000000000000000000000000000000 P 1fc69a25589945bf81ad5c2d5303b8a3 [NON_LEADER]: Queue going to NON_LEADER mode. State: All replicated index: 0, Majority replicated index: 0, Committed index: 0, Last appended: 0.0, Last appended by leader: 0, Current term: 0, Majority size: -1, State: 0, Mode: NON_LEADER, active raft config: opid_index: -1 OBSOLETE_local: true peers { permanent_uuid: "1fc69a25589945bf81ad5c2d5303b8a3" member_type: VOTER }
I20260709 13:14:25.141847  3416 raft_consensus.cc:399] T 00000000000000000000000000000000 P 1fc69a25589945bf81ad5c2d5303b8a3 [term 0 FOLLOWER]: Only one voter in the Raft config. Triggering election immediately
I20260709 13:14:25.142107  3416 raft_consensus.cc:493] T 00000000000000000000000000000000 P 1fc69a25589945bf81ad5c2d5303b8a3 [term 0 FOLLOWER]: Starting leader election (initial election of a single-replica configuration)
I20260709 13:14:25.142434  3416 raft_consensus.cc:3060] T 00000000000000000000000000000000 P 1fc69a25589945bf81ad5c2d5303b8a3 [term 0 FOLLOWER]: Advancing to term 1
I20260709 13:14:25.146445  3416 raft_consensus.cc:515] T 00000000000000000000000000000000 P 1fc69a25589945bf81ad5c2d5303b8a3 [term 1 FOLLOWER]: Starting leader election with config: opid_index: -1 OBSOLETE_local: true peers { permanent_uuid: "1fc69a25589945bf81ad5c2d5303b8a3" member_type: VOTER }
I20260709 13:14:25.147128  3416 leader_election.cc:304] T 00000000000000000000000000000000 P 1fc69a25589945bf81ad5c2d5303b8a3 [CANDIDATE]: Term 1 election: Election decided. Result: candidate won. Election summary: received 1 responses out of 1 voters: 1 yes votes; 0 no votes. yes voters: 1fc69a25589945bf81ad5c2d5303b8a3; no voters: 
I20260709 13:14:25.148787  3416 leader_election.cc:290] T 00000000000000000000000000000000 P 1fc69a25589945bf81ad5c2d5303b8a3 [CANDIDATE]: Term 1 election: Requested vote from peers 
I20260709 13:14:25.149098  3419 raft_consensus.cc:2804] T 00000000000000000000000000000000 P 1fc69a25589945bf81ad5c2d5303b8a3 [term 1 FOLLOWER]: Leader election won for term 1
I20260709 13:14:25.151121  3419 raft_consensus.cc:697] T 00000000000000000000000000000000 P 1fc69a25589945bf81ad5c2d5303b8a3 [term 1 LEADER]: Becoming Leader. State: Replica: 1fc69a25589945bf81ad5c2d5303b8a3, State: Running, Role: LEADER
I20260709 13:14:25.152104  3419 consensus_queue.cc:237] T 00000000000000000000000000000000 P 1fc69a25589945bf81ad5c2d5303b8a3 [LEADER]: Queue going to LEADER mode. State: All replicated index: 0, Majority replicated index: 0, Committed index: 0, Last appended: 0.0, Last appended by leader: 0, Current term: 1, Majority size: 1, State: 0, Mode: LEADER, active raft config: opid_index: -1 OBSOLETE_local: true peers { permanent_uuid: "1fc69a25589945bf81ad5c2d5303b8a3" member_type: VOTER }
I20260709 13:14:25.153053  3416 sys_catalog.cc:565] T 00000000000000000000000000000000 P 1fc69a25589945bf81ad5c2d5303b8a3 [sys.catalog]: configured and running, proceeding with master startup.
I20260709 13:14:25.161768  3421 sys_catalog.cc:455] T 00000000000000000000000000000000 P 1fc69a25589945bf81ad5c2d5303b8a3 [sys.catalog]: SysCatalogTable state changed. Reason: New leader 1fc69a25589945bf81ad5c2d5303b8a3. Latest consensus state: current_term: 1 leader_uuid: "1fc69a25589945bf81ad5c2d5303b8a3" committed_config { opid_index: -1 OBSOLETE_local: true peers { permanent_uuid: "1fc69a25589945bf81ad5c2d5303b8a3" member_type: VOTER } }
I20260709 13:14:25.162089  3420 sys_catalog.cc:455] T 00000000000000000000000000000000 P 1fc69a25589945bf81ad5c2d5303b8a3 [sys.catalog]: SysCatalogTable state changed. Reason: RaftConsensus started. Latest consensus state: current_term: 1 leader_uuid: "1fc69a25589945bf81ad5c2d5303b8a3" committed_config { opid_index: -1 OBSOLETE_local: true peers { permanent_uuid: "1fc69a25589945bf81ad5c2d5303b8a3" member_type: VOTER } }
I20260709 13:14:25.162636  3420 sys_catalog.cc:458] T 00000000000000000000000000000000 P 1fc69a25589945bf81ad5c2d5303b8a3 [sys.catalog]: This master's current role is: LEADER
I20260709 13:14:25.162639  3421 sys_catalog.cc:458] T 00000000000000000000000000000000 P 1fc69a25589945bf81ad5c2d5303b8a3 [sys.catalog]: This master's current role is: LEADER
I20260709 13:14:25.166152  3427 catalog_manager.cc:1511] Loading table and tablet metadata into memory...
I20260709 13:14:25.178690  3427 catalog_manager.cc:1520] Initializing Kudu cluster ID...
I20260709 13:14:25.180931  3349 internal_mini_cluster.cc:184] Waiting to initialize catalog manager on master 0
I20260709 13:14:25.194880  3427 catalog_manager.cc:1383] Generated new cluster ID: ac94b33ca51945ecb53c1354326efbfd
I20260709 13:14:25.195130  3427 catalog_manager.cc:1531] Initializing Kudu internal certificate authority...
I20260709 13:14:25.212500  3427 catalog_manager.cc:1406] Generated new certificate authority record
I20260709 13:14:25.213972  3427 catalog_manager.cc:1540] Loading token signing keys...
I20260709 13:14:25.227672  3427 catalog_manager.cc:6070] T 00000000000000000000000000000000 P 1fc69a25589945bf81ad5c2d5303b8a3: Generated new TSK 0
I20260709 13:14:25.228583  3427 catalog_manager.cc:1550] Initializing in-progress tserver states...
I20260709 13:14:25.248095  3349 file_cache.cc:504] Constructed file cache file cache with capacity 419430
W20260709 13:14:25.257189  3438 instance_detector.cc:116] could not retrieve AWS instance metadata: Network error: curl error: HTTP response code said error: The requested URL returned error: 404
W20260709 13:14:25.264673  3439 instance_detector.cc:116] could not retrieve Azure instance metadata: Network error: curl error: HTTP response code said error: The requested URL returned error: 404
W20260709 13:14:25.265180  3441 instance_detector.cc:116] could not retrieve OpenStack instance metadata: Network error: curl error: HTTP response code said error: The requested URL returned error: 404
I20260709 13:14:25.265396  3349 server_base.cc:1061] running on GCE node
I20260709 13:14:25.266137  3349 hybrid_clock.cc:584] initializing the hybrid clock with 'system_unsync' time source
W20260709 13:14:25.266333  3349 system_unsync_time.cc:38] NTP support is disabled. Clock error bounds will not be accurate. This configuration is not suitable for distributed clusters.
I20260709 13:14:25.266512  3349 hybrid_clock.cc:648] HybridClock initialized: now 1783602865266493 us; error 0 us; skew 500 ppm
I20260709 13:14:25.267095  3349 server_base.cc:861] Flag tcmalloc_max_total_thread_cache_bytes is not working since tcmalloc is not enabled.
I20260709 13:14:25.271098  3349 webserver.cc:533] Webserver started at http://127.3.69.65:40645/ using document root <none> and password file <none>
I20260709 13:14:25.271615  3349 fs_manager.cc:362] Metadata directory not provided
I20260709 13:14:25.271821  3349 fs_manager.cc:368] Using write-ahead log directory (fs_wal_dir) as metadata directory
I20260709 13:14:25.272114  3349 server_base.cc:909] This appears to be a new deployment of Kudu; creating new FS layout
I20260709 13:14:25.273185  3349 fs_manager.cc:1068] Generated new instance metadata in path /tmp/dist-test-taskWxMqeM/test-tmp/auto_leader_rebalancer-test.0.LeaderRebalancerTest.FunctionalTestForDivided.1783602863623836-3349-0/minicluster-data/ts-0-root/instance:
uuid: "ff05afd9b9674af4a549b3ade71cfed7"
format_stamp: "Formatted at 2026-07-09 13:14:25 on dist-test-slave-8kx8"
I20260709 13:14:25.278751  3349 fs_manager.cc:696] Time spent creating directory manager: real 0.005s	user 0.006s	sys 0.000s
I20260709 13:14:25.282871  3446 log_block_manager.cc:4127] Time spent loading block containers with low live blocks: real 0.000s	user 0.000s	sys 0.000s
I20260709 13:14:25.283676  3349 fs_manager.cc:730] Time spent opening block manager: real 0.003s	user 0.003s	sys 0.000s
I20260709 13:14:25.284009  3349 fs_manager.cc:647] Opened local filesystem: /tmp/dist-test-taskWxMqeM/test-tmp/auto_leader_rebalancer-test.0.LeaderRebalancerTest.FunctionalTestForDivided.1783602863623836-3349-0/minicluster-data/ts-0-root
uuid: "ff05afd9b9674af4a549b3ade71cfed7"
format_stamp: "Formatted at 2026-07-09 13:14:25 on dist-test-slave-8kx8"
I20260709 13:14:25.284291  3349 fs_report.cc:389] FS layout report
--------------------
wal directory: /tmp/dist-test-taskWxMqeM/test-tmp/auto_leader_rebalancer-test.0.LeaderRebalancerTest.FunctionalTestForDivided.1783602863623836-3349-0/minicluster-data/ts-0-root
metadata directory: /tmp/dist-test-taskWxMqeM/test-tmp/auto_leader_rebalancer-test.0.LeaderRebalancerTest.FunctionalTestForDivided.1783602863623836-3349-0/minicluster-data/ts-0-root
1 data directories: /tmp/dist-test-taskWxMqeM/test-tmp/auto_leader_rebalancer-test.0.LeaderRebalancerTest.FunctionalTestForDivided.1783602863623836-3349-0/minicluster-data/ts-0-root/data
Total live blocks: 0
Total live bytes: 0
Total live bytes (after alignment): 0
Total number of LBM containers: 0 (0 full)
Did not check for missing blocks
Did not check for orphaned blocks
Total full LBM containers with extra space: 0 (0 repaired)
Total full LBM container extra space in bytes: 0 (0 repaired)
Total incomplete LBM containers: 0 (0 repaired)
Total LBM partial records: 0 (0 repaired)
Total corrupted LBM metadata records in RocksDB: 0 (0 repaired)
I20260709 13:14:25.304047  3349 rpc_server.cc:225] running with OpenSSL 1.1.1  11 Sep 2018
I20260709 13:14:25.305383  3349 kserver.cc:163] Server-wide thread pool size limit: 3276
I20260709 13:14:25.308001  3349 txn_system_client.cc:432] TxnSystemClient initialization is disabled...
I20260709 13:14:25.312057  3349 ts_tablet_manager.cc:585] Loaded tablet metadata (0 total tablets, 0 live tablets)
I20260709 13:14:25.312305  3349 ts_tablet_manager.cc:531] Time spent load tablet metadata: real 0.000s	user 0.000s	sys 0.000s
I20260709 13:14:25.312554  3349 ts_tablet_manager.cc:616] Registered 0 tablets
I20260709 13:14:25.312717  3349 ts_tablet_manager.cc:595] Time spent register tablets: real 0.000s	user 0.000s	sys 0.000s
I20260709 13:14:25.410208  3349 rpc_server.cc:307] RPC server started. Bound to: 127.3.69.65:32843
I20260709 13:14:25.410306  3508 acceptor_pool.cc:272] collecting diagnostics on the listening RPC socket 127.3.69.65:32843 every 8 connection(s)
I20260709 13:14:25.417165  3349 file_cache.cc:504] Constructed file cache file cache with capacity 419430
W20260709 13:14:25.425657  3513 instance_detector.cc:116] could not retrieve AWS instance metadata: Network error: curl error: HTTP response code said error: The requested URL returned error: 404
W20260709 13:14:25.428575  3514 instance_detector.cc:116] could not retrieve Azure instance metadata: Network error: curl error: HTTP response code said error: The requested URL returned error: 404
W20260709 13:14:25.437589  3516 instance_detector.cc:116] could not retrieve OpenStack instance metadata: Network error: curl error: HTTP response code said error: The requested URL returned error: 404
I20260709 13:14:25.438387  3349 server_base.cc:1061] running on GCE node
I20260709 13:14:25.440070  3349 hybrid_clock.cc:584] initializing the hybrid clock with 'system_unsync' time source
W20260709 13:14:25.440342  3349 system_unsync_time.cc:38] NTP support is disabled. Clock error bounds will not be accurate. This configuration is not suitable for distributed clusters.
I20260709 13:14:25.440562  3349 hybrid_clock.cc:648] HybridClock initialized: now 1783602865440543 us; error 0 us; skew 500 ppm
I20260709 13:14:25.441342  3349 server_base.cc:861] Flag tcmalloc_max_total_thread_cache_bytes is not working since tcmalloc is not enabled.
I20260709 13:14:25.441856  3509 heartbeater.cc:344] Connected to a master server at 127.3.69.126:44977
I20260709 13:14:25.442262  3509 heartbeater.cc:461] Registering TS with master...
I20260709 13:14:25.443302  3509 heartbeater.cc:507] Master 127.3.69.126:44977 requested a full tablet report, sending...
I20260709 13:14:25.444495  3349 webserver.cc:533] Webserver started at http://127.3.69.66:44893/ using document root <none> and password file <none>
I20260709 13:14:25.445169  3349 fs_manager.cc:362] Metadata directory not provided
I20260709 13:14:25.445422  3349 fs_manager.cc:368] Using write-ahead log directory (fs_wal_dir) as metadata directory
I20260709 13:14:25.445782  3349 server_base.cc:909] This appears to be a new deployment of Kudu; creating new FS layout
I20260709 13:14:25.446417  3381 ts_manager.cc:194] Registered new tserver with Master: ff05afd9b9674af4a549b3ade71cfed7 (127.3.69.65:32843)
I20260709 13:14:25.447265  3349 fs_manager.cc:1068] Generated new instance metadata in path /tmp/dist-test-taskWxMqeM/test-tmp/auto_leader_rebalancer-test.0.LeaderRebalancerTest.FunctionalTestForDivided.1783602863623836-3349-0/minicluster-data/ts-1-root/instance:
uuid: "77a5198abde442abacb4b72073a8f4f5"
format_stamp: "Formatted at 2026-07-09 13:14:25 on dist-test-slave-8kx8"
I20260709 13:14:25.448804  3381 master_service.cc:502] Signed X509 certificate for tserver {username='slave'} at 127.0.0.1:35020
I20260709 13:14:25.453876  3349 fs_manager.cc:696] Time spent creating directory manager: real 0.006s	user 0.005s	sys 0.000s
I20260709 13:14:25.459087  3521 log_block_manager.cc:4127] Time spent loading block containers with low live blocks: real 0.000s	user 0.000s	sys 0.000s
I20260709 13:14:25.460007  3349 fs_manager.cc:730] Time spent opening block manager: real 0.003s	user 0.003s	sys 0.000s
I20260709 13:14:25.460347  3349 fs_manager.cc:647] Opened local filesystem: /tmp/dist-test-taskWxMqeM/test-tmp/auto_leader_rebalancer-test.0.LeaderRebalancerTest.FunctionalTestForDivided.1783602863623836-3349-0/minicluster-data/ts-1-root
uuid: "77a5198abde442abacb4b72073a8f4f5"
format_stamp: "Formatted at 2026-07-09 13:14:25 on dist-test-slave-8kx8"
I20260709 13:14:25.460695  3349 fs_report.cc:389] FS layout report
--------------------
wal directory: /tmp/dist-test-taskWxMqeM/test-tmp/auto_leader_rebalancer-test.0.LeaderRebalancerTest.FunctionalTestForDivided.1783602863623836-3349-0/minicluster-data/ts-1-root
metadata directory: /tmp/dist-test-taskWxMqeM/test-tmp/auto_leader_rebalancer-test.0.LeaderRebalancerTest.FunctionalTestForDivided.1783602863623836-3349-0/minicluster-data/ts-1-root
1 data directories: /tmp/dist-test-taskWxMqeM/test-tmp/auto_leader_rebalancer-test.0.LeaderRebalancerTest.FunctionalTestForDivided.1783602863623836-3349-0/minicluster-data/ts-1-root/data
Total live blocks: 0
Total live bytes: 0
Total live bytes (after alignment): 0
Total number of LBM containers: 0 (0 full)
Did not check for missing blocks
Did not check for orphaned blocks
Total full LBM containers with extra space: 0 (0 repaired)
Total full LBM container extra space in bytes: 0 (0 repaired)
Total incomplete LBM containers: 0 (0 repaired)
Total LBM partial records: 0 (0 repaired)
Total corrupted LBM metadata records in RocksDB: 0 (0 repaired)
I20260709 13:14:25.499055  3349 rpc_server.cc:225] running with OpenSSL 1.1.1  11 Sep 2018
I20260709 13:14:25.500722  3349 kserver.cc:163] Server-wide thread pool size limit: 3276
I20260709 13:14:25.503160  3349 txn_system_client.cc:432] TxnSystemClient initialization is disabled...
I20260709 13:14:25.506826  3349 ts_tablet_manager.cc:585] Loaded tablet metadata (0 total tablets, 0 live tablets)
I20260709 13:14:25.507095  3349 ts_tablet_manager.cc:531] Time spent load tablet metadata: real 0.000s	user 0.000s	sys 0.000s
I20260709 13:14:25.507376  3349 ts_tablet_manager.cc:616] Registered 0 tablets
I20260709 13:14:25.507580  3349 ts_tablet_manager.cc:595] Time spent register tablets: real 0.000s	user 0.000s	sys 0.000s
I20260709 13:14:25.592042  3349 rpc_server.cc:307] RPC server started. Bound to: 127.3.69.66:33383
I20260709 13:14:25.592137  3583 acceptor_pool.cc:272] collecting diagnostics on the listening RPC socket 127.3.69.66:33383 every 8 connection(s)
I20260709 13:14:25.598918  3349 file_cache.cc:504] Constructed file cache file cache with capacity 419430
W20260709 13:14:25.608985  3587 instance_detector.cc:116] could not retrieve AWS instance metadata: Network error: curl error: HTTP response code said error: The requested URL returned error: 404
W20260709 13:14:25.610010  3588 instance_detector.cc:116] could not retrieve Azure instance metadata: Network error: curl error: HTTP response code said error: The requested URL returned error: 404
I20260709 13:14:25.614823  3584 heartbeater.cc:344] Connected to a master server at 127.3.69.126:44977
I20260709 13:14:25.615267  3584 heartbeater.cc:461] Registering TS with master...
I20260709 13:14:25.616478  3584 heartbeater.cc:507] Master 127.3.69.126:44977 requested a full tablet report, sending...
I20260709 13:14:25.619310  3381 ts_manager.cc:194] Registered new tserver with Master: 77a5198abde442abacb4b72073a8f4f5 (127.3.69.66:33383)
I20260709 13:14:25.621204  3381 master_service.cc:502] Signed X509 certificate for tserver {username='slave'} at 127.0.0.1:35036
I20260709 13:14:25.627243  3349 server_base.cc:1061] running on GCE node
W20260709 13:14:25.627367  3590 instance_detector.cc:116] could not retrieve OpenStack instance metadata: Network error: curl error: HTTP response code said error: The requested URL returned error: 404
I20260709 13:14:25.628459  3349 hybrid_clock.cc:584] initializing the hybrid clock with 'system_unsync' time source
W20260709 13:14:25.628733  3349 system_unsync_time.cc:38] NTP support is disabled. Clock error bounds will not be accurate. This configuration is not suitable for distributed clusters.
I20260709 13:14:25.628929  3349 hybrid_clock.cc:648] HybridClock initialized: now 1783602865628912 us; error 0 us; skew 500 ppm
I20260709 13:14:25.629642  3349 server_base.cc:861] Flag tcmalloc_max_total_thread_cache_bytes is not working since tcmalloc is not enabled.
I20260709 13:14:25.632436  3349 webserver.cc:533] Webserver started at http://127.3.69.67:40721/ using document root <none> and password file <none>
I20260709 13:14:25.633056  3349 fs_manager.cc:362] Metadata directory not provided
I20260709 13:14:25.633286  3349 fs_manager.cc:368] Using write-ahead log directory (fs_wal_dir) as metadata directory
I20260709 13:14:25.633611  3349 server_base.cc:909] This appears to be a new deployment of Kudu; creating new FS layout
I20260709 13:14:25.635070  3349 fs_manager.cc:1068] Generated new instance metadata in path /tmp/dist-test-taskWxMqeM/test-tmp/auto_leader_rebalancer-test.0.LeaderRebalancerTest.FunctionalTestForDivided.1783602863623836-3349-0/minicluster-data/ts-2-root/instance:
uuid: "59b2f5eab6d4457f969f452d97afe7ac"
format_stamp: "Formatted at 2026-07-09 13:14:25 on dist-test-slave-8kx8"
I20260709 13:14:25.640837  3349 fs_manager.cc:696] Time spent creating directory manager: real 0.005s	user 0.004s	sys 0.004s
I20260709 13:14:25.644841  3595 log_block_manager.cc:4127] Time spent loading block containers with low live blocks: real 0.000s	user 0.000s	sys 0.000s
I20260709 13:14:25.645648  3349 fs_manager.cc:730] Time spent opening block manager: real 0.002s	user 0.004s	sys 0.000s
I20260709 13:14:25.645983  3349 fs_manager.cc:647] Opened local filesystem: /tmp/dist-test-taskWxMqeM/test-tmp/auto_leader_rebalancer-test.0.LeaderRebalancerTest.FunctionalTestForDivided.1783602863623836-3349-0/minicluster-data/ts-2-root
uuid: "59b2f5eab6d4457f969f452d97afe7ac"
format_stamp: "Formatted at 2026-07-09 13:14:25 on dist-test-slave-8kx8"
I20260709 13:14:25.646337  3349 fs_report.cc:389] FS layout report
--------------------
wal directory: /tmp/dist-test-taskWxMqeM/test-tmp/auto_leader_rebalancer-test.0.LeaderRebalancerTest.FunctionalTestForDivided.1783602863623836-3349-0/minicluster-data/ts-2-root
metadata directory: /tmp/dist-test-taskWxMqeM/test-tmp/auto_leader_rebalancer-test.0.LeaderRebalancerTest.FunctionalTestForDivided.1783602863623836-3349-0/minicluster-data/ts-2-root
1 data directories: /tmp/dist-test-taskWxMqeM/test-tmp/auto_leader_rebalancer-test.0.LeaderRebalancerTest.FunctionalTestForDivided.1783602863623836-3349-0/minicluster-data/ts-2-root/data
Total live blocks: 0
Total live bytes: 0
Total live bytes (after alignment): 0
Total number of LBM containers: 0 (0 full)
Did not check for missing blocks
Did not check for orphaned blocks
Total full LBM containers with extra space: 0 (0 repaired)
Total full LBM container extra space in bytes: 0 (0 repaired)
Total incomplete LBM containers: 0 (0 repaired)
Total LBM partial records: 0 (0 repaired)
Total corrupted LBM metadata records in RocksDB: 0 (0 repaired)
I20260709 13:14:25.664734  3349 rpc_server.cc:225] running with OpenSSL 1.1.1  11 Sep 2018
I20260709 13:14:25.666347  3349 kserver.cc:163] Server-wide thread pool size limit: 3276
I20260709 13:14:25.668020  3349 txn_system_client.cc:432] TxnSystemClient initialization is disabled...
I20260709 13:14:25.670706  3349 ts_tablet_manager.cc:585] Loaded tablet metadata (0 total tablets, 0 live tablets)
I20260709 13:14:25.670966  3349 ts_tablet_manager.cc:531] Time spent load tablet metadata: real 0.000s	user 0.000s	sys 0.000s
I20260709 13:14:25.671238  3349 ts_tablet_manager.cc:616] Registered 0 tablets
I20260709 13:14:25.671454  3349 ts_tablet_manager.cc:595] Time spent register tablets: real 0.000s	user 0.000s	sys 0.000s
I20260709 13:14:25.752893  3349 rpc_server.cc:307] RPC server started. Bound to: 127.3.69.67:34339
I20260709 13:14:25.752949  3657 acceptor_pool.cc:272] collecting diagnostics on the listening RPC socket 127.3.69.67:34339 every 8 connection(s)
I20260709 13:14:25.769877  3658 heartbeater.cc:344] Connected to a master server at 127.3.69.126:44977
I20260709 13:14:25.770334  3658 heartbeater.cc:461] Registering TS with master...
I20260709 13:14:25.771275  3658 heartbeater.cc:507] Master 127.3.69.126:44977 requested a full tablet report, sending...
I20260709 13:14:25.773432  3381 ts_manager.cc:194] Registered new tserver with Master: 59b2f5eab6d4457f969f452d97afe7ac (127.3.69.67:34339)
I20260709 13:14:25.774325  3349 internal_mini_cluster.cc:371] 3 TS(s) registered with all masters after 0.014426327s
I20260709 13:14:25.775000  3381 master_service.cc:502] Signed X509 certificate for tserver {username='slave'} at 127.0.0.1:35050
I20260709 13:14:25.822763  3381 catalog_manager.cc:2283] Servicing CreateTable request from {username='slave'} at 127.0.0.1:35064:
name: "test-workload"
schema {
  columns {
    name: "key"
    type: INT32
    is_key: true
    is_nullable: false
    encoding: AUTO_ENCODING
    compression: DEFAULT_COMPRESSION
    cfile_block_size: 0
    immutable: false
  }
  columns {
    name: "int_val"
    type: INT32
    is_key: false
    is_nullable: false
    encoding: AUTO_ENCODING
    compression: DEFAULT_COMPRESSION
    cfile_block_size: 0
    immutable: false
  }
  columns {
    name: "string_val"
    type: STRING
    is_key: false
    is_nullable: true
    encoding: AUTO_ENCODING
    compression: DEFAULT_COMPRESSION
    cfile_block_size: 0
    immutable: false
  }
}
num_replicas: 3
split_rows_range_bounds {
  rows: "\004\001\000\216\3438\016\004\001\000\034\307q\034\004\001\000\252\252\252*\004\001\0008\216\3438\004\001\000\306q\034G\004\001\000TUUU\004\001\000\3428\216c\004\001\000p\034\307q""\004\001\000\216\3438\016\004\001\000\034\307q\034\004\001\000\252\252\252*\004\001\0008\216\3438\004\001\000\306q\034G\004\001\000TUUU\004\001\000\3428\216c\004\001\000p\034\307q"
  indirect_data: """"
}
partition_schema {
  range_schema {
    columns {
      name: "key"
    }
  }
}
W20260709 13:14:25.826339  3381 catalog_manager.cc:7077] The number of live tablet servers is not enough to re-replicate a tablet replica of the newly created table test-workload in case of a server failure: 4 tablet servers would be needed, 3 are available. Consider bringing up more tablet servers.
I20260709 13:14:25.935118  3549 tablet_service.cc:1511] Processing CreateTablet for tablet c18f6182f77f42439b1b6243337fc5de (DEFAULT_TABLE table=test-workload [id=7420426387b94331a13456d1d891b6ad]), partition=RANGE (key) PARTITION VALUES < 238609294
I20260709 13:14:25.935868  3546 tablet_service.cc:1511] Processing CreateTablet for tablet 4600fe365c9c4dee831554ff8396fe7b (DEFAULT_TABLE table=test-workload [id=7420426387b94331a13456d1d891b6ad]), partition=RANGE (key) PARTITION 715827882 <= VALUES < 954437176
I20260709 13:14:25.936800  3549 data_dirs.cc:400] Could only allocate 1 dirs of requested 3 for tablet c18f6182f77f42439b1b6243337fc5de. 1 dirs total, 0 dirs full, 0 dirs failed
I20260709 13:14:25.944492  3546 data_dirs.cc:400] Could only allocate 1 dirs of requested 3 for tablet 4600fe365c9c4dee831554ff8396fe7b. 1 dirs total, 0 dirs full, 0 dirs failed
I20260709 13:14:25.947042  3623 tablet_service.cc:1511] Processing CreateTablet for tablet c18f6182f77f42439b1b6243337fc5de (DEFAULT_TABLE table=test-workload [id=7420426387b94331a13456d1d891b6ad]), partition=RANGE (key) PARTITION VALUES < 238609294
I20260709 13:14:25.955015  3616 tablet_service.cc:1511] Processing CreateTablet for tablet 34d60cd0f4a9434085a15419160c212d (DEFAULT_TABLE table=test-workload [id=7420426387b94331a13456d1d891b6ad]), partition=RANGE (key) PARTITION 1670265058 <= VALUES < 1908874352
I20260709 13:14:25.948818  3548 tablet_service.cc:1511] Processing CreateTablet for tablet 347c7e0054dd43fca871c779c3c8d1ed (DEFAULT_TABLE table=test-workload [id=7420426387b94331a13456d1d891b6ad]), partition=RANGE (key) PARTITION 238609294 <= VALUES < 477218588
I20260709 13:14:25.951766  3622 tablet_service.cc:1511] Processing CreateTablet for tablet 347c7e0054dd43fca871c779c3c8d1ed (DEFAULT_TABLE table=test-workload [id=7420426387b94331a13456d1d891b6ad]), partition=RANGE (key) PARTITION 238609294 <= VALUES < 477218588
I20260709 13:14:25.958670  3617 tablet_service.cc:1511] Processing CreateTablet for tablet 1712a32756d24c1b8d73b6ffd92d91a9 (DEFAULT_TABLE table=test-workload [id=7420426387b94331a13456d1d891b6ad]), partition=RANGE (key) PARTITION 1431655764 <= VALUES < 1670265058
I20260709 13:14:25.960947  3541 tablet_service.cc:1511] Processing CreateTablet for tablet 58bdba7b0b224beca5930e817523210e (DEFAULT_TABLE table=test-workload [id=7420426387b94331a13456d1d891b6ad]), partition=RANGE (key) PARTITION 1908874352 <= VALUES
I20260709 13:14:25.952283  3619 tablet_service.cc:1511] Processing CreateTablet for tablet 4ab2f60d1cce4d7fbe8e513c63dc81dc (DEFAULT_TABLE table=test-workload [id=7420426387b94331a13456d1d891b6ad]), partition=RANGE (key) PARTITION 954437176 <= VALUES < 1193046470
I20260709 13:14:25.957027  3542 tablet_service.cc:1511] Processing CreateTablet for tablet 34d60cd0f4a9434085a15419160c212d (DEFAULT_TABLE table=test-workload [id=7420426387b94331a13456d1d891b6ad]), partition=RANGE (key) PARTITION 1670265058 <= VALUES < 1908874352
I20260709 13:14:25.960876  3620 tablet_service.cc:1511] Processing CreateTablet for tablet 4600fe365c9c4dee831554ff8396fe7b (DEFAULT_TABLE table=test-workload [id=7420426387b94331a13456d1d891b6ad]), partition=RANGE (key) PARTITION 715827882 <= VALUES < 954437176
I20260709 13:14:25.961500  3618 tablet_service.cc:1511] Processing CreateTablet for tablet 2f5e3f1606c14ae6851a919ae4285861 (DEFAULT_TABLE table=test-workload [id=7420426387b94331a13456d1d891b6ad]), partition=RANGE (key) PARTITION 1193046470 <= VALUES < 1431655764
I20260709 13:14:25.962073  3544 tablet_service.cc:1511] Processing CreateTablet for tablet 2f5e3f1606c14ae6851a919ae4285861 (DEFAULT_TABLE table=test-workload [id=7420426387b94331a13456d1d891b6ad]), partition=RANGE (key) PARTITION 1193046470 <= VALUES < 1431655764
I20260709 13:14:25.955435  3545 tablet_service.cc:1511] Processing CreateTablet for tablet 4ab2f60d1cce4d7fbe8e513c63dc81dc (DEFAULT_TABLE table=test-workload [id=7420426387b94331a13456d1d891b6ad]), partition=RANGE (key) PARTITION 954437176 <= VALUES < 1193046470
I20260709 13:14:25.966163  3623 data_dirs.cc:400] Could only allocate 1 dirs of requested 3 for tablet c18f6182f77f42439b1b6243337fc5de. 1 dirs total, 0 dirs full, 0 dirs failed
I20260709 13:14:25.955329  3547 tablet_service.cc:1511] Processing CreateTablet for tablet 5d5104c7cf8b4701bc1c2ba5585a5dba (DEFAULT_TABLE table=test-workload [id=7420426387b94331a13456d1d891b6ad]), partition=RANGE (key) PARTITION 477218588 <= VALUES < 715827882
I20260709 13:14:25.957109  3615 tablet_service.cc:1511] Processing CreateTablet for tablet 58bdba7b0b224beca5930e817523210e (DEFAULT_TABLE table=test-workload [id=7420426387b94331a13456d1d891b6ad]), partition=RANGE (key) PARTITION 1908874352 <= VALUES
I20260709 13:14:25.966109  3621 tablet_service.cc:1511] Processing CreateTablet for tablet 5d5104c7cf8b4701bc1c2ba5585a5dba (DEFAULT_TABLE table=test-workload [id=7420426387b94331a13456d1d891b6ad]), partition=RANGE (key) PARTITION 477218588 <= VALUES < 715827882
I20260709 13:14:25.960798  3543 tablet_service.cc:1511] Processing CreateTablet for tablet 1712a32756d24c1b8d73b6ffd92d91a9 (DEFAULT_TABLE table=test-workload [id=7420426387b94331a13456d1d891b6ad]), partition=RANGE (key) PARTITION 1431655764 <= VALUES < 1670265058
I20260709 13:14:25.973716  3544 data_dirs.cc:400] Could only allocate 1 dirs of requested 3 for tablet 2f5e3f1606c14ae6851a919ae4285861. 1 dirs total, 0 dirs full, 0 dirs failed
I20260709 13:14:25.975458  3547 data_dirs.cc:400] Could only allocate 1 dirs of requested 3 for tablet 5d5104c7cf8b4701bc1c2ba5585a5dba. 1 dirs total, 0 dirs full, 0 dirs failed
I20260709 13:14:25.983923  3548 data_dirs.cc:400] Could only allocate 1 dirs of requested 3 for tablet 347c7e0054dd43fca871c779c3c8d1ed. 1 dirs total, 0 dirs full, 0 dirs failed
I20260709 13:14:25.984345  3616 data_dirs.cc:400] Could only allocate 1 dirs of requested 3 for tablet 34d60cd0f4a9434085a15419160c212d. 1 dirs total, 0 dirs full, 0 dirs failed
I20260709 13:14:25.986043  3542 data_dirs.cc:400] Could only allocate 1 dirs of requested 3 for tablet 34d60cd0f4a9434085a15419160c212d. 1 dirs total, 0 dirs full, 0 dirs failed
I20260709 13:14:25.992257  3617 data_dirs.cc:400] Could only allocate 1 dirs of requested 3 for tablet 1712a32756d24c1b8d73b6ffd92d91a9. 1 dirs total, 0 dirs full, 0 dirs failed
I20260709 13:14:26.002228  3619 data_dirs.cc:400] Could only allocate 1 dirs of requested 3 for tablet 4ab2f60d1cce4d7fbe8e513c63dc81dc. 1 dirs total, 0 dirs full, 0 dirs failed
I20260709 13:14:25.995508  3545 data_dirs.cc:400] Could only allocate 1 dirs of requested 3 for tablet 4ab2f60d1cce4d7fbe8e513c63dc81dc. 1 dirs total, 0 dirs full, 0 dirs failed
I20260709 13:14:26.004431  3618 data_dirs.cc:400] Could only allocate 1 dirs of requested 3 for tablet 2f5e3f1606c14ae6851a919ae4285861. 1 dirs total, 0 dirs full, 0 dirs failed
I20260709 13:14:26.007966  3621 data_dirs.cc:400] Could only allocate 1 dirs of requested 3 for tablet 5d5104c7cf8b4701bc1c2ba5585a5dba. 1 dirs total, 0 dirs full, 0 dirs failed
I20260709 13:14:26.015252  3620 data_dirs.cc:400] Could only allocate 1 dirs of requested 3 for tablet 4600fe365c9c4dee831554ff8396fe7b. 1 dirs total, 0 dirs full, 0 dirs failed
I20260709 13:14:26.021680  3615 data_dirs.cc:400] Could only allocate 1 dirs of requested 3 for tablet 58bdba7b0b224beca5930e817523210e. 1 dirs total, 0 dirs full, 0 dirs failed
I20260709 13:14:26.030061  3543 data_dirs.cc:400] Could only allocate 1 dirs of requested 3 for tablet 1712a32756d24c1b8d73b6ffd92d91a9. 1 dirs total, 0 dirs full, 0 dirs failed
I20260709 13:14:26.031972  3541 data_dirs.cc:400] Could only allocate 1 dirs of requested 3 for tablet 58bdba7b0b224beca5930e817523210e. 1 dirs total, 0 dirs full, 0 dirs failed
I20260709 13:14:26.033218  3622 data_dirs.cc:400] Could only allocate 1 dirs of requested 3 for tablet 347c7e0054dd43fca871c779c3c8d1ed. 1 dirs total, 0 dirs full, 0 dirs failed
I20260709 13:14:26.048976  3473 tablet_service.cc:1511] Processing CreateTablet for tablet 347c7e0054dd43fca871c779c3c8d1ed (DEFAULT_TABLE table=test-workload [id=7420426387b94331a13456d1d891b6ad]), partition=RANGE (key) PARTITION 238609294 <= VALUES < 477218588
I20260709 13:14:26.050491  3473 data_dirs.cc:400] Could only allocate 1 dirs of requested 3 for tablet 347c7e0054dd43fca871c779c3c8d1ed. 1 dirs total, 0 dirs full, 0 dirs failed
I20260709 13:14:26.051105  3676 tablet_bootstrap.cc:492] T c18f6182f77f42439b1b6243337fc5de P 77a5198abde442abacb4b72073a8f4f5: Bootstrap starting.
I20260709 13:14:26.050992  3474 tablet_service.cc:1511] Processing CreateTablet for tablet c18f6182f77f42439b1b6243337fc5de (DEFAULT_TABLE table=test-workload [id=7420426387b94331a13456d1d891b6ad]), partition=RANGE (key) PARTITION VALUES < 238609294
I20260709 13:14:26.052389  3474 data_dirs.cc:400] Could only allocate 1 dirs of requested 3 for tablet c18f6182f77f42439b1b6243337fc5de. 1 dirs total, 0 dirs full, 0 dirs failed
I20260709 13:14:26.053102  3470 tablet_service.cc:1511] Processing CreateTablet for tablet 4ab2f60d1cce4d7fbe8e513c63dc81dc (DEFAULT_TABLE table=test-workload [id=7420426387b94331a13456d1d891b6ad]), partition=RANGE (key) PARTITION 954437176 <= VALUES < 1193046470
I20260709 13:14:26.054551  3470 data_dirs.cc:400] Could only allocate 1 dirs of requested 3 for tablet 4ab2f60d1cce4d7fbe8e513c63dc81dc. 1 dirs total, 0 dirs full, 0 dirs failed
I20260709 13:14:26.056313  3472 tablet_service.cc:1511] Processing CreateTablet for tablet 5d5104c7cf8b4701bc1c2ba5585a5dba (DEFAULT_TABLE table=test-workload [id=7420426387b94331a13456d1d891b6ad]), partition=RANGE (key) PARTITION 477218588 <= VALUES < 715827882
I20260709 13:14:26.057608  3472 data_dirs.cc:400] Could only allocate 1 dirs of requested 3 for tablet 5d5104c7cf8b4701bc1c2ba5585a5dba. 1 dirs total, 0 dirs full, 0 dirs failed
I20260709 13:14:26.059521  3676 tablet_bootstrap.cc:654] T c18f6182f77f42439b1b6243337fc5de P 77a5198abde442abacb4b72073a8f4f5: Neither blocks nor log segments found. Creating new log.
I20260709 13:14:26.061259  3471 tablet_service.cc:1511] Processing CreateTablet for tablet 4600fe365c9c4dee831554ff8396fe7b (DEFAULT_TABLE table=test-workload [id=7420426387b94331a13456d1d891b6ad]), partition=RANGE (key) PARTITION 715827882 <= VALUES < 954437176
I20260709 13:14:26.062618  3471 data_dirs.cc:400] Could only allocate 1 dirs of requested 3 for tablet 4600fe365c9c4dee831554ff8396fe7b. 1 dirs total, 0 dirs full, 0 dirs failed
I20260709 13:14:26.083418  3469 tablet_service.cc:1511] Processing CreateTablet for tablet 2f5e3f1606c14ae6851a919ae4285861 (DEFAULT_TABLE table=test-workload [id=7420426387b94331a13456d1d891b6ad]), partition=RANGE (key) PARTITION 1193046470 <= VALUES < 1431655764
I20260709 13:14:26.085108  3469 data_dirs.cc:400] Could only allocate 1 dirs of requested 3 for tablet 2f5e3f1606c14ae6851a919ae4285861. 1 dirs total, 0 dirs full, 0 dirs failed
I20260709 13:14:26.070780  3467 tablet_service.cc:1511] Processing CreateTablet for tablet 34d60cd0f4a9434085a15419160c212d (DEFAULT_TABLE table=test-workload [id=7420426387b94331a13456d1d891b6ad]), partition=RANGE (key) PARTITION 1670265058 <= VALUES < 1908874352
I20260709 13:14:26.107291  3467 data_dirs.cc:400] Could only allocate 1 dirs of requested 3 for tablet 34d60cd0f4a9434085a15419160c212d. 1 dirs total, 0 dirs full, 0 dirs failed
I20260709 13:14:26.068588  3468 tablet_service.cc:1511] Processing CreateTablet for tablet 1712a32756d24c1b8d73b6ffd92d91a9 (DEFAULT_TABLE table=test-workload [id=7420426387b94331a13456d1d891b6ad]), partition=RANGE (key) PARTITION 1431655764 <= VALUES < 1670265058
I20260709 13:14:26.120577  3468 data_dirs.cc:400] Could only allocate 1 dirs of requested 3 for tablet 1712a32756d24c1b8d73b6ffd92d91a9. 1 dirs total, 0 dirs full, 0 dirs failed
I20260709 13:14:26.077718  3466 tablet_service.cc:1511] Processing CreateTablet for tablet 58bdba7b0b224beca5930e817523210e (DEFAULT_TABLE table=test-workload [id=7420426387b94331a13456d1d891b6ad]), partition=RANGE (key) PARTITION 1908874352 <= VALUES
I20260709 13:14:26.122638  3466 data_dirs.cc:400] Could only allocate 1 dirs of requested 3 for tablet 58bdba7b0b224beca5930e817523210e. 1 dirs total, 0 dirs full, 0 dirs failed
I20260709 13:14:26.156819  3676 tablet_bootstrap.cc:492] T c18f6182f77f42439b1b6243337fc5de P 77a5198abde442abacb4b72073a8f4f5: No bootstrap required, opened a new log
I20260709 13:14:26.164758  3676 ts_tablet_manager.cc:1403] T c18f6182f77f42439b1b6243337fc5de P 77a5198abde442abacb4b72073a8f4f5: Time spent bootstrapping tablet: real 0.114s	user 0.010s	sys 0.010s
W20260709 13:14:26.170961  3429 auto_rebalancer.cc:288] Could not retrieve cluster info: Service unavailable: Tablet not running
I20260709 13:14:26.191326  3676 raft_consensus.cc:359] T c18f6182f77f42439b1b6243337fc5de P 77a5198abde442abacb4b72073a8f4f5 [term 0 FOLLOWER]: Replica starting. Triggering 0 pending ops. Active config: opid_index: -1 OBSOLETE_local: false peers { permanent_uuid: "59b2f5eab6d4457f969f452d97afe7ac" member_type: VOTER last_known_addr { host: "127.3.69.67" port: 34339 } } peers { permanent_uuid: "77a5198abde442abacb4b72073a8f4f5" member_type: VOTER last_known_addr { host: "127.3.69.66" port: 33383 } } peers { permanent_uuid: "ff05afd9b9674af4a549b3ade71cfed7" member_type: VOTER last_known_addr { host: "127.3.69.65" port: 32843 } }
I20260709 13:14:26.198988  3676 raft_consensus.cc:385] T c18f6182f77f42439b1b6243337fc5de P 77a5198abde442abacb4b72073a8f4f5 [term 0 FOLLOWER]: Consensus starting up: Expiring failure detector timer to make a prompt election more likely
I20260709 13:14:26.215957  3676 raft_consensus.cc:740] T c18f6182f77f42439b1b6243337fc5de P 77a5198abde442abacb4b72073a8f4f5 [term 0 FOLLOWER]: Becoming Follower/Learner. State: Replica: 77a5198abde442abacb4b72073a8f4f5, State: Initialized, Role: FOLLOWER
I20260709 13:14:26.231525  3679 tablet_bootstrap.cc:492] T 4600fe365c9c4dee831554ff8396fe7b P 59b2f5eab6d4457f969f452d97afe7ac: Bootstrap starting.
I20260709 13:14:26.230700  3676 consensus_queue.cc:260] T c18f6182f77f42439b1b6243337fc5de P 77a5198abde442abacb4b72073a8f4f5 [NON_LEADER]: Queue going to NON_LEADER mode. State: All replicated index: 0, Majority replicated index: 0, Committed index: 0, Last appended: 0.0, Last appended by leader: 0, Current term: 0, Majority size: -1, State: 0, Mode: NON_LEADER, active raft config: opid_index: -1 OBSOLETE_local: false peers { permanent_uuid: "59b2f5eab6d4457f969f452d97afe7ac" member_type: VOTER last_known_addr { host: "127.3.69.67" port: 34339 } } peers { permanent_uuid: "77a5198abde442abacb4b72073a8f4f5" member_type: VOTER last_known_addr { host: "127.3.69.66" port: 33383 } } peers { permanent_uuid: "ff05afd9b9674af4a549b3ade71cfed7" member_type: VOTER last_known_addr { host: "127.3.69.65" port: 32843 } }
I20260709 13:14:26.252993  3678 tablet_bootstrap.cc:492] T 347c7e0054dd43fca871c779c3c8d1ed P ff05afd9b9674af4a549b3ade71cfed7: Bootstrap starting.
I20260709 13:14:26.265288  3679 tablet_bootstrap.cc:654] T 4600fe365c9c4dee831554ff8396fe7b P 59b2f5eab6d4457f969f452d97afe7ac: Neither blocks nor log segments found. Creating new log.
I20260709 13:14:26.271461  3676 ts_tablet_manager.cc:1434] T c18f6182f77f42439b1b6243337fc5de P 77a5198abde442abacb4b72073a8f4f5: Time spent starting tablet: real 0.100s	user 0.011s	sys 0.003s
I20260709 13:14:26.271589  3584 heartbeater.cc:499] Master 127.3.69.126:44977 was elected leader, sending a full tablet report...
I20260709 13:14:26.272637  3676 tablet_bootstrap.cc:492] T 58bdba7b0b224beca5930e817523210e P 77a5198abde442abacb4b72073a8f4f5: Bootstrap starting.
I20260709 13:14:26.275329  3679 tablet_bootstrap.cc:492] T 4600fe365c9c4dee831554ff8396fe7b P 59b2f5eab6d4457f969f452d97afe7ac: No bootstrap required, opened a new log
I20260709 13:14:26.275796  3679 ts_tablet_manager.cc:1403] T 4600fe365c9c4dee831554ff8396fe7b P 59b2f5eab6d4457f969f452d97afe7ac: Time spent bootstrapping tablet: real 0.045s	user 0.009s	sys 0.004s
I20260709 13:14:26.278306  3678 tablet_bootstrap.cc:654] T 347c7e0054dd43fca871c779c3c8d1ed P ff05afd9b9674af4a549b3ade71cfed7: Neither blocks nor log segments found. Creating new log.
I20260709 13:14:26.281629  3679 raft_consensus.cc:359] T 4600fe365c9c4dee831554ff8396fe7b P 59b2f5eab6d4457f969f452d97afe7ac [term 0 FOLLOWER]: Replica starting. Triggering 0 pending ops. Active config: opid_index: -1 OBSOLETE_local: false peers { permanent_uuid: "ff05afd9b9674af4a549b3ade71cfed7" member_type: VOTER last_known_addr { host: "127.3.69.65" port: 32843 } } peers { permanent_uuid: "77a5198abde442abacb4b72073a8f4f5" member_type: VOTER last_known_addr { host: "127.3.69.66" port: 33383 } } peers { permanent_uuid: "59b2f5eab6d4457f969f452d97afe7ac" member_type: VOTER last_known_addr { host: "127.3.69.67" port: 34339 } }
I20260709 13:14:26.282397  3679 raft_consensus.cc:385] T 4600fe365c9c4dee831554ff8396fe7b P 59b2f5eab6d4457f969f452d97afe7ac [term 0 FOLLOWER]: Consensus starting up: Expiring failure detector timer to make a prompt election more likely
I20260709 13:14:26.282714  3679 raft_consensus.cc:740] T 4600fe365c9c4dee831554ff8396fe7b P 59b2f5eab6d4457f969f452d97afe7ac [term 0 FOLLOWER]: Becoming Follower/Learner. State: Replica: 59b2f5eab6d4457f969f452d97afe7ac, State: Initialized, Role: FOLLOWER
I20260709 13:14:26.283676  3679 consensus_queue.cc:260] T 4600fe365c9c4dee831554ff8396fe7b P 59b2f5eab6d4457f969f452d97afe7ac [NON_LEADER]: Queue going to NON_LEADER mode. State: All replicated index: 0, Majority replicated index: 0, Committed index: 0, Last appended: 0.0, Last appended by leader: 0, Current term: 0, Majority size: -1, State: 0, Mode: NON_LEADER, active raft config: opid_index: -1 OBSOLETE_local: false peers { permanent_uuid: "ff05afd9b9674af4a549b3ade71cfed7" member_type: VOTER last_known_addr { host: "127.3.69.65" port: 32843 } } peers { permanent_uuid: "77a5198abde442abacb4b72073a8f4f5" member_type: VOTER last_known_addr { host: "127.3.69.66" port: 33383 } } peers { permanent_uuid: "59b2f5eab6d4457f969f452d97afe7ac" member_type: VOTER last_known_addr { host: "127.3.69.67" port: 34339 } }
I20260709 13:14:26.285044  3676 tablet_bootstrap.cc:654] T 58bdba7b0b224beca5930e817523210e P 77a5198abde442abacb4b72073a8f4f5: Neither blocks nor log segments found. Creating new log.
I20260709 13:14:26.293576  3679 ts_tablet_manager.cc:1434] T 4600fe365c9c4dee831554ff8396fe7b P 59b2f5eab6d4457f969f452d97afe7ac: Time spent starting tablet: real 0.015s	user 0.010s	sys 0.003s
I20260709 13:14:26.294481  3658 heartbeater.cc:499] Master 127.3.69.126:44977 was elected leader, sending a full tablet report...
I20260709 13:14:26.296887  3678 tablet_bootstrap.cc:492] T 347c7e0054dd43fca871c779c3c8d1ed P ff05afd9b9674af4a549b3ade71cfed7: No bootstrap required, opened a new log
I20260709 13:14:26.297845  3678 ts_tablet_manager.cc:1403] T 347c7e0054dd43fca871c779c3c8d1ed P ff05afd9b9674af4a549b3ade71cfed7: Time spent bootstrapping tablet: real 0.110s	user 0.016s	sys 0.000s
I20260709 13:14:26.298188  3676 tablet_bootstrap.cc:492] T 58bdba7b0b224beca5930e817523210e P 77a5198abde442abacb4b72073a8f4f5: No bootstrap required, opened a new log
I20260709 13:14:26.298777  3676 ts_tablet_manager.cc:1403] T 58bdba7b0b224beca5930e817523210e P 77a5198abde442abacb4b72073a8f4f5: Time spent bootstrapping tablet: real 0.026s	user 0.005s	sys 0.007s
I20260709 13:14:26.299896  3679 tablet_bootstrap.cc:492] T 4ab2f60d1cce4d7fbe8e513c63dc81dc P 59b2f5eab6d4457f969f452d97afe7ac: Bootstrap starting.
