I20260709 13:14:54.294763  1751 raft_consensus.cc:385] T 3671c8a714cb4a06a4100fd0766b68e5 P a7075cb3a6954e7babd08d9f8a852cee [term 0 FOLLOWER]: Consensus starting up: Expiring failure detector timer to make a prompt election more likely
I20260709 13:14:54.294955  1750 tablet_bootstrap.cc:492] T 6104210338e7464a8aa301b830880a6e P 32875794a045400795931d939b696502: No bootstrap required, opened a new log
I20260709 13:14:54.295501  1750 ts_tablet_manager.cc:1403] T 6104210338e7464a8aa301b830880a6e P 32875794a045400795931d939b696502: Time spent bootstrapping tablet: real 0.029s	user 0.008s	sys 0.013s
I20260709 13:14:54.295722  1751 raft_consensus.cc:740] T 3671c8a714cb4a06a4100fd0766b68e5 P a7075cb3a6954e7babd08d9f8a852cee [term 0 FOLLOWER]: Becoming Follower/Learner. State: Replica: a7075cb3a6954e7babd08d9f8a852cee, State: Initialized, Role: FOLLOWER
I20260709 13:14:54.296531  1751 consensus_queue.cc:260] T 3671c8a714cb4a06a4100fd0766b68e5 P a7075cb3a6954e7babd08d9f8a852cee [NON_LEADER]: Queue going to NON_LEADER mode. State: All replicated index: 0, Majority replicated index: 0, Committed index: 0, Last appended: 0.0, Last appended by leader: 0, Current term: 0, Majority size: -1, State: 0, Mode: NON_LEADER, active raft config: opid_index: -1 OBSOLETE_local: false peers { permanent_uuid: "f4b4d2ea7007455dadeadfd6fcab6518" member_type: VOTER last_known_addr { host: "127.0.103.193" port: 37251 } } peers { permanent_uuid: "a7075cb3a6954e7babd08d9f8a852cee" member_type: VOTER last_known_addr { host: "127.0.103.194" port: 40389 } } peers { permanent_uuid: "32875794a045400795931d939b696502" member_type: VOTER last_known_addr { host: "127.0.103.195" port: 33029 } }
I20260709 13:14:54.298640  1751 ts_tablet_manager.cc:1434] T 3671c8a714cb4a06a4100fd0766b68e5 P a7075cb3a6954e7babd08d9f8a852cee: Time spent starting tablet: real 0.007s	user 0.004s	sys 0.001s
I20260709 13:14:54.298426  1750 raft_consensus.cc:359] T 6104210338e7464a8aa301b830880a6e P 32875794a045400795931d939b696502 [term 0 FOLLOWER]: Replica starting. Triggering 0 pending ops. Active config: opid_index: -1 OBSOLETE_local: false peers { permanent_uuid: "f4b4d2ea7007455dadeadfd6fcab6518" member_type: VOTER last_known_addr { host: "127.0.103.193" port: 37251 } } peers { permanent_uuid: "a7075cb3a6954e7babd08d9f8a852cee" member_type: VOTER last_known_addr { host: "127.0.103.194" port: 40389 } } peers { permanent_uuid: "32875794a045400795931d939b696502" member_type: VOTER last_known_addr { host: "127.0.103.195" port: 33029 } }
I20260709 13:14:54.299098  1750 raft_consensus.cc:385] T 6104210338e7464a8aa301b830880a6e P 32875794a045400795931d939b696502 [term 0 FOLLOWER]: Consensus starting up: Expiring failure detector timer to make a prompt election more likely
I20260709 13:14:54.299399  1750 raft_consensus.cc:740] T 6104210338e7464a8aa301b830880a6e P 32875794a045400795931d939b696502 [term 0 FOLLOWER]: Becoming Follower/Learner. State: Replica: 32875794a045400795931d939b696502, State: Initialized, Role: FOLLOWER
I20260709 13:14:54.299854  1751 tablet_bootstrap.cc:492] T 3adfc67ecf704edf93c001e0c5c52bb8 P a7075cb3a6954e7babd08d9f8a852cee: Bootstrap starting.
I20260709 13:14:54.300307  1750 consensus_queue.cc:260] T 6104210338e7464a8aa301b830880a6e P 32875794a045400795931d939b696502 [NON_LEADER]: Queue going to NON_LEADER mode. State: All replicated index: 0, Majority replicated index: 0, Committed index: 0, Last appended: 0.0, Last appended by leader: 0, Current term: 0, Majority size: -1, State: 0, Mode: NON_LEADER, active raft config: opid_index: -1 OBSOLETE_local: false peers { permanent_uuid: "f4b4d2ea7007455dadeadfd6fcab6518" member_type: VOTER last_known_addr { host: "127.0.103.193" port: 37251 } } peers { permanent_uuid: "a7075cb3a6954e7babd08d9f8a852cee" member_type: VOTER last_known_addr { host: "127.0.103.194" port: 40389 } } peers { permanent_uuid: "32875794a045400795931d939b696502" member_type: VOTER last_known_addr { host: "127.0.103.195" port: 33029 } }
I20260709 13:14:54.306188  1750 ts_tablet_manager.cc:1434] T 6104210338e7464a8aa301b830880a6e P 32875794a045400795931d939b696502: Time spent starting tablet: real 0.010s	user 0.006s	sys 0.000s
I20260709 13:14:54.313123  1751 tablet_bootstrap.cc:654] T 3adfc67ecf704edf93c001e0c5c52bb8 P a7075cb3a6954e7babd08d9f8a852cee: Neither blocks nor log segments found. Creating new log.
I20260709 13:14:54.313951  1750 tablet_bootstrap.cc:492] T fddcd3848f0c45a292be4d4b0267a2b9 P 32875794a045400795931d939b696502: Bootstrap starting.
I20260709 13:14:54.321249  1937 raft_consensus.cc:493] T 7c4a0d9747da4b82bbe4623c74c34f6b P f4b4d2ea7007455dadeadfd6fcab6518 [term 0 FOLLOWER]: Starting pre-election (no leader contacted us within the election timeout)
I20260709 13:14:54.321877  1937 raft_consensus.cc:515] T 7c4a0d9747da4b82bbe4623c74c34f6b P f4b4d2ea7007455dadeadfd6fcab6518 [term 0 FOLLOWER]: Starting pre-election with config: opid_index: -1 OBSOLETE_local: false peers { permanent_uuid: "f4b4d2ea7007455dadeadfd6fcab6518" member_type: VOTER last_known_addr { host: "127.0.103.193" port: 37251 } } peers { permanent_uuid: "a7075cb3a6954e7babd08d9f8a852cee" member_type: VOTER last_known_addr { host: "127.0.103.194" port: 40389 } } peers { permanent_uuid: "32875794a045400795931d939b696502" member_type: VOTER last_known_addr { host: "127.0.103.195" port: 33029 } }
I20260709 13:14:54.323172  1750 tablet_bootstrap.cc:654] T fddcd3848f0c45a292be4d4b0267a2b9 P 32875794a045400795931d939b696502: Neither blocks nor log segments found. Creating new log.
I20260709 13:14:54.324373  1937 leader_election.cc:290] T 7c4a0d9747da4b82bbe4623c74c34f6b P f4b4d2ea7007455dadeadfd6fcab6518 [CANDIDATE]: Term 1 pre-election: Requested pre-vote from peers a7075cb3a6954e7babd08d9f8a852cee (127.0.103.194:40389), 32875794a045400795931d939b696502 (127.0.103.195:33029)
I20260709 13:14:54.325029  1632 tablet_service.cc:1917] Received RequestConsensusVote() RPC: tablet_id: "7c4a0d9747da4b82bbe4623c74c34f6b" candidate_uuid: "f4b4d2ea7007455dadeadfd6fcab6518" candidate_term: 1 candidate_status { last_received { term: 0 index: 0 } } ignore_live_leader: false dest_uuid: "a7075cb3a6954e7babd08d9f8a852cee" is_pre_election: true
I20260709 13:14:54.325631  1632 raft_consensus.cc:2468] T 7c4a0d9747da4b82bbe4623c74c34f6b P a7075cb3a6954e7babd08d9f8a852cee [term 0 FOLLOWER]: Leader pre-election vote request: Granting yes vote for candidate f4b4d2ea7007455dadeadfd6fcab6518 in term 0.
I20260709 13:14:54.326606  1708 tablet_service.cc:1917] Received RequestConsensusVote() RPC: tablet_id: "7c4a0d9747da4b82bbe4623c74c34f6b" candidate_uuid: "f4b4d2ea7007455dadeadfd6fcab6518" candidate_term: 1 candidate_status { last_received { term: 0 index: 0 } } ignore_live_leader: false dest_uuid: "32875794a045400795931d939b696502" is_pre_election: true
I20260709 13:14:54.327175  1708 raft_consensus.cc:2468] T 7c4a0d9747da4b82bbe4623c74c34f6b P 32875794a045400795931d939b696502 [term 0 FOLLOWER]: Leader pre-election vote request: Granting yes vote for candidate f4b4d2ea7007455dadeadfd6fcab6518 in term 0.
I20260709 13:14:54.329087  1524 leader_election.cc:304] T 7c4a0d9747da4b82bbe4623c74c34f6b P f4b4d2ea7007455dadeadfd6fcab6518 [CANDIDATE]: Term 1 pre-election: Election decided. Result: candidate won. Election summary: received 2 responses out of 3 voters: 2 yes votes; 0 no votes. yes voters: a7075cb3a6954e7babd08d9f8a852cee, f4b4d2ea7007455dadeadfd6fcab6518; no voters: 
I20260709 13:14:54.329815  1789 raft_consensus.cc:2804] T 7c4a0d9747da4b82bbe4623c74c34f6b P f4b4d2ea7007455dadeadfd6fcab6518 [term 0 FOLLOWER]: Leader pre-election won for term 1
I20260709 13:14:54.331434  1632 raft_consensus.cc:3060] T c3700f6e98104e08aa2c483714d2e953 P a7075cb3a6954e7babd08d9f8a852cee [term 0 FOLLOWER]: Advancing to term 1
I20260709 13:14:54.337883  1846 consensus_queue.cc:1048] T 0202feaed8504904a40389be10aed6d7 P f4b4d2ea7007455dadeadfd6fcab6518 [LEADER]: Connected to new peer: Peer: permanent_uuid: "32875794a045400795931d939b696502" member_type: VOTER last_known_addr { host: "127.0.103.195" port: 33029 }, Status: LMP_MISMATCH, Last received: 0.0, Next index: 1, Last known committed idx: 0, Time since last communication: 0.000s
I20260709 13:14:54.330163  1789 raft_consensus.cc:493] T 7c4a0d9747da4b82bbe4623c74c34f6b P f4b4d2ea7007455dadeadfd6fcab6518 [term 0 FOLLOWER]: Starting leader election (no leader contacted us within the election timeout)
I20260709 13:14:54.340582  1789 raft_consensus.cc:3060] T 7c4a0d9747da4b82bbe4623c74c34f6b P f4b4d2ea7007455dadeadfd6fcab6518 [term 0 FOLLOWER]: Advancing to term 1
I20260709 13:14:54.342427  1759 raft_consensus.cc:493] T c3700f6e98104e08aa2c483714d2e953 P a7075cb3a6954e7babd08d9f8a852cee [term 1 FOLLOWER]: Starting pre-election (no leader contacted us within the election timeout)
I20260709 13:14:54.342934  1759 raft_consensus.cc:515] T c3700f6e98104e08aa2c483714d2e953 P a7075cb3a6954e7babd08d9f8a852cee [term 1 FOLLOWER]: Starting pre-election with config: opid_index: -1 OBSOLETE_local: false peers { permanent_uuid: "f4b4d2ea7007455dadeadfd6fcab6518" member_type: VOTER last_known_addr { host: "127.0.103.193" port: 37251 } } peers { permanent_uuid: "a7075cb3a6954e7babd08d9f8a852cee" member_type: VOTER last_known_addr { host: "127.0.103.194" port: 40389 } } peers { permanent_uuid: "32875794a045400795931d939b696502" member_type: VOTER last_known_addr { host: "127.0.103.195" port: 33029 } }
I20260709 13:14:54.347615  1555 tablet_service.cc:1917] Received RequestConsensusVote() RPC: tablet_id: "c3700f6e98104e08aa2c483714d2e953" candidate_uuid: "a7075cb3a6954e7babd08d9f8a852cee" candidate_term: 2 candidate_status { last_received { term: 0 index: 0 } } ignore_live_leader: false dest_uuid: "f4b4d2ea7007455dadeadfd6fcab6518" is_pre_election: true
I20260709 13:14:54.350016  1759 leader_election.cc:290] T c3700f6e98104e08aa2c483714d2e953 P a7075cb3a6954e7babd08d9f8a852cee [CANDIDATE]: Term 2 pre-election: Requested pre-vote from peers f4b4d2ea7007455dadeadfd6fcab6518 (127.0.103.193:37251), 32875794a045400795931d939b696502 (127.0.103.195:33029)
I20260709 13:14:54.351737  1708 tablet_service.cc:1917] Received RequestConsensusVote() RPC: tablet_id: "c3700f6e98104e08aa2c483714d2e953" candidate_uuid: "a7075cb3a6954e7babd08d9f8a852cee" candidate_term: 2 candidate_status { last_received { term: 0 index: 0 } } ignore_live_leader: false dest_uuid: "32875794a045400795931d939b696502" is_pre_election: true
I20260709 13:14:54.351850  1846 consensus_queue.cc:1048] T c3700f6e98104e08aa2c483714d2e953 P f4b4d2ea7007455dadeadfd6fcab6518 [LEADER]: Connected to new peer: Peer: permanent_uuid: "a7075cb3a6954e7babd08d9f8a852cee" member_type: VOTER last_known_addr { host: "127.0.103.194" port: 40389 }, Status: LMP_MISMATCH, Last received: 0.0, Next index: 1, Last known committed idx: 0, Time since last communication: 0.000s
I20260709 13:14:54.352406  1708 raft_consensus.cc:2468] T c3700f6e98104e08aa2c483714d2e953 P 32875794a045400795931d939b696502 [term 1 FOLLOWER]: Leader pre-election vote request: Granting yes vote for candidate a7075cb3a6954e7babd08d9f8a852cee in term 1.
I20260709 13:14:54.353690  1598 leader_election.cc:304] T c3700f6e98104e08aa2c483714d2e953 P a7075cb3a6954e7babd08d9f8a852cee [CANDIDATE]: Term 2 pre-election: Election decided. Result: candidate won. Election summary: received 3 responses out of 3 voters: 2 yes votes; 1 no votes. yes voters: 32875794a045400795931d939b696502, a7075cb3a6954e7babd08d9f8a852cee; no voters: f4b4d2ea7007455dadeadfd6fcab6518
I20260709 13:14:54.356830  1824 raft_consensus.cc:515] T 3adfc67ecf704edf93c001e0c5c52bb8 P 32875794a045400795931d939b696502 [term 1 FOLLOWER]: Starting leader election with config: opid_index: -1 OBSOLETE_local: false peers { permanent_uuid: "f4b4d2ea7007455dadeadfd6fcab6518" member_type: VOTER last_known_addr { host: "127.0.103.193" port: 37251 } } peers { permanent_uuid: "a7075cb3a6954e7babd08d9f8a852cee" member_type: VOTER last_known_addr { host: "127.0.103.194" port: 40389 } } peers { permanent_uuid: "32875794a045400795931d939b696502" member_type: VOTER last_known_addr { host: "127.0.103.195" port: 33029 } }
I20260709 13:14:54.360898  1789 raft_consensus.cc:515] T 7c4a0d9747da4b82bbe4623c74c34f6b P f4b4d2ea7007455dadeadfd6fcab6518 [term 1 FOLLOWER]: Starting leader election with config: opid_index: -1 OBSOLETE_local: false peers { permanent_uuid: "f4b4d2ea7007455dadeadfd6fcab6518" member_type: VOTER last_known_addr { host: "127.0.103.193" port: 37251 } } peers { permanent_uuid: "a7075cb3a6954e7babd08d9f8a852cee" member_type: VOTER last_known_addr { host: "127.0.103.194" port: 40389 } } peers { permanent_uuid: "32875794a045400795931d939b696502" member_type: VOTER last_known_addr { host: "127.0.103.195" port: 33029 } }
I20260709 13:14:54.363970  1632 tablet_service.cc:1917] Received RequestConsensusVote() RPC: tablet_id: "7c4a0d9747da4b82bbe4623c74c34f6b" candidate_uuid: "f4b4d2ea7007455dadeadfd6fcab6518" candidate_term: 1 candidate_status { last_received { term: 0 index: 0 } } ignore_live_leader: false dest_uuid: "a7075cb3a6954e7babd08d9f8a852cee"
I20260709 13:14:54.364562  1632 raft_consensus.cc:3060] T 7c4a0d9747da4b82bbe4623c74c34f6b P a7075cb3a6954e7babd08d9f8a852cee [term 0 FOLLOWER]: Advancing to term 1
I20260709 13:14:54.365221  1749 tablet_bootstrap.cc:492] T b669089e651f4c27a67b47853ebe9327 P f4b4d2ea7007455dadeadfd6fcab6518: No bootstrap required, opened a new log
I20260709 13:14:54.365787  1749 ts_tablet_manager.cc:1403] T b669089e651f4c27a67b47853ebe9327 P f4b4d2ea7007455dadeadfd6fcab6518: Time spent bootstrapping tablet: real 0.092s	user 0.014s	sys 0.003s
I20260709 13:14:54.367544  1824 leader_election.cc:290] T 3adfc67ecf704edf93c001e0c5c52bb8 P 32875794a045400795931d939b696502 [CANDIDATE]: Term 1 election: Requested vote from peers f4b4d2ea7007455dadeadfd6fcab6518 (127.0.103.193:37251), a7075cb3a6954e7babd08d9f8a852cee (127.0.103.194:40389)
I20260709 13:14:54.367668  1555 tablet_service.cc:1917] Received RequestConsensusVote() RPC: tablet_id: "3adfc67ecf704edf93c001e0c5c52bb8" candidate_uuid: "32875794a045400795931d939b696502" candidate_term: 1 candidate_status { last_received { term: 0 index: 0 } } ignore_live_leader: false dest_uuid: "f4b4d2ea7007455dadeadfd6fcab6518"
I20260709 13:14:54.368268  1555 raft_consensus.cc:3060] T 3adfc67ecf704edf93c001e0c5c52bb8 P f4b4d2ea7007455dadeadfd6fcab6518 [term 0 FOLLOWER]: Advancing to term 1
I20260709 13:14:54.369119  1776 raft_consensus.cc:2804] T c3700f6e98104e08aa2c483714d2e953 P a7075cb3a6954e7babd08d9f8a852cee [term 1 FOLLOWER]: Leader pre-election won for term 2
I20260709 13:14:54.368920  1749 raft_consensus.cc:359] T b669089e651f4c27a67b47853ebe9327 P f4b4d2ea7007455dadeadfd6fcab6518 [term 0 FOLLOWER]: Replica starting. Triggering 0 pending ops. Active config: opid_index: -1 OBSOLETE_local: false peers { permanent_uuid: "f4b4d2ea7007455dadeadfd6fcab6518" member_type: VOTER last_known_addr { host: "127.0.103.193" port: 37251 } } peers { permanent_uuid: "a7075cb3a6954e7babd08d9f8a852cee" member_type: VOTER last_known_addr { host: "127.0.103.194" port: 40389 } } peers { permanent_uuid: "32875794a045400795931d939b696502" member_type: VOTER last_known_addr { host: "127.0.103.195" port: 33029 } }
I20260709 13:14:54.369565  1749 raft_consensus.cc:385] T b669089e651f4c27a67b47853ebe9327 P f4b4d2ea7007455dadeadfd6fcab6518 [term 0 FOLLOWER]: Consensus starting up: Expiring failure detector timer to make a prompt election more likely
I20260709 13:14:54.369840  1749 raft_consensus.cc:740] T b669089e651f4c27a67b47853ebe9327 P f4b4d2ea7007455dadeadfd6fcab6518 [term 0 FOLLOWER]: Becoming Follower/Learner. State: Replica: f4b4d2ea7007455dadeadfd6fcab6518, State: Initialized, Role: FOLLOWER
I20260709 13:14:54.371071  1824 raft_consensus.cc:493] T b7d752c1f4f74b6d96c0d84c3fd922f6 P 32875794a045400795931d939b696502 [term 0 FOLLOWER]: Starting pre-election (no leader contacted us within the election timeout)
I20260709 13:14:54.371304  1776 raft_consensus.cc:493] T c3700f6e98104e08aa2c483714d2e953 P a7075cb3a6954e7babd08d9f8a852cee [term 1 FOLLOWER]: Starting leader election (detected failure of leader f4b4d2ea7007455dadeadfd6fcab6518)
I20260709 13:14:54.371721  1776 raft_consensus.cc:3060] T c3700f6e98104e08aa2c483714d2e953 P a7075cb3a6954e7babd08d9f8a852cee [term 1 FOLLOWER]: Advancing to term 2
I20260709 13:14:54.371544  1824 raft_consensus.cc:515] T b7d752c1f4f74b6d96c0d84c3fd922f6 P 32875794a045400795931d939b696502 [term 0 FOLLOWER]: Starting pre-election with config: opid_index: -1 OBSOLETE_local: false peers { permanent_uuid: "f4b4d2ea7007455dadeadfd6fcab6518" member_type: VOTER last_known_addr { host: "127.0.103.193" port: 37251 } } peers { permanent_uuid: "a7075cb3a6954e7babd08d9f8a852cee" member_type: VOTER last_known_addr { host: "127.0.103.194" port: 40389 } } peers { permanent_uuid: "32875794a045400795931d939b696502" member_type: VOTER last_known_addr { host: "127.0.103.195" port: 33029 } }
I20260709 13:14:54.372354  1634 tablet_service.cc:1917] Received RequestConsensusVote() RPC: tablet_id: "3adfc67ecf704edf93c001e0c5c52bb8" candidate_uuid: "32875794a045400795931d939b696502" candidate_term: 1 candidate_status { last_received { term: 0 index: 0 } } ignore_live_leader: false dest_uuid: "a7075cb3a6954e7babd08d9f8a852cee"
I20260709 13:14:54.373464  1708 tablet_service.cc:1917] Received RequestConsensusVote() RPC: tablet_id: "7c4a0d9747da4b82bbe4623c74c34f6b" candidate_uuid: "f4b4d2ea7007455dadeadfd6fcab6518" candidate_term: 1 candidate_status { last_received { term: 0 index: 0 } } ignore_live_leader: false dest_uuid: "32875794a045400795931d939b696502"
I20260709 13:14:54.373575  1789 leader_election.cc:290] T 7c4a0d9747da4b82bbe4623c74c34f6b P f4b4d2ea7007455dadeadfd6fcab6518 [CANDIDATE]: Term 1 election: Requested vote from peers a7075cb3a6954e7babd08d9f8a852cee (127.0.103.194:40389), 32875794a045400795931d939b696502 (127.0.103.195:33029)
I20260709 13:14:54.374002  1708 raft_consensus.cc:3060] T 7c4a0d9747da4b82bbe4623c74c34f6b P 32875794a045400795931d939b696502 [term 0 FOLLOWER]: Advancing to term 1
I20260709 13:14:54.374121  1558 tablet_service.cc:1917] Received RequestConsensusVote() RPC: tablet_id: "b7d752c1f4f74b6d96c0d84c3fd922f6" candidate_uuid: "32875794a045400795931d939b696502" candidate_term: 1 candidate_status { last_received { term: 0 index: 0 } } ignore_live_leader: false dest_uuid: "f4b4d2ea7007455dadeadfd6fcab6518" is_pre_election: true
I20260709 13:14:54.374531  1824 leader_election.cc:290] T b7d752c1f4f74b6d96c0d84c3fd922f6 P 32875794a045400795931d939b696502 [CANDIDATE]: Term 1 pre-election: Requested pre-vote from peers f4b4d2ea7007455dadeadfd6fcab6518 (127.0.103.193:37251), a7075cb3a6954e7babd08d9f8a852cee (127.0.103.194:40389)
I20260709 13:14:54.374714  1558 raft_consensus.cc:2468] T b7d752c1f4f74b6d96c0d84c3fd922f6 P f4b4d2ea7007455dadeadfd6fcab6518 [term 0 FOLLOWER]: Leader pre-election vote request: Granting yes vote for candidate 32875794a045400795931d939b696502 in term 0.
I20260709 13:14:54.375794  1674 leader_election.cc:304] T b7d752c1f4f74b6d96c0d84c3fd922f6 P 32875794a045400795931d939b696502 [CANDIDATE]: Term 1 pre-election: Election decided. Result: candidate won. Election summary: received 2 responses out of 3 voters: 2 yes votes; 0 no votes. yes voters: 32875794a045400795931d939b696502, f4b4d2ea7007455dadeadfd6fcab6518; no voters: 
I20260709 13:14:54.376854  1749 consensus_queue.cc:260] T b669089e651f4c27a67b47853ebe9327 P f4b4d2ea7007455dadeadfd6fcab6518 [NON_LEADER]: Queue going to NON_LEADER mode. State: All replicated index: 0, Majority replicated index: 0, Committed index: 0, Last appended: 0.0, Last appended by leader: 0, Current term: 0, Majority size: -1, State: 0, Mode: NON_LEADER, active raft config: opid_index: -1 OBSOLETE_local: false peers { permanent_uuid: "f4b4d2ea7007455dadeadfd6fcab6518" member_type: VOTER last_known_addr { host: "127.0.103.193" port: 37251 } } peers { permanent_uuid: "a7075cb3a6954e7babd08d9f8a852cee" member_type: VOTER last_known_addr { host: "127.0.103.194" port: 40389 } } peers { permanent_uuid: "32875794a045400795931d939b696502" member_type: VOTER last_known_addr { host: "127.0.103.195" port: 33029 } }
I20260709 13:14:54.377954  1934 raft_consensus.cc:2804] T b7d752c1f4f74b6d96c0d84c3fd922f6 P 32875794a045400795931d939b696502 [term 0 FOLLOWER]: Leader pre-election won for term 1
W20260709 13:14:54.380095  1673 leader_election.cc:343] T 3adfc67ecf704edf93c001e0c5c52bb8 P 32875794a045400795931d939b696502 [CANDIDATE]: Term 1 election: Tablet error from VoteRequest() call to peer a7075cb3a6954e7babd08d9f8a852cee (127.0.103.194:40389): Illegal state: must be running to vote when last-logged opid is not known
I20260709 13:14:54.381102  1634 tablet_service.cc:1917] Received RequestConsensusVote() RPC: tablet_id: "b7d752c1f4f74b6d96c0d84c3fd922f6" candidate_uuid: "32875794a045400795931d939b696502" candidate_term: 1 candidate_status { last_received { term: 0 index: 0 } } ignore_live_leader: false dest_uuid: "a7075cb3a6954e7babd08d9f8a852cee" is_pre_election: true
I20260709 13:14:54.382992  1934 raft_consensus.cc:493] T b7d752c1f4f74b6d96c0d84c3fd922f6 P 32875794a045400795931d939b696502 [term 0 FOLLOWER]: Starting leader election (no leader contacted us within the election timeout)
I20260709 13:14:54.383368  1634 raft_consensus.cc:2468] T b7d752c1f4f74b6d96c0d84c3fd922f6 P a7075cb3a6954e7babd08d9f8a852cee [term 0 FOLLOWER]: Leader pre-election vote request: Granting yes vote for candidate 32875794a045400795931d939b696502 in term 0.
I20260709 13:14:54.383368  1934 raft_consensus.cc:3060] T b7d752c1f4f74b6d96c0d84c3fd922f6 P 32875794a045400795931d939b696502 [term 0 FOLLOWER]: Advancing to term 1
I20260709 13:14:54.385542  1776 raft_consensus.cc:515] T c3700f6e98104e08aa2c483714d2e953 P a7075cb3a6954e7babd08d9f8a852cee [term 2 FOLLOWER]: Starting leader election with config: opid_index: -1 OBSOLETE_local: false peers { permanent_uuid: "f4b4d2ea7007455dadeadfd6fcab6518" member_type: VOTER last_known_addr { host: "127.0.103.193" port: 37251 } } peers { permanent_uuid: "a7075cb3a6954e7babd08d9f8a852cee" member_type: VOTER last_known_addr { host: "127.0.103.194" port: 40389 } } peers { permanent_uuid: "32875794a045400795931d939b696502" member_type: VOTER last_known_addr { host: "127.0.103.195" port: 33029 } }
I20260709 13:14:54.391723  1937 consensus_queue.cc:1048] T c3700f6e98104e08aa2c483714d2e953 P f4b4d2ea7007455dadeadfd6fcab6518 [LEADER]: Connected to new peer: Peer: permanent_uuid: "32875794a045400795931d939b696502" member_type: VOTER last_known_addr { host: "127.0.103.195" port: 33029 }, Status: LMP_MISMATCH, Last received: 0.0, Next index: 1, Last known committed idx: 0, Time since last communication: 0.000s
I20260709 13:14:54.391953  1555 raft_consensus.cc:2468] T 3adfc67ecf704edf93c001e0c5c52bb8 P f4b4d2ea7007455dadeadfd6fcab6518 [term 1 FOLLOWER]: Leader election vote request: Granting yes vote for candidate 32875794a045400795931d939b696502 in term 1.
I20260709 13:14:54.393136  1751 tablet_bootstrap.cc:492] T 3adfc67ecf704edf93c001e0c5c52bb8 P a7075cb3a6954e7babd08d9f8a852cee: No bootstrap required, opened a new log
I20260709 13:14:54.393225  1674 leader_election.cc:304] T 3adfc67ecf704edf93c001e0c5c52bb8 P 32875794a045400795931d939b696502 [CANDIDATE]: Term 1 election: Election decided. Result: candidate won. Election summary: received 3 responses out of 3 voters: 2 yes votes; 1 no votes. yes voters: 32875794a045400795931d939b696502, f4b4d2ea7007455dadeadfd6fcab6518; no voters: a7075cb3a6954e7babd08d9f8a852cee
I20260709 13:14:54.393659  1751 ts_tablet_manager.cc:1403] T 3adfc67ecf704edf93c001e0c5c52bb8 P a7075cb3a6954e7babd08d9f8a852cee: Time spent bootstrapping tablet: real 0.094s	user 0.014s	sys 0.004s
I20260709 13:14:54.394487  1759 raft_consensus.cc:493] T f1c47ea9686a45d294732b32135181f1 P a7075cb3a6954e7babd08d9f8a852cee [term 0 FOLLOWER]: Starting pre-election (no leader contacted us within the election timeout)
I20260709 13:14:54.395236  1778 raft_consensus.cc:2804] T 3adfc67ecf704edf93c001e0c5c52bb8 P 32875794a045400795931d939b696502 [term 1 FOLLOWER]: Leader election won for term 1
I20260709 13:14:54.394956  1759 raft_consensus.cc:515] T f1c47ea9686a45d294732b32135181f1 P a7075cb3a6954e7babd08d9f8a852cee [term 0 FOLLOWER]: Starting pre-election with config: opid_index: -1 OBSOLETE_local: false peers { permanent_uuid: "f4b4d2ea7007455dadeadfd6fcab6518" member_type: VOTER last_known_addr { host: "127.0.103.193" port: 37251 } } peers { permanent_uuid: "a7075cb3a6954e7babd08d9f8a852cee" member_type: VOTER last_known_addr { host: "127.0.103.194" port: 40389 } } peers { permanent_uuid: "32875794a045400795931d939b696502" member_type: VOTER last_known_addr { host: "127.0.103.195" port: 33029 } }
I20260709 13:14:54.395742  1778 raft_consensus.cc:697] T 3adfc67ecf704edf93c001e0c5c52bb8 P 32875794a045400795931d939b696502 [term 1 LEADER]: Becoming Leader. State: Replica: 32875794a045400795931d939b696502, State: Running, Role: LEADER
I20260709 13:14:54.396559  1778 consensus_queue.cc:237] T 3adfc67ecf704edf93c001e0c5c52bb8 P 32875794a045400795931d939b696502 [LEADER]: Queue going to LEADER mode. State: All replicated index: 0, Majority replicated index: 0, Committed index: 0, Last appended: 0.0, Last appended by leader: 0, Current term: 1, Majority size: 2, State: 0, Mode: LEADER, active raft config: opid_index: -1 OBSOLETE_local: false peers { permanent_uuid: "f4b4d2ea7007455dadeadfd6fcab6518" member_type: VOTER last_known_addr { host: "127.0.103.193" port: 37251 } } peers { permanent_uuid: "a7075cb3a6954e7babd08d9f8a852cee" member_type: VOTER last_known_addr { host: "127.0.103.194" port: 40389 } } peers { permanent_uuid: "32875794a045400795931d939b696502" member_type: VOTER last_known_addr { host: "127.0.103.195" port: 33029 } }
I20260709 13:14:54.396672  1751 raft_consensus.cc:359] T 3adfc67ecf704edf93c001e0c5c52bb8 P a7075cb3a6954e7babd08d9f8a852cee [term 0 FOLLOWER]: Replica starting. Triggering 0 pending ops. Active config: opid_index: -1 OBSOLETE_local: false peers { permanent_uuid: "f4b4d2ea7007455dadeadfd6fcab6518" member_type: VOTER last_known_addr { host: "127.0.103.193" port: 37251 } } peers { permanent_uuid: "a7075cb3a6954e7babd08d9f8a852cee" member_type: VOTER last_known_addr { host: "127.0.103.194" port: 40389 } } peers { permanent_uuid: "32875794a045400795931d939b696502" member_type: VOTER last_known_addr { host: "127.0.103.195" port: 33029 } }
I20260709 13:14:54.397758  1751 raft_consensus.cc:385] T 3adfc67ecf704edf93c001e0c5c52bb8 P a7075cb3a6954e7babd08d9f8a852cee [term 0 FOLLOWER]: Consensus starting up: Expiring failure detector timer to make a prompt election more likely
I20260709 13:14:54.398097  1751 raft_consensus.cc:740] T 3adfc67ecf704edf93c001e0c5c52bb8 P a7075cb3a6954e7babd08d9f8a852cee [term 0 FOLLOWER]: Becoming Follower/Learner. State: Replica: a7075cb3a6954e7babd08d9f8a852cee, State: Initialized, Role: FOLLOWER
I20260709 13:14:54.397969  1557 tablet_service.cc:1917] Received RequestConsensusVote() RPC: tablet_id: "f1c47ea9686a45d294732b32135181f1" candidate_uuid: "a7075cb3a6954e7babd08d9f8a852cee" candidate_term: 1 candidate_status { last_received { term: 0 index: 0 } } ignore_live_leader: false dest_uuid: "f4b4d2ea7007455dadeadfd6fcab6518" is_pre_election: true
I20260709 13:14:54.398940  1557 raft_consensus.cc:2468] T f1c47ea9686a45d294732b32135181f1 P f4b4d2ea7007455dadeadfd6fcab6518 [term 0 FOLLOWER]: Leader pre-election vote request: Granting yes vote for candidate a7075cb3a6954e7babd08d9f8a852cee in term 0.
I20260709 13:14:54.401494  1751 consensus_queue.cc:260] T 3adfc67ecf704edf93c001e0c5c52bb8 P a7075cb3a6954e7babd08d9f8a852cee [NON_LEADER]: Queue going to NON_LEADER mode. State: All replicated index: 0, Majority replicated index: 0, Committed index: 0, Last appended: 0.0, Last appended by leader: 0, Current term: 0, Majority size: -1, State: 0, Mode: NON_LEADER, active raft config: opid_index: -1 OBSOLETE_local: false peers { permanent_uuid: "f4b4d2ea7007455dadeadfd6fcab6518" member_type: VOTER last_known_addr { host: "127.0.103.193" port: 37251 } } peers { permanent_uuid: "a7075cb3a6954e7babd08d9f8a852cee" member_type: VOTER last_known_addr { host: "127.0.103.194" port: 40389 } } peers { permanent_uuid: "32875794a045400795931d939b696502" member_type: VOTER last_known_addr { host: "127.0.103.195" port: 33029 } }
I20260709 13:14:54.403612  1635 raft_consensus.cc:1240] T c3700f6e98104e08aa2c483714d2e953 P a7075cb3a6954e7babd08d9f8a852cee [term 2 FOLLOWER]: Rejecting Update request from peer f4b4d2ea7007455dadeadfd6fcab6518 for earlier term 1. Current term is 2. Ops: []
I20260709 13:14:54.407400  1759 leader_election.cc:290] T f1c47ea9686a45d294732b32135181f1 P a7075cb3a6954e7babd08d9f8a852cee [CANDIDATE]: Term 1 pre-election: Requested pre-vote from peers f4b4d2ea7007455dadeadfd6fcab6518 (127.0.103.193:37251), 32875794a045400795931d939b696502 (127.0.103.195:33029)
I20260709 13:14:54.409011  1600 leader_election.cc:304] T f1c47ea9686a45d294732b32135181f1 P a7075cb3a6954e7babd08d9f8a852cee [CANDIDATE]: Term 1 pre-election: Election decided. Result: candidate won. Election summary: received 2 responses out of 3 voters: 2 yes votes; 0 no votes. yes voters: a7075cb3a6954e7babd08d9f8a852cee, f4b4d2ea7007455dadeadfd6fcab6518; no voters: 
I20260709 13:14:54.409828  1707 tablet_service.cc:1917] Received RequestConsensusVote() RPC: tablet_id: "f1c47ea9686a45d294732b32135181f1" candidate_uuid: "a7075cb3a6954e7babd08d9f8a852cee" candidate_term: 1 candidate_status { last_received { term: 0 index: 0 } } ignore_live_leader: false dest_uuid: "32875794a045400795931d939b696502" is_pre_election: true
I20260709 13:14:54.390013  1708 raft_consensus.cc:2468] T 7c4a0d9747da4b82bbe4623c74c34f6b P 32875794a045400795931d939b696502 [term 1 FOLLOWER]: Leader election vote request: Granting yes vote for candidate f4b4d2ea7007455dadeadfd6fcab6518 in term 1.
I20260709 13:14:54.410496  1707 raft_consensus.cc:2468] T f1c47ea9686a45d294732b32135181f1 P 32875794a045400795931d939b696502 [term 0 FOLLOWER]: Leader pre-election vote request: Granting yes vote for candidate a7075cb3a6954e7babd08d9f8a852cee in term 0.
I20260709 13:14:54.411073  1523 leader_election.cc:304] T 7c4a0d9747da4b82bbe4623c74c34f6b P f4b4d2ea7007455dadeadfd6fcab6518 [CANDIDATE]: Term 1 election: Election decided. Result: candidate won. Election summary: received 2 responses out of 3 voters: 2 yes votes; 0 no votes. yes voters: 32875794a045400795931d939b696502, f4b4d2ea7007455dadeadfd6fcab6518; no voters: 
I20260709 13:14:54.411273  1929 raft_consensus.cc:2804] T f1c47ea9686a45d294732b32135181f1 P a7075cb3a6954e7babd08d9f8a852cee [term 0 FOLLOWER]: Leader pre-election won for term 1
I20260709 13:14:54.411679  1929 raft_consensus.cc:493] T f1c47ea9686a45d294732b32135181f1 P a7075cb3a6954e7babd08d9f8a852cee [term 0 FOLLOWER]: Starting leader election (no leader contacted us within the election timeout)
I20260709 13:14:54.412002  1929 raft_consensus.cc:3060] T f1c47ea9686a45d294732b32135181f1 P a7075cb3a6954e7babd08d9f8a852cee [term 0 FOLLOWER]: Advancing to term 1
I20260709 13:14:54.411836  1937 consensus_queue.cc:1059] T c3700f6e98104e08aa2c483714d2e953 P f4b4d2ea7007455dadeadfd6fcab6518 [LEADER]: Peer responded invalid term: Peer: permanent_uuid: "a7075cb3a6954e7babd08d9f8a852cee" member_type: VOTER last_known_addr { host: "127.0.103.194" port: 40389 }, Status: INVALID_TERM, Last received: 1.1, Next index: 2, Last known committed idx: 0, Time since last communication: 0.000s
I20260709 13:14:54.412456  1750 tablet_bootstrap.cc:492] T fddcd3848f0c45a292be4d4b0267a2b9 P 32875794a045400795931d939b696502: No bootstrap required, opened a new log
I20260709 13:14:54.412654  1937 raft_consensus.cc:2804] T 7c4a0d9747da4b82bbe4623c74c34f6b P f4b4d2ea7007455dadeadfd6fcab6518 [term 1 FOLLOWER]: Leader election won for term 1
I20260709 13:14:54.412925  1750 ts_tablet_manager.cc:1403] T fddcd3848f0c45a292be4d4b0267a2b9 P 32875794a045400795931d939b696502: Time spent bootstrapping tablet: real 0.099s	user 0.010s	sys 0.015s
I20260709 13:14:54.413059  1937 raft_consensus.cc:697] T 7c4a0d9747da4b82bbe4623c74c34f6b P f4b4d2ea7007455dadeadfd6fcab6518 [term 1 LEADER]: Becoming Leader. State: Replica: f4b4d2ea7007455dadeadfd6fcab6518, State: Running, Role: LEADER
I20260709 13:14:54.413968  1937 consensus_queue.cc:237] T 7c4a0d9747da4b82bbe4623c74c34f6b P f4b4d2ea7007455dadeadfd6fcab6518 [LEADER]: Queue going to LEADER mode. State: All replicated index: 0, Majority replicated index: 0, Committed index: 0, Last appended: 0.0, Last appended by leader: 0, Current term: 1, Majority size: 2, State: 0, Mode: LEADER, active raft config: opid_index: -1 OBSOLETE_local: false peers { permanent_uuid: "f4b4d2ea7007455dadeadfd6fcab6518" member_type: VOTER last_known_addr { host: "127.0.103.193" port: 37251 } } peers { permanent_uuid: "a7075cb3a6954e7babd08d9f8a852cee" member_type: VOTER last_known_addr { host: "127.0.103.194" port: 40389 } } peers { permanent_uuid: "32875794a045400795931d939b696502" member_type: VOTER last_known_addr { host: "127.0.103.195" port: 33029 } }
I20260709 13:14:54.415581  1754 raft_consensus.cc:3055] T c3700f6e98104e08aa2c483714d2e953 P f4b4d2ea7007455dadeadfd6fcab6518 [term 1 LEADER]: Stepping down as leader of term 1
I20260709 13:14:54.416018  1754 raft_consensus.cc:740] T c3700f6e98104e08aa2c483714d2e953 P f4b4d2ea7007455dadeadfd6fcab6518 [term 1 LEADER]: Becoming Follower/Learner. State: Replica: f4b4d2ea7007455dadeadfd6fcab6518, State: Running, Role: LEADER
I20260709 13:14:54.416932  1754 consensus_queue.cc:260] T c3700f6e98104e08aa2c483714d2e953 P f4b4d2ea7007455dadeadfd6fcab6518 [NON_LEADER]: Queue going to NON_LEADER mode. State: All replicated index: 0, Majority replicated index: 1, Committed index: 1, Last appended: 1.1, Last appended by leader: 1, Current term: 1, Majority size: -1, State: 0, Mode: NON_LEADER, active raft config: opid_index: -1 OBSOLETE_local: false peers { permanent_uuid: "f4b4d2ea7007455dadeadfd6fcab6518" member_type: VOTER last_known_addr { host: "127.0.103.193" port: 37251 } } peers { permanent_uuid: "a7075cb3a6954e7babd08d9f8a852cee" member_type: VOTER last_known_addr { host: "127.0.103.194" port: 40389 } } peers { permanent_uuid: "32875794a045400795931d939b696502" member_type: VOTER last_known_addr { host: "127.0.103.195" port: 33029 } }
I20260709 13:14:54.418305  1754 raft_consensus.cc:3060] T c3700f6e98104e08aa2c483714d2e953 P f4b4d2ea7007455dadeadfd6fcab6518 [term 1 FOLLOWER]: Advancing to term 2
I20260709 13:14:54.419920  1557 tablet_service.cc:1917] Received RequestConsensusVote() RPC: tablet_id: "c3700f6e98104e08aa2c483714d2e953" candidate_uuid: "a7075cb3a6954e7babd08d9f8a852cee" candidate_term: 2 candidate_status { last_received { term: 1 index: 1 } } ignore_live_leader: false dest_uuid: "f4b4d2ea7007455dadeadfd6fcab6518"
I20260709 13:14:54.420818  1750 raft_consensus.cc:359] T fddcd3848f0c45a292be4d4b0267a2b9 P 32875794a045400795931d939b696502 [term 0 FOLLOWER]: Replica starting. Triggering 0 pending ops. Active config: opid_index: -1 OBSOLETE_local: false peers { permanent_uuid: "f4b4d2ea7007455dadeadfd6fcab6518" member_type: VOTER last_known_addr { host: "127.0.103.193" port: 37251 } } peers { permanent_uuid: "a7075cb3a6954e7babd08d9f8a852cee" member_type: VOTER last_known_addr { host: "127.0.103.194" port: 40389 } } peers { permanent_uuid: "32875794a045400795931d939b696502" member_type: VOTER last_known_addr { host: "127.0.103.195" port: 33029 } }
I20260709 13:14:54.421653  1750 raft_consensus.cc:385] T fddcd3848f0c45a292be4d4b0267a2b9 P 32875794a045400795931d939b696502 [term 0 FOLLOWER]: Consensus starting up: Expiring failure detector timer to make a prompt election more likely
I20260709 13:14:54.421934  1750 raft_consensus.cc:740] T fddcd3848f0c45a292be4d4b0267a2b9 P 32875794a045400795931d939b696502 [term 0 FOLLOWER]: Becoming Follower/Learner. State: Replica: 32875794a045400795931d939b696502, State: Initialized, Role: FOLLOWER
I20260709 13:14:54.422634  1751 ts_tablet_manager.cc:1434] T 3adfc67ecf704edf93c001e0c5c52bb8 P a7075cb3a6954e7babd08d9f8a852cee: Time spent starting tablet: real 0.029s	user 0.006s	sys 0.001s
I20260709 13:14:54.420746  1929 raft_consensus.cc:515] T f1c47ea9686a45d294732b32135181f1 P a7075cb3a6954e7babd08d9f8a852cee [term 1 FOLLOWER]: Starting leader election with config: opid_index: -1 OBSOLETE_local: false peers { permanent_uuid: "f4b4d2ea7007455dadeadfd6fcab6518" member_type: VOTER last_known_addr { host: "127.0.103.193" port: 37251 } } peers { permanent_uuid: "a7075cb3a6954e7babd08d9f8a852cee" member_type: VOTER last_known_addr { host: "127.0.103.194" port: 40389 } } peers { permanent_uuid: "32875794a045400795931d939b696502" member_type: VOTER last_known_addr { host: "127.0.103.195" port: 33029 } }
I20260709 13:14:54.425906  1749 ts_tablet_manager.cc:1434] T b669089e651f4c27a67b47853ebe9327 P f4b4d2ea7007455dadeadfd6fcab6518: Time spent starting tablet: real 0.060s	user 0.007s	sys 0.001s
I20260709 13:14:54.390400  1632 raft_consensus.cc:2468] T 7c4a0d9747da4b82bbe4623c74c34f6b P a7075cb3a6954e7babd08d9f8a852cee [term 1 FOLLOWER]: Leader election vote request: Granting yes vote for candidate f4b4d2ea7007455dadeadfd6fcab6518 in term 1.
I20260709 13:14:54.431381  1750 consensus_queue.cc:260] T fddcd3848f0c45a292be4d4b0267a2b9 P 32875794a045400795931d939b696502 [NON_LEADER]: Queue going to NON_LEADER mode. State: All replicated index: 0, Majority replicated index: 0, Committed index: 0, Last appended: 0.0, Last appended by leader: 0, Current term: 0, Majority size: -1, State: 0, Mode: NON_LEADER, active raft config: opid_index: -1 OBSOLETE_local: false peers { permanent_uuid: "f4b4d2ea7007455dadeadfd6fcab6518" member_type: VOTER last_known_addr { host: "127.0.103.193" port: 37251 } } peers { permanent_uuid: "a7075cb3a6954e7babd08d9f8a852cee" member_type: VOTER last_known_addr { host: "127.0.103.194" port: 40389 } } peers { permanent_uuid: "32875794a045400795931d939b696502" member_type: VOTER last_known_addr { host: "127.0.103.195" port: 33029 } }
I20260709 13:14:54.434947  1751 tablet_bootstrap.cc:492] T b669089e651f4c27a67b47853ebe9327 P a7075cb3a6954e7babd08d9f8a852cee: Bootstrap starting.
I20260709 13:14:54.435766  1750 ts_tablet_manager.cc:1434] T fddcd3848f0c45a292be4d4b0267a2b9 P 32875794a045400795931d939b696502: Time spent starting tablet: real 0.023s	user 0.006s	sys 0.002s
I20260709 13:14:54.443354  1749 tablet_bootstrap.cc:492] T 81d5e0f9908946a8a648a8dafa8f5314 P f4b4d2ea7007455dadeadfd6fcab6518: Bootstrap starting.
I20260709 13:14:54.451736  1776 leader_election.cc:290] T c3700f6e98104e08aa2c483714d2e953 P a7075cb3a6954e7babd08d9f8a852cee [CANDIDATE]: Term 2 election: Requested vote from peers f4b4d2ea7007455dadeadfd6fcab6518 (127.0.103.193:37251), 32875794a045400795931d939b696502 (127.0.103.195:33029)
I20260709 13:14:54.493774  1555 tablet_service.cc:1917] Received RequestConsensusVote() RPC: tablet_id: "f1c47ea9686a45d294732b32135181f1" candidate_uuid: "a7075cb3a6954e7babd08d9f8a852cee" candidate_term: 1 candidate_status { last_received { term: 0 index: 0 } } ignore_live_leader: false dest_uuid: "f4b4d2ea7007455dadeadfd6fcab6518"
I20260709 13:14:54.500377  1555 raft_consensus.cc:3060] T f1c47ea9686a45d294732b32135181f1 P f4b4d2ea7007455dadeadfd6fcab6518 [term 0 FOLLOWER]: Advancing to term 1
I20260709 13:14:54.446424  1934 raft_consensus.cc:515] T b7d752c1f4f74b6d96c0d84c3fd922f6 P 32875794a045400795931d939b696502 [term 1 FOLLOWER]: Starting leader election with config: opid_index: -1 OBSOLETE_local: false peers { permanent_uuid: "f4b4d2ea7007455dadeadfd6fcab6518" member_type: VOTER last_known_addr { host: "127.0.103.193" port: 37251 } } peers { permanent_uuid: "a7075cb3a6954e7babd08d9f8a852cee" member_type: VOTER last_known_addr { host: "127.0.103.194" port: 40389 } } peers { permanent_uuid: "32875794a045400795931d939b696502" member_type: VOTER last_known_addr { host: "127.0.103.195" port: 33029 } }
W20260709 13:14:54.503130  1506 auto_rebalancer.cc:288] Could not retrieve cluster info: Service unavailable: Tablet not running
I20260709 13:14:54.520100  1750 tablet_bootstrap.cc:492] T 36ff358463854b6a841c732271c3706f P 32875794a045400795931d939b696502: Bootstrap starting.
I20260709 13:14:54.516230  1929 leader_election.cc:290] T f1c47ea9686a45d294732b32135181f1 P a7075cb3a6954e7babd08d9f8a852cee [CANDIDATE]: Term 1 election: Requested vote from peers f4b4d2ea7007455dadeadfd6fcab6518 (127.0.103.193:37251), 32875794a045400795931d939b696502 (127.0.103.195:33029)
I20260709 13:14:54.527661  1936 raft_consensus.cc:493] T fddcd3848f0c45a292be4d4b0267a2b9 P 32875794a045400795931d939b696502 [term 0 FOLLOWER]: Starting pre-election (no leader contacted us within the election timeout)
I20260709 13:14:54.541445  1754 raft_consensus.cc:493] T 13c69641ae7e47c4875224b85d2064ff P f4b4d2ea7007455dadeadfd6fcab6518 [term 0 FOLLOWER]: Starting pre-election (no leader contacted us within the election timeout)
I20260709 13:14:54.542791  1776 raft_consensus.cc:493] T 3671c8a714cb4a06a4100fd0766b68e5 P a7075cb3a6954e7babd08d9f8a852cee [term 0 FOLLOWER]: Starting pre-election (no leader contacted us within the election timeout)
I20260709 13:14:54.546273  1754 raft_consensus.cc:515] T 13c69641ae7e47c4875224b85d2064ff P f4b4d2ea7007455dadeadfd6fcab6518 [term 0 FOLLOWER]: Starting pre-election with config: opid_index: -1 OBSOLETE_local: false peers { permanent_uuid: "f4b4d2ea7007455dadeadfd6fcab6518" member_type: VOTER last_known_addr { host: "127.0.103.193" port: 37251 } } peers { permanent_uuid: "a7075cb3a6954e7babd08d9f8a852cee" member_type: VOTER last_known_addr { host: "127.0.103.194" port: 40389 } } peers { permanent_uuid: "32875794a045400795931d939b696502" member_type: VOTER last_known_addr { host: "127.0.103.195" port: 33029 } }
I20260709 13:14:54.550779  1754 leader_election.cc:290] T 13c69641ae7e47c4875224b85d2064ff P f4b4d2ea7007455dadeadfd6fcab6518 [CANDIDATE]: Term 1 pre-election: Requested pre-vote from peers a7075cb3a6954e7babd08d9f8a852cee (127.0.103.194:40389), 32875794a045400795931d939b696502 (127.0.103.195:33029)
I20260709 13:14:54.551131  1750 tablet_bootstrap.cc:654] T 36ff358463854b6a841c732271c3706f P 32875794a045400795931d939b696502: Neither blocks nor log segments found. Creating new log.
I20260709 13:14:54.535359  1936 raft_consensus.cc:515] T fddcd3848f0c45a292be4d4b0267a2b9 P 32875794a045400795931d939b696502 [term 0 FOLLOWER]: Starting pre-election with config: opid_index: -1 OBSOLETE_local: false peers { permanent_uuid: "f4b4d2ea7007455dadeadfd6fcab6518" member_type: VOTER last_known_addr { host: "127.0.103.193" port: 37251 } } peers { permanent_uuid: "a7075cb3a6954e7babd08d9f8a852cee" member_type: VOTER last_known_addr { host: "127.0.103.194" port: 40389 } } peers { permanent_uuid: "32875794a045400795931d939b696502" member_type: VOTER last_known_addr { host: "127.0.103.195" port: 33029 } }
I20260709 13:14:54.553128  1751 tablet_bootstrap.cc:654] T b669089e651f4c27a67b47853ebe9327 P a7075cb3a6954e7babd08d9f8a852cee: Neither blocks nor log segments found. Creating new log.
I20260709 13:14:54.547813  1776 raft_consensus.cc:515] T 3671c8a714cb4a06a4100fd0766b68e5 P a7075cb3a6954e7babd08d9f8a852cee [term 0 FOLLOWER]: Starting pre-election with config: opid_index: -1 OBSOLETE_local: false peers { permanent_uuid: "f4b4d2ea7007455dadeadfd6fcab6518" member_type: VOTER last_known_addr { host: "127.0.103.193" port: 37251 } } peers { permanent_uuid: "a7075cb3a6954e7babd08d9f8a852cee" member_type: VOTER last_known_addr { host: "127.0.103.194" port: 40389 } } peers { permanent_uuid: "32875794a045400795931d939b696502" member_type: VOTER last_known_addr { host: "127.0.103.195" port: 33029 } }
I20260709 13:14:54.565546  1555 raft_consensus.cc:2468] T f1c47ea9686a45d294732b32135181f1 P f4b4d2ea7007455dadeadfd6fcab6518 [term 1 FOLLOWER]: Leader election vote request: Granting yes vote for candidate a7075cb3a6954e7babd08d9f8a852cee in term 1.
I20260709 13:14:54.566062  1704 tablet_service.cc:1917] Received RequestConsensusVote() RPC: tablet_id: "13c69641ae7e47c4875224b85d2064ff" candidate_uuid: "f4b4d2ea7007455dadeadfd6fcab6518" candidate_term: 1 candidate_status { last_received { term: 0 index: 0 } } ignore_live_leader: false dest_uuid: "32875794a045400795931d939b696502" is_pre_election: true
I20260709 13:14:54.571116  1934 leader_election.cc:290] T b7d752c1f4f74b6d96c0d84c3fd922f6 P 32875794a045400795931d939b696502 [CANDIDATE]: Term 1 election: Requested vote from peers f4b4d2ea7007455dadeadfd6fcab6518 (127.0.103.193:37251), a7075cb3a6954e7babd08d9f8a852cee (127.0.103.194:40389)
I20260709 13:14:54.571233  1776 leader_election.cc:290] T 3671c8a714cb4a06a4100fd0766b68e5 P a7075cb3a6954e7babd08d9f8a852cee [CANDIDATE]: Term 1 pre-election: Requested pre-vote from peers f4b4d2ea7007455dadeadfd6fcab6518 (127.0.103.193:37251), 32875794a045400795931d939b696502 (127.0.103.195:33029)
I20260709 13:14:54.582322  1824 consensus_queue.cc:1048] T d9ac172fd31f4ebc81a75e50732e4a7c P 32875794a045400795931d939b696502 [LEADER]: Connected to new peer: Peer: permanent_uuid: "f4b4d2ea7007455dadeadfd6fcab6518" member_type: VOTER last_known_addr { host: "127.0.103.193" port: 37251 }, Status: LMP_MISMATCH, Last received: 0.0, Next index: 1, Last known committed idx: 0, Time since last communication: 0.000s
I20260709 13:14:54.582595  1707 tablet_service.cc:1917] Received RequestConsensusVote() RPC: tablet_id: "f1c47ea9686a45d294732b32135181f1" candidate_uuid: "a7075cb3a6954e7babd08d9f8a852cee" candidate_term: 1 candidate_status { last_received { term: 0 index: 0 } } ignore_live_leader: false dest_uuid: "32875794a045400795931d939b696502"
I20260709 13:14:54.583184  1707 raft_consensus.cc:3060] T f1c47ea9686a45d294732b32135181f1 P 32875794a045400795931d939b696502 [term 0 FOLLOWER]: Advancing to term 1
I20260709 13:14:54.584944  1600 leader_election.cc:304] T f1c47ea9686a45d294732b32135181f1 P a7075cb3a6954e7babd08d9f8a852cee [CANDIDATE]: Term 1 election: Election decided. Result: candidate won. Election summary: received 2 responses out of 3 voters: 2 yes votes; 0 no votes. yes voters: a7075cb3a6954e7babd08d9f8a852cee, f4b4d2ea7007455dadeadfd6fcab6518; no voters: 
I20260709 13:14:54.576722  1704 raft_consensus.cc:2468] T 13c69641ae7e47c4875224b85d2064ff P 32875794a045400795931d939b696502 [term 0 FOLLOWER]: Leader pre-election vote request: Granting yes vote for candidate f4b4d2ea7007455dadeadfd6fcab6518 in term 0.
I20260709 13:14:54.586236  1759 raft_consensus.cc:2804] T f1c47ea9686a45d294732b32135181f1 P a7075cb3a6954e7babd08d9f8a852cee [term 1 FOLLOWER]: Leader election won for term 1
I20260709 13:14:54.586432  1558 tablet_service.cc:1917] Received RequestConsensusVote() RPC: tablet_id: "3671c8a714cb4a06a4100fd0766b68e5" candidate_uuid: "a7075cb3a6954e7babd08d9f8a852cee" candidate_term: 1 candidate_status { last_received { term: 0 index: 0 } } ignore_live_leader: false dest_uuid: "f4b4d2ea7007455dadeadfd6fcab6518" is_pre_election: true
I20260709 13:14:54.586771  1759 raft_consensus.cc:697] T f1c47ea9686a45d294732b32135181f1 P a7075cb3a6954e7babd08d9f8a852cee [term 1 LEADER]: Becoming Leader. State: Replica: a7075cb3a6954e7babd08d9f8a852cee, State: Running, Role: LEADER
I20260709 13:14:54.575165  1754 consensus_queue.cc:1048] T 3671c8a714cb4a06a4100fd0766b68e5 P f4b4d2ea7007455dadeadfd6fcab6518 [LEADER]: Connected to new peer: Peer: permanent_uuid: "32875794a045400795931d939b696502" member_type: VOTER last_known_addr { host: "127.0.103.195" port: 33029 }, Status: LMP_MISMATCH, Last received: 0.0, Next index: 1, Last known committed idx: 0, Time since last communication: 0.004s
I20260709 13:14:54.587745  1759 consensus_queue.cc:237] T f1c47ea9686a45d294732b32135181f1 P a7075cb3a6954e7babd08d9f8a852cee [LEADER]: Queue going to LEADER mode. State: All replicated index: 0, Majority replicated index: 0, Committed index: 0, Last appended: 0.0, Last appended by leader: 0, Current term: 1, Majority size: 2, State: 0, Mode: LEADER, active raft config: opid_index: -1 OBSOLETE_local: false peers { permanent_uuid: "f4b4d2ea7007455dadeadfd6fcab6518" member_type: VOTER last_known_addr { host: "127.0.103.193" port: 37251 } } peers { permanent_uuid: "a7075cb3a6954e7babd08d9f8a852cee" member_type: VOTER last_known_addr { host: "127.0.103.194" port: 40389 } } peers { permanent_uuid: "32875794a045400795931d939b696502" member_type: VOTER last_known_addr { host: "127.0.103.195" port: 33029 } }
I20260709 13:14:54.591084  1932 consensus_queue.cc:1048] T d9ac172fd31f4ebc81a75e50732e4a7c P 32875794a045400795931d939b696502 [LEADER]: Connected to new peer: Peer: permanent_uuid: "a7075cb3a6954e7babd08d9f8a852cee" member_type: VOTER last_known_addr { host: "127.0.103.194" port: 40389 }, Status: LMP_MISMATCH, Last received: 0.0, Next index: 1, Last known committed idx: 0, Time since last communication: 0.000s
I20260709 13:14:54.593627  1523 leader_election.cc:304] T 13c69641ae7e47c4875224b85d2064ff P f4b4d2ea7007455dadeadfd6fcab6518 [CANDIDATE]: Term 1 pre-election: Election decided. Result: candidate won. Election summary: received 2 responses out of 3 voters: 2 yes votes; 0 no votes. yes voters: 32875794a045400795931d939b696502, f4b4d2ea7007455dadeadfd6fcab6518; no voters: 
I20260709 13:14:54.597512  1704 tablet_service.cc:1917] Received RequestConsensusVote() RPC: tablet_id: "3671c8a714cb4a06a4100fd0766b68e5" candidate_uuid: "a7075cb3a6954e7babd08d9f8a852cee" candidate_term: 1 candidate_status { last_received { term: 0 index: 0 } } ignore_live_leader: false dest_uuid: "32875794a045400795931d939b696502" is_pre_election: true
