I20260709 13:14:42.794163 16951 leader_election.cc:304] T fb17ea9adaf64c0cabd6335659a2ea47 P 91fbe158737141cab799a060878ca1f9 [CANDIDATE]: Term 1 pre-election: Election decided. Result: candidate lost. Election summary: received 3 responses out of 3 voters: 1 yes votes; 2 no votes. yes voters: 91fbe158737141cab799a060878ca1f9; no voters: 2118a30962d242e9ad720115b99fc84a, 999b382bb12a4bd980855470587cf116
I20260709 13:14:42.795719 17119 tablet_service.cc:1511] Processing CreateTablet for tablet 6a3c696084bc4249b82f4421de7382d3 (DEFAULT_TABLE table=test-workload [id=b73b120f3b624c369932e7b42dfdd273]), partition=RANGE (key) PARTITION 982746729 <= VALUES < 1019144756
I20260709 13:14:42.797261 17049 tablet_service.cc:1511] Processing CreateTablet for tablet a24f77c018b0445cae7403c3069b0f96 (DEFAULT_TABLE table=test-workload [id=b73b120f3b624c369932e7b42dfdd273]), partition=RANGE (key) PARTITION 1929095431 <= VALUES < 1965493458
I20260709 13:14:42.797657 16970 data_dirs.cc:400] Could only allocate 1 dirs of requested 3 for tablet c022f442a4ec4249aef0139365945139. 1 dirs total, 0 dirs full, 0 dirs failed
I20260709 13:14:42.797963 17188 raft_consensus.cc:2749] T fb17ea9adaf64c0cabd6335659a2ea47 P 91fbe158737141cab799a060878ca1f9 [term 0 FOLLOWER]: Leader pre-election lost for term 1. Reason: could not achieve majority
I20260709 13:14:42.799189 17175 tablet_bootstrap.cc:654] T 06563756e1f84322ade8db2a396332dd P 2118a30962d242e9ad720115b99fc84a: Neither blocks nor log segments found. Creating new log.
I20260709 13:14:42.790604 17124 data_dirs.cc:400] Could only allocate 1 dirs of requested 3 for tablet 3a1a23e8a1a74d3d8591409fa0b3d0bf. 1 dirs total, 0 dirs full, 0 dirs failed
I20260709 13:14:42.806890 17115 data_dirs.cc:400] Could only allocate 1 dirs of requested 3 for tablet ce2287e05d554774baa4070fb980929b. 1 dirs total, 0 dirs full, 0 dirs failed
I20260709 13:14:42.807169 17186 consensus_queue.cc:260] T 144a45888c4a42d2817b5d65205f4fb4 P 999b382bb12a4bd980855470587cf116 [NON_LEADER]: Queue going to NON_LEADER mode. State: All replicated index: 0, Majority replicated index: 0, Committed index: 0, Last appended: 0.0, Last appended by leader: 0, Current term: 0, Majority size: -1, State: 0, Mode: NON_LEADER, active raft config: opid_index: -1 OBSOLETE_local: false peers { permanent_uuid: "91fbe158737141cab799a060878ca1f9" member_type: VOTER last_known_addr { host: "127.15.129.129" port: 34543 } } peers { permanent_uuid: "2118a30962d242e9ad720115b99fc84a" member_type: VOTER last_known_addr { host: "127.15.129.130" port: 42773 } } peers { permanent_uuid: "999b382bb12a4bd980855470587cf116" member_type: VOTER last_known_addr { host: "127.15.129.131" port: 46749 } }
I20260709 13:14:42.806526 16972 tablet_service.cc:1511] Processing CreateTablet for tablet f078f29e1e6e47079fadd8b8d76115d1 (DEFAULT_TABLE table=test-workload [id=b73b120f3b624c369932e7b42dfdd273]), partition=RANGE (key) PARTITION 1601513188 <= VALUES < 1637911215
I20260709 13:14:42.798158 17117 tablet_service.cc:1511] Processing CreateTablet for tablet 205131fc3bff46dd919e0063e7627b52 (DEFAULT_TABLE table=test-workload [id=b73b120f3b624c369932e7b42dfdd273]), partition=RANGE (key) PARTITION 1019144756 <= VALUES < 1055542783
I20260709 13:14:42.819204 17119 data_dirs.cc:400] Could only allocate 1 dirs of requested 3 for tablet 6a3c696084bc4249b82f4421de7382d3. 1 dirs total, 0 dirs full, 0 dirs failed
I20260709 13:14:42.819635 17049 data_dirs.cc:400] Could only allocate 1 dirs of requested 3 for tablet a24f77c018b0445cae7403c3069b0f96. 1 dirs total, 0 dirs full, 0 dirs failed
I20260709 13:14:42.820246 17117 data_dirs.cc:400] Could only allocate 1 dirs of requested 3 for tablet 205131fc3bff46dd919e0063e7627b52. 1 dirs total, 0 dirs full, 0 dirs failed
I20260709 13:14:42.821524 17174 tablet_bootstrap.cc:492] T f899d7599c8b4251a86735e7b432909b P 91fbe158737141cab799a060878ca1f9: No bootstrap required, opened a new log
I20260709 13:14:42.821973 17174 ts_tablet_manager.cc:1403] T f899d7599c8b4251a86735e7b432909b P 91fbe158737141cab799a060878ca1f9: Time spent bootstrapping tablet: real 0.360s	user 0.058s	sys 0.038s
I20260709 13:14:42.824704 17174 raft_consensus.cc:359] T f899d7599c8b4251a86735e7b432909b P 91fbe158737141cab799a060878ca1f9 [term 0 FOLLOWER]: Replica starting. Triggering 0 pending ops. Active config: opid_index: -1 OBSOLETE_local: false peers { permanent_uuid: "91fbe158737141cab799a060878ca1f9" member_type: VOTER last_known_addr { host: "127.15.129.129" port: 34543 } } peers { permanent_uuid: "2118a30962d242e9ad720115b99fc84a" member_type: VOTER last_known_addr { host: "127.15.129.130" port: 42773 } } peers { permanent_uuid: "999b382bb12a4bd980855470587cf116" member_type: VOTER last_known_addr { host: "127.15.129.131" port: 46749 } }
I20260709 13:14:42.825359 17174 raft_consensus.cc:385] T f899d7599c8b4251a86735e7b432909b P 91fbe158737141cab799a060878ca1f9 [term 0 FOLLOWER]: Consensus starting up: Expiring failure detector timer to make a prompt election more likely
I20260709 13:14:42.825623 17174 raft_consensus.cc:740] T f899d7599c8b4251a86735e7b432909b P 91fbe158737141cab799a060878ca1f9 [term 0 FOLLOWER]: Becoming Follower/Learner. State: Replica: 91fbe158737141cab799a060878ca1f9, State: Initialized, Role: FOLLOWER
I20260709 13:14:42.825670 16972 data_dirs.cc:400] Could only allocate 1 dirs of requested 3 for tablet f078f29e1e6e47079fadd8b8d76115d1. 1 dirs total, 0 dirs full, 0 dirs failed
I20260709 13:14:42.807559 16968 tablet_service.cc:1511] Processing CreateTablet for tablet ee0d393d8424470a9ff5cca4cd02cd6d (DEFAULT_TABLE table=test-workload [id=b73b120f3b624c369932e7b42dfdd273]), partition=RANGE (key) PARTITION 1637911215 <= VALUES < 1674309242
I20260709 13:14:42.835429 16968 data_dirs.cc:400] Could only allocate 1 dirs of requested 3 for tablet ee0d393d8424470a9ff5cca4cd02cd6d. 1 dirs total, 0 dirs full, 0 dirs failed
I20260709 13:14:42.835758 17186 ts_tablet_manager.cc:1434] T 144a45888c4a42d2817b5d65205f4fb4 P 999b382bb12a4bd980855470587cf116: Time spent starting tablet: real 0.059s	user 0.007s	sys 0.000s
I20260709 13:14:42.844933 16969 tablet_service.cc:1511] Processing CreateTablet for tablet 9e839c91f44248598c88b49a2f022442 (DEFAULT_TABLE table=test-workload [id=b73b120f3b624c369932e7b42dfdd273]), partition=RANGE (key) PARTITION 1674309242 <= VALUES < 1710707269
I20260709 13:14:42.848539 17186 tablet_bootstrap.cc:492] T ff09320797d74fa18778604ba885c1b6 P 999b382bb12a4bd980855470587cf116: Bootstrap starting.
I20260709 13:14:42.849879 17041 tablet_service.cc:1511] Processing CreateTablet for tablet e9af158dd33c472cbbedc6839931bed9 (DEFAULT_TABLE table=test-workload [id=b73b120f3b624c369932e7b42dfdd273]), partition=RANGE (key) PARTITION 1965493458 <= VALUES < 2001891485
I20260709 13:14:42.850769 17121 data_dirs.cc:400] Could only allocate 1 dirs of requested 3 for tablet aa8222f30b834e308a0da7708de158ba. 1 dirs total, 0 dirs full, 0 dirs failed
I20260709 13:14:42.851326 17122 tablet_service.cc:1511] Processing CreateTablet for tablet 321a46d1d186427cae52b48bbb75bf04 (DEFAULT_TABLE table=test-workload [id=b73b120f3b624c369932e7b42dfdd273]), partition=RANGE (key) PARTITION 1055542783 <= VALUES < 1091940810
I20260709 13:14:42.853797 17122 data_dirs.cc:400] Could only allocate 1 dirs of requested 3 for tablet 321a46d1d186427cae52b48bbb75bf04. 1 dirs total, 0 dirs full, 0 dirs failed
I20260709 13:14:42.857874 17050 tablet_service.cc:1511] Processing CreateTablet for tablet 465f3cbcccf640cfa54311446855dbaa (DEFAULT_TABLE table=test-workload [id=b73b120f3b624c369932e7b42dfdd273]), partition=RANGE (key) PARTITION 2001891485 <= VALUES < 2038289512
I20260709 13:14:42.850772 17174 consensus_queue.cc:260] T f899d7599c8b4251a86735e7b432909b P 91fbe158737141cab799a060878ca1f9 [NON_LEADER]: Queue going to NON_LEADER mode. State: All replicated index: 0, Majority replicated index: 0, Committed index: 0, Last appended: 0.0, Last appended by leader: 0, Current term: 0, Majority size: -1, State: 0, Mode: NON_LEADER, active raft config: opid_index: -1 OBSOLETE_local: false peers { permanent_uuid: "91fbe158737141cab799a060878ca1f9" member_type: VOTER last_known_addr { host: "127.15.129.129" port: 34543 } } peers { permanent_uuid: "2118a30962d242e9ad720115b99fc84a" member_type: VOTER last_known_addr { host: "127.15.129.130" port: 42773 } } peers { permanent_uuid: "999b382bb12a4bd980855470587cf116" member_type: VOTER last_known_addr { host: "127.15.129.131" port: 46749 } }
I20260709 13:14:42.863329 17047 tablet_service.cc:1511] Processing CreateTablet for tablet 18cff43ec9af40c9ac98abcc83bf2e66 (DEFAULT_TABLE table=test-workload [id=b73b120f3b624c369932e7b42dfdd273]), partition=RANGE (key) PARTITION 2038289512 <= VALUES < 2074687539
I20260709 13:14:42.846232 16969 data_dirs.cc:400] Could only allocate 1 dirs of requested 3 for tablet 9e839c91f44248598c88b49a2f022442. 1 dirs total, 0 dirs full, 0 dirs failed
I20260709 13:14:42.869293 17118 tablet_service.cc:1511] Processing CreateTablet for tablet b296cc1423914f1a916c8d8b1ad84cec (DEFAULT_TABLE table=test-workload [id=b73b120f3b624c369932e7b42dfdd273]), partition=RANGE (key) PARTITION 1091940810 <= VALUES < 1128338837
I20260709 13:14:42.870471 17118 data_dirs.cc:400] Could only allocate 1 dirs of requested 3 for tablet b296cc1423914f1a916c8d8b1ad84cec. 1 dirs total, 0 dirs full, 0 dirs failed
I20260709 13:14:42.873194 17120 tablet_service.cc:1511] Processing CreateTablet for tablet 4c9cd986e50c49ddbf70d19a7217b751 (DEFAULT_TABLE table=test-workload [id=b73b120f3b624c369932e7b42dfdd273]), partition=RANGE (key) PARTITION 1128338837 <= VALUES < 1164736864
I20260709 13:14:42.876149 17174 ts_tablet_manager.cc:1434] T f899d7599c8b4251a86735e7b432909b P 91fbe158737141cab799a060878ca1f9: Time spent starting tablet: real 0.054s	user 0.004s	sys 0.004s
I20260709 13:14:42.887372 17050 data_dirs.cc:400] Could only allocate 1 dirs of requested 3 for tablet 465f3cbcccf640cfa54311446855dbaa. 1 dirs total, 0 dirs full, 0 dirs failed
I20260709 13:14:42.888298 17044 data_dirs.cc:400] Could only allocate 1 dirs of requested 3 for tablet c1a601466dc64346b15bf63f4306193e. 1 dirs total, 0 dirs full, 0 dirs failed
I20260709 13:14:42.888911 17041 data_dirs.cc:400] Could only allocate 1 dirs of requested 3 for tablet e9af158dd33c472cbbedc6839931bed9. 1 dirs total, 0 dirs full, 0 dirs failed
I20260709 13:14:42.874509 17120 data_dirs.cc:400] Could only allocate 1 dirs of requested 3 for tablet 4c9cd986e50c49ddbf70d19a7217b751. 1 dirs total, 0 dirs full, 0 dirs failed
I20260709 13:14:42.895875 17047 data_dirs.cc:400] Could only allocate 1 dirs of requested 3 for tablet 18cff43ec9af40c9ac98abcc83bf2e66. 1 dirs total, 0 dirs full, 0 dirs failed
I20260709 13:14:42.905611 16973 tablet_service.cc:1511] Processing CreateTablet for tablet 14578a2d174644baa9c4f18506b90344 (DEFAULT_TABLE table=test-workload [id=b73b120f3b624c369932e7b42dfdd273]), partition=RANGE (key) PARTITION 1747105296 <= VALUES < 1783503323
I20260709 13:14:42.906329 16971 tablet_service.cc:1511] Processing CreateTablet for tablet 6cba9b2dd15f4f4ba5ddb711167f798f (DEFAULT_TABLE table=test-workload [id=b73b120f3b624c369932e7b42dfdd273]), partition=RANGE (key) PARTITION 1783503323 <= VALUES < 1819901350
I20260709 13:14:42.907025 17174 tablet_bootstrap.cc:492] T a744272868ea410d9a36f6506fff7cb5 P 91fbe158737141cab799a060878ca1f9: Bootstrap starting.
I20260709 13:14:42.907845 17190 raft_consensus.cc:493] T f899d7599c8b4251a86735e7b432909b P 91fbe158737141cab799a060878ca1f9 [term 0 FOLLOWER]: Starting pre-election (no leader contacted us within the election timeout)
I20260709 13:14:42.908283 17190 raft_consensus.cc:515] T f899d7599c8b4251a86735e7b432909b P 91fbe158737141cab799a060878ca1f9 [term 0 FOLLOWER]: Starting pre-election with config: opid_index: -1 OBSOLETE_local: false peers { permanent_uuid: "91fbe158737141cab799a060878ca1f9" member_type: VOTER last_known_addr { host: "127.15.129.129" port: 34543 } } peers { permanent_uuid: "2118a30962d242e9ad720115b99fc84a" member_type: VOTER last_known_addr { host: "127.15.129.130" port: 42773 } } peers { permanent_uuid: "999b382bb12a4bd980855470587cf116" member_type: VOTER last_known_addr { host: "127.15.129.131" port: 46749 } }
I20260709 13:14:42.910315 17190 leader_election.cc:290] T f899d7599c8b4251a86735e7b432909b P 91fbe158737141cab799a060878ca1f9 [CANDIDATE]: Term 1 pre-election: Requested pre-vote from peers 2118a30962d242e9ad720115b99fc84a (127.15.129.130:42773), 999b382bb12a4bd980855470587cf116 (127.15.129.131:46749)
I20260709 13:14:42.910936 17116 tablet_service.cc:1511] Processing CreateTablet for tablet 6ff3aad3e23647dbb75618b3cf336dfa (DEFAULT_TABLE table=test-workload [id=b73b120f3b624c369932e7b42dfdd273]), partition=RANGE (key) PARTITION 1201134891 <= VALUES < 1237532918
I20260709 13:14:42.911765 17134 tablet_service.cc:1917] Received RequestConsensusVote() RPC: tablet_id: "f899d7599c8b4251a86735e7b432909b" candidate_uuid: "91fbe158737141cab799a060878ca1f9" candidate_term: 1 candidate_status { last_received { term: 0 index: 0 } } ignore_live_leader: false dest_uuid: "999b382bb12a4bd980855470587cf116" is_pre_election: true
I20260709 13:14:42.913233 17060 tablet_service.cc:1917] Received RequestConsensusVote() RPC: tablet_id: "f899d7599c8b4251a86735e7b432909b" candidate_uuid: "91fbe158737141cab799a060878ca1f9" candidate_term: 1 candidate_status { last_received { term: 0 index: 0 } } ignore_live_leader: false dest_uuid: "2118a30962d242e9ad720115b99fc84a" is_pre_election: true
I20260709 13:14:42.905627 17123 tablet_service.cc:1511] Processing CreateTablet for tablet 77f332db209a4035b168e81bd1f79e89 (DEFAULT_TABLE table=test-workload [id=b73b120f3b624c369932e7b42dfdd273]), partition=RANGE (key) PARTITION 1164736864 <= VALUES < 1201134891
I20260709 13:14:42.931712 17123 data_dirs.cc:400] Could only allocate 1 dirs of requested 3 for tablet 77f332db209a4035b168e81bd1f79e89. 1 dirs total, 0 dirs full, 0 dirs failed
I20260709 13:14:42.932117 16972 tablet_service.cc:1511] Processing CreateTablet for tablet c1a601466dc64346b15bf63f4306193e (DEFAULT_TABLE table=test-workload [id=b73b120f3b624c369932e7b42dfdd273]), partition=RANGE (key) PARTITION 1892697404 <= VALUES < 1929095431
W20260709 13:14:42.933485 16870 outbound_call.cc:321] RPC callback for RPC call kudu.tserver.TabletServerAdminService.CreateTablet -> {remote=127.15.129.131:46749, user_credentials={real_user=slave}} blocked reactor thread for 58652.2us
W20260709 13:14:42.935191 16951 leader_election.cc:343] T f899d7599c8b4251a86735e7b432909b P 91fbe158737141cab799a060878ca1f9 [CANDIDATE]: Term 1 pre-election: Tablet error from VoteRequest() call to peer 999b382bb12a4bd980855470587cf116 (127.15.129.131:46749): Illegal state: must be running to vote when last-logged opid is not known
I20260709 13:14:42.935729 17180 raft_consensus.cc:493] T 0a5fab501ab94728b6131a6ae215765b P 2118a30962d242e9ad720115b99fc84a [term 0 FOLLOWER]: Starting pre-election (no leader contacted us within the election timeout)
I20260709 13:14:42.935643 16974 tablet_service.cc:1511] Processing CreateTablet for tablet a24f77c018b0445cae7403c3069b0f96 (DEFAULT_TABLE table=test-workload [id=b73b120f3b624c369932e7b42dfdd273]), partition=RANGE (key) PARTITION 1929095431 <= VALUES < 1965493458
I20260709 13:14:42.936165 17116 data_dirs.cc:400] Could only allocate 1 dirs of requested 3 for tablet 6ff3aad3e23647dbb75618b3cf336dfa. 1 dirs total, 0 dirs full, 0 dirs failed
I20260709 13:14:42.936201 17180 raft_consensus.cc:515] T 0a5fab501ab94728b6131a6ae215765b P 2118a30962d242e9ad720115b99fc84a [term 0 FOLLOWER]: Starting pre-election with config: opid_index: -1 OBSOLETE_local: false peers { permanent_uuid: "91fbe158737141cab799a060878ca1f9" member_type: VOTER last_known_addr { host: "127.15.129.129" port: 34543 } } peers { permanent_uuid: "2118a30962d242e9ad720115b99fc84a" member_type: VOTER last_known_addr { host: "127.15.129.130" port: 42773 } } peers { permanent_uuid: "999b382bb12a4bd980855470587cf116" member_type: VOTER last_known_addr { host: "127.15.129.131" port: 46749 } }
I20260709 13:14:42.936820 17174 tablet_bootstrap.cc:654] T a744272868ea410d9a36f6506fff7cb5 P 91fbe158737141cab799a060878ca1f9: Neither blocks nor log segments found. Creating new log.
W20260709 13:14:42.937412 16950 leader_election.cc:343] T f899d7599c8b4251a86735e7b432909b P 91fbe158737141cab799a060878ca1f9 [CANDIDATE]: Term 1 pre-election: Tablet error from VoteRequest() call to peer 2118a30962d242e9ad720115b99fc84a (127.15.129.130:42773): Illegal state: must be running to vote when last-logged opid is not known
I20260709 13:14:42.937819 16950 leader_election.cc:304] T f899d7599c8b4251a86735e7b432909b P 91fbe158737141cab799a060878ca1f9 [CANDIDATE]: Term 1 pre-election: Election decided. Result: candidate lost. Election summary: received 3 responses out of 3 voters: 1 yes votes; 2 no votes. yes voters: 91fbe158737141cab799a060878ca1f9; no voters: 2118a30962d242e9ad720115b99fc84a, 999b382bb12a4bd980855470587cf116
I20260709 13:14:42.938769 17190 raft_consensus.cc:2749] T f899d7599c8b4251a86735e7b432909b P 91fbe158737141cab799a060878ca1f9 [term 0 FOLLOWER]: Leader pre-election lost for term 1. Reason: could not achieve majority
I20260709 13:14:42.914209 17175 tablet_bootstrap.cc:492] T 06563756e1f84322ade8db2a396332dd P 2118a30962d242e9ad720115b99fc84a: No bootstrap required, opened a new log
I20260709 13:14:42.916488 17046 tablet_service.cc:1511] Processing CreateTablet for tablet e47bd44aa7f94be4ac06878325d8e525 (DEFAULT_TABLE table=test-workload [id=b73b120f3b624c369932e7b42dfdd273]), partition=RANGE (key) PARTITION 2074687539 <= VALUES < 2111085566
I20260709 13:14:42.947870 17180 leader_election.cc:290] T 0a5fab501ab94728b6131a6ae215765b P 2118a30962d242e9ad720115b99fc84a [CANDIDATE]: Term 1 pre-election: Requested pre-vote from peers 91fbe158737141cab799a060878ca1f9 (127.15.129.129:34543), 999b382bb12a4bd980855470587cf116 (127.15.129.131:46749)
I20260709 13:14:42.919795 16966 tablet_service.cc:1511] Processing CreateTablet for tablet c7eb9ca9de624ebaa21fee6d6d7f86b3 (DEFAULT_TABLE table=test-workload [id=b73b120f3b624c369932e7b42dfdd273]), partition=RANGE (key) PARTITION 1819901350 <= VALUES < 1856299377
I20260709 13:14:42.927402 17186 tablet_bootstrap.cc:654] T ff09320797d74fa18778604ba885c1b6 P 999b382bb12a4bd980855470587cf116: Neither blocks nor log segments found. Creating new log.
I20260709 13:14:42.948993 17115 tablet_service.cc:1511] Processing CreateTablet for tablet c60e6e0716eb47e1aac76b18da40a1eb (DEFAULT_TABLE table=test-workload [id=b73b120f3b624c369932e7b42dfdd273]), partition=RANGE (key) PARTITION 1237532918 <= VALUES < 1273930945
I20260709 13:14:42.928718 16975 tablet_service.cc:1511] Processing CreateTablet for tablet 98da60b181f1448fae4152cf2f71fb20 (DEFAULT_TABLE table=test-workload [id=b73b120f3b624c369932e7b42dfdd273]), partition=RANGE (key) PARTITION 1856299377 <= VALUES < 1892697404
I20260709 13:14:42.873245 16967 tablet_service.cc:1511] Processing CreateTablet for tablet 8c361c83c0a540d8b6066cb650228aae (DEFAULT_TABLE table=test-workload [id=b73b120f3b624c369932e7b42dfdd273]), partition=RANGE (key) PARTITION 1710707269 <= VALUES < 1747105296
I20260709 13:14:42.949365 16985 tablet_service.cc:1917] Received RequestConsensusVote() RPC: tablet_id: "0a5fab501ab94728b6131a6ae215765b" candidate_uuid: "2118a30962d242e9ad720115b99fc84a" candidate_term: 1 candidate_status { last_received { term: 0 index: 0 } } ignore_live_leader: false dest_uuid: "91fbe158737141cab799a060878ca1f9" is_pre_election: true
I20260709 13:14:42.959511 17122 tablet_service.cc:1511] Processing CreateTablet for tablet d3aff7ea25624dfb944c2a8b27e33ea1 (DEFAULT_TABLE table=test-workload [id=b73b120f3b624c369932e7b42dfdd273]), partition=RANGE (key) PARTITION 1310328972 <= VALUES < 1346726999
W20260709 13:14:42.960769 17026 leader_election.cc:343] T 0a5fab501ab94728b6131a6ae215765b P 2118a30962d242e9ad720115b99fc84a [CANDIDATE]: Term 1 pre-election: Tablet error from VoteRequest() call to peer 91fbe158737141cab799a060878ca1f9 (127.15.129.129:34543): Illegal state: must be running to vote when last-logged opid is not known
I20260709 13:14:42.949641 17134 tablet_service.cc:1917] Received RequestConsensusVote() RPC: tablet_id: "0a5fab501ab94728b6131a6ae215765b" candidate_uuid: "2118a30962d242e9ad720115b99fc84a" candidate_term: 1 candidate_status { last_received { term: 0 index: 0 } } ignore_live_leader: false dest_uuid: "999b382bb12a4bd980855470587cf116" is_pre_election: true
W20260709 13:14:42.962291 17026 leader_election.cc:343] T 0a5fab501ab94728b6131a6ae215765b P 2118a30962d242e9ad720115b99fc84a [CANDIDATE]: Term 1 pre-election: Tablet error from VoteRequest() call to peer 999b382bb12a4bd980855470587cf116 (127.15.129.131:46749): Illegal state: must be running to vote when last-logged opid is not known
I20260709 13:14:42.962157 17119 tablet_service.cc:1511] Processing CreateTablet for tablet e6fcfe7937e84c8e9b1c78f9352e0c63 (DEFAULT_TABLE table=test-workload [id=b73b120f3b624c369932e7b42dfdd273]), partition=RANGE (key) PARTITION 1346726999 <= VALUES < 1383125026
I20260709 13:14:42.962759 17026 leader_election.cc:304] T 0a5fab501ab94728b6131a6ae215765b P 2118a30962d242e9ad720115b99fc84a [CANDIDATE]: Term 1 pre-election: Election decided. Result: candidate lost. Election summary: received 3 responses out of 3 voters: 1 yes votes; 2 no votes. yes voters: 2118a30962d242e9ad720115b99fc84a; no voters: 91fbe158737141cab799a060878ca1f9, 999b382bb12a4bd980855470587cf116
I20260709 13:14:42.963811 17180 raft_consensus.cc:2749] T 0a5fab501ab94728b6131a6ae215765b P 2118a30962d242e9ad720115b99fc84a [term 0 FOLLOWER]: Leader pre-election lost for term 1. Reason: could not achieve majority
I20260709 13:14:42.950228 17175 ts_tablet_manager.cc:1403] T 06563756e1f84322ade8db2a396332dd P 2118a30962d242e9ad720115b99fc84a: Time spent bootstrapping tablet: real 0.303s	user 0.015s	sys 0.001s
I20260709 13:14:42.928273 16971 data_dirs.cc:400] Could only allocate 1 dirs of requested 3 for tablet 6cba9b2dd15f4f4ba5ddb711167f798f. 1 dirs total, 0 dirs full, 0 dirs failed
I20260709 13:14:42.951911 17046 data_dirs.cc:400] Could only allocate 1 dirs of requested 3 for tablet e47bd44aa7f94be4ac06878325d8e525. 1 dirs total, 0 dirs full, 0 dirs failed
I20260709 13:14:42.965956 17117 tablet_service.cc:1511] Processing CreateTablet for tablet f8d758b817374ca8b1da42b748f59fa2 (DEFAULT_TABLE table=test-workload [id=b73b120f3b624c369932e7b42dfdd273]), partition=RANGE (key) PARTITION 1419523053 <= VALUES < 1455921080
I20260709 13:14:42.916482 17045 tablet_service.cc:1511] Processing CreateTablet for tablet 507e50b02be94ca8a59211595deeafb5 (DEFAULT_TABLE table=test-workload [id=b73b120f3b624c369932e7b42dfdd273]), partition=RANGE (key) PARTITION 2111085566 <= VALUES
I20260709 13:14:42.966807 16975 data_dirs.cc:400] Could only allocate 1 dirs of requested 3 for tablet 98da60b181f1448fae4152cf2f71fb20. 1 dirs total, 0 dirs full, 0 dirs failed
I20260709 13:14:42.967254 17045 data_dirs.cc:400] Could only allocate 1 dirs of requested 3 for tablet 507e50b02be94ca8a59211595deeafb5. 1 dirs total, 0 dirs full, 0 dirs failed
I20260709 13:14:42.967679 16966 data_dirs.cc:400] Could only allocate 1 dirs of requested 3 for tablet c7eb9ca9de624ebaa21fee6d6d7f86b3. 1 dirs total, 0 dirs full, 0 dirs failed
I20260709 13:14:42.968052 16970 tablet_service.cc:1511] Processing CreateTablet for tablet e9af158dd33c472cbbedc6839931bed9 (DEFAULT_TABLE table=test-workload [id=b73b120f3b624c369932e7b42dfdd273]), partition=RANGE (key) PARTITION 1965493458 <= VALUES < 2001891485
I20260709 13:14:42.969022 16967 data_dirs.cc:400] Could only allocate 1 dirs of requested 3 for tablet 8c361c83c0a540d8b6066cb650228aae. 1 dirs total, 0 dirs full, 0 dirs failed
W20260709 13:14:42.954545 16869 outbound_call.cc:321] RPC callback for RPC call kudu.tserver.TabletServerAdminService.CreateTablet -> {remote=127.15.129.130:42773, user_credentials={real_user=slave}} blocked reactor thread for 49953us
I20260709 13:14:42.970889 16972 data_dirs.cc:400] Could only allocate 1 dirs of requested 3 for tablet c1a601466dc64346b15bf63f4306193e. 1 dirs total, 0 dirs full, 0 dirs failed
I20260709 13:14:42.971725 16970 data_dirs.cc:400] Could only allocate 1 dirs of requested 3 for tablet e9af158dd33c472cbbedc6839931bed9. 1 dirs total, 0 dirs full, 0 dirs failed
I20260709 13:14:42.974929 16973 data_dirs.cc:400] Could only allocate 1 dirs of requested 3 for tablet 14578a2d174644baa9c4f18506b90344. 1 dirs total, 0 dirs full, 0 dirs failed
I20260709 13:14:42.957491 17118 tablet_service.cc:1511] Processing CreateTablet for tablet 4a8e0b130c9148f8ab43ab654dc737c3 (DEFAULT_TABLE table=test-workload [id=b73b120f3b624c369932e7b42dfdd273]), partition=RANGE (key) PARTITION 1273930945 <= VALUES < 1310328972
I20260709 13:14:42.964475 17124 tablet_service.cc:1511] Processing CreateTablet for tablet 24639067372948b7b2717e2ba2473f63 (DEFAULT_TABLE table=test-workload [id=b73b120f3b624c369932e7b42dfdd273]), partition=RANGE (key) PARTITION 1383125026 <= VALUES < 1419523053
I20260709 13:14:42.978452 17175 raft_consensus.cc:359] T 06563756e1f84322ade8db2a396332dd P 2118a30962d242e9ad720115b99fc84a [term 0 FOLLOWER]: Replica starting. Triggering 0 pending ops. Active config: opid_index: -1 OBSOLETE_local: false peers { permanent_uuid: "91fbe158737141cab799a060878ca1f9" member_type: VOTER last_known_addr { host: "127.15.129.129" port: 34543 } } peers { permanent_uuid: "2118a30962d242e9ad720115b99fc84a" member_type: VOTER last_known_addr { host: "127.15.129.130" port: 42773 } } peers { permanent_uuid: "999b382bb12a4bd980855470587cf116" member_type: VOTER last_known_addr { host: "127.15.129.131" port: 46749 } }
I20260709 13:14:42.979261 17175 raft_consensus.cc:385] T 06563756e1f84322ade8db2a396332dd P 2118a30962d242e9ad720115b99fc84a [term 0 FOLLOWER]: Consensus starting up: Expiring failure detector timer to make a prompt election more likely
I20260709 13:14:42.979594 17175 raft_consensus.cc:740] T 06563756e1f84322ade8db2a396332dd P 2118a30962d242e9ad720115b99fc84a [term 0 FOLLOWER]: Becoming Follower/Learner. State: Replica: 2118a30962d242e9ad720115b99fc84a, State: Initialized, Role: FOLLOWER
I20260709 13:14:42.986545 16974 data_dirs.cc:400] Could only allocate 1 dirs of requested 3 for tablet a24f77c018b0445cae7403c3069b0f96. 1 dirs total, 0 dirs full, 0 dirs failed
I20260709 13:14:42.960789 17122 data_dirs.cc:400] Could only allocate 1 dirs of requested 3 for tablet d3aff7ea25624dfb944c2a8b27e33ea1. 1 dirs total, 0 dirs full, 0 dirs failed
I20260709 13:14:42.991062 17117 data_dirs.cc:400] Could only allocate 1 dirs of requested 3 for tablet f8d758b817374ca8b1da42b748f59fa2. 1 dirs total, 0 dirs full, 0 dirs failed
I20260709 13:14:42.989845 17175 consensus_queue.cc:260] T 06563756e1f84322ade8db2a396332dd P 2118a30962d242e9ad720115b99fc84a [NON_LEADER]: Queue going to NON_LEADER mode. State: All replicated index: 0, Majority replicated index: 0, Committed index: 0, Last appended: 0.0, Last appended by leader: 0, Current term: 0, Majority size: -1, State: 0, Mode: NON_LEADER, active raft config: opid_index: -1 OBSOLETE_local: false peers { permanent_uuid: "91fbe158737141cab799a060878ca1f9" member_type: VOTER last_known_addr { host: "127.15.129.129" port: 34543 } } peers { permanent_uuid: "2118a30962d242e9ad720115b99fc84a" member_type: VOTER last_known_addr { host: "127.15.129.130" port: 42773 } } peers { permanent_uuid: "999b382bb12a4bd980855470587cf116" member_type: VOTER last_known_addr { host: "127.15.129.131" port: 46749 } }
I20260709 13:14:43.005743 17124 data_dirs.cc:400] Could only allocate 1 dirs of requested 3 for tablet 24639067372948b7b2717e2ba2473f63. 1 dirs total, 0 dirs full, 0 dirs failed
I20260709 13:14:43.006767 17175 ts_tablet_manager.cc:1434] T 06563756e1f84322ade8db2a396332dd P 2118a30962d242e9ad720115b99fc84a: Time spent starting tablet: real 0.042s	user 0.006s	sys 0.000s
I20260709 13:14:43.010914 17118 data_dirs.cc:400] Could only allocate 1 dirs of requested 3 for tablet 4a8e0b130c9148f8ab43ab654dc737c3. 1 dirs total, 0 dirs full, 0 dirs failed
I20260709 13:14:43.013406 17115 data_dirs.cc:400] Could only allocate 1 dirs of requested 3 for tablet c60e6e0716eb47e1aac76b18da40a1eb. 1 dirs total, 0 dirs full, 0 dirs failed
I20260709 13:14:43.014880 17119 data_dirs.cc:400] Could only allocate 1 dirs of requested 3 for tablet e6fcfe7937e84c8e9b1c78f9352e0c63. 1 dirs total, 0 dirs full, 0 dirs failed
I20260709 13:14:43.016543 16968 tablet_service.cc:1511] Processing CreateTablet for tablet 465f3cbcccf640cfa54311446855dbaa (DEFAULT_TABLE table=test-workload [id=b73b120f3b624c369932e7b42dfdd273]), partition=RANGE (key) PARTITION 2001891485 <= VALUES < 2038289512
I20260709 13:14:43.017717 16968 data_dirs.cc:400] Could only allocate 1 dirs of requested 3 for tablet 465f3cbcccf640cfa54311446855dbaa. 1 dirs total, 0 dirs full, 0 dirs failed
I20260709 13:14:43.023974 17175 tablet_bootstrap.cc:492] T 144a45888c4a42d2817b5d65205f4fb4 P 2118a30962d242e9ad720115b99fc84a: Bootstrap starting.
I20260709 13:14:43.029816 17174 tablet_bootstrap.cc:492] T a744272868ea410d9a36f6506fff7cb5 P 91fbe158737141cab799a060878ca1f9: No bootstrap required, opened a new log
I20260709 13:14:43.030303 17174 ts_tablet_manager.cc:1403] T a744272868ea410d9a36f6506fff7cb5 P 91fbe158737141cab799a060878ca1f9: Time spent bootstrapping tablet: real 0.124s	user 0.013s	sys 0.018s
I20260709 13:14:43.047750 17174 raft_consensus.cc:359] T a744272868ea410d9a36f6506fff7cb5 P 91fbe158737141cab799a060878ca1f9 [term 0 FOLLOWER]: Replica starting. Triggering 0 pending ops. Active config: opid_index: -1 OBSOLETE_local: false peers { permanent_uuid: "91fbe158737141cab799a060878ca1f9" member_type: VOTER last_known_addr { host: "127.15.129.129" port: 34543 } } peers { permanent_uuid: "2118a30962d242e9ad720115b99fc84a" member_type: VOTER last_known_addr { host: "127.15.129.130" port: 42773 } } peers { permanent_uuid: "999b382bb12a4bd980855470587cf116" member_type: VOTER last_known_addr { host: "127.15.129.131" port: 46749 } }
I20260709 13:14:43.048455 17174 raft_consensus.cc:385] T a744272868ea410d9a36f6506fff7cb5 P 91fbe158737141cab799a060878ca1f9 [term 0 FOLLOWER]: Consensus starting up: Expiring failure detector timer to make a prompt election more likely
I20260709 13:14:43.048764 17174 raft_consensus.cc:740] T a744272868ea410d9a36f6506fff7cb5 P 91fbe158737141cab799a060878ca1f9 [term 0 FOLLOWER]: Becoming Follower/Learner. State: Replica: 91fbe158737141cab799a060878ca1f9, State: Initialized, Role: FOLLOWER
I20260709 13:14:43.049758 17186 tablet_bootstrap.cc:492] T ff09320797d74fa18778604ba885c1b6 P 999b382bb12a4bd980855470587cf116: No bootstrap required, opened a new log
I20260709 13:14:43.058996 17186 ts_tablet_manager.cc:1403] T ff09320797d74fa18778604ba885c1b6 P 999b382bb12a4bd980855470587cf116: Time spent bootstrapping tablet: real 0.211s	user 0.024s	sys 0.007s
I20260709 13:14:43.061748 17186 raft_consensus.cc:359] T ff09320797d74fa18778604ba885c1b6 P 999b382bb12a4bd980855470587cf116 [term 0 FOLLOWER]: Replica starting. Triggering 0 pending ops. Active config: opid_index: -1 OBSOLETE_local: false peers { permanent_uuid: "91fbe158737141cab799a060878ca1f9" member_type: VOTER last_known_addr { host: "127.15.129.129" port: 34543 } } peers { permanent_uuid: "2118a30962d242e9ad720115b99fc84a" member_type: VOTER last_known_addr { host: "127.15.129.130" port: 42773 } } peers { permanent_uuid: "999b382bb12a4bd980855470587cf116" member_type: VOTER last_known_addr { host: "127.15.129.131" port: 46749 } }
I20260709 13:14:43.078792 17186 raft_consensus.cc:385] T ff09320797d74fa18778604ba885c1b6 P 999b382bb12a4bd980855470587cf116 [term 0 FOLLOWER]: Consensus starting up: Expiring failure detector timer to make a prompt election more likely
I20260709 13:14:43.079206 17186 raft_consensus.cc:740] T ff09320797d74fa18778604ba885c1b6 P 999b382bb12a4bd980855470587cf116 [term 0 FOLLOWER]: Becoming Follower/Learner. State: Replica: 999b382bb12a4bd980855470587cf116, State: Initialized, Role: FOLLOWER
I20260709 13:14:43.079964 17186 consensus_queue.cc:260] T ff09320797d74fa18778604ba885c1b6 P 999b382bb12a4bd980855470587cf116 [NON_LEADER]: Queue going to NON_LEADER mode. State: All replicated index: 0, Majority replicated index: 0, Committed index: 0, Last appended: 0.0, Last appended by leader: 0, Current term: 0, Majority size: -1, State: 0, Mode: NON_LEADER, active raft config: opid_index: -1 OBSOLETE_local: false peers { permanent_uuid: "91fbe158737141cab799a060878ca1f9" member_type: VOTER last_known_addr { host: "127.15.129.129" port: 34543 } } peers { permanent_uuid: "2118a30962d242e9ad720115b99fc84a" member_type: VOTER last_known_addr { host: "127.15.129.130" port: 42773 } } peers { permanent_uuid: "999b382bb12a4bd980855470587cf116" member_type: VOTER last_known_addr { host: "127.15.129.131" port: 46749 } }
I20260709 13:14:43.082324 17186 ts_tablet_manager.cc:1434] T ff09320797d74fa18778604ba885c1b6 P 999b382bb12a4bd980855470587cf116: Time spent starting tablet: real 0.023s	user 0.003s	sys 0.002s
I20260709 13:14:43.086584 16966 tablet_service.cc:1511] Processing CreateTablet for tablet e47bd44aa7f94be4ac06878325d8e525 (DEFAULT_TABLE table=test-workload [id=b73b120f3b624c369932e7b42dfdd273]), partition=RANGE (key) PARTITION 2074687539 <= VALUES < 2111085566
I20260709 13:14:43.049423 17174 consensus_queue.cc:260] T a744272868ea410d9a36f6506fff7cb5 P 91fbe158737141cab799a060878ca1f9 [NON_LEADER]: Queue going to NON_LEADER mode. State: All replicated index: 0, Majority replicated index: 0, Committed index: 0, Last appended: 0.0, Last appended by leader: 0, Current term: 0, Majority size: -1, State: 0, Mode: NON_LEADER, active raft config: opid_index: -1 OBSOLETE_local: false peers { permanent_uuid: "91fbe158737141cab799a060878ca1f9" member_type: VOTER last_known_addr { host: "127.15.129.129" port: 34543 } } peers { permanent_uuid: "2118a30962d242e9ad720115b99fc84a" member_type: VOTER last_known_addr { host: "127.15.129.130" port: 42773 } } peers { permanent_uuid: "999b382bb12a4bd980855470587cf116" member_type: VOTER last_known_addr { host: "127.15.129.131" port: 46749 } }
I20260709 13:14:43.093963 17116 tablet_service.cc:1511] Processing CreateTablet for tablet f078f29e1e6e47079fadd8b8d76115d1 (DEFAULT_TABLE table=test-workload [id=b73b120f3b624c369932e7b42dfdd273]), partition=RANGE (key) PARTITION 1601513188 <= VALUES < 1637911215
I20260709 13:14:43.062435 17123 tablet_service.cc:1511] Processing CreateTablet for tablet c022f442a4ec4249aef0139365945139 (DEFAULT_TABLE table=test-workload [id=b73b120f3b624c369932e7b42dfdd273]), partition=RANGE (key) PARTITION 1455921080 <= VALUES < 1492319107
I20260709 13:14:43.092736 17192 raft_consensus.cc:493] T ff09320797d74fa18778604ba885c1b6 P 999b382bb12a4bd980855470587cf116 [term 0 FOLLOWER]: Starting pre-election (no leader contacted us within the election timeout)
I20260709 13:14:43.094921 17192 raft_consensus.cc:515] T ff09320797d74fa18778604ba885c1b6 P 999b382bb12a4bd980855470587cf116 [term 0 FOLLOWER]: Starting pre-election with config: opid_index: -1 OBSOLETE_local: false peers { permanent_uuid: "91fbe158737141cab799a060878ca1f9" member_type: VOTER last_known_addr { host: "127.15.129.129" port: 34543 } } peers { permanent_uuid: "2118a30962d242e9ad720115b99fc84a" member_type: VOTER last_known_addr { host: "127.15.129.130" port: 42773 } } peers { permanent_uuid: "999b382bb12a4bd980855470587cf116" member_type: VOTER last_known_addr { host: "127.15.129.131" port: 46749 } }
I20260709 13:14:43.097362 17192 leader_election.cc:290] T ff09320797d74fa18778604ba885c1b6 P 999b382bb12a4bd980855470587cf116 [CANDIDATE]: Term 1 pre-election: Requested pre-vote from peers 91fbe158737141cab799a060878ca1f9 (127.15.129.129:34543), 2118a30962d242e9ad720115b99fc84a (127.15.129.130:42773)
I20260709 13:14:43.097519 17174 ts_tablet_manager.cc:1434] T a744272868ea410d9a36f6506fff7cb5 P 91fbe158737141cab799a060878ca1f9: Time spent starting tablet: real 0.067s	user 0.007s	sys 0.000s
I20260709 13:14:43.068099 17124 tablet_service.cc:1511] Processing CreateTablet for tablet 3c5e1758e6a54e9d9d5a3f68fba48077 (DEFAULT_TABLE table=test-workload [id=b73b120f3b624c369932e7b42dfdd273]), partition=RANGE (key) PARTITION 1492319107 <= VALUES < 1528717134
I20260709 13:14:43.097779 17120 tablet_service.cc:1511] Processing CreateTablet for tablet 9e839c91f44248598c88b49a2f022442 (DEFAULT_TABLE table=test-workload [id=b73b120f3b624c369932e7b42dfdd273]), partition=RANGE (key) PARTITION 1674309242 <= VALUES < 1710707269
I20260709 13:14:43.087360 17186 tablet_bootstrap.cc:492] T 141d4d885fe749169b9b8fdf89d0e96a P 999b382bb12a4bd980855470587cf116: Bootstrap starting.
I20260709 13:14:43.105043 17180 raft_consensus.cc:493] T 06563756e1f84322ade8db2a396332dd P 2118a30962d242e9ad720115b99fc84a [term 0 FOLLOWER]: Starting pre-election (no leader contacted us within the election timeout)
I20260709 13:14:43.090154 17122 tablet_service.cc:1511] Processing CreateTablet for tablet 8f5f131d3b1b462eb6e328951a9953fb (DEFAULT_TABLE table=test-workload [id=b73b120f3b624c369932e7b42dfdd273]), partition=RANGE (key) PARTITION 1565115161 <= VALUES < 1601513188
I20260709 13:14:43.105499 17180 raft_consensus.cc:515] T 06563756e1f84322ade8db2a396332dd P 2118a30962d242e9ad720115b99fc84a [term 0 FOLLOWER]: Starting pre-election with config: opid_index: -1 OBSOLETE_local: false peers { permanent_uuid: "91fbe158737141cab799a060878ca1f9" member_type: VOTER last_known_addr { host: "127.15.129.129" port: 34543 } } peers { permanent_uuid: "2118a30962d242e9ad720115b99fc84a" member_type: VOTER last_known_addr { host: "127.15.129.130" port: 42773 } } peers { permanent_uuid: "999b382bb12a4bd980855470587cf116" member_type: VOTER last_known_addr { host: "127.15.129.131" port: 46749 } }
I20260709 13:14:43.105315 16971 tablet_service.cc:1511] Processing CreateTablet for tablet 507e50b02be94ca8a59211595deeafb5 (DEFAULT_TABLE table=test-workload [id=b73b120f3b624c369932e7b42dfdd273]), partition=RANGE (key) PARTITION 2111085566 <= VALUES
I20260709 13:14:43.095316 17123 data_dirs.cc:400] Could only allocate 1 dirs of requested 3 for tablet c022f442a4ec4249aef0139365945139. 1 dirs total, 0 dirs full, 0 dirs failed
I20260709 13:14:43.108264 17180 leader_election.cc:290] T 06563756e1f84322ade8db2a396332dd P 2118a30962d242e9ad720115b99fc84a [CANDIDATE]: Term 1 pre-election: Requested pre-vote from peers 91fbe158737141cab799a060878ca1f9 (127.15.129.129:34543), 999b382bb12a4bd980855470587cf116 (127.15.129.131:46749)
I20260709 13:14:43.108856 17124 data_dirs.cc:400] Could only allocate 1 dirs of requested 3 for tablet 3c5e1758e6a54e9d9d5a3f68fba48077. 1 dirs total, 0 dirs full, 0 dirs failed
I20260709 13:14:43.110209 17122 data_dirs.cc:400] Could only allocate 1 dirs of requested 3 for tablet 8f5f131d3b1b462eb6e328951a9953fb. 1 dirs total, 0 dirs full, 0 dirs failed
I20260709 13:14:43.114907 17120 data_dirs.cc:400] Could only allocate 1 dirs of requested 3 for tablet 9e839c91f44248598c88b49a2f022442. 1 dirs total, 0 dirs full, 0 dirs failed
I20260709 13:14:43.069900 17121 tablet_service.cc:1511] Processing CreateTablet for tablet 7087dfcfa76e4b1da4e9a9dfa88de8ee (DEFAULT_TABLE table=test-workload [id=b73b120f3b624c369932e7b42dfdd273]), partition=RANGE (key) PARTITION 1528717134 <= VALUES < 1565115161
I20260709 13:14:43.116091 17121 data_dirs.cc:400] Could only allocate 1 dirs of requested 3 for tablet 7087dfcfa76e4b1da4e9a9dfa88de8ee. 1 dirs total, 0 dirs full, 0 dirs failed
I20260709 13:14:43.106244 17174 tablet_bootstrap.cc:492] T ff09320797d74fa18778604ba885c1b6 P 91fbe158737141cab799a060878ca1f9: Bootstrap starting.
I20260709 13:14:43.087090 16969 tablet_service.cc:1511] Processing CreateTablet for tablet 18cff43ec9af40c9ac98abcc83bf2e66 (DEFAULT_TABLE table=test-workload [id=b73b120f3b624c369932e7b42dfdd273]), partition=RANGE (key) PARTITION 2038289512 <= VALUES < 2074687539
I20260709 13:14:43.118911 16969 data_dirs.cc:400] Could only allocate 1 dirs of requested 3 for tablet 18cff43ec9af40c9ac98abcc83bf2e66. 1 dirs total, 0 dirs full, 0 dirs failed
I20260709 13:14:43.123255 16971 data_dirs.cc:400] Could only allocate 1 dirs of requested 3 for tablet 507e50b02be94ca8a59211595deeafb5. 1 dirs total, 0 dirs full, 0 dirs failed
I20260709 13:14:43.125331 17175 tablet_bootstrap.cc:654] T 144a45888c4a42d2817b5d65205f4fb4 P 2118a30962d242e9ad720115b99fc84a: Neither blocks nor log segments found. Creating new log.
I20260709 13:14:43.133481 17118 tablet_service.cc:1511] Processing CreateTablet for tablet ee0d393d8424470a9ff5cca4cd02cd6d (DEFAULT_TABLE table=test-workload [id=b73b120f3b624c369932e7b42dfdd273]), partition=RANGE (key) PARTITION 1637911215 <= VALUES < 1674309242
I20260709 13:14:43.136516 17117 tablet_service.cc:1511] Processing CreateTablet for tablet 8c361c83c0a540d8b6066cb650228aae (DEFAULT_TABLE table=test-workload [id=b73b120f3b624c369932e7b42dfdd273]), partition=RANGE (key) PARTITION 1710707269 <= VALUES < 1747105296
I20260709 13:14:43.138675 17186 tablet_bootstrap.cc:654] T 141d4d885fe749169b9b8fdf89d0e96a P 999b382bb12a4bd980855470587cf116: Neither blocks nor log segments found. Creating new log.
I20260709 13:14:43.142445 17119 tablet_service.cc:1511] Processing CreateTablet for tablet 14578a2d174644baa9c4f18506b90344 (DEFAULT_TABLE table=test-workload [id=b73b120f3b624c369932e7b42dfdd273]), partition=RANGE (key) PARTITION 1747105296 <= VALUES < 1783503323
I20260709 13:14:43.151662 17192 raft_consensus.cc:493] T 144a45888c4a42d2817b5d65205f4fb4 P 999b382bb12a4bd980855470587cf116 [term 0 FOLLOWER]: Starting pre-election (no leader contacted us within the election timeout)
I20260709 13:14:43.152132 17192 raft_consensus.cc:515] T 144a45888c4a42d2817b5d65205f4fb4 P 999b382bb12a4bd980855470587cf116 [term 0 FOLLOWER]: Starting pre-election with config: opid_index: -1 OBSOLETE_local: false peers { permanent_uuid: "91fbe158737141cab799a060878ca1f9" member_type: VOTER last_known_addr { host: "127.15.129.129" port: 34543 } } peers { permanent_uuid: "2118a30962d242e9ad720115b99fc84a" member_type: VOTER last_known_addr { host: "127.15.129.130" port: 42773 } } peers { permanent_uuid: "999b382bb12a4bd980855470587cf116" member_type: VOTER last_known_addr { host: "127.15.129.131" port: 46749 } }
I20260709 13:14:43.154111 17192 leader_election.cc:290] T 144a45888c4a42d2817b5d65205f4fb4 P 999b382bb12a4bd980855470587cf116 [CANDIDATE]: Term 1 pre-election: Requested pre-vote from peers 91fbe158737141cab799a060878ca1f9 (127.15.129.129:34543), 2118a30962d242e9ad720115b99fc84a (127.15.129.130:42773)
I20260709 13:14:43.155498 17134 tablet_service.cc:1917] Received RequestConsensusVote() RPC: tablet_id: "06563756e1f84322ade8db2a396332dd" candidate_uuid: "2118a30962d242e9ad720115b99fc84a" candidate_term: 1 candidate_status { last_received { term: 0 index: 0 } } ignore_live_leader: false dest_uuid: "999b382bb12a4bd980855470587cf116" is_pre_election: true
W20260709 13:14:43.156590 17026 leader_election.cc:343] T 06563756e1f84322ade8db2a396332dd P 2118a30962d242e9ad720115b99fc84a [CANDIDATE]: Term 1 pre-election: Tablet error from VoteRequest() call to peer 999b382bb12a4bd980855470587cf116 (127.15.129.131:46749): Illegal state: must be running to vote when last-logged opid is not known
I20260709 13:14:43.152226 17115 tablet_service.cc:1511] Processing CreateTablet for tablet 6cba9b2dd15f4f4ba5ddb711167f798f (DEFAULT_TABLE table=test-workload [id=b73b120f3b624c369932e7b42dfdd273]), partition=RANGE (key) PARTITION 1783503323 <= VALUES < 1819901350
I20260709 13:14:43.157756 17174 tablet_bootstrap.cc:654] T ff09320797d74fa18778604ba885c1b6 P 91fbe158737141cab799a060878ca1f9: Neither blocks nor log segments found. Creating new log.
I20260709 13:14:43.161084 17120 tablet_service.cc:1511] Processing CreateTablet for tablet c7eb9ca9de624ebaa21fee6d6d7f86b3 (DEFAULT_TABLE table=test-workload [id=b73b120f3b624c369932e7b42dfdd273]), partition=RANGE (key) PARTITION 1819901350 <= VALUES < 1856299377
I20260709 13:14:43.167650 16985 tablet_service.cc:1917] Received RequestConsensusVote() RPC: tablet_id: "06563756e1f84322ade8db2a396332dd" candidate_uuid: "2118a30962d242e9ad720115b99fc84a" candidate_term: 1 candidate_status { last_received { term: 0 index: 0 } } ignore_live_leader: false dest_uuid: "91fbe158737141cab799a060878ca1f9" is_pre_election: true
I20260709 13:14:43.173430 16985 raft_consensus.cc:2468] T 06563756e1f84322ade8db2a396332dd P 91fbe158737141cab799a060878ca1f9 [term 0 FOLLOWER]: Leader pre-election vote request: Granting yes vote for candidate 2118a30962d242e9ad720115b99fc84a in term 0.
I20260709 13:14:43.169140 16966 data_dirs.cc:400] Could only allocate 1 dirs of requested 3 for tablet e47bd44aa7f94be4ac06878325d8e525. 1 dirs total, 0 dirs full, 0 dirs failed
I20260709 13:14:43.172465 17118 data_dirs.cc:400] Could only allocate 1 dirs of requested 3 for tablet ee0d393d8424470a9ff5cca4cd02cd6d. 1 dirs total, 0 dirs full, 0 dirs failed
I20260709 13:14:43.174778 17026 leader_election.cc:304] T 06563756e1f84322ade8db2a396332dd P 2118a30962d242e9ad720115b99fc84a [CANDIDATE]: Term 1 pre-election: Election decided. Result: candidate won. Election summary: received 3 responses out of 3 voters: 2 yes votes; 1 no votes. yes voters: 2118a30962d242e9ad720115b99fc84a, 91fbe158737141cab799a060878ca1f9; no voters: 999b382bb12a4bd980855470587cf116
I20260709 13:14:43.182807 17180 raft_consensus.cc:2804] T 06563756e1f84322ade8db2a396332dd P 2118a30962d242e9ad720115b99fc84a [term 0 FOLLOWER]: Leader pre-election won for term 1
I20260709 13:14:43.183172 17180 raft_consensus.cc:493] T 06563756e1f84322ade8db2a396332dd P 2118a30962d242e9ad720115b99fc84a [term 0 FOLLOWER]: Starting leader election (no leader contacted us within the election timeout)
I20260709 13:14:43.183485 17180 raft_consensus.cc:3060] T 06563756e1f84322ade8db2a396332dd P 2118a30962d242e9ad720115b99fc84a [term 0 FOLLOWER]: Advancing to term 1
I20260709 13:14:43.187530 17117 data_dirs.cc:400] Could only allocate 1 dirs of requested 3 for tablet 8c361c83c0a540d8b6066cb650228aae. 1 dirs total, 0 dirs full, 0 dirs failed
I20260709 13:14:43.188133 17115 data_dirs.cc:400] Could only allocate 1 dirs of requested 3 for tablet 6cba9b2dd15f4f4ba5ddb711167f798f. 1 dirs total, 0 dirs full, 0 dirs failed
I20260709 13:14:43.190310 17119 data_dirs.cc:400] Could only allocate 1 dirs of requested 3 for tablet 14578a2d174644baa9c4f18506b90344. 1 dirs total, 0 dirs full, 0 dirs failed
I20260709 13:14:43.190959 17116 data_dirs.cc:400] Could only allocate 1 dirs of requested 3 for tablet f078f29e1e6e47079fadd8b8d76115d1. 1 dirs total, 0 dirs full, 0 dirs failed
I20260709 13:14:43.195492 16985 tablet_service.cc:1917] Received RequestConsensusVote() RPC: tablet_id: "ff09320797d74fa18778604ba885c1b6" candidate_uuid: "999b382bb12a4bd980855470587cf116" candidate_term: 1 candidate_status { last_received { term: 0 index: 0 } } ignore_live_leader: false dest_uuid: "91fbe158737141cab799a060878ca1f9" is_pre_election: true
I20260709 13:14:43.195859 16984 tablet_service.cc:1917] Received RequestConsensusVote() RPC: tablet_id: "144a45888c4a42d2817b5d65205f4fb4" candidate_uuid: "999b382bb12a4bd980855470587cf116" candidate_term: 1 candidate_status { last_received { term: 0 index: 0 } } ignore_live_leader: false dest_uuid: "91fbe158737141cab799a060878ca1f9" is_pre_election: true
W20260709 13:14:43.197348 17100 leader_election.cc:343] T ff09320797d74fa18778604ba885c1b6 P 999b382bb12a4bd980855470587cf116 [CANDIDATE]: Term 1 pre-election: Tablet error from VoteRequest() call to peer 91fbe158737141cab799a060878ca1f9 (127.15.129.129:34543): Illegal state: must be running to vote when last-logged opid is not known
W20260709 13:14:43.198029 17100 leader_election.cc:343] T 144a45888c4a42d2817b5d65205f4fb4 P 999b382bb12a4bd980855470587cf116 [CANDIDATE]: Term 1 pre-election: Tablet error from VoteRequest() call to peer 91fbe158737141cab799a060878ca1f9 (127.15.129.129:34543): Illegal state: must be running to vote when last-logged opid is not known
I20260709 13:14:43.200565 17180 raft_consensus.cc:515] T 06563756e1f84322ade8db2a396332dd P 2118a30962d242e9ad720115b99fc84a [term 1 FOLLOWER]: Starting leader election with config: opid_index: -1 OBSOLETE_local: false peers { permanent_uuid: "91fbe158737141cab799a060878ca1f9" member_type: VOTER last_known_addr { host: "127.15.129.129" port: 34543 } } peers { permanent_uuid: "2118a30962d242e9ad720115b99fc84a" member_type: VOTER last_known_addr { host: "127.15.129.130" port: 42773 } } peers { permanent_uuid: "999b382bb12a4bd980855470587cf116" member_type: VOTER last_known_addr { host: "127.15.129.131" port: 46749 } }
I20260709 13:14:43.203344 17174 tablet_bootstrap.cc:492] T ff09320797d74fa18778604ba885c1b6 P 91fbe158737141cab799a060878ca1f9: No bootstrap required, opened a new log
I20260709 13:14:43.203799 17174 ts_tablet_manager.cc:1403] T ff09320797d74fa18778604ba885c1b6 P 91fbe158737141cab799a060878ca1f9: Time spent bootstrapping tablet: real 0.098s	user 0.015s	sys 0.003s
I20260709 13:14:43.204063 17060 tablet_service.cc:1917] Received RequestConsensusVote() RPC: tablet_id: "ff09320797d74fa18778604ba885c1b6" candidate_uuid: "999b382bb12a4bd980855470587cf116" candidate_term: 1 candidate_status { last_received { term: 0 index: 0 } } ignore_live_leader: false dest_uuid: "2118a30962d242e9ad720115b99fc84a" is_pre_election: true
I20260709 13:14:43.205255 17059 tablet_service.cc:1917] Received RequestConsensusVote() RPC: tablet_id: "144a45888c4a42d2817b5d65205f4fb4" candidate_uuid: "999b382bb12a4bd980855470587cf116" candidate_term: 1 candidate_status { last_received { term: 0 index: 0 } } ignore_live_leader: false dest_uuid: "2118a30962d242e9ad720115b99fc84a" is_pre_election: true
