I20260709 13:14:43.941995 11533 data_dirs.cc:400] Could only allocate 1 dirs of requested 3 for tablet 56b606c6942f42cf914bcabc7e2bc502. 1 dirs total, 0 dirs full, 0 dirs failed
I20260709 13:14:43.942451 11592 raft_consensus.cc:359] T 08ebf4312af74188830a07342d0dc119 P 147201d22a694ca59f6e014f083a0892 [term 0 FOLLOWER]: Replica starting. Triggering 0 pending ops. Active config: opid_index: -1 OBSOLETE_local: false peers { permanent_uuid: "147201d22a694ca59f6e014f083a0892" member_type: VOTER last_known_addr { host: "127.10.3.1" port: 37459 } } peers { permanent_uuid: "34fe1737ebb840fb9746980f649cc0a6" member_type: VOTER last_known_addr { host: "127.10.3.2" port: 36161 } } peers { permanent_uuid: "9e9c2603c0bd4d25b713649b3890c46b" member_type: VOTER last_known_addr { host: "127.10.3.3" port: 46781 } }
I20260709 13:14:43.859025 11541 tablet_service.cc:1511] Processing CreateTablet for tablet 902c85625c4647d481fa8ef07be336f4 (DEFAULT_TABLE table=test-workload [id=feeec31c3c00468abdb13fd79d4e6c47]), partition=RANGE (key) PARTITION 1055542783 <= VALUES < 1091940810
I20260709 13:14:43.943221 11592 raft_consensus.cc:385] T 08ebf4312af74188830a07342d0dc119 P 147201d22a694ca59f6e014f083a0892 [term 0 FOLLOWER]: Consensus starting up: Expiring failure detector timer to make a prompt election more likely
I20260709 13:14:43.943581 11592 raft_consensus.cc:740] T 08ebf4312af74188830a07342d0dc119 P 147201d22a694ca59f6e014f083a0892 [term 0 FOLLOWER]: Becoming Follower/Learner. State: Replica: 147201d22a694ca59f6e014f083a0892, State: Initialized, Role: FOLLOWER
I20260709 13:14:43.944023 11541 data_dirs.cc:400] Could only allocate 1 dirs of requested 3 for tablet 902c85625c4647d481fa8ef07be336f4. 1 dirs total, 0 dirs full, 0 dirs failed
I20260709 13:14:43.944461 11592 consensus_queue.cc:260] T 08ebf4312af74188830a07342d0dc119 P 147201d22a694ca59f6e014f083a0892 [NON_LEADER]: Queue going to NON_LEADER mode. State: All replicated index: 0, Majority replicated index: 0, Committed index: 0, Last appended: 0.0, Last appended by leader: 0, Current term: 0, Majority size: -1, State: 0, Mode: NON_LEADER, active raft config: opid_index: -1 OBSOLETE_local: false peers { permanent_uuid: "147201d22a694ca59f6e014f083a0892" member_type: VOTER last_known_addr { host: "127.10.3.1" port: 37459 } } peers { permanent_uuid: "34fe1737ebb840fb9746980f649cc0a6" member_type: VOTER last_known_addr { host: "127.10.3.2" port: 36161 } } peers { permanent_uuid: "9e9c2603c0bd4d25b713649b3890c46b" member_type: VOTER last_known_addr { host: "127.10.3.3" port: 46781 } }
I20260709 13:14:43.926841 11458 data_dirs.cc:400] Could only allocate 1 dirs of requested 3 for tablet 6bea8de48c2942d99a1477b5b427be03. 1 dirs total, 0 dirs full, 0 dirs failed
I20260709 13:14:43.875897 11606 leader_election.cc:290] T 778170f25cb24e08b57cbbc852e8a007 P 9e9c2603c0bd4d25b713649b3890c46b [CANDIDATE]: Term 1 pre-election: Requested pre-vote from peers 147201d22a694ca59f6e014f083a0892 (127.10.3.1:37459), 34fe1737ebb840fb9746980f649cc0a6 (127.10.3.2:36161)
I20260709 13:14:43.946924 11592 ts_tablet_manager.cc:1434] T 08ebf4312af74188830a07342d0dc119 P 147201d22a694ca59f6e014f083a0892: Time spent starting tablet: real 0.007s	user 0.006s	sys 0.001s
I20260709 13:14:43.958801 11592 tablet_bootstrap.cc:492] T 12c14d0fd7ef4fbf899a4b3eebe33e5b P 147201d22a694ca59f6e014f083a0892: Bootstrap starting.
I20260709 13:14:43.960449 11386 tablet_service.cc:1511] Processing CreateTablet for tablet 59af340b26264692af5490466dd69b78 (DEFAULT_TABLE table=test-workload [id=feeec31c3c00468abdb13fd79d4e6c47]), partition=RANGE (key) PARTITION 1492319107 <= VALUES < 1528717134
I20260709 13:14:43.961750 11386 data_dirs.cc:400] Could only allocate 1 dirs of requested 3 for tablet 59af340b26264692af5490466dd69b78. 1 dirs total, 0 dirs full, 0 dirs failed
I20260709 13:14:43.962934 11462 data_dirs.cc:400] Could only allocate 1 dirs of requested 3 for tablet 840a1b524ac54acdb12289fa1aafbd17. 1 dirs total, 0 dirs full, 0 dirs failed
I20260709 13:14:43.967130 11461 tablet_service.cc:1511] Processing CreateTablet for tablet 59af340b26264692af5490466dd69b78 (DEFAULT_TABLE table=test-workload [id=feeec31c3c00468abdb13fd79d4e6c47]), partition=RANGE (key) PARTITION 1492319107 <= VALUES < 1528717134
I20260709 13:14:43.981770 11535 tablet_service.cc:1511] Processing CreateTablet for tablet 5e8ed42aaa39460bbea1f8deeccd0adc (DEFAULT_TABLE table=test-workload [id=feeec31c3c00468abdb13fd79d4e6c47]), partition=RANGE (key) PARTITION 1164736864 <= VALUES < 1201134891
I20260709 13:14:43.992522 11539 tablet_service.cc:1511] Processing CreateTablet for tablet e8e0fc54e8b645deb82c6013c5d5c7ea (DEFAULT_TABLE table=test-workload [id=feeec31c3c00468abdb13fd79d4e6c47]), partition=RANGE (key) PARTITION 1128338837 <= VALUES < 1164736864
I20260709 13:14:43.999492 11595 raft_consensus.cc:493] T 38b39fd56a8d45f7b56a9ac114b66d2b P 34fe1737ebb840fb9746980f649cc0a6 [term 0 FOLLOWER]: Starting pre-election (no leader contacted us within the election timeout)
I20260709 13:14:44.000259 11551 tablet_service.cc:1917] Received RequestConsensusVote() RPC: tablet_id: "08ebf4312af74188830a07342d0dc119" candidate_uuid: "34fe1737ebb840fb9746980f649cc0a6" candidate_term: 1 candidate_status { last_received { term: 0 index: 0 } } ignore_live_leader: false dest_uuid: "9e9c2603c0bd4d25b713649b3890c46b" is_pre_election: true
I20260709 13:14:44.000018 11595 raft_consensus.cc:515] T 38b39fd56a8d45f7b56a9ac114b66d2b P 34fe1737ebb840fb9746980f649cc0a6 [term 0 FOLLOWER]: Starting pre-election with config: opid_index: -1 OBSOLETE_local: false peers { permanent_uuid: "147201d22a694ca59f6e014f083a0892" member_type: VOTER last_known_addr { host: "127.10.3.1" port: 37459 } } peers { permanent_uuid: "34fe1737ebb840fb9746980f649cc0a6" member_type: VOTER last_known_addr { host: "127.10.3.2" port: 36161 } } peers { permanent_uuid: "9e9c2603c0bd4d25b713649b3890c46b" member_type: VOTER last_known_addr { host: "127.10.3.3" port: 46781 } }
I20260709 13:14:44.002223 11595 leader_election.cc:290] T 38b39fd56a8d45f7b56a9ac114b66d2b P 34fe1737ebb840fb9746980f649cc0a6 [CANDIDATE]: Term 1 pre-election: Requested pre-vote from peers 147201d22a694ca59f6e014f083a0892 (127.10.3.1:37459), 9e9c2603c0bd4d25b713649b3890c46b (127.10.3.3:46781)
W20260709 13:14:44.002612 11442 leader_election.cc:343] T 08ebf4312af74188830a07342d0dc119 P 34fe1737ebb840fb9746980f649cc0a6 [CANDIDATE]: Term 1 pre-election: Tablet error from VoteRequest() call to peer 9e9c2603c0bd4d25b713649b3890c46b (127.10.3.3:46781): Illegal state: must be running to vote when last-logged opid is not known
I20260709 13:14:44.004657 11551 tablet_service.cc:1917] Received RequestConsensusVote() RPC: tablet_id: "38b39fd56a8d45f7b56a9ac114b66d2b" candidate_uuid: "34fe1737ebb840fb9746980f649cc0a6" candidate_term: 1 candidate_status { last_received { term: 0 index: 0 } } ignore_live_leader: false dest_uuid: "9e9c2603c0bd4d25b713649b3890c46b" is_pre_election: true
I20260709 13:14:44.005187 11462 tablet_service.cc:1511] Processing CreateTablet for tablet 3c4de37bdc334587a90c03b40bfd6c5f (DEFAULT_TABLE table=test-workload [id=feeec31c3c00468abdb13fd79d4e6c47]), partition=RANGE (key) PARTITION 1565115161 <= VALUES < 1601513188
W20260709 13:14:44.006069 11442 leader_election.cc:343] T 38b39fd56a8d45f7b56a9ac114b66d2b P 34fe1737ebb840fb9746980f649cc0a6 [CANDIDATE]: Term 1 pre-election: Tablet error from VoteRequest() call to peer 9e9c2603c0bd4d25b713649b3890c46b (127.10.3.3:46781): Illegal state: must be running to vote when last-logged opid is not known
I20260709 13:14:44.006744 11387 tablet_service.cc:1511] Processing CreateTablet for tablet 3c4de37bdc334587a90c03b40bfd6c5f (DEFAULT_TABLE table=test-workload [id=feeec31c3c00468abdb13fd79d4e6c47]), partition=RANGE (key) PARTITION 1565115161 <= VALUES < 1601513188
I20260709 13:14:44.007975 11387 data_dirs.cc:400] Could only allocate 1 dirs of requested 3 for tablet 3c4de37bdc334587a90c03b40bfd6c5f. 1 dirs total, 0 dirs full, 0 dirs failed
I20260709 13:14:44.011229 11383 tablet_service.cc:1511] Processing CreateTablet for tablet c3fd80658464474dbe463b1943becc75 (DEFAULT_TABLE table=test-workload [id=feeec31c3c00468abdb13fd79d4e6c47]), partition=RANGE (key) PARTITION 1601513188 <= VALUES < 1637911215
I20260709 13:14:44.011360 11459 tablet_service.cc:1511] Processing CreateTablet for tablet 71ff2b5fd08d4882a5355cf7758991cf (DEFAULT_TABLE table=test-workload [id=feeec31c3c00468abdb13fd79d4e6c47]), partition=RANGE (key) PARTITION 1528717134 <= VALUES < 1565115161
I20260709 13:14:43.971719 11461 data_dirs.cc:400] Could only allocate 1 dirs of requested 3 for tablet 59af340b26264692af5490466dd69b78. 1 dirs total, 0 dirs full, 0 dirs failed
I20260709 13:14:44.015386 11462 data_dirs.cc:400] Could only allocate 1 dirs of requested 3 for tablet 3c4de37bdc334587a90c03b40bfd6c5f. 1 dirs total, 0 dirs full, 0 dirs failed
I20260709 13:14:44.027210 11596 tablet_bootstrap.cc:700] T eeb668f66ce344e9acdf8834c2b1d3a3 P 9e9c2603c0bd4d25b713649b3890c46b: Time spent opening tablet: real 0.104s	user 0.002s	sys 0.003s
I20260709 13:14:44.027879 11596 tablet_bootstrap.cc:654] T eeb668f66ce344e9acdf8834c2b1d3a3 P 9e9c2603c0bd4d25b713649b3890c46b: Neither blocks nor log segments found. Creating new log.
I20260709 13:14:44.030738 11459 data_dirs.cc:400] Could only allocate 1 dirs of requested 3 for tablet 71ff2b5fd08d4882a5355cf7758991cf. 1 dirs total, 0 dirs full, 0 dirs failed
I20260709 13:14:43.975636 11532 data_dirs.cc:400] Could only allocate 1 dirs of requested 3 for tablet c5a7fd6f89ac4da3ab7769d1379f5bb8. 1 dirs total, 0 dirs full, 0 dirs failed
I20260709 13:14:44.065192 11534 tablet_service.cc:1511] Processing CreateTablet for tablet f52a477150c345c8ba80211d1a49b41c (DEFAULT_TABLE table=test-workload [id=feeec31c3c00468abdb13fd79d4e6c47]), partition=RANGE (key) PARTITION 1201134891 <= VALUES < 1237532918
I20260709 13:14:44.058465 11539 data_dirs.cc:400] Could only allocate 1 dirs of requested 3 for tablet e8e0fc54e8b645deb82c6013c5d5c7ea. 1 dirs total, 0 dirs full, 0 dirs failed
I20260709 13:14:44.072216 11477 tablet_service.cc:1917] Received RequestConsensusVote() RPC: tablet_id: "778170f25cb24e08b57cbbc852e8a007" candidate_uuid: "9e9c2603c0bd4d25b713649b3890c46b" candidate_term: 1 candidate_status { last_received { term: 0 index: 0 } } ignore_live_leader: false dest_uuid: "34fe1737ebb840fb9746980f649cc0a6" is_pre_election: true
I20260709 13:14:44.073184 11591 tablet_bootstrap.cc:492] T 9b37b6683af04823b0814ba56c4ea803 P 34fe1737ebb840fb9746980f649cc0a6: No bootstrap required, opened a new log
I20260709 13:14:44.073717 11591 ts_tablet_manager.cc:1403] T 9b37b6683af04823b0814ba56c4ea803 P 34fe1737ebb840fb9746980f649cc0a6: Time spent bootstrapping tablet: real 0.302s	user 0.015s	sys 0.008s
I20260709 13:14:44.076996 11592 tablet_bootstrap.cc:654] T 12c14d0fd7ef4fbf899a4b3eebe33e5b P 147201d22a694ca59f6e014f083a0892: Neither blocks nor log segments found. Creating new log.
I20260709 13:14:44.079175 11591 raft_consensus.cc:359] T 9b37b6683af04823b0814ba56c4ea803 P 34fe1737ebb840fb9746980f649cc0a6 [term 0 FOLLOWER]: Replica starting. Triggering 0 pending ops. Active config: opid_index: -1 OBSOLETE_local: false peers { permanent_uuid: "147201d22a694ca59f6e014f083a0892" member_type: VOTER last_known_addr { host: "127.10.3.1" port: 37459 } } peers { permanent_uuid: "34fe1737ebb840fb9746980f649cc0a6" member_type: VOTER last_known_addr { host: "127.10.3.2" port: 36161 } } peers { permanent_uuid: "9e9c2603c0bd4d25b713649b3890c46b" member_type: VOTER last_known_addr { host: "127.10.3.3" port: 46781 } }
I20260709 13:14:44.079960 11591 raft_consensus.cc:385] T 9b37b6683af04823b0814ba56c4ea803 P 34fe1737ebb840fb9746980f649cc0a6 [term 0 FOLLOWER]: Consensus starting up: Expiring failure detector timer to make a prompt election more likely
I20260709 13:14:44.080302 11591 raft_consensus.cc:740] T 9b37b6683af04823b0814ba56c4ea803 P 34fe1737ebb840fb9746980f649cc0a6 [term 0 FOLLOWER]: Becoming Follower/Learner. State: Replica: 34fe1737ebb840fb9746980f649cc0a6, State: Initialized, Role: FOLLOWER
W20260709 13:14:44.081329 11514 leader_election.cc:343] T 778170f25cb24e08b57cbbc852e8a007 P 9e9c2603c0bd4d25b713649b3890c46b [CANDIDATE]: Term 1 pre-election: Tablet error from VoteRequest() call to peer 34fe1737ebb840fb9746980f649cc0a6 (127.10.3.2:36161): Illegal state: must be running to vote when last-logged opid is not known
I20260709 13:14:44.082795 11389 tablet_service.cc:1511] Processing CreateTablet for tablet b61ac66d97f84c1186c6e2b1d79477b2 (DEFAULT_TABLE table=test-workload [id=feeec31c3c00468abdb13fd79d4e6c47]), partition=RANGE (key) PARTITION 1637911215 <= VALUES < 1674309242
I20260709 13:14:44.085757 11535 data_dirs.cc:400] Could only allocate 1 dirs of requested 3 for tablet 5e8ed42aaa39460bbea1f8deeccd0adc. 1 dirs total, 0 dirs full, 0 dirs failed
I20260709 13:14:44.087692 11402 tablet_service.cc:1917] Received RequestConsensusVote() RPC: tablet_id: "08ebf4312af74188830a07342d0dc119" candidate_uuid: "34fe1737ebb840fb9746980f649cc0a6" candidate_term: 1 candidate_status { last_received { term: 0 index: 0 } } ignore_live_leader: false dest_uuid: "147201d22a694ca59f6e014f083a0892" is_pre_election: true
I20260709 13:14:44.088389 11402 raft_consensus.cc:2468] T 08ebf4312af74188830a07342d0dc119 P 147201d22a694ca59f6e014f083a0892 [term 0 FOLLOWER]: Leader pre-election vote request: Granting yes vote for candidate 34fe1737ebb840fb9746980f649cc0a6 in term 0.
I20260709 13:14:44.089680 11442 leader_election.cc:304] T 08ebf4312af74188830a07342d0dc119 P 34fe1737ebb840fb9746980f649cc0a6 [CANDIDATE]: Term 1 pre-election: Election decided. Result: candidate won. Election summary: received 3 responses out of 3 voters: 2 yes votes; 1 no votes. yes voters: 147201d22a694ca59f6e014f083a0892, 34fe1737ebb840fb9746980f649cc0a6; no voters: 9e9c2603c0bd4d25b713649b3890c46b
I20260709 13:14:44.089774 11536 tablet_service.cc:1511] Processing CreateTablet for tablet ff56d6db2ff44eb19771b9166c042077 (DEFAULT_TABLE table=test-workload [id=feeec31c3c00468abdb13fd79d4e6c47]), partition=RANGE (key) PARTITION 1237532918 <= VALUES < 1273930945
I20260709 13:14:44.090538 11595 raft_consensus.cc:2804] T 08ebf4312af74188830a07342d0dc119 P 34fe1737ebb840fb9746980f649cc0a6 [term 0 FOLLOWER]: Leader pre-election won for term 1
I20260709 13:14:44.090891 11595 raft_consensus.cc:493] T 08ebf4312af74188830a07342d0dc119 P 34fe1737ebb840fb9746980f649cc0a6 [term 0 FOLLOWER]: Starting leader election (no leader contacted us within the election timeout)
I20260709 13:14:44.091252 11595 raft_consensus.cc:3060] T 08ebf4312af74188830a07342d0dc119 P 34fe1737ebb840fb9746980f649cc0a6 [term 0 FOLLOWER]: Advancing to term 1
I20260709 13:14:44.095557 11466 tablet_service.cc:1511] Processing CreateTablet for tablet c3fd80658464474dbe463b1943becc75 (DEFAULT_TABLE table=test-workload [id=feeec31c3c00468abdb13fd79d4e6c47]), partition=RANGE (key) PARTITION 1601513188 <= VALUES < 1637911215
I20260709 13:14:44.098251 11595 raft_consensus.cc:515] T 08ebf4312af74188830a07342d0dc119 P 34fe1737ebb840fb9746980f649cc0a6 [term 1 FOLLOWER]: Starting leader election with config: opid_index: -1 OBSOLETE_local: false peers { permanent_uuid: "147201d22a694ca59f6e014f083a0892" member_type: VOTER last_known_addr { host: "127.10.3.1" port: 37459 } } peers { permanent_uuid: "34fe1737ebb840fb9746980f649cc0a6" member_type: VOTER last_known_addr { host: "127.10.3.2" port: 36161 } } peers { permanent_uuid: "9e9c2603c0bd4d25b713649b3890c46b" member_type: VOTER last_known_addr { host: "127.10.3.3" port: 46781 } }
I20260709 13:14:44.099421 11463 tablet_service.cc:1511] Processing CreateTablet for tablet b61ac66d97f84c1186c6e2b1d79477b2 (DEFAULT_TABLE table=test-workload [id=feeec31c3c00468abdb13fd79d4e6c47]), partition=RANGE (key) PARTITION 1637911215 <= VALUES < 1674309242
I20260709 13:14:44.101719 11463 data_dirs.cc:400] Could only allocate 1 dirs of requested 3 for tablet b61ac66d97f84c1186c6e2b1d79477b2. 1 dirs total, 0 dirs full, 0 dirs failed
I20260709 13:14:44.108474 11383 data_dirs.cc:400] Could only allocate 1 dirs of requested 3 for tablet c3fd80658464474dbe463b1943becc75. 1 dirs total, 0 dirs full, 0 dirs failed
I20260709 13:14:44.108268 11591 consensus_queue.cc:260] T 9b37b6683af04823b0814ba56c4ea803 P 34fe1737ebb840fb9746980f649cc0a6 [NON_LEADER]: Queue going to NON_LEADER mode. State: All replicated index: 0, Majority replicated index: 0, Committed index: 0, Last appended: 0.0, Last appended by leader: 0, Current term: 0, Majority size: -1, State: 0, Mode: NON_LEADER, active raft config: opid_index: -1 OBSOLETE_local: false peers { permanent_uuid: "147201d22a694ca59f6e014f083a0892" member_type: VOTER last_known_addr { host: "127.10.3.1" port: 37459 } } peers { permanent_uuid: "34fe1737ebb840fb9746980f649cc0a6" member_type: VOTER last_known_addr { host: "127.10.3.2" port: 36161 } } peers { permanent_uuid: "9e9c2603c0bd4d25b713649b3890c46b" member_type: VOTER last_known_addr { host: "127.10.3.3" port: 46781 } }
I20260709 13:14:44.108811 11385 tablet_service.cc:1511] Processing CreateTablet for tablet 6eba703fc47843af924d4e45f12db16b (DEFAULT_TABLE table=test-workload [id=feeec31c3c00468abdb13fd79d4e6c47]), partition=RANGE (key) PARTITION 1674309242 <= VALUES < 1710707269
I20260709 13:14:44.114133 11400 tablet_service.cc:1917] Received RequestConsensusVote() RPC: tablet_id: "778170f25cb24e08b57cbbc852e8a007" candidate_uuid: "9e9c2603c0bd4d25b713649b3890c46b" candidate_term: 1 candidate_status { last_received { term: 0 index: 0 } } ignore_live_leader: false dest_uuid: "147201d22a694ca59f6e014f083a0892" is_pre_election: true
I20260709 13:14:44.115218 11536 data_dirs.cc:400] Could only allocate 1 dirs of requested 3 for tablet ff56d6db2ff44eb19771b9166c042077. 1 dirs total, 0 dirs full, 0 dirs failed
W20260709 13:14:44.115754 11516 leader_election.cc:343] T 778170f25cb24e08b57cbbc852e8a007 P 9e9c2603c0bd4d25b713649b3890c46b [CANDIDATE]: Term 1 pre-election: Tablet error from VoteRequest() call to peer 147201d22a694ca59f6e014f083a0892 (127.10.3.1:37459): Illegal state: must be running to vote when last-logged opid is not known
I20260709 13:14:44.109459 11596 tablet_bootstrap.cc:492] T eeb668f66ce344e9acdf8834c2b1d3a3 P 9e9c2603c0bd4d25b713649b3890c46b: No bootstrap required, opened a new log
I20260709 13:14:44.116223 11516 leader_election.cc:304] T 778170f25cb24e08b57cbbc852e8a007 P 9e9c2603c0bd4d25b713649b3890c46b [CANDIDATE]: Term 1 pre-election: Election decided. Result: candidate lost. Election summary: received 3 responses out of 3 voters: 1 yes votes; 2 no votes. yes voters: 9e9c2603c0bd4d25b713649b3890c46b; no voters: 147201d22a694ca59f6e014f083a0892, 34fe1737ebb840fb9746980f649cc0a6
I20260709 13:14:44.116851 11596 ts_tablet_manager.cc:1403] T eeb668f66ce344e9acdf8834c2b1d3a3 P 9e9c2603c0bd4d25b713649b3890c46b: Time spent bootstrapping tablet: real 0.303s	user 0.007s	sys 0.013s
I20260709 13:14:44.117456 11606 raft_consensus.cc:2749] T 778170f25cb24e08b57cbbc852e8a007 P 9e9c2603c0bd4d25b713649b3890c46b [term 0 FOLLOWER]: Leader pre-election lost for term 1. Reason: could not achieve majority
I20260709 13:14:44.115381 11387 tablet_service.cc:1511] Processing CreateTablet for tablet aa999fcc28454bc88f93770d07ff72e2 (DEFAULT_TABLE table=test-workload [id=feeec31c3c00468abdb13fd79d4e6c47]), partition=RANGE (key) PARTITION 1710707269 <= VALUES < 1747105296
I20260709 13:14:44.107514 11401 tablet_service.cc:1917] Received RequestConsensusVote() RPC: tablet_id: "38b39fd56a8d45f7b56a9ac114b66d2b" candidate_uuid: "34fe1737ebb840fb9746980f649cc0a6" candidate_term: 1 candidate_status { last_received { term: 0 index: 0 } } ignore_live_leader: false dest_uuid: "147201d22a694ca59f6e014f083a0892" is_pre_election: true
I20260709 13:14:44.127542 11534 data_dirs.cc:400] Could only allocate 1 dirs of requested 3 for tablet f52a477150c345c8ba80211d1a49b41c. 1 dirs total, 0 dirs full, 0 dirs failed
I20260709 13:14:44.134225 11466 data_dirs.cc:400] Could only allocate 1 dirs of requested 3 for tablet c3fd80658464474dbe463b1943becc75. 1 dirs total, 0 dirs full, 0 dirs failed
I20260709 13:14:44.134678 11402 tablet_service.cc:1917] Received RequestConsensusVote() RPC: tablet_id: "08ebf4312af74188830a07342d0dc119" candidate_uuid: "34fe1737ebb840fb9746980f649cc0a6" candidate_term: 1 candidate_status { last_received { term: 0 index: 0 } } ignore_live_leader: false dest_uuid: "147201d22a694ca59f6e014f083a0892"
I20260709 13:14:44.135294 11402 raft_consensus.cc:3060] T 08ebf4312af74188830a07342d0dc119 P 147201d22a694ca59f6e014f083a0892 [term 0 FOLLOWER]: Advancing to term 1
I20260709 13:14:44.139791 11467 tablet_service.cc:1511] Processing CreateTablet for tablet aa999fcc28454bc88f93770d07ff72e2 (DEFAULT_TABLE table=test-workload [id=feeec31c3c00468abdb13fd79d4e6c47]), partition=RANGE (key) PARTITION 1710707269 <= VALUES < 1747105296
I20260709 13:14:44.140190 11384 tablet_service.cc:1511] Processing CreateTablet for tablet 058fa5ec3edb42c796103c7361c1a8e1 (DEFAULT_TABLE table=test-workload [id=feeec31c3c00468abdb13fd79d4e6c47]), partition=RANGE (key) PARTITION 1747105296 <= VALUES < 1783503323
I20260709 13:14:44.141080 11467 data_dirs.cc:400] Could only allocate 1 dirs of requested 3 for tablet aa999fcc28454bc88f93770d07ff72e2. 1 dirs total, 0 dirs full, 0 dirs failed
I20260709 13:14:44.142004 11465 tablet_service.cc:1511] Processing CreateTablet for tablet 6eba703fc47843af924d4e45f12db16b (DEFAULT_TABLE table=test-workload [id=feeec31c3c00468abdb13fd79d4e6c47]), partition=RANGE (key) PARTITION 1674309242 <= VALUES < 1710707269
I20260709 13:14:44.143299 11465 data_dirs.cc:400] Could only allocate 1 dirs of requested 3 for tablet 6eba703fc47843af924d4e45f12db16b. 1 dirs total, 0 dirs full, 0 dirs failed
I20260709 13:14:44.142406 11388 tablet_service.cc:1511] Processing CreateTablet for tablet 13474bcfb1f1443f82e90db3445bc880 (DEFAULT_TABLE table=test-workload [id=feeec31c3c00468abdb13fd79d4e6c47]), partition=RANGE (key) PARTITION 1783503323 <= VALUES < 1819901350
I20260709 13:14:44.145102 11389 data_dirs.cc:400] Could only allocate 1 dirs of requested 3 for tablet b61ac66d97f84c1186c6e2b1d79477b2. 1 dirs total, 0 dirs full, 0 dirs failed
I20260709 13:14:44.146507 11595 leader_election.cc:290] T 08ebf4312af74188830a07342d0dc119 P 34fe1737ebb840fb9746980f649cc0a6 [CANDIDATE]: Term 1 election: Requested vote from peers 147201d22a694ca59f6e014f083a0892 (127.10.3.1:37459), 9e9c2603c0bd4d25b713649b3890c46b (127.10.3.3:46781)
I20260709 13:14:44.154704 11551 tablet_service.cc:1917] Received RequestConsensusVote() RPC: tablet_id: "08ebf4312af74188830a07342d0dc119" candidate_uuid: "34fe1737ebb840fb9746980f649cc0a6" candidate_term: 1 candidate_status { last_received { term: 0 index: 0 } } ignore_live_leader: false dest_uuid: "9e9c2603c0bd4d25b713649b3890c46b"
I20260709 13:14:44.156903 11540 tablet_service.cc:1511] Processing CreateTablet for tablet b2dfc6e65bda4ed2a39f4bce45ec85e6 (DEFAULT_TABLE table=test-workload [id=feeec31c3c00468abdb13fd79d4e6c47]), partition=RANGE (key) PARTITION 1273930945 <= VALUES < 1310328972
I20260709 13:14:44.158221 11540 data_dirs.cc:400] Could only allocate 1 dirs of requested 3 for tablet b2dfc6e65bda4ed2a39f4bce45ec85e6. 1 dirs total, 0 dirs full, 0 dirs failed
W20260709 13:14:44.158141 11442 leader_election.cc:343] T 08ebf4312af74188830a07342d0dc119 P 34fe1737ebb840fb9746980f649cc0a6 [CANDIDATE]: Term 1 election: Tablet error from VoteRequest() call to peer 9e9c2603c0bd4d25b713649b3890c46b (127.10.3.3:46781): Illegal state: must be running to vote when last-logged opid is not known
W20260709 13:14:44.163546 11442 leader_election.cc:343] T 38b39fd56a8d45f7b56a9ac114b66d2b P 34fe1737ebb840fb9746980f649cc0a6 [CANDIDATE]: Term 1 pre-election: Tablet error from VoteRequest() call to peer 147201d22a694ca59f6e014f083a0892 (127.10.3.1:37459): Illegal state: must be running to vote when last-logged opid is not known
I20260709 13:14:44.163990 11442 leader_election.cc:304] T 38b39fd56a8d45f7b56a9ac114b66d2b P 34fe1737ebb840fb9746980f649cc0a6 [CANDIDATE]: Term 1 pre-election: Election decided. Result: candidate lost. Election summary: received 3 responses out of 3 voters: 1 yes votes; 2 no votes. yes voters: 34fe1737ebb840fb9746980f649cc0a6; no voters: 147201d22a694ca59f6e014f083a0892, 9e9c2603c0bd4d25b713649b3890c46b
I20260709 13:14:44.164503 11385 data_dirs.cc:400] Could only allocate 1 dirs of requested 3 for tablet 6eba703fc47843af924d4e45f12db16b. 1 dirs total, 0 dirs full, 0 dirs failed
I20260709 13:14:44.165078 11595 raft_consensus.cc:2749] T 38b39fd56a8d45f7b56a9ac114b66d2b P 34fe1737ebb840fb9746980f649cc0a6 [term 0 FOLLOWER]: Leader pre-election lost for term 1. Reason: could not achieve majority
I20260709 13:14:44.160326 11391 tablet_service.cc:1511] Processing CreateTablet for tablet 95e3d59427ee46f989532eb3cdc311cc (DEFAULT_TABLE table=test-workload [id=feeec31c3c00468abdb13fd79d4e6c47]), partition=RANGE (key) PARTITION 1819901350 <= VALUES < 1856299377
I20260709 13:14:44.166491 11391 data_dirs.cc:400] Could only allocate 1 dirs of requested 3 for tablet 95e3d59427ee46f989532eb3cdc311cc. 1 dirs total, 0 dirs full, 0 dirs failed
I20260709 13:14:44.167335 11384 data_dirs.cc:400] Could only allocate 1 dirs of requested 3 for tablet 058fa5ec3edb42c796103c7361c1a8e1. 1 dirs total, 0 dirs full, 0 dirs failed
I20260709 13:14:44.168972 11388 data_dirs.cc:400] Could only allocate 1 dirs of requested 3 for tablet 13474bcfb1f1443f82e90db3445bc880. 1 dirs total, 0 dirs full, 0 dirs failed
I20260709 13:14:44.173113 11591 ts_tablet_manager.cc:1434] T 9b37b6683af04823b0814ba56c4ea803 P 34fe1737ebb840fb9746980f649cc0a6: Time spent starting tablet: real 0.099s	user 0.006s	sys 0.012s
I20260709 13:14:44.180227 11392 tablet_service.cc:1511] Processing CreateTablet for tablet 1f946b7973fe482681135635493ebd48 (DEFAULT_TABLE table=test-workload [id=feeec31c3c00468abdb13fd79d4e6c47]), partition=RANGE (key) PARTITION 1892697404 <= VALUES < 1929095431
I20260709 13:14:44.181120 11592 tablet_bootstrap.cc:492] T 12c14d0fd7ef4fbf899a4b3eebe33e5b P 147201d22a694ca59f6e014f083a0892: No bootstrap required, opened a new log
I20260709 13:14:44.181610 11592 ts_tablet_manager.cc:1403] T 12c14d0fd7ef4fbf899a4b3eebe33e5b P 147201d22a694ca59f6e014f083a0892: Time spent bootstrapping tablet: real 0.223s	user 0.009s	sys 0.006s
I20260709 13:14:44.185185 11591 tablet_bootstrap.cc:492] T 778170f25cb24e08b57cbbc852e8a007 P 34fe1737ebb840fb9746980f649cc0a6: Bootstrap starting.
I20260709 13:14:44.185911 11391 tablet_service.cc:1511] Processing CreateTablet for tablet 4f615bf163b9483d8209eb6c8fedca15 (DEFAULT_TABLE table=test-workload [id=feeec31c3c00468abdb13fd79d4e6c47]), partition=RANGE (key) PARTITION 1929095431 <= VALUES < 1965493458
I20260709 13:14:44.188549 11461 tablet_service.cc:1511] Processing CreateTablet for tablet 13474bcfb1f1443f82e90db3445bc880 (DEFAULT_TABLE table=test-workload [id=feeec31c3c00468abdb13fd79d4e6c47]), partition=RANGE (key) PARTITION 1783503323 <= VALUES < 1819901350
I20260709 13:14:44.189815 11461 data_dirs.cc:400] Could only allocate 1 dirs of requested 3 for tablet 13474bcfb1f1443f82e90db3445bc880. 1 dirs total, 0 dirs full, 0 dirs failed
I20260709 13:14:44.188549 11462 tablet_service.cc:1511] Processing CreateTablet for tablet 058fa5ec3edb42c796103c7361c1a8e1 (DEFAULT_TABLE table=test-workload [id=feeec31c3c00468abdb13fd79d4e6c47]), partition=RANGE (key) PARTITION 1747105296 <= VALUES < 1783503323
I20260709 13:14:44.191380 11541 tablet_service.cc:1511] Processing CreateTablet for tablet 1c4eb2d16aa247998d0927eb34dedfa8 (DEFAULT_TABLE table=test-workload [id=feeec31c3c00468abdb13fd79d4e6c47]), partition=RANGE (key) PARTITION 1310328972 <= VALUES < 1346726999
I20260709 13:14:44.192751 11541 data_dirs.cc:400] Could only allocate 1 dirs of requested 3 for tablet 1c4eb2d16aa247998d0927eb34dedfa8. 1 dirs total, 0 dirs full, 0 dirs failed
I20260709 13:14:44.193106 11537 tablet_service.cc:1511] Processing CreateTablet for tablet 74bea11400ce497283dceb7d21b6e728 (DEFAULT_TABLE table=test-workload [id=feeec31c3c00468abdb13fd79d4e6c47]), partition=RANGE (key) PARTITION 1383125026 <= VALUES < 1419523053
I20260709 13:14:44.197264 11592 raft_consensus.cc:359] T 12c14d0fd7ef4fbf899a4b3eebe33e5b P 147201d22a694ca59f6e014f083a0892 [term 0 FOLLOWER]: Replica starting. Triggering 0 pending ops. Active config: opid_index: -1 OBSOLETE_local: false peers { permanent_uuid: "147201d22a694ca59f6e014f083a0892" member_type: VOTER last_known_addr { host: "127.10.3.1" port: 37459 } } peers { permanent_uuid: "34fe1737ebb840fb9746980f649cc0a6" member_type: VOTER last_known_addr { host: "127.10.3.2" port: 36161 } } peers { permanent_uuid: "9e9c2603c0bd4d25b713649b3890c46b" member_type: VOTER last_known_addr { host: "127.10.3.3" port: 46781 } }
I20260709 13:14:44.200146 11592 raft_consensus.cc:385] T 12c14d0fd7ef4fbf899a4b3eebe33e5b P 147201d22a694ca59f6e014f083a0892 [term 0 FOLLOWER]: Consensus starting up: Expiring failure detector timer to make a prompt election more likely
I20260709 13:14:44.200024 11390 tablet_service.cc:1511] Processing CreateTablet for tablet 8e90063696c0437bb8ad2d545f45a9ce (DEFAULT_TABLE table=test-workload [id=feeec31c3c00468abdb13fd79d4e6c47]), partition=RANGE (key) PARTITION 1856299377 <= VALUES < 1892697404
I20260709 13:14:44.200547 11592 raft_consensus.cc:740] T 12c14d0fd7ef4fbf899a4b3eebe33e5b P 147201d22a694ca59f6e014f083a0892 [term 0 FOLLOWER]: Becoming Follower/Learner. State: Replica: 147201d22a694ca59f6e014f083a0892, State: Initialized, Role: FOLLOWER
I20260709 13:14:44.201429 11592 consensus_queue.cc:260] T 12c14d0fd7ef4fbf899a4b3eebe33e5b P 147201d22a694ca59f6e014f083a0892 [NON_LEADER]: Queue going to NON_LEADER mode. State: All replicated index: 0, Majority replicated index: 0, Committed index: 0, Last appended: 0.0, Last appended by leader: 0, Current term: 0, Majority size: -1, State: 0, Mode: NON_LEADER, active raft config: opid_index: -1 OBSOLETE_local: false peers { permanent_uuid: "147201d22a694ca59f6e014f083a0892" member_type: VOTER last_known_addr { host: "127.10.3.1" port: 37459 } } peers { permanent_uuid: "34fe1737ebb840fb9746980f649cc0a6" member_type: VOTER last_known_addr { host: "127.10.3.2" port: 36161 } } peers { permanent_uuid: "9e9c2603c0bd4d25b713649b3890c46b" member_type: VOTER last_known_addr { host: "127.10.3.3" port: 46781 } }
I20260709 13:14:44.204481 11462 data_dirs.cc:400] Could only allocate 1 dirs of requested 3 for tablet 058fa5ec3edb42c796103c7361c1a8e1. 1 dirs total, 0 dirs full, 0 dirs failed
I20260709 13:14:44.208150 11464 tablet_service.cc:1511] Processing CreateTablet for tablet 8e90063696c0437bb8ad2d545f45a9ce (DEFAULT_TABLE table=test-workload [id=feeec31c3c00468abdb13fd79d4e6c47]), partition=RANGE (key) PARTITION 1856299377 <= VALUES < 1892697404
I20260709 13:14:44.209517 11464 data_dirs.cc:400] Could only allocate 1 dirs of requested 3 for tablet 8e90063696c0437bb8ad2d545f45a9ce. 1 dirs total, 0 dirs full, 0 dirs failed
I20260709 13:14:44.190543 11458 tablet_service.cc:1511] Processing CreateTablet for tablet 95e3d59427ee46f989532eb3cdc311cc (DEFAULT_TABLE table=test-workload [id=feeec31c3c00468abdb13fd79d4e6c47]), partition=RANGE (key) PARTITION 1819901350 <= VALUES < 1856299377
I20260709 13:14:44.211771 11458 data_dirs.cc:400] Could only allocate 1 dirs of requested 3 for tablet 95e3d59427ee46f989532eb3cdc311cc. 1 dirs total, 0 dirs full, 0 dirs failed
I20260709 13:14:44.193276 11538 tablet_service.cc:1511] Processing CreateTablet for tablet 71ff2b5fd08d4882a5355cf7758991cf (DEFAULT_TABLE table=test-workload [id=feeec31c3c00468abdb13fd79d4e6c47]), partition=RANGE (key) PARTITION 1528717134 <= VALUES < 1565115161
I20260709 13:14:44.198969 11387 data_dirs.cc:400] Could only allocate 1 dirs of requested 3 for tablet aa999fcc28454bc88f93770d07ff72e2. 1 dirs total, 0 dirs full, 0 dirs failed
I20260709 13:14:44.203352 11596 raft_consensus.cc:359] T eeb668f66ce344e9acdf8834c2b1d3a3 P 9e9c2603c0bd4d25b713649b3890c46b [term 0 FOLLOWER]: Replica starting. Triggering 0 pending ops. Active config: opid_index: -1 OBSOLETE_local: false peers { permanent_uuid: "147201d22a694ca59f6e014f083a0892" member_type: VOTER last_known_addr { host: "127.10.3.1" port: 37459 } } peers { permanent_uuid: "34fe1737ebb840fb9746980f649cc0a6" member_type: VOTER last_known_addr { host: "127.10.3.2" port: 36161 } } peers { permanent_uuid: "9e9c2603c0bd4d25b713649b3890c46b" member_type: VOTER last_known_addr { host: "127.10.3.3" port: 46781 } }
I20260709 13:14:44.215898 11596 raft_consensus.cc:385] T eeb668f66ce344e9acdf8834c2b1d3a3 P 9e9c2603c0bd4d25b713649b3890c46b [term 0 FOLLOWER]: Consensus starting up: Expiring failure detector timer to make a prompt election more likely
I20260709 13:14:44.216231 11596 raft_consensus.cc:740] T eeb668f66ce344e9acdf8834c2b1d3a3 P 9e9c2603c0bd4d25b713649b3890c46b [term 0 FOLLOWER]: Becoming Follower/Learner. State: Replica: 9e9c2603c0bd4d25b713649b3890c46b, State: Initialized, Role: FOLLOWER
I20260709 13:14:44.216980 11596 consensus_queue.cc:260] T eeb668f66ce344e9acdf8834c2b1d3a3 P 9e9c2603c0bd4d25b713649b3890c46b [NON_LEADER]: Queue going to NON_LEADER mode. State: All replicated index: 0, Majority replicated index: 0, Committed index: 0, Last appended: 0.0, Last appended by leader: 0, Current term: 0, Majority size: -1, State: 0, Mode: NON_LEADER, active raft config: opid_index: -1 OBSOLETE_local: false peers { permanent_uuid: "147201d22a694ca59f6e014f083a0892" member_type: VOTER last_known_addr { host: "127.10.3.1" port: 37459 } } peers { permanent_uuid: "34fe1737ebb840fb9746980f649cc0a6" member_type: VOTER last_known_addr { host: "127.10.3.2" port: 36161 } } peers { permanent_uuid: "9e9c2603c0bd4d25b713649b3890c46b" member_type: VOTER last_known_addr { host: "127.10.3.3" port: 46781 } }
I20260709 13:14:44.219278 11392 data_dirs.cc:400] Could only allocate 1 dirs of requested 3 for tablet 1f946b7973fe482681135635493ebd48. 1 dirs total, 0 dirs full, 0 dirs failed
I20260709 13:14:44.219537 11459 tablet_service.cc:1511] Processing CreateTablet for tablet 1f946b7973fe482681135635493ebd48 (DEFAULT_TABLE table=test-workload [id=feeec31c3c00468abdb13fd79d4e6c47]), partition=RANGE (key) PARTITION 1892697404 <= VALUES < 1929095431
I20260709 13:14:44.220732 11459 data_dirs.cc:400] Could only allocate 1 dirs of requested 3 for tablet 1f946b7973fe482681135635493ebd48. 1 dirs total, 0 dirs full, 0 dirs failed
I20260709 13:14:44.215605 11533 tablet_service.cc:1511] Processing CreateTablet for tablet 59af340b26264692af5490466dd69b78 (DEFAULT_TABLE table=test-workload [id=feeec31c3c00468abdb13fd79d4e6c47]), partition=RANGE (key) PARTITION 1492319107 <= VALUES < 1528717134
I20260709 13:14:44.199689 11537 data_dirs.cc:400] Could only allocate 1 dirs of requested 3 for tablet 74bea11400ce497283dceb7d21b6e728. 1 dirs total, 0 dirs full, 0 dirs failed
I20260709 13:14:44.223557 11391 data_dirs.cc:400] Could only allocate 1 dirs of requested 3 for tablet 4f615bf163b9483d8209eb6c8fedca15. 1 dirs total, 0 dirs full, 0 dirs failed
I20260709 13:14:44.232363 11386 tablet_service.cc:1511] Processing CreateTablet for tablet 6a6ebf03c40d4f1fa404e0fe9f8f9fc5 (DEFAULT_TABLE table=test-workload [id=feeec31c3c00468abdb13fd79d4e6c47]), partition=RANGE (key) PARTITION 1965493458 <= VALUES < 2001891485
I20260709 13:14:44.233188 11402 raft_consensus.cc:2468] T 08ebf4312af74188830a07342d0dc119 P 147201d22a694ca59f6e014f083a0892 [term 1 FOLLOWER]: Leader election vote request: Granting yes vote for candidate 34fe1737ebb840fb9746980f649cc0a6 in term 1.
I20260709 13:14:44.234390 11442 leader_election.cc:304] T 08ebf4312af74188830a07342d0dc119 P 34fe1737ebb840fb9746980f649cc0a6 [CANDIDATE]: Term 1 election: Election decided. Result: candidate won. Election summary: received 3 responses out of 3 voters: 2 yes votes; 1 no votes. yes voters: 147201d22a694ca59f6e014f083a0892, 34fe1737ebb840fb9746980f649cc0a6; no voters: 9e9c2603c0bd4d25b713649b3890c46b
I20260709 13:14:44.203918 11592 ts_tablet_manager.cc:1434] T 12c14d0fd7ef4fbf899a4b3eebe33e5b P 147201d22a694ca59f6e014f083a0892: Time spent starting tablet: real 0.022s	user 0.008s	sys 0.001s
I20260709 13:14:44.236483 11595 raft_consensus.cc:2804] T 08ebf4312af74188830a07342d0dc119 P 34fe1737ebb840fb9746980f649cc0a6 [term 1 FOLLOWER]: Leader election won for term 1
I20260709 13:14:44.236963 11595 raft_consensus.cc:697] T 08ebf4312af74188830a07342d0dc119 P 34fe1737ebb840fb9746980f649cc0a6 [term 1 LEADER]: Becoming Leader. State: Replica: 34fe1737ebb840fb9746980f649cc0a6, State: Running, Role: LEADER
I20260709 13:14:44.237795 11595 consensus_queue.cc:237] T 08ebf4312af74188830a07342d0dc119 P 34fe1737ebb840fb9746980f649cc0a6 [LEADER]: Queue going to LEADER mode. State: All replicated index: 0, Majority replicated index: 0, Committed index: 0, Last appended: 0.0, Last appended by leader: 0, Current term: 1, Majority size: 2, State: 0, Mode: LEADER, active raft config: opid_index: -1 OBSOLETE_local: false peers { permanent_uuid: "147201d22a694ca59f6e014f083a0892" member_type: VOTER last_known_addr { host: "127.10.3.1" port: 37459 } } peers { permanent_uuid: "34fe1737ebb840fb9746980f649cc0a6" member_type: VOTER last_known_addr { host: "127.10.3.2" port: 36161 } } peers { permanent_uuid: "9e9c2603c0bd4d25b713649b3890c46b" member_type: VOTER last_known_addr { host: "127.10.3.3" port: 46781 } }
I20260709 13:14:44.227957 11538 data_dirs.cc:400] Could only allocate 1 dirs of requested 3 for tablet 71ff2b5fd08d4882a5355cf7758991cf. 1 dirs total, 0 dirs full, 0 dirs failed
I20260709 13:14:44.243956 11591 tablet_bootstrap.cc:654] T 778170f25cb24e08b57cbbc852e8a007 P 34fe1737ebb840fb9746980f649cc0a6: Neither blocks nor log segments found. Creating new log.
I20260709 13:14:44.247506 11390 data_dirs.cc:400] Could only allocate 1 dirs of requested 3 for tablet 8e90063696c0437bb8ad2d545f45a9ce. 1 dirs total, 0 dirs full, 0 dirs failed
I20260709 13:14:44.248389 11596 ts_tablet_manager.cc:1434] T eeb668f66ce344e9acdf8834c2b1d3a3 P 9e9c2603c0bd4d25b713649b3890c46b: Time spent starting tablet: real 0.131s	user 0.008s	sys 0.002s
I20260709 13:14:44.249337 11596 tablet_bootstrap.cc:492] T 9b37b6683af04823b0814ba56c4ea803 P 9e9c2603c0bd4d25b713649b3890c46b: Bootstrap starting.
I20260709 13:14:44.251332 11386 data_dirs.cc:400] Could only allocate 1 dirs of requested 3 for tablet 6a6ebf03c40d4f1fa404e0fe9f8f9fc5. 1 dirs total, 0 dirs full, 0 dirs failed
I20260709 13:14:44.251854 11533 data_dirs.cc:400] Could only allocate 1 dirs of requested 3 for tablet 59af340b26264692af5490466dd69b78. 1 dirs total, 0 dirs full, 0 dirs failed
I20260709 13:14:44.255697 11592 tablet_bootstrap.cc:492] T e106bf87136140b4bebad713d83d02fe P 147201d22a694ca59f6e014f083a0892: Bootstrap starting.
I20260709 13:14:44.261073 11535 tablet_service.cc:1511] Processing CreateTablet for tablet 5b22c9e294a846159d4831b92f692943 (DEFAULT_TABLE table=test-workload [id=feeec31c3c00468abdb13fd79d4e6c47]), partition=RANGE (key) PARTITION 1346726999 <= VALUES < 1383125026
I20260709 13:14:44.268585 11532 tablet_service.cc:1511] Processing CreateTablet for tablet 6bea8de48c2942d99a1477b5b427be03 (DEFAULT_TABLE table=test-workload [id=feeec31c3c00468abdb13fd79d4e6c47]), partition=RANGE (key) PARTITION 1419523053 <= VALUES < 1455921080
I20260709 13:14:44.272228 11460 tablet_service.cc:1511] Processing CreateTablet for tablet 4f615bf163b9483d8209eb6c8fedca15 (DEFAULT_TABLE table=test-workload [id=feeec31c3c00468abdb13fd79d4e6c47]), partition=RANGE (key) PARTITION 1929095431 <= VALUES < 1965493458
I20260709 13:14:44.274188 11460 data_dirs.cc:400] Could only allocate 1 dirs of requested 3 for tablet 4f615bf163b9483d8209eb6c8fedca15. 1 dirs total, 0 dirs full, 0 dirs failed
I20260709 13:14:44.279074 11539 tablet_service.cc:1511] Processing CreateTablet for tablet 840a1b524ac54acdb12289fa1aafbd17 (DEFAULT_TABLE table=test-workload [id=feeec31c3c00468abdb13fd79d4e6c47]), partition=RANGE (key) PARTITION 1455921080 <= VALUES < 1492319107
I20260709 13:14:44.262862 11535 data_dirs.cc:400] Could only allocate 1 dirs of requested 3 for tablet 5b22c9e294a846159d4831b92f692943. 1 dirs total, 0 dirs full, 0 dirs failed
I20260709 13:14:44.303802 11389 tablet_service.cc:1511] Processing CreateTablet for tablet b5de422ef4884189bea49cec7b7c2ec1 (DEFAULT_TABLE table=test-workload [id=feeec31c3c00468abdb13fd79d4e6c47]), partition=RANGE (key) PARTITION 2001891485 <= VALUES < 2038289512
I20260709 13:14:44.305114 11389 data_dirs.cc:400] Could only allocate 1 dirs of requested 3 for tablet b5de422ef4884189bea49cec7b7c2ec1. 1 dirs total, 0 dirs full, 0 dirs failed
I20260709 13:14:44.311864 11596 tablet_bootstrap.cc:654] T 9b37b6683af04823b0814ba56c4ea803 P 9e9c2603c0bd4d25b713649b3890c46b: Neither blocks nor log segments found. Creating new log.
I20260709 13:14:44.312678 11536 tablet_service.cc:1511] Processing CreateTablet for tablet 3c4de37bdc334587a90c03b40bfd6c5f (DEFAULT_TABLE table=test-workload [id=feeec31c3c00468abdb13fd79d4e6c47]), partition=RANGE (key) PARTITION 1565115161 <= VALUES < 1601513188
I20260709 13:14:44.314602 11466 tablet_service.cc:1511] Processing CreateTablet for tablet b5de422ef4884189bea49cec7b7c2ec1 (DEFAULT_TABLE table=test-workload [id=feeec31c3c00468abdb13fd79d4e6c47]), partition=RANGE (key) PARTITION 2001891485 <= VALUES < 2038289512
I20260709 13:14:44.316043 11466 data_dirs.cc:400] Could only allocate 1 dirs of requested 3 for tablet b5de422ef4884189bea49cec7b7c2ec1. 1 dirs total, 0 dirs full, 0 dirs failed
I20260709 13:14:44.316000 11383 tablet_service.cc:1511] Processing CreateTablet for tablet 66cb4598d33043fc8eb235647a242814 (DEFAULT_TABLE table=test-workload [id=feeec31c3c00468abdb13fd79d4e6c47]), partition=RANGE (key) PARTITION 2038289512 <= VALUES < 2074687539
I20260709 13:14:44.317292 11383 data_dirs.cc:400] Could only allocate 1 dirs of requested 3 for tablet 66cb4598d33043fc8eb235647a242814. 1 dirs total, 0 dirs full, 0 dirs failed
I20260709 13:14:44.321949 11534 tablet_service.cc:1511] Processing CreateTablet for tablet c3fd80658464474dbe463b1943becc75 (DEFAULT_TABLE table=test-workload [id=feeec31c3c00468abdb13fd79d4e6c47]), partition=RANGE (key) PARTITION 1601513188 <= VALUES < 1637911215
I20260709 13:14:44.336644 11598 raft_consensus.cc:493] T 12c14d0fd7ef4fbf899a4b3eebe33e5b P 147201d22a694ca59f6e014f083a0892 [term 0 FOLLOWER]: Starting pre-election (no leader contacted us within the election timeout)
I20260709 13:14:44.337399 11591 tablet_bootstrap.cc:492] T 778170f25cb24e08b57cbbc852e8a007 P 34fe1737ebb840fb9746980f649cc0a6: No bootstrap required, opened a new log
I20260709 13:14:44.337152 11598 raft_consensus.cc:515] T 12c14d0fd7ef4fbf899a4b3eebe33e5b P 147201d22a694ca59f6e014f083a0892 [term 0 FOLLOWER]: Starting pre-election with config: opid_index: -1 OBSOLETE_local: false peers { permanent_uuid: "147201d22a694ca59f6e014f083a0892" member_type: VOTER last_known_addr { host: "127.10.3.1" port: 37459 } } peers { permanent_uuid: "34fe1737ebb840fb9746980f649cc0a6" member_type: VOTER last_known_addr { host: "127.10.3.2" port: 36161 } } peers { permanent_uuid: "9e9c2603c0bd4d25b713649b3890c46b" member_type: VOTER last_known_addr { host: "127.10.3.3" port: 46781 } }
I20260709 13:14:44.340245 11477 tablet_service.cc:1917] Received RequestConsensusVote() RPC: tablet_id: "12c14d0fd7ef4fbf899a4b3eebe33e5b" candidate_uuid: "147201d22a694ca59f6e014f083a0892" candidate_term: 1 candidate_status { last_received { term: 0 index: 0 } } ignore_live_leader: false dest_uuid: "34fe1737ebb840fb9746980f649cc0a6" is_pre_election: true
I20260709 13:14:44.340615 11466 tablet_service.cc:1511] Processing CreateTablet for tablet 66cb4598d33043fc8eb235647a242814 (DEFAULT_TABLE table=test-workload [id=feeec31c3c00468abdb13fd79d4e6c47]), partition=RANGE (key) PARTITION 2038289512 <= VALUES < 2074687539
W20260709 13:14:44.341727 11365 leader_election.cc:343] T 12c14d0fd7ef4fbf899a4b3eebe33e5b P 147201d22a694ca59f6e014f083a0892 [CANDIDATE]: Term 1 pre-election: Tablet error from VoteRequest() call to peer 34fe1737ebb840fb9746980f649cc0a6 (127.10.3.2:36161): Illegal state: must be running to vote when last-logged opid is not known
I20260709 13:14:44.342211 11466 data_dirs.cc:400] Could only allocate 1 dirs of requested 3 for tablet 66cb4598d33043fc8eb235647a242814. 1 dirs total, 0 dirs full, 0 dirs failed
I20260709 13:14:44.342525 11598 leader_election.cc:290] T 12c14d0fd7ef4fbf899a4b3eebe33e5b P 147201d22a694ca59f6e014f083a0892 [CANDIDATE]: Term 1 pre-election: Requested pre-vote from peers 34fe1737ebb840fb9746980f649cc0a6 (127.10.3.2:36161), 9e9c2603c0bd4d25b713649b3890c46b (127.10.3.3:46781)
I20260709 13:14:44.344025 11551 tablet_service.cc:1917] Received RequestConsensusVote() RPC: tablet_id: "12c14d0fd7ef4fbf899a4b3eebe33e5b" candidate_uuid: "147201d22a694ca59f6e014f083a0892" candidate_term: 1 candidate_status { last_received { term: 0 index: 0 } } ignore_live_leader: false dest_uuid: "9e9c2603c0bd4d25b713649b3890c46b" is_pre_election: true
W20260709 13:14:44.345398 11367 leader_election.cc:343] T 12c14d0fd7ef4fbf899a4b3eebe33e5b P 147201d22a694ca59f6e014f083a0892 [CANDIDATE]: Term 1 pre-election: Tablet error from VoteRequest() call to peer 9e9c2603c0bd4d25b713649b3890c46b (127.10.3.3:46781): Illegal state: must be running to vote when last-logged opid is not known
I20260709 13:14:44.345803 11367 leader_election.cc:304] T 12c14d0fd7ef4fbf899a4b3eebe33e5b P 147201d22a694ca59f6e014f083a0892 [CANDIDATE]: Term 1 pre-election: Election decided. Result: candidate lost. Election summary: received 3 responses out of 3 voters: 1 yes votes; 2 no votes. yes voters: 147201d22a694ca59f6e014f083a0892; no voters: 34fe1737ebb840fb9746980f649cc0a6, 9e9c2603c0bd4d25b713649b3890c46b
I20260709 13:14:44.346889 11598 raft_consensus.cc:2749] T 12c14d0fd7ef4fbf899a4b3eebe33e5b P 147201d22a694ca59f6e014f083a0892 [term 0 FOLLOWER]: Leader pre-election lost for term 1. Reason: could not achieve majority
I20260709 13:14:44.347802 11591 ts_tablet_manager.cc:1403] T 778170f25cb24e08b57cbbc852e8a007 P 34fe1737ebb840fb9746980f649cc0a6: Time spent bootstrapping tablet: real 0.163s	user 0.019s	sys 0.021s
I20260709 13:14:44.350754 11591 raft_consensus.cc:359] T 778170f25cb24e08b57cbbc852e8a007 P 34fe1737ebb840fb9746980f649cc0a6 [term 0 FOLLOWER]: Replica starting. Triggering 0 pending ops. Active config: opid_index: -1 OBSOLETE_local: false peers { permanent_uuid: "147201d22a694ca59f6e014f083a0892" member_type: VOTER last_known_addr { host: "127.10.3.1" port: 37459 } } peers { permanent_uuid: "34fe1737ebb840fb9746980f649cc0a6" member_type: VOTER last_known_addr { host: "127.10.3.2" port: 36161 } } peers { permanent_uuid: "9e9c2603c0bd4d25b713649b3890c46b" member_type: VOTER last_known_addr { host: "127.10.3.3" port: 46781 } }
I20260709 13:14:44.354746 11591 raft_consensus.cc:385] T 778170f25cb24e08b57cbbc852e8a007 P 34fe1737ebb840fb9746980f649cc0a6 [term 0 FOLLOWER]: Consensus starting up: Expiring failure detector timer to make a prompt election more likely
I20260709 13:14:44.355108 11591 raft_consensus.cc:740] T 778170f25cb24e08b57cbbc852e8a007 P 34fe1737ebb840fb9746980f649cc0a6 [term 0 FOLLOWER]: Becoming Follower/Learner. State: Replica: 34fe1737ebb840fb9746980f649cc0a6, State: Initialized, Role: FOLLOWER
I20260709 13:14:44.356118 11591 consensus_queue.cc:260] T 778170f25cb24e08b57cbbc852e8a007 P 34fe1737ebb840fb9746980f649cc0a6 [NON_LEADER]: Queue going to NON_LEADER mode. State: All replicated index: 0, Majority replicated index: 0, Committed index: 0, Last appended: 0.0, Last appended by leader: 0, Current term: 0, Majority size: -1, State: 0, Mode: NON_LEADER, active raft config: opid_index: -1 OBSOLETE_local: false peers { permanent_uuid: "147201d22a694ca59f6e014f083a0892" member_type: VOTER last_known_addr { host: "127.10.3.1" port: 37459 } } peers { permanent_uuid: "34fe1737ebb840fb9746980f649cc0a6" member_type: VOTER last_known_addr { host: "127.10.3.2" port: 36161 } } peers { permanent_uuid: "9e9c2603c0bd4d25b713649b3890c46b" member_type: VOTER last_known_addr { host: "127.10.3.3" port: 46781 } }
I20260709 13:14:44.358613 11591 ts_tablet_manager.cc:1434] T 778170f25cb24e08b57cbbc852e8a007 P 34fe1737ebb840fb9746980f649cc0a6: Time spent starting tablet: real 0.010s	user 0.005s	sys 0.000s
I20260709 13:14:44.306015 11461 tablet_service.cc:1511] Processing CreateTablet for tablet 6a6ebf03c40d4f1fa404e0fe9f8f9fc5 (DEFAULT_TABLE table=test-workload [id=feeec31c3c00468abdb13fd79d4e6c47]), partition=RANGE (key) PARTITION 1965493458 <= VALUES < 2001891485
I20260709 13:14:44.369988 11606 raft_consensus.cc:493] T eeb668f66ce344e9acdf8834c2b1d3a3 P 9e9c2603c0bd4d25b713649b3890c46b [term 0 FOLLOWER]: Starting pre-election (no leader contacted us within the election timeout)
I20260709 13:14:44.370747 11606 raft_consensus.cc:515] T eeb668f66ce344e9acdf8834c2b1d3a3 P 9e9c2603c0bd4d25b713649b3890c46b [term 0 FOLLOWER]: Starting pre-election with config: opid_index: -1 OBSOLETE_local: false peers { permanent_uuid: "147201d22a694ca59f6e014f083a0892" member_type: VOTER last_known_addr { host: "127.10.3.1" port: 37459 } } peers { permanent_uuid: "34fe1737ebb840fb9746980f649cc0a6" member_type: VOTER last_known_addr { host: "127.10.3.2" port: 36161 } } peers { permanent_uuid: "9e9c2603c0bd4d25b713649b3890c46b" member_type: VOTER last_known_addr { host: "127.10.3.3" port: 46781 } }
I20260709 13:14:44.373970 11606 leader_election.cc:290] T eeb668f66ce344e9acdf8834c2b1d3a3 P 9e9c2603c0bd4d25b713649b3890c46b [CANDIDATE]: Term 1 pre-election: Requested pre-vote from peers 147201d22a694ca59f6e014f083a0892 (127.10.3.1:37459), 34fe1737ebb840fb9746980f649cc0a6 (127.10.3.2:36161)
