I20260709 13:14:34.532581 10385 data_dirs.cc:400] Could only allocate 1 dirs of requested 3 for tablet 3955117b87304f9c9123136a32ea1aa8. 1 dirs total, 0 dirs full, 0 dirs failed
I20260709 13:14:34.534381 10325 tablet_service.cc:1917] Received RequestConsensusVote() RPC: tablet_id: "d97c1a2214d54cff9377d68a3d00054b" candidate_uuid: "ab33f0a79ddf4f5a8ba81b3b0e120529" candidate_term: 1 candidate_status { last_received { term: 0 index: 0 } } ignore_live_leader: false dest_uuid: "cb71def93f904f619a1527aa48a32294" is_pre_election: true
W20260709 13:14:34.535979 10213 leader_election.cc:343] T d97c1a2214d54cff9377d68a3d00054b P ab33f0a79ddf4f5a8ba81b3b0e120529 [CANDIDATE]: Term 1 pre-election: Tablet error from VoteRequest() call to peer cb71def93f904f619a1527aa48a32294 (127.8.238.194:44995): Illegal state: must be running to vote when last-logged opid is not known
I20260709 13:14:34.537418 10450 raft_consensus.cc:493] T cfd747d82d6d447e9c04851a4163a863 P ab33f0a79ddf4f5a8ba81b3b0e120529 [term 0 FOLLOWER]: Starting pre-election (no leader contacted us within the election timeout)
I20260709 13:14:34.538019 10441 tablet_bootstrap.cc:654] T 8b4768f1c2494e8e91598dcb7cfa3556 P 73825599c2644b898cebaafbccd86e99: Neither blocks nor log segments found. Creating new log.
I20260709 13:14:34.537901 10450 raft_consensus.cc:515] T cfd747d82d6d447e9c04851a4163a863 P ab33f0a79ddf4f5a8ba81b3b0e120529 [term 0 FOLLOWER]: Starting pre-election with config: opid_index: -1 OBSOLETE_local: false peers { permanent_uuid: "ab33f0a79ddf4f5a8ba81b3b0e120529" member_type: VOTER last_known_addr { host: "127.8.238.193" port: 40671 } } peers { permanent_uuid: "cb71def93f904f619a1527aa48a32294" member_type: VOTER last_known_addr { host: "127.8.238.194" port: 44995 } } peers { permanent_uuid: "73825599c2644b898cebaafbccd86e99" member_type: VOTER last_known_addr { host: "127.8.238.195" port: 40329 } }
I20260709 13:14:34.538712 10439 tablet_bootstrap.cc:492] T e6fa99a4824140528f1f002c969d567c P cb71def93f904f619a1527aa48a32294: No bootstrap required, opened a new log
I20260709 13:14:34.539565 10237 tablet_service.cc:1511] Processing CreateTablet for tablet 0ebd7b007a9b4c7eaa47f51eaea905b9 (DEFAULT_TABLE table=test-workload [id=1eeb2be2551a4c8e80b9bba7a23cc32c]), partition=RANGE (key) PARTITION 1164736864 <= VALUES < 1201134891
I20260709 13:14:34.543919 10237 data_dirs.cc:400] Could only allocate 1 dirs of requested 3 for tablet 0ebd7b007a9b4c7eaa47f51eaea905b9. 1 dirs total, 0 dirs full, 0 dirs failed
I20260709 13:14:34.545665 10233 tablet_service.cc:1511] Processing CreateTablet for tablet 69ce991d35f4413e82e03d5416c73bf2 (DEFAULT_TABLE table=test-workload [id=1eeb2be2551a4c8e80b9bba7a23cc32c]), partition=RANGE (key) PARTITION 1201134891 <= VALUES < 1237532918
I20260709 13:14:34.546993 10233 data_dirs.cc:400] Could only allocate 1 dirs of requested 3 for tablet 69ce991d35f4413e82e03d5416c73bf2. 1 dirs total, 0 dirs full, 0 dirs failed
I20260709 13:14:34.547142 10450 leader_election.cc:290] T cfd747d82d6d447e9c04851a4163a863 P ab33f0a79ddf4f5a8ba81b3b0e120529 [CANDIDATE]: Term 1 pre-election: Requested pre-vote from peers cb71def93f904f619a1527aa48a32294 (127.8.238.194:44995), 73825599c2644b898cebaafbccd86e99 (127.8.238.195:40329)
I20260709 13:14:34.545699 10240 tablet_service.cc:1511] Processing CreateTablet for tablet b37304bb0f7f411e935e8784db513f5a (DEFAULT_TABLE table=test-workload [id=1eeb2be2551a4c8e80b9bba7a23cc32c]), partition=RANGE (key) PARTITION 1237532918 <= VALUES < 1273930945
I20260709 13:14:34.548281 10325 tablet_service.cc:1917] Received RequestConsensusVote() RPC: tablet_id: "cfd747d82d6d447e9c04851a4163a863" candidate_uuid: "ab33f0a79ddf4f5a8ba81b3b0e120529" candidate_term: 1 candidate_status { last_received { term: 0 index: 0 } } ignore_live_leader: false dest_uuid: "cb71def93f904f619a1527aa48a32294" is_pre_election: true
I20260709 13:14:34.548786 10309 data_dirs.cc:400] Could only allocate 1 dirs of requested 3 for tablet 0ebd7b007a9b4c7eaa47f51eaea905b9. 1 dirs total, 0 dirs full, 0 dirs failed
I20260709 13:14:34.549114 10325 raft_consensus.cc:2468] T cfd747d82d6d447e9c04851a4163a863 P cb71def93f904f619a1527aa48a32294 [term 0 FOLLOWER]: Leader pre-election vote request: Granting yes vote for candidate ab33f0a79ddf4f5a8ba81b3b0e120529 in term 0.
I20260709 13:14:34.550523 10213 leader_election.cc:304] T cfd747d82d6d447e9c04851a4163a863 P ab33f0a79ddf4f5a8ba81b3b0e120529 [CANDIDATE]: Term 1 pre-election: Election decided. Result: candidate won. Election summary: received 2 responses out of 3 voters: 2 yes votes; 0 no votes. yes voters: ab33f0a79ddf4f5a8ba81b3b0e120529, cb71def93f904f619a1527aa48a32294; no voters: 
I20260709 13:14:34.551895 10240 data_dirs.cc:400] Could only allocate 1 dirs of requested 3 for tablet b37304bb0f7f411e935e8784db513f5a. 1 dirs total, 0 dirs full, 0 dirs failed
I20260709 13:14:34.532581 10383 tablet_service.cc:1511] Processing CreateTablet for tablet 0ebd7b007a9b4c7eaa47f51eaea905b9 (DEFAULT_TABLE table=test-workload [id=1eeb2be2551a4c8e80b9bba7a23cc32c]), partition=RANGE (key) PARTITION 1164736864 <= VALUES < 1201134891
I20260709 13:14:34.555485 10383 data_dirs.cc:400] Could only allocate 1 dirs of requested 3 for tablet 0ebd7b007a9b4c7eaa47f51eaea905b9. 1 dirs total, 0 dirs full, 0 dirs failed
I20260709 13:14:34.545708 10447 raft_consensus.cc:515] T 62fd7f6040dd4ff1b75922910732a441 P 73825599c2644b898cebaafbccd86e99 [term 1 FOLLOWER]: Starting leader election with config: opid_index: -1 OBSOLETE_local: false peers { permanent_uuid: "ab33f0a79ddf4f5a8ba81b3b0e120529" member_type: VOTER last_known_addr { host: "127.8.238.193" port: 40671 } } peers { permanent_uuid: "cb71def93f904f619a1527aa48a32294" member_type: VOTER last_known_addr { host: "127.8.238.194" port: 44995 } } peers { permanent_uuid: "73825599c2644b898cebaafbccd86e99" member_type: VOTER last_known_addr { host: "127.8.238.195" port: 40329 } }
I20260709 13:14:34.558646 10399 tablet_service.cc:1917] Received RequestConsensusVote() RPC: tablet_id: "cfd747d82d6d447e9c04851a4163a863" candidate_uuid: "ab33f0a79ddf4f5a8ba81b3b0e120529" candidate_term: 1 candidate_status { last_received { term: 0 index: 0 } } ignore_live_leader: false dest_uuid: "73825599c2644b898cebaafbccd86e99" is_pre_election: true
I20260709 13:14:34.559674 10450 raft_consensus.cc:2804] T cfd747d82d6d447e9c04851a4163a863 P ab33f0a79ddf4f5a8ba81b3b0e120529 [term 0 FOLLOWER]: Leader pre-election won for term 1
I20260709 13:14:34.560056 10450 raft_consensus.cc:493] T cfd747d82d6d447e9c04851a4163a863 P ab33f0a79ddf4f5a8ba81b3b0e120529 [term 0 FOLLOWER]: Starting leader election (no leader contacted us within the election timeout)
I20260709 13:14:34.560393 10450 raft_consensus.cc:3060] T cfd747d82d6d447e9c04851a4163a863 P ab33f0a79ddf4f5a8ba81b3b0e120529 [term 0 FOLLOWER]: Advancing to term 1
I20260709 13:14:34.560941 10387 tablet_service.cc:1511] Processing CreateTablet for tablet 69ce991d35f4413e82e03d5416c73bf2 (DEFAULT_TABLE table=test-workload [id=1eeb2be2551a4c8e80b9bba7a23cc32c]), partition=RANGE (key) PARTITION 1201134891 <= VALUES < 1237532918
I20260709 13:14:34.562302 10387 data_dirs.cc:400] Could only allocate 1 dirs of requested 3 for tablet 69ce991d35f4413e82e03d5416c73bf2. 1 dirs total, 0 dirs full, 0 dirs failed
W20260709 13:14:34.566803 10213 leader_election.cc:343] T cfd747d82d6d447e9c04851a4163a863 P ab33f0a79ddf4f5a8ba81b3b0e120529 [CANDIDATE]: Term 1 pre-election: Tablet error from VoteRequest() call to peer 73825599c2644b898cebaafbccd86e99 (127.8.238.195:40329): Illegal state: must be running to vote when last-logged opid is not known
I20260709 13:14:34.568100 10250 tablet_service.cc:1917] Received RequestConsensusVote() RPC: tablet_id: "62fd7f6040dd4ff1b75922910732a441" candidate_uuid: "73825599c2644b898cebaafbccd86e99" candidate_term: 1 candidate_status { last_received { term: 0 index: 0 } } ignore_live_leader: false dest_uuid: "ab33f0a79ddf4f5a8ba81b3b0e120529"
I20260709 13:14:34.568742 10250 raft_consensus.cc:3060] T 62fd7f6040dd4ff1b75922910732a441 P ab33f0a79ddf4f5a8ba81b3b0e120529 [term 0 FOLLOWER]: Advancing to term 1
I20260709 13:14:34.570735 10466 raft_consensus.cc:493] T cfd747d82d6d447e9c04851a4163a863 P cb71def93f904f619a1527aa48a32294 [term 0 FOLLOWER]: Starting pre-election (no leader contacted us within the election timeout)
I20260709 13:14:34.571262 10466 raft_consensus.cc:515] T cfd747d82d6d447e9c04851a4163a863 P cb71def93f904f619a1527aa48a32294 [term 0 FOLLOWER]: Starting pre-election with config: opid_index: -1 OBSOLETE_local: false peers { permanent_uuid: "ab33f0a79ddf4f5a8ba81b3b0e120529" member_type: VOTER last_known_addr { host: "127.8.238.193" port: 40671 } } peers { permanent_uuid: "cb71def93f904f619a1527aa48a32294" member_type: VOTER last_known_addr { host: "127.8.238.194" port: 44995 } } peers { permanent_uuid: "73825599c2644b898cebaafbccd86e99" member_type: VOTER last_known_addr { host: "127.8.238.195" port: 40329 } }
I20260709 13:14:34.573483 10466 leader_election.cc:290] T cfd747d82d6d447e9c04851a4163a863 P cb71def93f904f619a1527aa48a32294 [CANDIDATE]: Term 1 pre-election: Requested pre-vote from peers ab33f0a79ddf4f5a8ba81b3b0e120529 (127.8.238.193:40671), 73825599c2644b898cebaafbccd86e99 (127.8.238.195:40329)
I20260709 13:14:34.574532 10249 tablet_service.cc:1917] Received RequestConsensusVote() RPC: tablet_id: "cfd747d82d6d447e9c04851a4163a863" candidate_uuid: "cb71def93f904f619a1527aa48a32294" candidate_term: 1 candidate_status { last_received { term: 0 index: 0 } } ignore_live_leader: false dest_uuid: "ab33f0a79ddf4f5a8ba81b3b0e120529" is_pre_election: true
I20260709 13:14:34.579622 10399 tablet_service.cc:1917] Received RequestConsensusVote() RPC: tablet_id: "cfd747d82d6d447e9c04851a4163a863" candidate_uuid: "cb71def93f904f619a1527aa48a32294" candidate_term: 1 candidate_status { last_received { term: 0 index: 0 } } ignore_live_leader: false dest_uuid: "73825599c2644b898cebaafbccd86e99" is_pre_election: true
W20260709 13:14:34.582360 10288 leader_election.cc:343] T cfd747d82d6d447e9c04851a4163a863 P cb71def93f904f619a1527aa48a32294 [CANDIDATE]: Term 1 pre-election: Tablet error from VoteRequest() call to peer 73825599c2644b898cebaafbccd86e99 (127.8.238.195:40329): Illegal state: must be running to vote when last-logged opid is not known
I20260709 13:14:34.586104 10388 tablet_service.cc:1511] Processing CreateTablet for tablet b37304bb0f7f411e935e8784db513f5a (DEFAULT_TABLE table=test-workload [id=1eeb2be2551a4c8e80b9bba7a23cc32c]), partition=RANGE (key) PARTITION 1237532918 <= VALUES < 1273930945
I20260709 13:14:34.593271 10388 data_dirs.cc:400] Could only allocate 1 dirs of requested 3 for tablet b37304bb0f7f411e935e8784db513f5a. 1 dirs total, 0 dirs full, 0 dirs failed
I20260709 13:14:34.593575 10308 tablet_service.cc:1511] Processing CreateTablet for tablet b37304bb0f7f411e935e8784db513f5a (DEFAULT_TABLE table=test-workload [id=1eeb2be2551a4c8e80b9bba7a23cc32c]), partition=RANGE (key) PARTITION 1237532918 <= VALUES < 1273930945
I20260709 13:14:34.596702 10447 leader_election.cc:290] T 62fd7f6040dd4ff1b75922910732a441 P 73825599c2644b898cebaafbccd86e99 [CANDIDATE]: Term 1 election: Requested vote from peers ab33f0a79ddf4f5a8ba81b3b0e120529 (127.8.238.193:40671), cb71def93f904f619a1527aa48a32294 (127.8.238.194:44995)
I20260709 13:14:34.597987 10250 raft_consensus.cc:2468] T 62fd7f6040dd4ff1b75922910732a441 P ab33f0a79ddf4f5a8ba81b3b0e120529 [term 1 FOLLOWER]: Leader election vote request: Granting yes vote for candidate 73825599c2644b898cebaafbccd86e99 in term 1.
I20260709 13:14:34.599189 10325 tablet_service.cc:1917] Received RequestConsensusVote() RPC: tablet_id: "62fd7f6040dd4ff1b75922910732a441" candidate_uuid: "73825599c2644b898cebaafbccd86e99" candidate_term: 1 candidate_status { last_received { term: 0 index: 0 } } ignore_live_leader: false dest_uuid: "cb71def93f904f619a1527aa48a32294"
I20260709 13:14:34.599325 10364 leader_election.cc:304] T 62fd7f6040dd4ff1b75922910732a441 P 73825599c2644b898cebaafbccd86e99 [CANDIDATE]: Term 1 election: Election decided. Result: candidate won. Election summary: received 2 responses out of 3 voters: 2 yes votes; 0 no votes. yes voters: 73825599c2644b898cebaafbccd86e99, ab33f0a79ddf4f5a8ba81b3b0e120529; no voters: 
I20260709 13:14:34.600162 10325 raft_consensus.cc:3060] T 62fd7f6040dd4ff1b75922910732a441 P cb71def93f904f619a1527aa48a32294 [term 0 FOLLOWER]: Advancing to term 1
I20260709 13:14:34.600528 10447 raft_consensus.cc:2804] T 62fd7f6040dd4ff1b75922910732a441 P 73825599c2644b898cebaafbccd86e99 [term 1 FOLLOWER]: Leader election won for term 1
I20260709 13:14:34.603859 10450 raft_consensus.cc:515] T cfd747d82d6d447e9c04851a4163a863 P ab33f0a79ddf4f5a8ba81b3b0e120529 [term 1 FOLLOWER]: Starting leader election with config: opid_index: -1 OBSOLETE_local: false peers { permanent_uuid: "ab33f0a79ddf4f5a8ba81b3b0e120529" member_type: VOTER last_known_addr { host: "127.8.238.193" port: 40671 } } peers { permanent_uuid: "cb71def93f904f619a1527aa48a32294" member_type: VOTER last_known_addr { host: "127.8.238.194" port: 44995 } } peers { permanent_uuid: "73825599c2644b898cebaafbccd86e99" member_type: VOTER last_known_addr { host: "127.8.238.195" port: 40329 } }
I20260709 13:14:34.605146 10249 raft_consensus.cc:2393] T cfd747d82d6d447e9c04851a4163a863 P ab33f0a79ddf4f5a8ba81b3b0e120529 [term 1 FOLLOWER]: Leader pre-election vote request: Denying vote to candidate cb71def93f904f619a1527aa48a32294 in current term 1: Already voted for candidate ab33f0a79ddf4f5a8ba81b3b0e120529 in this term.
I20260709 13:14:34.581728 10439 ts_tablet_manager.cc:1403] T e6fa99a4824140528f1f002c969d567c P cb71def93f904f619a1527aa48a32294: Time spent bootstrapping tablet: real 0.305s	user 0.058s	sys 0.070s
I20260709 13:14:34.568758 10311 tablet_service.cc:1511] Processing CreateTablet for tablet 69ce991d35f4413e82e03d5416c73bf2 (DEFAULT_TABLE table=test-workload [id=1eeb2be2551a4c8e80b9bba7a23cc32c]), partition=RANGE (key) PARTITION 1201134891 <= VALUES < 1237532918
I20260709 13:14:34.609802 10237 tablet_service.cc:1511] Processing CreateTablet for tablet a07acf0009094d989235d04de13c6c2e (DEFAULT_TABLE table=test-workload [id=1eeb2be2551a4c8e80b9bba7a23cc32c]), partition=RANGE (key) PARTITION 1273930945 <= VALUES < 1310328972
I20260709 13:14:34.610954 10237 data_dirs.cc:400] Could only allocate 1 dirs of requested 3 for tablet a07acf0009094d989235d04de13c6c2e. 1 dirs total, 0 dirs full, 0 dirs failed
I20260709 13:14:34.611634 10308 data_dirs.cc:400] Could only allocate 1 dirs of requested 3 for tablet b37304bb0f7f411e935e8784db513f5a. 1 dirs total, 0 dirs full, 0 dirs failed
I20260709 13:14:34.621556 10311 data_dirs.cc:400] Could only allocate 1 dirs of requested 3 for tablet 69ce991d35f4413e82e03d5416c73bf2. 1 dirs total, 0 dirs full, 0 dirs failed
I20260709 13:14:34.612865 10324 tablet_service.cc:1917] Received RequestConsensusVote() RPC: tablet_id: "cfd747d82d6d447e9c04851a4163a863" candidate_uuid: "ab33f0a79ddf4f5a8ba81b3b0e120529" candidate_term: 1 candidate_status { last_received { term: 0 index: 0 } } ignore_live_leader: false dest_uuid: "cb71def93f904f619a1527aa48a32294"
I20260709 13:14:34.614910 10307 tablet_service.cc:1511] Processing CreateTablet for tablet a07acf0009094d989235d04de13c6c2e (DEFAULT_TABLE table=test-workload [id=1eeb2be2551a4c8e80b9bba7a23cc32c]), partition=RANGE (key) PARTITION 1273930945 <= VALUES < 1310328972
I20260709 13:14:34.625080 10324 raft_consensus.cc:3060] T cfd747d82d6d447e9c04851a4163a863 P cb71def93f904f619a1527aa48a32294 [term 0 FOLLOWER]: Advancing to term 1
I20260709 13:14:34.615435 10290 leader_election.cc:304] T cfd747d82d6d447e9c04851a4163a863 P cb71def93f904f619a1527aa48a32294 [CANDIDATE]: Term 1 pre-election: Election decided. Result: candidate lost. Election summary: received 3 responses out of 3 voters: 1 yes votes; 2 no votes. yes voters: cb71def93f904f619a1527aa48a32294; no voters: 73825599c2644b898cebaafbccd86e99, ab33f0a79ddf4f5a8ba81b3b0e120529
I20260709 13:14:34.618628 10387 tablet_service.cc:1511] Processing CreateTablet for tablet a07acf0009094d989235d04de13c6c2e (DEFAULT_TABLE table=test-workload [id=1eeb2be2551a4c8e80b9bba7a23cc32c]), partition=RANGE (key) PARTITION 1273930945 <= VALUES < 1310328972
I20260709 13:14:34.630759 10387 data_dirs.cc:400] Could only allocate 1 dirs of requested 3 for tablet a07acf0009094d989235d04de13c6c2e. 1 dirs total, 0 dirs full, 0 dirs failed
I20260709 13:14:34.641891 10232 tablet_service.cc:1511] Processing CreateTablet for tablet 7df30c54c90e4fcfaeb14736ccbcec7c (DEFAULT_TABLE table=test-workload [id=1eeb2be2551a4c8e80b9bba7a23cc32c]), partition=RANGE (key) PARTITION 1310328972 <= VALUES < 1346726999
I20260709 13:14:34.643996 10232 data_dirs.cc:400] Could only allocate 1 dirs of requested 3 for tablet 7df30c54c90e4fcfaeb14736ccbcec7c. 1 dirs total, 0 dirs full, 0 dirs failed
I20260709 13:14:34.648650 10450 leader_election.cc:290] T cfd747d82d6d447e9c04851a4163a863 P ab33f0a79ddf4f5a8ba81b3b0e120529 [CANDIDATE]: Term 1 election: Requested vote from peers cb71def93f904f619a1527aa48a32294 (127.8.238.194:44995), 73825599c2644b898cebaafbccd86e99 (127.8.238.195:40329)
I20260709 13:14:34.649394 10399 tablet_service.cc:1917] Received RequestConsensusVote() RPC: tablet_id: "cfd747d82d6d447e9c04851a4163a863" candidate_uuid: "ab33f0a79ddf4f5a8ba81b3b0e120529" candidate_term: 1 candidate_status { last_received { term: 0 index: 0 } } ignore_live_leader: false dest_uuid: "73825599c2644b898cebaafbccd86e99"
I20260709 13:14:34.612071 10444 raft_consensus.cc:515] T 525196bf91b04b748ae03b3fac9f4364 P cb71def93f904f619a1527aa48a32294 [term 1 FOLLOWER]: Starting leader election with config: opid_index: -1 OBSOLETE_local: false peers { permanent_uuid: "ab33f0a79ddf4f5a8ba81b3b0e120529" member_type: VOTER last_known_addr { host: "127.8.238.193" port: 40671 } } peers { permanent_uuid: "cb71def93f904f619a1527aa48a32294" member_type: VOTER last_known_addr { host: "127.8.238.194" port: 44995 } } peers { permanent_uuid: "73825599c2644b898cebaafbccd86e99" member_type: VOTER last_known_addr { host: "127.8.238.195" port: 40329 } }
W20260709 13:14:34.651050 10213 leader_election.cc:343] T cfd747d82d6d447e9c04851a4163a863 P ab33f0a79ddf4f5a8ba81b3b0e120529 [CANDIDATE]: Term 1 election: Tablet error from VoteRequest() call to peer 73825599c2644b898cebaafbccd86e99 (127.8.238.195:40329): Illegal state: must be running to vote when last-logged opid is not known
I20260709 13:14:34.653337 10249 tablet_service.cc:1917] Received RequestConsensusVote() RPC: tablet_id: "525196bf91b04b748ae03b3fac9f4364" candidate_uuid: "cb71def93f904f619a1527aa48a32294" candidate_term: 1 candidate_status { last_received { term: 0 index: 0 } } ignore_live_leader: false dest_uuid: "ab33f0a79ddf4f5a8ba81b3b0e120529"
W20260709 13:14:34.654928 10290 leader_election.cc:343] T 525196bf91b04b748ae03b3fac9f4364 P cb71def93f904f619a1527aa48a32294 [CANDIDATE]: Term 1 election: Tablet error from VoteRequest() call to peer ab33f0a79ddf4f5a8ba81b3b0e120529 (127.8.238.193:40671): Illegal state: must be running to vote when last-logged opid is not known
I20260709 13:14:34.655437 10440 tablet_bootstrap.cc:492] T bdf450e3110e486088b3d5c7e2c7cef7 P ab33f0a79ddf4f5a8ba81b3b0e120529: No bootstrap required, opened a new log
I20260709 13:14:34.655937 10440 ts_tablet_manager.cc:1403] T bdf450e3110e486088b3d5c7e2c7cef7 P ab33f0a79ddf4f5a8ba81b3b0e120529: Time spent bootstrapping tablet: real 0.259s	user 0.027s	sys 0.010s
I20260709 13:14:34.656869 10444 leader_election.cc:290] T 525196bf91b04b748ae03b3fac9f4364 P cb71def93f904f619a1527aa48a32294 [CANDIDATE]: Term 1 election: Requested vote from peers ab33f0a79ddf4f5a8ba81b3b0e120529 (127.8.238.193:40671), 73825599c2644b898cebaafbccd86e99 (127.8.238.195:40329)
I20260709 13:14:34.657100 10306 tablet_service.cc:1511] Processing CreateTablet for tablet 7df30c54c90e4fcfaeb14736ccbcec7c (DEFAULT_TABLE table=test-workload [id=1eeb2be2551a4c8e80b9bba7a23cc32c]), partition=RANGE (key) PARTITION 1310328972 <= VALUES < 1346726999
I20260709 13:14:34.658627 10306 data_dirs.cc:400] Could only allocate 1 dirs of requested 3 for tablet 7df30c54c90e4fcfaeb14736ccbcec7c. 1 dirs total, 0 dirs full, 0 dirs failed
I20260709 13:14:34.659315 10458 raft_consensus.cc:515] T d97c1a2214d54cff9377d68a3d00054b P 73825599c2644b898cebaafbccd86e99 [term 1 FOLLOWER]: Starting leader election with config: opid_index: -1 OBSOLETE_local: false peers { permanent_uuid: "ab33f0a79ddf4f5a8ba81b3b0e120529" member_type: VOTER last_known_addr { host: "127.8.238.193" port: 40671 } } peers { permanent_uuid: "cb71def93f904f619a1527aa48a32294" member_type: VOTER last_known_addr { host: "127.8.238.194" port: 44995 } } peers { permanent_uuid: "73825599c2644b898cebaafbccd86e99" member_type: VOTER last_known_addr { host: "127.8.238.195" port: 40329 } }
I20260709 13:14:34.660594 10398 raft_consensus.cc:2393] T d97c1a2214d54cff9377d68a3d00054b P 73825599c2644b898cebaafbccd86e99 [term 1 FOLLOWER]: Leader pre-election vote request: Denying vote to candidate ab33f0a79ddf4f5a8ba81b3b0e120529 in current term 1: Already voted for candidate 73825599c2644b898cebaafbccd86e99 in this term.
I20260709 13:14:34.661549 10458 leader_election.cc:290] T d97c1a2214d54cff9377d68a3d00054b P 73825599c2644b898cebaafbccd86e99 [CANDIDATE]: Term 1 election: Requested vote from peers ab33f0a79ddf4f5a8ba81b3b0e120529 (127.8.238.193:40671), cb71def93f904f619a1527aa48a32294 (127.8.238.194:44995)
I20260709 13:14:34.661916 10399 tablet_service.cc:1917] Received RequestConsensusVote() RPC: tablet_id: "525196bf91b04b748ae03b3fac9f4364" candidate_uuid: "cb71def93f904f619a1527aa48a32294" candidate_term: 1 candidate_status { last_received { term: 0 index: 0 } } ignore_live_leader: false dest_uuid: "73825599c2644b898cebaafbccd86e99"
I20260709 13:14:34.662534 10399 raft_consensus.cc:3060] T 525196bf91b04b748ae03b3fac9f4364 P 73825599c2644b898cebaafbccd86e99 [term 0 FOLLOWER]: Advancing to term 1
I20260709 13:14:34.663405 10447 raft_consensus.cc:697] T 62fd7f6040dd4ff1b75922910732a441 P 73825599c2644b898cebaafbccd86e99 [term 1 LEADER]: Becoming Leader. State: Replica: 73825599c2644b898cebaafbccd86e99, State: Running, Role: LEADER
I20260709 13:14:34.674571 10307 data_dirs.cc:400] Could only allocate 1 dirs of requested 3 for tablet a07acf0009094d989235d04de13c6c2e. 1 dirs total, 0 dirs full, 0 dirs failed
I20260709 13:14:34.675468 10447 consensus_queue.cc:237] T 62fd7f6040dd4ff1b75922910732a441 P 73825599c2644b898cebaafbccd86e99 [LEADER]: Queue going to LEADER mode. State: All replicated index: 0, Majority replicated index: 0, Committed index: 0, Last appended: 0.0, Last appended by leader: 0, Current term: 1, Majority size: 2, State: 0, Mode: LEADER, active raft config: opid_index: -1 OBSOLETE_local: false peers { permanent_uuid: "ab33f0a79ddf4f5a8ba81b3b0e120529" member_type: VOTER last_known_addr { host: "127.8.238.193" port: 40671 } } peers { permanent_uuid: "cb71def93f904f619a1527aa48a32294" member_type: VOTER last_known_addr { host: "127.8.238.194" port: 44995 } } peers { permanent_uuid: "73825599c2644b898cebaafbccd86e99" member_type: VOTER last_known_addr { host: "127.8.238.195" port: 40329 } }
I20260709 13:14:34.676017 10323 tablet_service.cc:1917] Received RequestConsensusVote() RPC: tablet_id: "d97c1a2214d54cff9377d68a3d00054b" candidate_uuid: "73825599c2644b898cebaafbccd86e99" candidate_term: 1 candidate_status { last_received { term: 0 index: 0 } } ignore_live_leader: false dest_uuid: "cb71def93f904f619a1527aa48a32294"
I20260709 13:14:34.675503 10213 leader_election.cc:304] T d97c1a2214d54cff9377d68a3d00054b P ab33f0a79ddf4f5a8ba81b3b0e120529 [CANDIDATE]: Term 1 pre-election: Election decided. Result: candidate lost. Election summary: received 3 responses out of 3 voters: 1 yes votes; 2 no votes. yes voters: ab33f0a79ddf4f5a8ba81b3b0e120529; no voters: 73825599c2644b898cebaafbccd86e99, cb71def93f904f619a1527aa48a32294
I20260709 13:14:34.678418 10249 tablet_service.cc:1917] Received RequestConsensusVote() RPC: tablet_id: "d97c1a2214d54cff9377d68a3d00054b" candidate_uuid: "73825599c2644b898cebaafbccd86e99" candidate_term: 1 candidate_status { last_received { term: 0 index: 0 } } ignore_live_leader: false dest_uuid: "ab33f0a79ddf4f5a8ba81b3b0e120529"
W20260709 13:14:34.678551 10362 leader_election.cc:343] T d97c1a2214d54cff9377d68a3d00054b P 73825599c2644b898cebaafbccd86e99 [CANDIDATE]: Term 1 election: Tablet error from VoteRequest() call to peer cb71def93f904f619a1527aa48a32294 (127.8.238.194:44995): Illegal state: must be running to vote when last-logged opid is not known
I20260709 13:14:34.679075 10249 raft_consensus.cc:3060] T d97c1a2214d54cff9377d68a3d00054b P ab33f0a79ddf4f5a8ba81b3b0e120529 [term 0 FOLLOWER]: Advancing to term 1
I20260709 13:14:34.672956 10324 raft_consensus.cc:2468] T cfd747d82d6d447e9c04851a4163a863 P cb71def93f904f619a1527aa48a32294 [term 1 FOLLOWER]: Leader election vote request: Granting yes vote for candidate ab33f0a79ddf4f5a8ba81b3b0e120529 in term 1.
I20260709 13:14:34.682843 10466 raft_consensus.cc:2749] T cfd747d82d6d447e9c04851a4163a863 P cb71def93f904f619a1527aa48a32294 [term 1 FOLLOWER]: Leader pre-election lost for term 1. Reason: could not achieve majority
I20260709 13:14:34.683575 10213 leader_election.cc:304] T cfd747d82d6d447e9c04851a4163a863 P ab33f0a79ddf4f5a8ba81b3b0e120529 [CANDIDATE]: Term 1 election: Election decided. Result: candidate won. Election summary: received 3 responses out of 3 voters: 2 yes votes; 1 no votes. yes voters: ab33f0a79ddf4f5a8ba81b3b0e120529, cb71def93f904f619a1527aa48a32294; no voters: 73825599c2644b898cebaafbccd86e99
I20260709 13:14:34.698593 10249 raft_consensus.cc:2468] T d97c1a2214d54cff9377d68a3d00054b P ab33f0a79ddf4f5a8ba81b3b0e120529 [term 1 FOLLOWER]: Leader election vote request: Granting yes vote for candidate 73825599c2644b898cebaafbccd86e99 in term 1.
I20260709 13:14:34.698871 10439 raft_consensus.cc:359] T e6fa99a4824140528f1f002c969d567c P cb71def93f904f619a1527aa48a32294 [term 0 FOLLOWER]: Replica starting. Triggering 0 pending ops. Active config: opid_index: -1 OBSOLETE_local: false peers { permanent_uuid: "ab33f0a79ddf4f5a8ba81b3b0e120529" member_type: VOTER last_known_addr { host: "127.8.238.193" port: 40671 } } peers { permanent_uuid: "cb71def93f904f619a1527aa48a32294" member_type: VOTER last_known_addr { host: "127.8.238.194" port: 44995 } } peers { permanent_uuid: "73825599c2644b898cebaafbccd86e99" member_type: VOTER last_known_addr { host: "127.8.238.195" port: 40329 } }
I20260709 13:14:34.699851 10439 raft_consensus.cc:385] T e6fa99a4824140528f1f002c969d567c P cb71def93f904f619a1527aa48a32294 [term 0 FOLLOWER]: Consensus starting up: Expiring failure detector timer to make a prompt election more likely
I20260709 13:14:34.700274 10439 raft_consensus.cc:740] T e6fa99a4824140528f1f002c969d567c P cb71def93f904f619a1527aa48a32294 [term 0 FOLLOWER]: Becoming Follower/Learner. State: Replica: cb71def93f904f619a1527aa48a32294, State: Initialized, Role: FOLLOWER
I20260709 13:14:34.701642 10364 leader_election.cc:304] T d97c1a2214d54cff9377d68a3d00054b P 73825599c2644b898cebaafbccd86e99 [CANDIDATE]: Term 1 election: Election decided. Result: candidate won. Election summary: received 3 responses out of 3 voters: 2 yes votes; 1 no votes. yes voters: 73825599c2644b898cebaafbccd86e99, ab33f0a79ddf4f5a8ba81b3b0e120529; no voters: cb71def93f904f619a1527aa48a32294
I20260709 13:14:34.703045 10469 raft_consensus.cc:2804] T d97c1a2214d54cff9377d68a3d00054b P 73825599c2644b898cebaafbccd86e99 [term 1 FOLLOWER]: Leader election won for term 1
I20260709 13:14:34.701299 10439 consensus_queue.cc:260] T e6fa99a4824140528f1f002c969d567c P cb71def93f904f619a1527aa48a32294 [NON_LEADER]: Queue going to NON_LEADER mode. State: All replicated index: 0, Majority replicated index: 0, Committed index: 0, Last appended: 0.0, Last appended by leader: 0, Current term: 0, Majority size: -1, State: 0, Mode: NON_LEADER, active raft config: opid_index: -1 OBSOLETE_local: false peers { permanent_uuid: "ab33f0a79ddf4f5a8ba81b3b0e120529" member_type: VOTER last_known_addr { host: "127.8.238.193" port: 40671 } } peers { permanent_uuid: "cb71def93f904f619a1527aa48a32294" member_type: VOTER last_known_addr { host: "127.8.238.194" port: 44995 } } peers { permanent_uuid: "73825599c2644b898cebaafbccd86e99" member_type: VOTER last_known_addr { host: "127.8.238.195" port: 40329 } }
I20260709 13:14:34.703554 10469 raft_consensus.cc:697] T d97c1a2214d54cff9377d68a3d00054b P 73825599c2644b898cebaafbccd86e99 [term 1 LEADER]: Becoming Leader. State: Replica: 73825599c2644b898cebaafbccd86e99, State: Running, Role: LEADER
I20260709 13:14:34.711611 10399 raft_consensus.cc:2468] T 525196bf91b04b748ae03b3fac9f4364 P 73825599c2644b898cebaafbccd86e99 [term 1 FOLLOWER]: Leader election vote request: Granting yes vote for candidate cb71def93f904f619a1527aa48a32294 in term 1.
I20260709 13:14:34.712553 10389 tablet_service.cc:1511] Processing CreateTablet for tablet 7df30c54c90e4fcfaeb14736ccbcec7c (DEFAULT_TABLE table=test-workload [id=1eeb2be2551a4c8e80b9bba7a23cc32c]), partition=RANGE (key) PARTITION 1310328972 <= VALUES < 1346726999
I20260709 13:14:34.705328 10450 raft_consensus.cc:2749] T d97c1a2214d54cff9377d68a3d00054b P ab33f0a79ddf4f5a8ba81b3b0e120529 [term 1 FOLLOWER]: Leader pre-election lost for term 1. Reason: could not achieve majority
I20260709 13:14:34.726122 10288 leader_election.cc:304] T 525196bf91b04b748ae03b3fac9f4364 P cb71def93f904f619a1527aa48a32294 [CANDIDATE]: Term 1 election: Election decided. Result: candidate won. Election summary: received 3 responses out of 3 voters: 2 yes votes; 1 no votes. yes voters: 73825599c2644b898cebaafbccd86e99, cb71def93f904f619a1527aa48a32294; no voters: ab33f0a79ddf4f5a8ba81b3b0e120529
I20260709 13:14:34.727417 10389 data_dirs.cc:400] Could only allocate 1 dirs of requested 3 for tablet 7df30c54c90e4fcfaeb14736ccbcec7c. 1 dirs total, 0 dirs full, 0 dirs failed
I20260709 13:14:34.727319 10466 raft_consensus.cc:2804] T 525196bf91b04b748ae03b3fac9f4364 P cb71def93f904f619a1527aa48a32294 [term 1 FOLLOWER]: Leader election won for term 1
I20260709 13:14:34.727980 10466 raft_consensus.cc:697] T 525196bf91b04b748ae03b3fac9f4364 P cb71def93f904f619a1527aa48a32294 [term 1 LEADER]: Becoming Leader. State: Replica: cb71def93f904f619a1527aa48a32294, State: Running, Role: LEADER
I20260709 13:14:34.728816 10466 consensus_queue.cc:237] T 525196bf91b04b748ae03b3fac9f4364 P cb71def93f904f619a1527aa48a32294 [LEADER]: Queue going to LEADER mode. State: All replicated index: 0, Majority replicated index: 0, Committed index: 0, Last appended: 0.0, Last appended by leader: 0, Current term: 1, Majority size: 2, State: 0, Mode: LEADER, active raft config: opid_index: -1 OBSOLETE_local: false peers { permanent_uuid: "ab33f0a79ddf4f5a8ba81b3b0e120529" member_type: VOTER last_known_addr { host: "127.8.238.193" port: 40671 } } peers { permanent_uuid: "cb71def93f904f619a1527aa48a32294" member_type: VOTER last_known_addr { host: "127.8.238.194" port: 44995 } } peers { permanent_uuid: "73825599c2644b898cebaafbccd86e99" member_type: VOTER last_known_addr { host: "127.8.238.195" port: 40329 } }
I20260709 13:14:34.732627 10469 consensus_queue.cc:237] T d97c1a2214d54cff9377d68a3d00054b P 73825599c2644b898cebaafbccd86e99 [LEADER]: Queue going to LEADER mode. State: All replicated index: 0, Majority replicated index: 0, Committed index: 0, Last appended: 0.0, Last appended by leader: 0, Current term: 1, Majority size: 2, State: 0, Mode: LEADER, active raft config: opid_index: -1 OBSOLETE_local: false peers { permanent_uuid: "ab33f0a79ddf4f5a8ba81b3b0e120529" member_type: VOTER last_known_addr { host: "127.8.238.193" port: 40671 } } peers { permanent_uuid: "cb71def93f904f619a1527aa48a32294" member_type: VOTER last_known_addr { host: "127.8.238.194" port: 44995 } } peers { permanent_uuid: "73825599c2644b898cebaafbccd86e99" member_type: VOTER last_known_addr { host: "127.8.238.195" port: 40329 } }
I20260709 13:14:34.733734 10310 tablet_service.cc:1511] Processing CreateTablet for tablet 0f1231f6d6fa45119f3f855900d3113b (DEFAULT_TABLE table=test-workload [id=1eeb2be2551a4c8e80b9bba7a23cc32c]), partition=RANGE (key) PARTITION 1346726999 <= VALUES < 1383125026
I20260709 13:14:34.735132 10310 data_dirs.cc:400] Could only allocate 1 dirs of requested 3 for tablet 0f1231f6d6fa45119f3f855900d3113b. 1 dirs total, 0 dirs full, 0 dirs failed
I20260709 13:14:34.735311 10450 raft_consensus.cc:2804] T cfd747d82d6d447e9c04851a4163a863 P ab33f0a79ddf4f5a8ba81b3b0e120529 [term 1 FOLLOWER]: Leader election won for term 1
I20260709 13:14:34.736989 10450 raft_consensus.cc:697] T cfd747d82d6d447e9c04851a4163a863 P ab33f0a79ddf4f5a8ba81b3b0e120529 [term 1 LEADER]: Becoming Leader. State: Replica: ab33f0a79ddf4f5a8ba81b3b0e120529, State: Running, Role: LEADER
I20260709 13:14:34.737035 10381 tablet_service.cc:1511] Processing CreateTablet for tablet 0f1231f6d6fa45119f3f855900d3113b (DEFAULT_TABLE table=test-workload [id=1eeb2be2551a4c8e80b9bba7a23cc32c]), partition=RANGE (key) PARTITION 1346726999 <= VALUES < 1383125026
I20260709 13:14:34.738400 10441 tablet_bootstrap.cc:492] T 8b4768f1c2494e8e91598dcb7cfa3556 P 73825599c2644b898cebaafbccd86e99: No bootstrap required, opened a new log
I20260709 13:14:34.737927 10450 consensus_queue.cc:237] T cfd747d82d6d447e9c04851a4163a863 P ab33f0a79ddf4f5a8ba81b3b0e120529 [LEADER]: Queue going to LEADER mode. State: All replicated index: 0, Majority replicated index: 0, Committed index: 0, Last appended: 0.0, Last appended by leader: 0, Current term: 1, Majority size: 2, State: 0, Mode: LEADER, active raft config: opid_index: -1 OBSOLETE_local: false peers { permanent_uuid: "ab33f0a79ddf4f5a8ba81b3b0e120529" member_type: VOTER last_known_addr { host: "127.8.238.193" port: 40671 } } peers { permanent_uuid: "cb71def93f904f619a1527aa48a32294" member_type: VOTER last_known_addr { host: "127.8.238.194" port: 44995 } } peers { permanent_uuid: "73825599c2644b898cebaafbccd86e99" member_type: VOTER last_known_addr { host: "127.8.238.195" port: 40329 } }
I20260709 13:14:34.738922 10441 ts_tablet_manager.cc:1403] T 8b4768f1c2494e8e91598dcb7cfa3556 P 73825599c2644b898cebaafbccd86e99: Time spent bootstrapping tablet: real 0.218s	user 0.017s	sys 0.012s
I20260709 13:14:34.740916 10239 tablet_service.cc:1511] Processing CreateTablet for tablet 002cc8ee6e9043929d5cd5532317aab7 (DEFAULT_TABLE table=test-workload [id=1eeb2be2551a4c8e80b9bba7a23cc32c]), partition=RANGE (key) PARTITION 1383125026 <= VALUES < 1419523053
I20260709 13:14:34.742332 10239 data_dirs.cc:400] Could only allocate 1 dirs of requested 3 for tablet 002cc8ee6e9043929d5cd5532317aab7. 1 dirs total, 0 dirs full, 0 dirs failed
I20260709 13:14:34.742170 10441 raft_consensus.cc:359] T 8b4768f1c2494e8e91598dcb7cfa3556 P 73825599c2644b898cebaafbccd86e99 [term 0 FOLLOWER]: Replica starting. Triggering 0 pending ops. Active config: opid_index: -1 OBSOLETE_local: false peers { permanent_uuid: "ab33f0a79ddf4f5a8ba81b3b0e120529" member_type: VOTER last_known_addr { host: "127.8.238.193" port: 40671 } } peers { permanent_uuid: "cb71def93f904f619a1527aa48a32294" member_type: VOTER last_known_addr { host: "127.8.238.194" port: 44995 } } peers { permanent_uuid: "73825599c2644b898cebaafbccd86e99" member_type: VOTER last_known_addr { host: "127.8.238.195" port: 40329 } }
I20260709 13:14:34.742983 10441 raft_consensus.cc:385] T 8b4768f1c2494e8e91598dcb7cfa3556 P 73825599c2644b898cebaafbccd86e99 [term 0 FOLLOWER]: Consensus starting up: Expiring failure detector timer to make a prompt election more likely
I20260709 13:14:34.743283 10441 raft_consensus.cc:740] T 8b4768f1c2494e8e91598dcb7cfa3556 P 73825599c2644b898cebaafbccd86e99 [term 0 FOLLOWER]: Becoming Follower/Learner. State: Replica: 73825599c2644b898cebaafbccd86e99, State: Initialized, Role: FOLLOWER
I20260709 13:14:34.744071 10441 consensus_queue.cc:260] T 8b4768f1c2494e8e91598dcb7cfa3556 P 73825599c2644b898cebaafbccd86e99 [NON_LEADER]: Queue going to NON_LEADER mode. State: All replicated index: 0, Majority replicated index: 0, Committed index: 0, Last appended: 0.0, Last appended by leader: 0, Current term: 0, Majority size: -1, State: 0, Mode: NON_LEADER, active raft config: opid_index: -1 OBSOLETE_local: false peers { permanent_uuid: "ab33f0a79ddf4f5a8ba81b3b0e120529" member_type: VOTER last_known_addr { host: "127.8.238.193" port: 40671 } } peers { permanent_uuid: "cb71def93f904f619a1527aa48a32294" member_type: VOTER last_known_addr { host: "127.8.238.194" port: 44995 } } peers { permanent_uuid: "73825599c2644b898cebaafbccd86e99" member_type: VOTER last_known_addr { host: "127.8.238.195" port: 40329 } }
I20260709 13:14:34.746670 10440 raft_consensus.cc:359] T bdf450e3110e486088b3d5c7e2c7cef7 P ab33f0a79ddf4f5a8ba81b3b0e120529 [term 0 FOLLOWER]: Replica starting. Triggering 0 pending ops. Active config: opid_index: -1 OBSOLETE_local: false peers { permanent_uuid: "ab33f0a79ddf4f5a8ba81b3b0e120529" member_type: VOTER last_known_addr { host: "127.8.238.193" port: 40671 } } peers { permanent_uuid: "cb71def93f904f619a1527aa48a32294" member_type: VOTER last_known_addr { host: "127.8.238.194" port: 44995 } } peers { permanent_uuid: "73825599c2644b898cebaafbccd86e99" member_type: VOTER last_known_addr { host: "127.8.238.195" port: 40329 } }
I20260709 13:14:34.747478 10440 raft_consensus.cc:385] T bdf450e3110e486088b3d5c7e2c7cef7 P ab33f0a79ddf4f5a8ba81b3b0e120529 [term 0 FOLLOWER]: Consensus starting up: Expiring failure detector timer to make a prompt election more likely
I20260709 13:14:34.747144 10240 tablet_service.cc:1511] Processing CreateTablet for tablet 0f1231f6d6fa45119f3f855900d3113b (DEFAULT_TABLE table=test-workload [id=1eeb2be2551a4c8e80b9bba7a23cc32c]), partition=RANGE (key) PARTITION 1346726999 <= VALUES < 1383125026
I20260709 13:14:34.747794 10440 raft_consensus.cc:740] T bdf450e3110e486088b3d5c7e2c7cef7 P ab33f0a79ddf4f5a8ba81b3b0e120529 [term 0 FOLLOWER]: Becoming Follower/Learner. State: Replica: ab33f0a79ddf4f5a8ba81b3b0e120529, State: Initialized, Role: FOLLOWER
I20260709 13:14:34.748632 10440 consensus_queue.cc:260] T bdf450e3110e486088b3d5c7e2c7cef7 P ab33f0a79ddf4f5a8ba81b3b0e120529 [NON_LEADER]: Queue going to NON_LEADER mode. State: All replicated index: 0, Majority replicated index: 0, Committed index: 0, Last appended: 0.0, Last appended by leader: 0, Current term: 0, Majority size: -1, State: 0, Mode: NON_LEADER, active raft config: opid_index: -1 OBSOLETE_local: false peers { permanent_uuid: "ab33f0a79ddf4f5a8ba81b3b0e120529" member_type: VOTER last_known_addr { host: "127.8.238.193" port: 40671 } } peers { permanent_uuid: "cb71def93f904f619a1527aa48a32294" member_type: VOTER last_known_addr { host: "127.8.238.194" port: 44995 } } peers { permanent_uuid: "73825599c2644b898cebaafbccd86e99" member_type: VOTER last_known_addr { host: "127.8.238.195" port: 40329 } }
I20260709 13:14:34.750555 10381 data_dirs.cc:400] Could only allocate 1 dirs of requested 3 for tablet 0f1231f6d6fa45119f3f855900d3113b. 1 dirs total, 0 dirs full, 0 dirs failed
I20260709 13:14:34.752759 10325 raft_consensus.cc:2468] T 62fd7f6040dd4ff1b75922910732a441 P cb71def93f904f619a1527aa48a32294 [term 1 FOLLOWER]: Leader election vote request: Granting yes vote for candidate 73825599c2644b898cebaafbccd86e99 in term 1.
I20260709 13:14:34.755193 10441 ts_tablet_manager.cc:1434] T 8b4768f1c2494e8e91598dcb7cfa3556 P 73825599c2644b898cebaafbccd86e99: Time spent starting tablet: real 0.016s	user 0.004s	sys 0.003s
I20260709 13:14:34.727344 10439 ts_tablet_manager.cc:1434] T e6fa99a4824140528f1f002c969d567c P cb71def93f904f619a1527aa48a32294: Time spent starting tablet: real 0.118s	user 0.008s	sys 0.000s
I20260709 13:14:34.748652 10240 data_dirs.cc:400] Could only allocate 1 dirs of requested 3 for tablet 0f1231f6d6fa45119f3f855900d3113b. 1 dirs total, 0 dirs full, 0 dirs failed
I20260709 13:14:34.768045 10441 tablet_bootstrap.cc:492] T 07947046eb9e42ae8ccb9083210f95f0 P 73825599c2644b898cebaafbccd86e99: Bootstrap starting.
I20260709 13:14:34.771545 10439 tablet_bootstrap.cc:492] T 0ed60181ed2d4e3782c0247f5c8a145f P cb71def93f904f619a1527aa48a32294: Bootstrap starting.
I20260709 13:14:34.812337 10233 tablet_service.cc:1511] Processing CreateTablet for tablet 4262070044b6403dbc7cebd32cfebe0c (DEFAULT_TABLE table=test-workload [id=1eeb2be2551a4c8e80b9bba7a23cc32c]), partition=RANGE (key) PARTITION 1419523053 <= VALUES < 1455921080
I20260709 13:14:34.812903 10382 tablet_service.cc:1511] Processing CreateTablet for tablet 002cc8ee6e9043929d5cd5532317aab7 (DEFAULT_TABLE table=test-workload [id=1eeb2be2551a4c8e80b9bba7a23cc32c]), partition=RANGE (key) PARTITION 1383125026 <= VALUES < 1419523053
I20260709 13:14:34.817035 10233 data_dirs.cc:400] Could only allocate 1 dirs of requested 3 for tablet 4262070044b6403dbc7cebd32cfebe0c. 1 dirs total, 0 dirs full, 0 dirs failed
I20260709 13:14:34.820151 10382 data_dirs.cc:400] Could only allocate 1 dirs of requested 3 for tablet 002cc8ee6e9043929d5cd5532317aab7. 1 dirs total, 0 dirs full, 0 dirs failed
I20260709 13:14:34.831154 10146 catalog_manager.cc:5697] T cfd747d82d6d447e9c04851a4163a863 P ab33f0a79ddf4f5a8ba81b3b0e120529 reported cstate change: term changed from 0 to 1, leader changed from <none> to ab33f0a79ddf4f5a8ba81b3b0e120529 (127.8.238.193). New cstate: current_term: 1 leader_uuid: "ab33f0a79ddf4f5a8ba81b3b0e120529" committed_config { opid_index: -1 OBSOLETE_local: false peers { permanent_uuid: "ab33f0a79ddf4f5a8ba81b3b0e120529" member_type: VOTER last_known_addr { host: "127.8.238.193" port: 40671 } health_report { overall_health: HEALTHY } } peers { permanent_uuid: "cb71def93f904f619a1527aa48a32294" member_type: VOTER last_known_addr { host: "127.8.238.194" port: 44995 } health_report { overall_health: UNKNOWN } } peers { permanent_uuid: "73825599c2644b898cebaafbccd86e99" member_type: VOTER last_known_addr { host: "127.8.238.195" port: 40329 } health_report { overall_health: UNKNOWN } } }
I20260709 13:14:34.836596 10440 ts_tablet_manager.cc:1434] T bdf450e3110e486088b3d5c7e2c7cef7 P ab33f0a79ddf4f5a8ba81b3b0e120529: Time spent starting tablet: real 0.180s	user 0.010s	sys 0.002s
I20260709 13:14:34.836383 10306 tablet_service.cc:1511] Processing CreateTablet for tablet 002cc8ee6e9043929d5cd5532317aab7 (DEFAULT_TABLE table=test-workload [id=1eeb2be2551a4c8e80b9bba7a23cc32c]), partition=RANGE (key) PARTITION 1383125026 <= VALUES < 1419523053
I20260709 13:14:34.837716 10440 tablet_bootstrap.cc:492] T e6fa99a4824140528f1f002c969d567c P ab33f0a79ddf4f5a8ba81b3b0e120529: Bootstrap starting.
I20260709 13:14:34.836357 10237 tablet_service.cc:1511] Processing CreateTablet for tablet 0de4147226834030b0fd22d4a0948990 (DEFAULT_TABLE table=test-workload [id=1eeb2be2551a4c8e80b9bba7a23cc32c]), partition=RANGE (key) PARTITION 1455921080 <= VALUES < 1492319107
I20260709 13:14:34.838714 10237 data_dirs.cc:400] Could only allocate 1 dirs of requested 3 for tablet 0de4147226834030b0fd22d4a0948990. 1 dirs total, 0 dirs full, 0 dirs failed
I20260709 13:14:34.844036 10441 tablet_bootstrap.cc:654] T 07947046eb9e42ae8ccb9083210f95f0 P 73825599c2644b898cebaafbccd86e99: Neither blocks nor log segments found. Creating new log.
I20260709 13:14:34.850920 10385 tablet_service.cc:1511] Processing CreateTablet for tablet 4262070044b6403dbc7cebd32cfebe0c (DEFAULT_TABLE table=test-workload [id=1eeb2be2551a4c8e80b9bba7a23cc32c]), partition=RANGE (key) PARTITION 1419523053 <= VALUES < 1455921080
I20260709 13:14:34.857620 10306 data_dirs.cc:400] Could only allocate 1 dirs of requested 3 for tablet 002cc8ee6e9043929d5cd5532317aab7. 1 dirs total, 0 dirs full, 0 dirs failed
I20260709 13:14:34.860914 10145 catalog_manager.cc:5697] T 525196bf91b04b748ae03b3fac9f4364 P cb71def93f904f619a1527aa48a32294 reported cstate change: term changed from 0 to 1, leader changed from <none> to cb71def93f904f619a1527aa48a32294 (127.8.238.194). New cstate: current_term: 1 leader_uuid: "cb71def93f904f619a1527aa48a32294" committed_config { opid_index: -1 OBSOLETE_local: false peers { permanent_uuid: "ab33f0a79ddf4f5a8ba81b3b0e120529" member_type: VOTER last_known_addr { host: "127.8.238.193" port: 40671 } health_report { overall_health: UNKNOWN } } peers { permanent_uuid: "cb71def93f904f619a1527aa48a32294" member_type: VOTER last_known_addr { host: "127.8.238.194" port: 44995 } health_report { overall_health: HEALTHY } } peers { permanent_uuid: "73825599c2644b898cebaafbccd86e99" member_type: VOTER last_known_addr { host: "127.8.238.195" port: 40329 } health_report { overall_health: UNKNOWN } } }
I20260709 13:14:34.865962 10315 tablet_service.cc:1511] Processing CreateTablet for tablet 0de4147226834030b0fd22d4a0948990 (DEFAULT_TABLE table=test-workload [id=1eeb2be2551a4c8e80b9bba7a23cc32c]), partition=RANGE (key) PARTITION 1455921080 <= VALUES < 1492319107
I20260709 13:14:34.867491 10315 data_dirs.cc:400] Could only allocate 1 dirs of requested 3 for tablet 0de4147226834030b0fd22d4a0948990. 1 dirs total, 0 dirs full, 0 dirs failed
I20260709 13:14:34.867110 10383 tablet_service.cc:1511] Processing CreateTablet for tablet 0de4147226834030b0fd22d4a0948990 (DEFAULT_TABLE table=test-workload [id=1eeb2be2551a4c8e80b9bba7a23cc32c]), partition=RANGE (key) PARTITION 1455921080 <= VALUES < 1492319107
I20260709 13:14:34.872999 10237 tablet_service.cc:1511] Processing CreateTablet for tablet 9187284d595443aab84a71601d6fe9ea (DEFAULT_TABLE table=test-workload [id=1eeb2be2551a4c8e80b9bba7a23cc32c]), partition=RANGE (key) PARTITION 1492319107 <= VALUES < 1528717134
I20260709 13:14:34.874219 10385 data_dirs.cc:400] Could only allocate 1 dirs of requested 3 for tablet 4262070044b6403dbc7cebd32cfebe0c. 1 dirs total, 0 dirs full, 0 dirs failed
I20260709 13:14:34.882697 10383 data_dirs.cc:400] Could only allocate 1 dirs of requested 3 for tablet 0de4147226834030b0fd22d4a0948990. 1 dirs total, 0 dirs full, 0 dirs failed
I20260709 13:14:34.875613 10309 tablet_service.cc:1511] Processing CreateTablet for tablet 9187284d595443aab84a71601d6fe9ea (DEFAULT_TABLE table=test-workload [id=1eeb2be2551a4c8e80b9bba7a23cc32c]), partition=RANGE (key) PARTITION 1492319107 <= VALUES < 1528717134
I20260709 13:14:34.887666 10237 data_dirs.cc:400] Could only allocate 1 dirs of requested 3 for tablet 9187284d595443aab84a71601d6fe9ea. 1 dirs total, 0 dirs full, 0 dirs failed
I20260709 13:14:34.888983 10147 catalog_manager.cc:5697] T 62fd7f6040dd4ff1b75922910732a441 P 73825599c2644b898cebaafbccd86e99 reported cstate change: term changed from 0 to 1, leader changed from <none> to 73825599c2644b898cebaafbccd86e99 (127.8.238.195). New cstate: current_term: 1 leader_uuid: "73825599c2644b898cebaafbccd86e99" committed_config { opid_index: -1 OBSOLETE_local: false peers { permanent_uuid: "ab33f0a79ddf4f5a8ba81b3b0e120529" member_type: VOTER last_known_addr { host: "127.8.238.193" port: 40671 } health_report { overall_health: UNKNOWN } } peers { permanent_uuid: "cb71def93f904f619a1527aa48a32294" member_type: VOTER last_known_addr { host: "127.8.238.194" port: 44995 } health_report { overall_health: UNKNOWN } } peers { permanent_uuid: "73825599c2644b898cebaafbccd86e99" member_type: VOTER last_known_addr { host: "127.8.238.195" port: 40329 } health_report { overall_health: HEALTHY } } }
I20260709 13:14:34.889860 10382 tablet_service.cc:1511] Processing CreateTablet for tablet 9187284d595443aab84a71601d6fe9ea (DEFAULT_TABLE table=test-workload [id=1eeb2be2551a4c8e80b9bba7a23cc32c]), partition=RANGE (key) PARTITION 1492319107 <= VALUES < 1528717134
I20260709 13:14:34.891207 10382 data_dirs.cc:400] Could only allocate 1 dirs of requested 3 for tablet 9187284d595443aab84a71601d6fe9ea. 1 dirs total, 0 dirs full, 0 dirs failed
I20260709 13:14:34.890918 10239 tablet_service.cc:1511] Processing CreateTablet for tablet 1667c24c31044f708dc4fcc524ea924d (DEFAULT_TABLE table=test-workload [id=1eeb2be2551a4c8e80b9bba7a23cc32c]), partition=RANGE (key) PARTITION 1528717134 <= VALUES < 1565115161
I20260709 13:14:34.892269 10239 data_dirs.cc:400] Could only allocate 1 dirs of requested 3 for tablet 1667c24c31044f708dc4fcc524ea924d. 1 dirs total, 0 dirs full, 0 dirs failed
I20260709 13:14:34.894405 10232 tablet_service.cc:1511] Processing CreateTablet for tablet ecab1d1cb33f4578870d0cf2888cf76e (DEFAULT_TABLE table=test-workload [id=1eeb2be2551a4c8e80b9bba7a23cc32c]), partition=RANGE (key) PARTITION 1565115161 <= VALUES < 1601513188
I20260709 13:14:34.898002 10232 data_dirs.cc:400] Could only allocate 1 dirs of requested 3 for tablet ecab1d1cb33f4578870d0cf2888cf76e. 1 dirs total, 0 dirs full, 0 dirs failed
I20260709 13:14:34.894860 10313 tablet_service.cc:1511] Processing CreateTablet for tablet 4262070044b6403dbc7cebd32cfebe0c (DEFAULT_TABLE table=test-workload [id=1eeb2be2551a4c8e80b9bba7a23cc32c]), partition=RANGE (key) PARTITION 1419523053 <= VALUES < 1455921080
I20260709 13:14:34.902192 10309 data_dirs.cc:400] Could only allocate 1 dirs of requested 3 for tablet 9187284d595443aab84a71601d6fe9ea. 1 dirs total, 0 dirs full, 0 dirs failed
I20260709 13:14:34.903661 10441 tablet_bootstrap.cc:492] T 07947046eb9e42ae8ccb9083210f95f0 P 73825599c2644b898cebaafbccd86e99: No bootstrap required, opened a new log
I20260709 13:14:34.904312 10441 ts_tablet_manager.cc:1403] T 07947046eb9e42ae8ccb9083210f95f0 P 73825599c2644b898cebaafbccd86e99: Time spent bootstrapping tablet: real 0.136s	user 0.006s	sys 0.030s
